Oct 24 13:00:12.510005 dv-cinder-862491-1-smb devstack@keystone.service[81600]: DEBUG keystone.common.rbac_enforcer.enforcer [None req-229a5ebc-7801-4ae6-8aac-beb7e524c8b2 None admin] RBAC: Authorizing `identity:list_roles()` {{(pid=81600) enforce_call /opt/stack/keystone/keystone/common/rbac_enforcer/enforcer.py:449}}
Oct 24 13:00:12.511401 dv-cinder-862491-1-smb devstack@keystone.service[81600]: DEBUG keystone.common.rbac_enforcer.enforcer [None req-229a5ebc-7801-4ae6-8aac-beb7e524c8b2 None admin] RBAC: Authorization granted {{(pid=81600) enforce_call /opt/stack/keystone/keystone/common/rbac_enforcer/enforcer.py:457}}
Oct 24 13:00:12.520276 dv-cinder-862491-1-smb devstack@keystone.service[81600]: [pid: 81600|app: 0|req: 78/149] 10.222.0.18 () {56 vars in 1099 bytes} [Mon Oct 24 13:00:12 2022] GET /identity/v3/roles?name=admin => generated 339 bytes in 157 msecs (HTTP/1.1 200) 5 headers in 177 bytes (2 switches on core 0)
Oct 24 13:00:12.526672 dv-cinder-862491-1-smb devstack@keystone.service[81600]: DEBUG keystone.server.flask.request_processing.middleware.auth_context [None req-229a5ebc-7801-4ae6-8aac-beb7e524c8b2 None admin] Authenticating user token {{(pid=81600) process_request /usr/local/lib/python3.8/dist-packages/keystonemiddleware/auth_token/__init__.py:407}}
Oct 24 13:00:12.530036 dv-cinder-862491-1-smb devstack@keystone.service[81601]: DEBUG dbcounter [-] [81601] Writing DB stats keystone:SELECT=100 {{(pid=81601) stat_writer /usr/local/lib/python3.8/dist-packages/dbcounter.py:114}}
Oct 24 13:00:12.584937 dv-cinder-862491-1-smb devstack@keystone.service[81601]: DEBUG keystone.server.flask.request_processing.middleware.auth_context [None req-041c8477-f72c-4ed6-9a6a-2e808941f45b None admin] Validating token access rules against request {{(pid=81601) validate_allowed_request /usr/local/lib/python3.8/dist-packages/keystonemiddleware/auth_token/__init__.py:545}}
Oct 24 13:00:12.619175 dv-cinder-862491-1-smb devstack@keystone.service[81601]: DEBUG keystone.server.flask.request_processing.middleware.auth_context [None req-f6e07098-356a-40ce-9cfc-2792516826d1 None admin] RBAC: auth_context: {'token': , 'domain_id': None, 'trust_id': None, 'trustor_id': None, 'trustee_id': None, 'domain_name': None, 'group_ids': [], 'user_id': 'ee790ff9ce0f4b8a9ca3c54f019a2783', 'user_domain_id': 'default', 'system_scope': 'all', 'project_id': None, 'project_domain_id': None, 'roles': ['admin', 'member', 'reader'], 'is_admin_project': True, 'service_user_id': None, 'service_user_domain_id': None, 'service_project_id': None, 'service_project_domain_id': None, 'service_roles': []} {{(pid=81601) fill_context /opt/stack/keystone/keystone/server/flask/request_processing/middleware/auth_context.py:478}}
Oct 24 13:00:12.619764 dv-cinder-862491-1-smb devstack@keystone.service[81601]: DEBUG keystone.server.flask.request_processing.req_logging [None req-f6e07098-356a-40ce-9cfc-2792516826d1 None admin] REQUEST_METHOD: `GET` {{(pid=81601) log_request_info /opt/stack/keystone/keystone/server/flask/request_processing/req_logging.py:27}}
Oct 24 13:00:12.620048 dv-cinder-862491-1-smb devstack@keystone.service[81601]: DEBUG keystone.server.flask.request_processing.req_logging [None req-f6e07098-356a-40ce-9cfc-2792516826d1 None admin] SCRIPT_NAME: `/identity` {{(pid=81601) log_request_info /opt/stack/keystone/keystone/server/flask/request_processing/req_logging.py:28}}
Oct 24 13:00:12.620322 dv-cinder-862491-1-smb devstack@keystone.service[81601]: DEBUG keystone.server.flask.request_processing.req_logging [None req-f6e07098-356a-40ce-9cfc-2792516826d1 None admin] PATH_INFO: `/v3/domains/default` {{(pid=81601) log_request_info /opt/stack/keystone/keystone/server/flask/request_processing/req_logging.py:29}}
Oct 24 13:00:12.621416 dv-cinder-862491-1-smb devstack@keystone.service[81601]: DEBUG keystone.common.rbac_enforcer.enforcer [None req-f6e07098-356a-40ce-9cfc-2792516826d1 None admin] RBAC: Authorizing `identity:get_domain(domain_id=default)` {{(pid=81601) enforce_call /opt/stack/keystone/keystone/common/rbac_enforcer/enforcer.py:449}}
Oct 24 13:00:12.622509 dv-cinder-862491-1-smb devstack@keystone.service[81600]: DEBUG dbcounter [-] [81600] Writing DB stats keystone:SELECT=100 {{(pid=81600) stat_writer /usr/local/lib/python3.8/dist-packages/dbcounter.py:114}}
Oct 24 13:00:12.622874 dv-cinder-862491-1-smb devstack@keystone.service[81601]: DEBUG keystone.common.rbac_enforcer.enforcer [None req-f6e07098-356a-40ce-9cfc-2792516826d1 None admin] RBAC: Authorization granted {{(pid=81601) enforce_call /opt/stack/keystone/keystone/common/rbac_enforcer/enforcer.py:457}}
Oct 24 13:00:12.624459 dv-cinder-862491-1-smb devstack@keystone.service[81601]: [pid: 81601|app: 0|req: 72/150] 10.222.0.18 () {56 vars in 1108 bytes} [Mon Oct 24 13:00:12 2022] GET /identity/v3/domains/default => generated 199 bytes in 156 msecs (HTTP/1.1 200) 5 headers in 177 bytes (2 switches on core 0)
Oct 24 13:00:12.627620 dv-cinder-862491-1-smb devstack@keystone.service[81601]: DEBUG keystone.server.flask.request_processing.middleware.auth_context [None req-f6e07098-356a-40ce-9cfc-2792516826d1 None admin] Authenticating user token {{(pid=81601) process_request /usr/local/lib/python3.8/dist-packages/keystonemiddleware/auth_token/__init__.py:407}}
Oct 24 13:00:12.628713 dv-cinder-862491-1-smb devstack@keystone.service[81600]: DEBUG keystone.server.flask.request_processing.middleware.auth_context [None req-229a5ebc-7801-4ae6-8aac-beb7e524c8b2 None admin] Validating token access rules against request {{(pid=81600) validate_allowed_request /usr/local/lib/python3.8/dist-packages/keystonemiddleware/auth_token/__init__.py:545}}
Oct 24 13:00:12.661660 dv-cinder-862491-1-smb devstack@keystone.service[81600]: DEBUG keystone.server.flask.request_processing.middleware.auth_context [None req-12fee82e-e84c-4a76-b2e2-a9d5557b3488 None admin] RBAC: auth_context: {'token': , 'domain_id': None, 'trust_id': None, 'trustor_id': None, 'trustee_id': None, 'domain_name': None, 'group_ids': [], 'user_id': 'ee790ff9ce0f4b8a9ca3c54f019a2783', 'user_domain_id': 'default', 'system_scope': 'all', 'project_id': None, 'project_domain_id': None, 'roles': ['admin', 'member', 'reader'], 'is_admin_project': True, 'service_user_id': None, 'service_user_domain_id': None, 'service_project_id': None, 'service_project_domain_id': None, 'service_roles': []} {{(pid=81600) fill_context /opt/stack/keystone/keystone/server/flask/request_processing/middleware/auth_context.py:478}}
Oct 24 13:00:12.662277 dv-cinder-862491-1-smb devstack@keystone.service[81600]: DEBUG keystone.server.flask.request_processing.req_logging [None req-12fee82e-e84c-4a76-b2e2-a9d5557b3488 None admin] REQUEST_METHOD: `GET` {{(pid=81600) log_request_info /opt/stack/keystone/keystone/server/flask/request_processing/req_logging.py:27}}
Oct 24 13:00:12.662552 dv-cinder-862491-1-smb devstack@keystone.service[81600]: DEBUG keystone.server.flask.request_processing.req_logging [None req-12fee82e-e84c-4a76-b2e2-a9d5557b3488 None admin] SCRIPT_NAME: `/identity` {{(pid=81600) log_request_info /opt/stack/keystone/keystone/server/flask/request_processing/req_logging.py:28}}
Oct 24 13:00:12.662820 dv-cinder-862491-1-smb devstack@keystone.service[81600]: DEBUG keystone.server.flask.request_processing.req_logging [None req-12fee82e-e84c-4a76-b2e2-a9d5557b3488 None admin] PATH_INFO: `/v3/users/670a3ab2fe514c1daf3b2dc7f5d90990` {{(pid=81600) log_request_info /opt/stack/keystone/keystone/server/flask/request_processing/req_logging.py:29}}
Oct 24 13:00:12.676587 dv-cinder-862491-1-smb devstack@keystone.service[81600]: DEBUG keystone.common.rbac_enforcer.enforcer [None req-12fee82e-e84c-4a76-b2e2-a9d5557b3488 None admin] RBAC: Authorizing `identity:get_user(user_id=670a3ab2fe514c1daf3b2dc7f5d90990)` {{(pid=81600) enforce_call /opt/stack/keystone/keystone/common/rbac_enforcer/enforcer.py:449}}
Oct 24 13:00:12.678061 dv-cinder-862491-1-smb devstack@keystone.service[81600]: DEBUG keystone.common.rbac_enforcer.enforcer [None req-12fee82e-e84c-4a76-b2e2-a9d5557b3488 None admin] RBAC: Authorization granted {{(pid=81600) enforce_call /opt/stack/keystone/keystone/common/rbac_enforcer/enforcer.py:457}}
Oct 24 13:00:12.680017 dv-cinder-862491-1-smb devstack@keystone.service[81600]: [pid: 81600|app: 0|req: 79/151] 10.222.0.18 () {56 vars in 1177 bytes} [Mon Oct 24 13:00:12 2022] GET /identity/v3/users/670a3ab2fe514c1daf3b2dc7f5d90990 => generated 283 bytes in 154 msecs (HTTP/1.1 200) 5 headers in 177 bytes (1 switches on core 0)
Oct 24 13:00:12.680758 dv-cinder-862491-1-smb devstack@keystone.service[81600]: DEBUG keystone.server.flask.request_processing.middleware.auth_context [None req-12fee82e-e84c-4a76-b2e2-a9d5557b3488 None admin] Authenticating user token {{(pid=81600) process_request /usr/local/lib/python3.8/dist-packages/keystonemiddleware/auth_token/__init__.py:407}}
Oct 24 13:00:12.728793 dv-cinder-862491-1-smb devstack@keystone.service[81601]: DEBUG keystone.server.flask.request_processing.middleware.auth_context [None req-f6e07098-356a-40ce-9cfc-2792516826d1 None admin] Validating token access rules against request {{(pid=81601) validate_allowed_request /usr/local/lib/python3.8/dist-packages/keystonemiddleware/auth_token/__init__.py:545}}
Oct 24 13:00:12.741482 dv-cinder-862491-1-smb devstack@keystone.service[81601]: DEBUG dbcounter [-] [81601] Writing DB stats keystone:SELECT=100 {{(pid=81601) stat_writer /usr/local/lib/python3.8/dist-packages/dbcounter.py:114}}
Oct 24 13:00:12.762683 dv-cinder-862491-1-smb devstack@keystone.service[81601]: DEBUG keystone.server.flask.request_processing.middleware.auth_context [None req-6585e2be-4b7a-4d55-8d5d-10e69dc94b2d None admin] RBAC: auth_context: {'token': , 'domain_id': None, 'trust_id': None, 'trustor_id': None, 'trustee_id': None, 'domain_name': None, 'group_ids': [], 'user_id': 'ee790ff9ce0f4b8a9ca3c54f019a2783', 'user_domain_id': 'default', 'system_scope': 'all', 'project_id': None, 'project_domain_id': None, 'roles': ['admin', 'member', 'reader'], 'is_admin_project': True, 'service_user_id': None, 'service_user_domain_id': None, 'service_project_id': None, 'service_project_domain_id': None, 'service_roles': []} {{(pid=81601) fill_context /opt/stack/keystone/keystone/server/flask/request_processing/middleware/auth_context.py:478}}
Oct 24 13:00:12.763311 dv-cinder-862491-1-smb devstack@keystone.service[81601]: DEBUG keystone.server.flask.request_processing.req_logging [None req-6585e2be-4b7a-4d55-8d5d-10e69dc94b2d None admin] REQUEST_METHOD: `GET` {{(pid=81601) log_request_info /opt/stack/keystone/keystone/server/flask/request_processing/req_logging.py:27}}
Oct 24 13:00:12.763615 dv-cinder-862491-1-smb devstack@keystone.service[81601]: DEBUG keystone.server.flask.request_processing.req_logging [None req-6585e2be-4b7a-4d55-8d5d-10e69dc94b2d None admin] SCRIPT_NAME: `/identity` {{(pid=81601) log_request_info /opt/stack/keystone/keystone/server/flask/request_processing/req_logging.py:28}}
Oct 24 13:00:12.763890 dv-cinder-862491-1-smb devstack@keystone.service[81601]: DEBUG keystone.server.flask.request_processing.req_logging [None req-6585e2be-4b7a-4d55-8d5d-10e69dc94b2d None admin] PATH_INFO: `/v3/roles/anotherrole` {{(pid=81601) log_request_info /opt/stack/keystone/keystone/server/flask/request_processing/req_logging.py:29}}
Oct 24 13:00:12.781580 dv-cinder-862491-1-smb devstack@keystone.service[81601]: DEBUG keystone.common.rbac_enforcer.enforcer [None req-6585e2be-4b7a-4d55-8d5d-10e69dc94b2d None admin] Extracting inferred target data resulted in "NOT FOUND (404)". {{(pid=81601) enforce_call /opt/stack/keystone/keystone/common/rbac_enforcer/enforcer.py:409}}
Oct 24 13:00:12.783642 dv-cinder-862491-1-smb devstack@keystone.service[81600]: DEBUG keystone.server.flask.request_processing.middleware.auth_context [None req-12fee82e-e84c-4a76-b2e2-a9d5557b3488 None admin] Validating token access rules against request {{(pid=81600) validate_allowed_request /usr/local/lib/python3.8/dist-packages/keystonemiddleware/auth_token/__init__.py:545}}
Oct 24 13:00:12.786516 dv-cinder-862491-1-smb devstack@keystone.service[81601]: ERROR keystone.server.flask.application [None req-6585e2be-4b7a-4d55-8d5d-10e69dc94b2d None admin] Could not find role: anotherrole.: keystone.exception.RoleNotFound: Could not find role: anotherrole.
Oct 24 13:00:12.786516 dv-cinder-862491-1-smb devstack@keystone.service[81601]: ERROR keystone.server.flask.application
Traceback (most recent call last):
Oct 24 13:00:12.786516 dv-cinder-862491-1-smb devstack@keystone.service[81601]: ERROR keystone.server.flask.application
File "/usr/local/lib/python3.8/dist-packages/flask/app.py", line 1820, in full_dispatch_request
Oct 24 13:00:12.786516 dv-cinder-862491-1-smb devstack@keystone.service[81601]: ERROR keystone.server.flask.application rv = self.dispatch_request()
Oct 24 13:00:12.786516 dv-cinder-862491-1-smb devstack@keystone.service[81601]: ERROR keystone.server.flask.application
File "/usr/local/lib/python3.8/dist-packages/flask/app.py", line 1796, in dispatch_request
Oct 24 13:00:12.786516 dv-cinder-862491-1-smb devstack@keystone.service[81601]: ERROR keystone.server.flask.application return self.ensure_sync(self.view_functions[rule.endpoint])(**view_args)
Oct 24 13:00:12.786516 dv-cinder-862491-1-smb devstack@keystone.service[81601]: ERROR keystone.server.flask.application
File "/usr/local/lib/python3.8/dist-packages/flask_restful/__init__.py", line 467, in wrapper
Oct 24 13:00:12.786516 dv-cinder-862491-1-smb devstack@keystone.service[81601]: ERROR keystone.server.flask.application resp = resource(*args, **kwargs)
Oct 24 13:00:12.786516 dv-cinder-862491-1-smb devstack@keystone.service[81601]: ERROR keystone.server.flask.application
File "/usr/local/lib/python3.8/dist-packages/flask/views.py", line 107, in view
Oct 24 13:00:12.786516 dv-cinder-862491-1-smb devstack@keystone.service[81601]: ERROR keystone.server.flask.application return current_app.ensure_sync(self.dispatch_request)(**kwargs)
Oct 24 13:00:12.786516 dv-cinder-862491-1-smb devstack@keystone.service[81601]: ERROR keystone.server.flask.application
File "/usr/local/lib/python3.8/dist-packages/flask_restful/__init__.py", line 582, in dispatch_request
Oct 24 13:00:12.786516 dv-cinder-862491-1-smb devstack@keystone.service[81601]: ERROR keystone.server.flask.application resp = meth(*args, **kwargs)
Oct 24 13:00:12.786516 dv-cinder-862491-1-smb devstack@keystone.service[81601]: ERROR keystone.server.flask.application
File "/opt/stack/keystone/keystone/api/roles.py", line 50, in get
Oct 24 13:00:12.786516 dv-cinder-862491-1-smb devstack@keystone.service[81601]: ERROR keystone.server.flask.application return self._get_role(role_id)
Oct 24 13:00:12.786516 dv-cinder-862491-1-smb devstack@keystone.service[81601]: ERROR keystone.server.flask.application
File "/opt/stack/keystone/keystone/api/roles.py", line 70, in _get_role
Oct 24 13:00:12.786516 dv-cinder-862491-1-smb devstack@keystone.service[81601]: ERROR keystone.server.flask.application ENFORCER.enforce_call(action='identity:get_role')
Oct 24 13:00:12.787547 dv-cinder-862491-1-smb devstack@keystone.service[81601]: ERROR keystone.server.flask.application
File "/opt/stack/keystone/keystone/common/rbac_enforcer/enforcer.py", line 402, in enforce_call
Oct 24 13:00:12.787547 dv-cinder-862491-1-smb devstack@keystone.service[81601]: ERROR keystone.server.flask.application policy_dict.update(cls._extract_member_target_data(
Oct 24 13:00:12.787547 dv-cinder-862491-1-smb devstack@keystone.service[81601]: ERROR keystone.server.flask.application
File "/opt/stack/keystone/keystone/common/rbac_enforcer/enforcer.py", line 234, in _extract_member_target_data
Oct 24 13:00:12.787547 dv-cinder-862491-1-smb devstack@keystone.service[81601]: ERROR keystone.server.flask.application member_name: func(flask.request.view_args[key])
Oct 24 13:00:12.787547 dv-cinder-862491-1-smb devstack@keystone.service[81601]: ERROR keystone.server.flask.application
File "/opt/stack/keystone/keystone/common/manager.py", line 115, in wrapped
Oct 24 13:00:12.787547 dv-cinder-862491-1-smb devstack@keystone.service[81601]: ERROR keystone.server.flask.application __ret_val = __f(*args, **kwargs)
Oct 24 13:00:12.787547 dv-cinder-862491-1-smb devstack@keystone.service[81601]: ERROR keystone.server.flask.application
File "/usr/local/lib/python3.8/dist-packages/decorator.py", line 232, in fun
Oct 24 13:00:12.787547 dv-cinder-862491-1-smb devstack@keystone.service[81601]: ERROR keystone.server.flask.application return caller(func, *(extras + args), **kw)
Oct 24 13:00:12.787547 dv-cinder-862491-1-smb devstack@keystone.service[81601]: ERROR keystone.server.flask.application
File "/usr/local/lib/python3.8/dist-packages/dogpile/cache/region.py", line 1577, in get_or_create_for_user_func
Oct 24 13:00:12.787547 dv-cinder-862491-1-smb devstack@keystone.service[81601]: ERROR keystone.server.flask.application return self.get_or_create(
Oct 24 13:00:12.787547 dv-cinder-862491-1-smb devstack@keystone.service[81601]: ERROR keystone.server.flask.application
File "/usr/local/lib/python3.8/dist-packages/dogpile/cache/region.py", line 1042, in get_or_create
Oct 24 13:00:12.787547 dv-cinder-862491-1-smb devstack@keystone.service[81601]: ERROR keystone.server.flask.application with Lock(
Oct 24 13:00:12.787547 dv-cinder-862491-1-smb devstack@keystone.service[81601]: ERROR keystone.server.flask.application
File "/usr/local/lib/python3.8/dist-packages/dogpile/lock.py", line 185, in __enter__
Oct 24 13:00:12.787547 dv-cinder-862491-1-smb devstack@keystone.service[81601]: ERROR keystone.server.flask.application return self._enter()
Oct 24 13:00:12.787547 dv-cinder-862491-1-smb devstack@keystone.service[81601]: ERROR keystone.server.flask.application
File "/usr/local/lib/python3.8/dist-packages/dogpile/lock.py", line 94, in _enter
Oct 24 13:00:12.787547 dv-cinder-862491-1-smb devstack@keystone.service[81601]: ERROR keystone.server.flask.application generated = self._enter_create(value, createdtime)
Oct 24 13:00:12.789182 dv-cinder-862491-1-smb devstack@keystone.service[81601]: ERROR keystone.server.flask.application
File "/usr/local/lib/python3.8/dist-packages/dogpile/lock.py", line 178, in _enter_create
Oct 24 13:00:12.789182 dv-cinder-862491-1-smb devstack@keystone.service[81601]: ERROR keystone.server.flask.application return self.creator()
Oct 24 13:00:12.789182 dv-cinder-862491-1-smb devstack@keystone.service[81601]: ERROR keystone.server.flask.application
File "/usr/local/lib/python3.8/dist-packages/dogpile/cache/region.py", line 995, in gen_value
Oct 24 13:00:12.789182 dv-cinder-862491-1-smb devstack@keystone.service[81601]: ERROR keystone.server.flask.application created_value = creator(
Oct 24 13:00:12.789182 dv-cinder-862491-1-smb devstack@keystone.service[81601]: ERROR keystone.server.flask.application
File "/opt/stack/keystone/keystone/assignment/core.py", line 1276, in get_role
Oct 24 13:00:12.789182 dv-cinder-862491-1-smb devstack@keystone.service[81601]: ERROR keystone.server.flask.application return self.driver.get_role(role_id)
Oct 24 13:00:12.789182 dv-cinder-862491-1-smb devstack@keystone.service[81601]: ERROR keystone.server.flask.application
File "/opt/stack/keystone/keystone/assignment/role_backends/sql.py", line 70, in get_role
Oct 24 13:00:12.789182 dv-cinder-862491-1-smb devstack@keystone.service[81601]: ERROR keystone.server.flask.application return self._get_role(session, role_id).to_dict()
Oct 24 13:00:12.789182 dv-cinder-862491-1-smb devstack@keystone.service[81601]: ERROR keystone.server.flask.application
File "/opt/stack/keystone/keystone/assignment/role_backends/sql.py", line 65, in _get_role
Oct 24 13:00:12.789182 dv-cinder-862491-1-smb devstack@keystone.service[81601]: ERROR keystone.server.flask.application raise exception.RoleNotFound(role_id=role_id)
Oct 24 13:00:12.789182 dv-cinder-862491-1-smb devstack@keystone.service[81601]: ERROR keystone.server.flask.application keystone.exception.RoleNotFound: Could not find role: anotherrole.
Oct 24 13:00:12.789182 dv-cinder-862491-1-smb devstack@keystone.service[81601]: ERROR keystone.server.flask.application
Oct 24 13:00:12.789182 dv-cinder-862491-1-smb devstack@keystone.service[81601]: [pid: 81601|app: 0|req: 73/152] 10.222.0.18 () {56 vars in 1114 bytes} [Mon Oct 24 13:00:12 2022] GET /identity/v3/roles/anotherrole => generated 89 bytes in 163 msecs (HTTP/1.1 404) 5 headers in 183 bytes (1 switches on core 0)
Oct 24 13:00:12.789182 dv-cinder-862491-1-smb devstack@keystone.service[81601]: DEBUG keystone.server.flask.request_processing.middleware.auth_context [None req-6585e2be-4b7a-4d55-8d5d-10e69dc94b2d None admin] Authenticating user token {{(pid=81601) process_request /usr/local/lib/python3.8/dist-packages/keystonemiddleware/auth_token/__init__.py:407}}
Oct 24 13:00:12.817598 dv-cinder-862491-1-smb devstack@keystone.service[81600]: DEBUG keystone.server.flask.request_processing.middleware.auth_context [None req-7dc8a34c-92e6-4992-b854-78ab2a558eaa None admin] RBAC: auth_context: {'token': , 'domain_id': None, 'trust_id': None, 'trustor_id': None, 'trustee_id': None, 'domain_name': None, 'group_ids': [], 'user_id': 'ee790ff9ce0f4b8a9ca3c54f019a2783', 'user_domain_id': 'default', 'system_scope': 'all', 'project_id': None, 'project_domain_id': None, 'roles': ['admin', 'member', 'reader'], 'is_admin_project': True, 'service_user_id': None, 'service_user_domain_id': None, 'service_project_id': None, 'service_project_domain_id': None, 'service_roles': []} {{(pid=81600) fill_context /opt/stack/keystone/keystone/server/flask/request_processing/middleware/auth_context.py:478}}
Oct 24 13:00:12.818194 dv-cinder-862491-1-smb devstack@keystone.service[81600]: DEBUG keystone.server.flask.request_processing.req_logging [None req-7dc8a34c-92e6-4992-b854-78ab2a558eaa None admin] REQUEST_METHOD: `POST` {{(pid=81600) log_request_info /opt/stack/keystone/keystone/server/flask/request_processing/req_logging.py:27}}
Oct 24 13:00:12.818476 dv-cinder-862491-1-smb devstack@keystone.service[81600]: DEBUG keystone.server.flask.request_processing.req_logging [None req-7dc8a34c-92e6-4992-b854-78ab2a558eaa None admin] SCRIPT_NAME: `/identity` {{(pid=81600) log_request_info /opt/stack/keystone/keystone/server/flask/request_processing/req_logging.py:28}}
Oct 24 13:00:12.818743 dv-cinder-862491-1-smb devstack@keystone.service[81600]: DEBUG keystone.server.flask.request_processing.req_logging [None req-7dc8a34c-92e6-4992-b854-78ab2a558eaa None admin] PATH_INFO: `/v3/users` {{(pid=81600) log_request_info /opt/stack/keystone/keystone/server/flask/request_processing/req_logging.py:29}}
Oct 24 13:00:12.819411 dv-cinder-862491-1-smb devstack@keystone.service[81600]: DEBUG keystone.common.rbac_enforcer.enforcer [None req-7dc8a34c-92e6-4992-b854-78ab2a558eaa None admin] RBAC: Authorizing `identity:create_user()` {{(pid=81600) enforce_call /opt/stack/keystone/keystone/common/rbac_enforcer/enforcer.py:449}}
Oct 24 13:00:12.821036 dv-cinder-862491-1-smb devstack@keystone.service[81600]: DEBUG keystone.common.rbac_enforcer.enforcer [None req-7dc8a34c-92e6-4992-b854-78ab2a558eaa None admin] RBAC: Authorization granted {{(pid=81600) enforce_call /opt/stack/keystone/keystone/common/rbac_enforcer/enforcer.py:457}}
Oct 24 13:00:12.844329 dv-cinder-862491-1-smb devstack@keystone.service[81600]: [pid: 81600|app: 0|req: 80/153] 10.222.0.18 () {60 vars in 1132 bytes} [Mon Oct 24 13:00:12 2022] POST /identity/v3/users => generated 297 bytes in 164 msecs (HTTP/1.1 201) 5 headers in 182 bytes (1 switches on core 0)
Oct 24 13:00:12.845134 dv-cinder-862491-1-smb devstack@keystone.service[81600]: DEBUG keystone.server.flask.request_processing.middleware.auth_context [None req-7dc8a34c-92e6-4992-b854-78ab2a558eaa None admin] Authenticating user token {{(pid=81600) process_request /usr/local/lib/python3.8/dist-packages/keystonemiddleware/auth_token/__init__.py:407}}
Oct 24 13:00:12.859203 dv-cinder-862491-1-smb devstack@keystone.service[81600]: DEBUG dbcounter [-] [81600] Writing DB stats keystone:SELECT=97,keystone:INSERT=3 {{(pid=81600) stat_writer /usr/local/lib/python3.8/dist-packages/dbcounter.py:114}}
Oct 24 13:00:12.910922 dv-cinder-862491-1-smb devstack@keystone.service[81601]: DEBUG keystone.server.flask.request_processing.middleware.auth_context [None req-6585e2be-4b7a-4d55-8d5d-10e69dc94b2d None admin] Validating token access rules against request {{(pid=81601) validate_allowed_request /usr/local/lib/python3.8/dist-packages/keystonemiddleware/auth_token/__init__.py:545}}
Oct 24 13:00:12.952601 dv-cinder-862491-1-smb devstack@keystone.service[81601]: DEBUG keystone.server.flask.request_processing.middleware.auth_context [None req-fe6f6c23-1aa3-4b02-8891-32564711a25d None admin] RBAC: auth_context: {'token': , 'domain_id': None, 'trust_id': None, 'trustor_id': None, 'trustee_id': None, 'domain_name': None, 'group_ids': [], 'user_id': 'ee790ff9ce0f4b8a9ca3c54f019a2783', 'user_domain_id': 'default', 'system_scope': 'all', 'project_id': None, 'project_domain_id': None, 'roles': ['admin', 'member', 'reader'], 'is_admin_project': True, 'service_user_id': None, 'service_user_domain_id': None, 'service_project_id': None, 'service_project_domain_id': None, 'service_roles': []} {{(pid=81601) fill_context /opt/stack/keystone/keystone/server/flask/request_processing/middleware/auth_context.py:478}}
Oct 24 13:00:12.953366 dv-cinder-862491-1-smb devstack@keystone.service[81601]: DEBUG keystone.server.flask.request_processing.req_logging [None req-fe6f6c23-1aa3-4b02-8891-32564711a25d None admin] REQUEST_METHOD: `GET` {{(pid=81601) log_request_info /opt/stack/keystone/keystone/server/flask/request_processing/req_logging.py:27}}
Oct 24 13:00:12.953568 dv-cinder-862491-1-smb devstack@keystone.service[81601]: DEBUG keystone.server.flask.request_processing.req_logging [None req-fe6f6c23-1aa3-4b02-8891-32564711a25d None admin] SCRIPT_NAME: `/identity` {{(pid=81601) log_request_info /opt/stack/keystone/keystone/server/flask/request_processing/req_logging.py:28}}
Oct 24 13:00:12.953844 dv-cinder-862491-1-smb devstack@keystone.service[81601]: DEBUG keystone.server.flask.request_processing.req_logging [None req-fe6f6c23-1aa3-4b02-8891-32564711a25d None admin] PATH_INFO: `/v3/projects/a40f8a0ec4334236ab27bfadc581d177` {{(pid=81601) log_request_info /opt/stack/keystone/keystone/server/flask/request_processing/req_logging.py:29}}
Oct 24 13:00:12.955075 dv-cinder-862491-1-smb devstack@keystone.service[81601]: DEBUG keystone.common.rbac_enforcer.enforcer [None req-fe6f6c23-1aa3-4b02-8891-32564711a25d None admin] RBAC: Authorizing `identity:get_project(project_id=a40f8a0ec4334236ab27bfadc581d177)` {{(pid=81601) enforce_call /opt/stack/keystone/keystone/common/rbac_enforcer/enforcer.py:449}}
Oct 24 13:00:12.956403 dv-cinder-862491-1-smb devstack@keystone.service[81600]: DEBUG keystone.server.flask.request_processing.middleware.auth_context [None req-7dc8a34c-92e6-4992-b854-78ab2a558eaa None admin] Validating token access rules against request {{(pid=81600) validate_allowed_request /usr/local/lib/python3.8/dist-packages/keystonemiddleware/auth_token/__init__.py:545}}
Oct 24 13:00:12.956586 dv-cinder-862491-1-smb devstack@keystone.service[81601]: DEBUG keystone.common.rbac_enforcer.enforcer [None req-fe6f6c23-1aa3-4b02-8891-32564711a25d None admin] RBAC: Authorization granted {{(pid=81601) enforce_call /opt/stack/keystone/keystone/common/rbac_enforcer/enforcer.py:457}}
Oct 24 13:00:12.958587 dv-cinder-862491-1-smb devstack@keystone.service[81601]: [pid: 81601|app: 0|req: 74/154] 10.222.0.18 () {56 vars in 1186 bytes} [Mon Oct 24 13:00:12 2022] GET /identity/v3/projects/a40f8a0ec4334236ab27bfadc581d177 => generated 302 bytes in 170 msecs (HTTP/1.1 200) 5 headers in 177 bytes (1 switches on core 0)
Oct 24 13:00:12.965063 dv-cinder-862491-1-smb devstack@keystone.service[81601]: DEBUG keystone.server.flask.request_processing.middleware.auth_context [None req-fe6f6c23-1aa3-4b02-8891-32564711a25d None admin] Authenticating user token {{(pid=81601) process_request /usr/local/lib/python3.8/dist-packages/keystonemiddleware/auth_token/__init__.py:407}}
Oct 24 13:00:12.995354 dv-cinder-862491-1-smb devstack@keystone.service[81600]: DEBUG keystone.server.flask.request_processing.middleware.auth_context [None req-a432bb31-0760-4511-8fe3-9ba4c5737a9c None admin] RBAC: auth_context: {'token': , 'domain_id': None, 'trust_id': None, 'trustor_id': None, 'trustee_id': None, 'domain_name': None, 'group_ids': [], 'user_id': 'ee790ff9ce0f4b8a9ca3c54f019a2783', 'user_domain_id': 'default', 'system_scope': 'all', 'project_id': None, 'project_domain_id': None, 'roles': ['admin', 'member', 'reader'], 'is_admin_project': True, 'service_user_id': None, 'service_user_domain_id': None, 'service_project_id': None, 'service_project_domain_id': None, 'service_roles': []} {{(pid=81600) fill_context /opt/stack/keystone/keystone/server/flask/request_processing/middleware/auth_context.py:478}}
Oct 24 13:00:12.995998 dv-cinder-862491-1-smb devstack@keystone.service[81600]: DEBUG keystone.server.flask.request_processing.req_logging [None req-a432bb31-0760-4511-8fe3-9ba4c5737a9c None admin] REQUEST_METHOD: `GET` {{(pid=81600) log_request_info /opt/stack/keystone/keystone/server/flask/request_processing/req_logging.py:27}}
Oct 24 13:00:12.996289 dv-cinder-862491-1-smb devstack@keystone.service[81600]: DEBUG keystone.server.flask.request_processing.req_logging [None req-a432bb31-0760-4511-8fe3-9ba4c5737a9c None admin] SCRIPT_NAME: `/identity` {{(pid=81600) log_request_info /opt/stack/keystone/keystone/server/flask/request_processing/req_logging.py:28}}
Oct 24 13:00:12.996581 dv-cinder-862491-1-smb devstack@keystone.service[81600]: DEBUG keystone.server.flask.request_processing.req_logging [None req-a432bb31-0760-4511-8fe3-9ba4c5737a9c None admin] PATH_INFO: `/v3/roles` {{(pid=81600) log_request_info /opt/stack/keystone/keystone/server/flask/request_processing/req_logging.py:29}}
Oct 24 13:00:12.997248 dv-cinder-862491-1-smb devstack@keystone.service[81600]: DEBUG keystone.common.rbac_enforcer.enforcer [None req-a432bb31-0760-4511-8fe3-9ba4c5737a9c None admin] RBAC: Adding query filter params (name=anotherrole) {{(pid=81600) _extract_filter_values /opt/stack/keystone/keystone/common/rbac_enforcer/enforcer.py:167}}
Oct 24 13:00:12.997547 dv-cinder-862491-1-smb devstack@keystone.service[81600]: DEBUG keystone.common.rbac_enforcer.enforcer [None req-a432bb31-0760-4511-8fe3-9ba4c5737a9c None admin] RBAC: Authorizing `identity:list_roles()` {{(pid=81600) enforce_call /opt/stack/keystone/keystone/common/rbac_enforcer/enforcer.py:449}}
Oct 24 13:00:12.999085 dv-cinder-862491-1-smb devstack@keystone.service[81600]: DEBUG keystone.common.rbac_enforcer.enforcer [None req-a432bb31-0760-4511-8fe3-9ba4c5737a9c None admin] RBAC: Authorization granted {{(pid=81600) enforce_call /opt/stack/keystone/keystone/common/rbac_enforcer/enforcer.py:457}}
Oct 24 13:00:13.008601 dv-cinder-862491-1-smb devstack@keystone.service[81600]: [pid: 81600|app: 0|req: 81/155] 10.222.0.18 () {56 vars in 1111 bytes} [Mon Oct 24 13:00:12 2022] GET /identity/v3/roles?name=anotherrole => generated 334 bytes in 164 msecs (HTTP/1.1 200) 5 headers in 177 bytes (1 switches on core 0)
Oct 24 13:00:13.011740 dv-cinder-862491-1-smb devstack@keystone.service[81601]: DEBUG dbcounter [-] [81601] Writing DB stats keystone:SELECT=100 {{(pid=81601) stat_writer /usr/local/lib/python3.8/dist-packages/dbcounter.py:114}}
Oct 24 13:00:13.016471 dv-cinder-862491-1-smb devstack@keystone.service[81600]: DEBUG keystone.server.flask.request_processing.middleware.auth_context [None req-a432bb31-0760-4511-8fe3-9ba4c5737a9c None admin] Authenticating user token {{(pid=81600) process_request /usr/local/lib/python3.8/dist-packages/keystonemiddleware/auth_token/__init__.py:407}}
Oct 24 13:00:13.084781 dv-cinder-862491-1-smb devstack@keystone.service[81601]: DEBUG keystone.server.flask.request_processing.middleware.auth_context [None req-fe6f6c23-1aa3-4b02-8891-32564711a25d None admin] Validating token access rules against request {{(pid=81601) validate_allowed_request /usr/local/lib/python3.8/dist-packages/keystonemiddleware/auth_token/__init__.py:545}}
Oct 24 13:00:13.097206 dv-cinder-862491-1-smb devstack@keystone.service[81600]: DEBUG dbcounter [-] [81600] Writing DB stats keystone:SELECT=100 {{(pid=81600) stat_writer /usr/local/lib/python3.8/dist-packages/dbcounter.py:114}}
Oct 24 13:00:13.129520 dv-cinder-862491-1-smb devstack@keystone.service[81601]: DEBUG keystone.server.flask.request_processing.middleware.auth_context [None req-fc7ae472-11e5-4136-808e-75ba2a402f9d None admin] RBAC: auth_context: {'token': , 'domain_id': None, 'trust_id': None, 'trustor_id': None, 'trustee_id': None, 'domain_name': None, 'group_ids': [], 'user_id': 'ee790ff9ce0f4b8a9ca3c54f019a2783', 'user_domain_id': 'default', 'system_scope': 'all', 'project_id': None, 'project_domain_id': None, 'roles': ['admin', 'member', 'reader'], 'is_admin_project': True, 'service_user_id': None, 'service_user_domain_id': None, 'service_project_id': None, 'service_project_domain_id': None, 'service_roles': []} {{(pid=81601) fill_context /opt/stack/keystone/keystone/server/flask/request_processing/middleware/auth_context.py:478}}
Oct 24 13:00:13.130187 dv-cinder-862491-1-smb devstack@keystone.service[81601]: DEBUG keystone.server.flask.request_processing.req_logging [None req-fc7ae472-11e5-4136-808e-75ba2a402f9d None admin] REQUEST_METHOD: `PUT` {{(pid=81601) log_request_info /opt/stack/keystone/keystone/server/flask/request_processing/req_logging.py:27}}
Oct 24 13:00:13.130470 dv-cinder-862491-1-smb devstack@keystone.service[81601]: DEBUG keystone.server.flask.request_processing.req_logging [None req-fc7ae472-11e5-4136-808e-75ba2a402f9d None admin] SCRIPT_NAME: `/identity` {{(pid=81601) log_request_info /opt/stack/keystone/keystone/server/flask/request_processing/req_logging.py:28}}
Oct 24 13:00:13.130747 dv-cinder-862491-1-smb devstack@keystone.service[81601]: DEBUG keystone.server.flask.request_processing.req_logging [None req-fc7ae472-11e5-4136-808e-75ba2a402f9d None admin] PATH_INFO: `/v3/projects/a40f8a0ec4334236ab27bfadc581d177/users/670a3ab2fe514c1daf3b2dc7f5d90990/roles/23ca6ecd60b2470cba913daeaf54f0f7` {{(pid=81601) log_request_info /opt/stack/keystone/keystone/server/flask/request_processing/req_logging.py:29}}
Oct 24 13:00:13.133277 dv-cinder-862491-1-smb devstack@keystone.service[81601]: DEBUG keystone.common.rbac_enforcer.enforcer [None req-fc7ae472-11e5-4136-808e-75ba2a402f9d None admin] RBAC: Authorizing `identity:create_grant(project_id=a40f8a0ec4334236ab27bfadc581d177, user_id=670a3ab2fe514c1daf3b2dc7f5d90990, role_id=23ca6ecd60b2470cba913daeaf54f0f7)` {{(pid=81601) enforce_call /opt/stack/keystone/keystone/common/rbac_enforcer/enforcer.py:449}}
Oct 24 13:00:13.135271 dv-cinder-862491-1-smb devstack@keystone.service[81601]: DEBUG keystone.common.rbac_enforcer.enforcer [None req-fc7ae472-11e5-4136-808e-75ba2a402f9d None admin] RBAC: Authorization granted {{(pid=81601) enforce_call /opt/stack/keystone/keystone/common/rbac_enforcer/enforcer.py:457}}
Oct 24 13:00:13.137669 dv-cinder-862491-1-smb devstack@keystone.service[81600]: DEBUG keystone.server.flask.request_processing.middleware.auth_context [None req-a432bb31-0760-4511-8fe3-9ba4c5737a9c None admin] Validating token access rules against request {{(pid=81600) validate_allowed_request /usr/local/lib/python3.8/dist-packages/keystonemiddleware/auth_token/__init__.py:545}}
Oct 24 13:00:13.154919 dv-cinder-862491-1-smb devstack@keystone.service[81601]: [pid: 81601|app: 0|req: 75/156] 10.222.0.18 () {58 vars in 1439 bytes} [Mon Oct 24 13:00:12 2022] PUT /identity/v3/projects/a40f8a0ec4334236ab27bfadc581d177/users/670a3ab2fe514c1daf3b2dc7f5d90990/roles/23ca6ecd60b2470cba913daeaf54f0f7 => generated 0 bytes in 190 msecs (HTTP/1.1 204) 3 headers in 132 bytes (1 switches on core 0)
Oct 24 13:00:13.182444 dv-cinder-862491-1-smb devstack@keystone.service[81600]: DEBUG keystone.server.flask.request_processing.middleware.auth_context [None req-8d18ac85-3cd1-49f8-9fb4-c4c90910c239 None admin] RBAC: auth_context: {'token': , 'domain_id': None, 'trust_id': None, 'trustor_id': None, 'trustee_id': None, 'domain_name': None, 'group_ids': [], 'user_id': 'ee790ff9ce0f4b8a9ca3c54f019a2783', 'user_domain_id': 'default', 'system_scope': 'all', 'project_id': None, 'project_domain_id': None, 'roles': ['admin', 'member', 'reader'], 'is_admin_project': True, 'service_user_id': None, 'service_user_domain_id': None, 'service_project_id': None, 'service_project_domain_id': None, 'service_roles': []} {{(pid=81600) fill_context /opt/stack/keystone/keystone/server/flask/request_processing/middleware/auth_context.py:478}}
Oct 24 13:00:13.183030 dv-cinder-862491-1-smb devstack@keystone.service[81600]: DEBUG keystone.server.flask.request_processing.req_logging [None req-8d18ac85-3cd1-49f8-9fb4-c4c90910c239 None admin] REQUEST_METHOD: `GET` {{(pid=81600) log_request_info /opt/stack/keystone/keystone/server/flask/request_processing/req_logging.py:27}}
Oct 24 13:00:13.183493 dv-cinder-862491-1-smb devstack@keystone.service[81600]: DEBUG keystone.server.flask.request_processing.req_logging [None req-8d18ac85-3cd1-49f8-9fb4-c4c90910c239 None admin] SCRIPT_NAME: `/identity` {{(pid=81600) log_request_info /opt/stack/keystone/keystone/server/flask/request_processing/req_logging.py:28}}
Oct 24 13:00:13.185032 dv-cinder-862491-1-smb devstack@keystone.service[81600]: DEBUG keystone.server.flask.request_processing.req_logging [None req-8d18ac85-3cd1-49f8-9fb4-c4c90910c239 None admin] PATH_INFO: `/v3/users/670a3ab2fe514c1daf3b2dc7f5d90990` {{(pid=81600) log_request_info /opt/stack/keystone/keystone/server/flask/request_processing/req_logging.py:29}}
Oct 24 13:00:13.186119 dv-cinder-862491-1-smb devstack@keystone.service[81600]: DEBUG keystone.common.rbac_enforcer.enforcer [None req-8d18ac85-3cd1-49f8-9fb4-c4c90910c239 None admin] RBAC: Authorizing `identity:get_user(user_id=670a3ab2fe514c1daf3b2dc7f5d90990)` {{(pid=81600) enforce_call /opt/stack/keystone/keystone/common/rbac_enforcer/enforcer.py:449}}
Oct 24 13:00:13.188193 dv-cinder-862491-1-smb devstack@keystone.service[81600]: DEBUG keystone.common.rbac_enforcer.enforcer [None req-8d18ac85-3cd1-49f8-9fb4-c4c90910c239 None admin] RBAC: Authorization granted {{(pid=81600) enforce_call /opt/stack/keystone/keystone/common/rbac_enforcer/enforcer.py:457}}
Oct 24 13:00:13.189581 dv-cinder-862491-1-smb devstack@keystone.service[81600]: [pid: 81600|app: 0|req: 82/157] 10.222.0.18 () {56 vars in 1177 bytes} [Mon Oct 24 13:00:13 2022] GET /identity/v3/users/670a3ab2fe514c1daf3b2dc7f5d90990 => generated 283 bytes in 175 msecs (HTTP/1.1 200) 5 headers in 177 bytes (1 switches on core 0)
Oct 24 13:00:13.196029 dv-cinder-862491-1-smb devstack@keystone.service[81601]: DEBUG keystone.server.flask.request_processing.middleware.auth_context [None req-fc7ae472-11e5-4136-808e-75ba2a402f9d None admin] Authenticating user token {{(pid=81601) process_request /usr/local/lib/python3.8/dist-packages/keystonemiddleware/auth_token/__init__.py:407}}
Oct 24 13:00:13.315910 dv-cinder-862491-1-smb devstack@keystone.service[81601]: DEBUG dbcounter [-] [81601] Writing DB stats keystone:SELECT=99,keystone:INSERT=1 {{(pid=81601) stat_writer /usr/local/lib/python3.8/dist-packages/dbcounter.py:114}}
Oct 24 13:00:13.321243 dv-cinder-862491-1-smb devstack@keystone.service[81601]: DEBUG keystone.server.flask.request_processing.middleware.auth_context [None req-fc7ae472-11e5-4136-808e-75ba2a402f9d None admin] Validating token access rules against request {{(pid=81601) validate_allowed_request /usr/local/lib/python3.8/dist-packages/keystonemiddleware/auth_token/__init__.py:545}}
Oct 24 13:00:13.365887 dv-cinder-862491-1-smb devstack@keystone.service[81601]: DEBUG keystone.server.flask.request_processing.middleware.auth_context [None req-0cb34deb-deb8-49c1-8309-60abd9e29bd5 None admin] RBAC: auth_context: {'token': , 'domain_id': None, 'trust_id': None, 'trustor_id': None, 'trustee_id': None, 'domain_name': None, 'group_ids': [], 'user_id': 'ee790ff9ce0f4b8a9ca3c54f019a2783', 'user_domain_id': 'default', 'system_scope': 'all', 'project_id': None, 'project_domain_id': None, 'roles': ['admin', 'member', 'reader'], 'is_admin_project': True, 'service_user_id': None, 'service_user_domain_id': None, 'service_project_id': None, 'service_project_domain_id': None, 'service_roles': []} {{(pid=81601) fill_context /opt/stack/keystone/keystone/server/flask/request_processing/middleware/auth_context.py:478}}
Oct 24 13:00:13.367077 dv-cinder-862491-1-smb devstack@keystone.service[81601]: DEBUG keystone.server.flask.request_processing.req_logging [None req-0cb34deb-deb8-49c1-8309-60abd9e29bd5 None admin] REQUEST_METHOD: `GET` {{(pid=81601) log_request_info /opt/stack/keystone/keystone/server/flask/request_processing/req_logging.py:27}}
Oct 24 13:00:13.367353 dv-cinder-862491-1-smb devstack@keystone.service[81601]: DEBUG keystone.server.flask.request_processing.req_logging [None req-0cb34deb-deb8-49c1-8309-60abd9e29bd5 None admin] SCRIPT_NAME: `/identity` {{(pid=81601) log_request_info /opt/stack/keystone/keystone/server/flask/request_processing/req_logging.py:28}}
Oct 24 13:00:13.367666 dv-cinder-862491-1-smb devstack@keystone.service[81601]: DEBUG keystone.server.flask.request_processing.req_logging [None req-0cb34deb-deb8-49c1-8309-60abd9e29bd5 None admin] PATH_INFO: `/v3/projects/a40f8a0ec4334236ab27bfadc581d177` {{(pid=81601) log_request_info /opt/stack/keystone/keystone/server/flask/request_processing/req_logging.py:29}}
Oct 24 13:00:13.368792 dv-cinder-862491-1-smb devstack@keystone.service[81601]: DEBUG keystone.common.rbac_enforcer.enforcer [None req-0cb34deb-deb8-49c1-8309-60abd9e29bd5 None admin] RBAC: Authorizing `identity:get_project(project_id=a40f8a0ec4334236ab27bfadc581d177)` {{(pid=81601) enforce_call /opt/stack/keystone/keystone/common/rbac_enforcer/enforcer.py:449}}
Oct 24 13:00:13.370234 dv-cinder-862491-1-smb devstack@keystone.service[81601]: DEBUG keystone.common.rbac_enforcer.enforcer [None req-0cb34deb-deb8-49c1-8309-60abd9e29bd5 None admin] RBAC: Authorization granted {{(pid=81601) enforce_call /opt/stack/keystone/keystone/common/rbac_enforcer/enforcer.py:457}}
Oct 24 13:00:13.371893 dv-cinder-862491-1-smb devstack@keystone.service[81601]: [pid: 81601|app: 0|req: 76/158] 10.222.0.18 () {56 vars in 1186 bytes} [Mon Oct 24 13:00:13 2022] GET /identity/v3/projects/a40f8a0ec4334236ab27bfadc581d177 => generated 302 bytes in 177 msecs (HTTP/1.1 200) 5 headers in 177 bytes (1 switches on core 0)
Oct 24 13:00:13.378755 dv-cinder-862491-1-smb devstack@keystone.service[81600]: DEBUG keystone.server.flask.request_processing.middleware.auth_context [None req-8d18ac85-3cd1-49f8-9fb4-c4c90910c239 None admin] Authenticating user token {{(pid=81600) process_request /usr/local/lib/python3.8/dist-packages/keystonemiddleware/auth_token/__init__.py:407}}
Oct 24 13:00:13.489224 dv-cinder-862491-1-smb devstack@keystone.service[81600]: DEBUG keystone.server.flask.request_processing.middleware.auth_context [None req-8d18ac85-3cd1-49f8-9fb4-c4c90910c239 None admin] Validating token access rules against request {{(pid=81600) validate_allowed_request /usr/local/lib/python3.8/dist-packages/keystonemiddleware/auth_token/__init__.py:545}}
Oct 24 13:00:13.526485 dv-cinder-862491-1-smb devstack@keystone.service[81600]: DEBUG keystone.server.flask.request_processing.middleware.auth_context [None req-9fccf66d-9f5b-49bb-9989-93ac099a4211 None admin] RBAC: auth_context: {'token': , 'domain_id': None, 'trust_id': None, 'trustor_id': None, 'trustee_id': None, 'domain_name': None, 'group_ids': [], 'user_id': 'ee790ff9ce0f4b8a9ca3c54f019a2783', 'user_domain_id': 'default', 'system_scope': 'all', 'project_id': None, 'project_domain_id': None, 'roles': ['admin', 'member', 'reader'], 'is_admin_project': True, 'service_user_id': None, 'service_user_domain_id': None, 'service_project_id': None, 'service_project_domain_id': None, 'service_roles': []} {{(pid=81600) fill_context /opt/stack/keystone/keystone/server/flask/request_processing/middleware/auth_context.py:478}}
Oct 24 13:00:13.527196 dv-cinder-862491-1-smb devstack@keystone.service[81600]: DEBUG keystone.server.flask.request_processing.req_logging [None req-9fccf66d-9f5b-49bb-9989-93ac099a4211 None admin] REQUEST_METHOD: `PUT` {{(pid=81600) log_request_info /opt/stack/keystone/keystone/server/flask/request_processing/req_logging.py:27}}
Oct 24 13:00:13.527510 dv-cinder-862491-1-smb devstack@keystone.service[81600]: DEBUG keystone.server.flask.request_processing.req_logging [None req-9fccf66d-9f5b-49bb-9989-93ac099a4211 None admin] SCRIPT_NAME: `/identity` {{(pid=81600) log_request_info /opt/stack/keystone/keystone/server/flask/request_processing/req_logging.py:28}}
Oct 24 13:00:13.527784 dv-cinder-862491-1-smb devstack@keystone.service[81600]: DEBUG keystone.server.flask.request_processing.req_logging [None req-9fccf66d-9f5b-49bb-9989-93ac099a4211 None admin] PATH_INFO: `/v3/projects/a40f8a0ec4334236ab27bfadc581d177/users/670a3ab2fe514c1daf3b2dc7f5d90990/roles/4bcba8c3ff16483b9115020b5b886522` {{(pid=81600) log_request_info /opt/stack/keystone/keystone/server/flask/request_processing/req_logging.py:29}}
Oct 24 13:00:13.530006 dv-cinder-862491-1-smb devstack@keystone.service[81600]: DEBUG keystone.common.rbac_enforcer.enforcer [None req-9fccf66d-9f5b-49bb-9989-93ac099a4211 None admin] RBAC: Authorizing `identity:create_grant(project_id=a40f8a0ec4334236ab27bfadc581d177, user_id=670a3ab2fe514c1daf3b2dc7f5d90990, role_id=4bcba8c3ff16483b9115020b5b886522)` {{(pid=81600) enforce_call /opt/stack/keystone/keystone/common/rbac_enforcer/enforcer.py:449}}
Oct 24 13:00:13.531561 dv-cinder-862491-1-smb devstack@keystone.service[81600]: DEBUG keystone.common.rbac_enforcer.enforcer [None req-9fccf66d-9f5b-49bb-9989-93ac099a4211 None admin] RBAC: Authorization granted {{(pid=81600) enforce_call /opt/stack/keystone/keystone/common/rbac_enforcer/enforcer.py:457}}
Oct 24 13:00:13.545311 dv-cinder-862491-1-smb devstack@keystone.service[81600]: DEBUG dbcounter [-] [81600] Writing DB stats keystone:SELECT=99,keystone:INSERT=1 {{(pid=81600) stat_writer /usr/local/lib/python3.8/dist-packages/dbcounter.py:114}}
Oct 24 13:00:13.550978 dv-cinder-862491-1-smb devstack@keystone.service[81600]: [pid: 81600|app: 0|req: 83/159] 10.222.0.18 () {58 vars in 1439 bytes} [Mon Oct 24 13:00:13 2022] PUT /identity/v3/projects/a40f8a0ec4334236ab27bfadc581d177/users/670a3ab2fe514c1daf3b2dc7f5d90990/roles/4bcba8c3ff16483b9115020b5b886522 => generated 0 bytes in 172 msecs (HTTP/1.1 204) 3 headers in 132 bytes (0 switches on core 0)
Oct 24 13:00:15.158288 dv-cinder-862491-1-smb devstack@keystone.service[81601]: DEBUG keystone.server.flask.request_processing.req_logging [None req-549730d3-a72f-49be-b96a-1a478c803962 None None] REQUEST_METHOD: `GET` {{(pid=81601) log_request_info /opt/stack/keystone/keystone/server/flask/request_processing/req_logging.py:27}}
Oct 24 13:00:15.158836 dv-cinder-862491-1-smb devstack@keystone.service[81601]: DEBUG keystone.server.flask.request_processing.req_logging [None req-549730d3-a72f-49be-b96a-1a478c803962 None None] SCRIPT_NAME: `/identity` {{(pid=81601) log_request_info /opt/stack/keystone/keystone/server/flask/request_processing/req_logging.py:28}}
Oct 24 13:00:15.158836 dv-cinder-862491-1-smb devstack@keystone.service[81601]: DEBUG keystone.server.flask.request_processing.req_logging [None req-549730d3-a72f-49be-b96a-1a478c803962 None None] PATH_INFO: `/` {{(pid=81601) log_request_info /opt/stack/keystone/keystone/server/flask/request_processing/req_logging.py:29}}
Oct 24 13:00:15.160345 dv-cinder-862491-1-smb devstack@keystone.service[81601]: [pid: 81601|app: 0|req: 77/160] 10.222.0.18 () {54 vars in 927 bytes} [Mon Oct 24 13:00:15 2022] GET /identity => generated 270 bytes in 3 msecs (HTTP/1.1 300) 6 headers in 234 bytes (1 switches on core 0)
Oct 24 13:00:15.166187 dv-cinder-862491-1-smb devstack@keystone.service[81600]: DEBUG keystone.server.flask.request_processing.req_logging [None req-d9e96e2a-ea3f-4fc8-853a-398d9311a116 None None] REQUEST_METHOD: `POST` {{(pid=81600) log_request_info /opt/stack/keystone/keystone/server/flask/request_processing/req_logging.py:27}}
Oct 24 13:00:15.166621 dv-cinder-862491-1-smb devstack@keystone.service[81600]: DEBUG keystone.server.flask.request_processing.req_logging [None req-d9e96e2a-ea3f-4fc8-853a-398d9311a116 None None] SCRIPT_NAME: `/identity` {{(pid=81600) log_request_info /opt/stack/keystone/keystone/server/flask/request_processing/req_logging.py:28}}
Oct 24 13:00:15.166724 dv-cinder-862491-1-smb devstack@keystone.service[81600]: DEBUG keystone.server.flask.request_processing.req_logging [None req-d9e96e2a-ea3f-4fc8-853a-398d9311a116 None None] PATH_INFO: `/v3/auth/tokens` {{(pid=81600) log_request_info /opt/stack/keystone/keystone/server/flask/request_processing/req_logging.py:29}}
Oct 24 13:00:15.185695 dv-cinder-862491-1-smb devstack@keystone.service[81600]: DEBUG keystone.auth.core [None req-d9e96e2a-ea3f-4fc8-853a-398d9311a116 None None] MFA Rules not processed for user `ee790ff9ce0f4b8a9ca3c54f019a2783`. Rule list: `[]` (Enabled: `True`). {{(pid=81600) check_auth_methods_against_rules /opt/stack/keystone/keystone/auth/core.py:438}}
Oct 24 13:00:15.186881 dv-cinder-862491-1-smb devstack@keystone.service[81600]: DEBUG keystone.common.fernet_utils [None req-d9e96e2a-ea3f-4fc8-853a-398d9311a116 None None] Loaded 2 Fernet keys from /etc/keystone/fernet-keys/, but `[fernet_tokens] max_active_keys = 3`; perhaps there have not been enough key rotations to reach `max_active_keys` yet? {{(pid=81600) load_keys /opt/stack/keystone/keystone/common/fernet_utils.py:286}}
