Nov 02 14:26:27.363869 dv-cinder-862365-4-smb neutron-server[104586]: DEBUG neutron_lib.callbacks.manager [None req-29fcecbb-4b9e-4040-8a73-7e5440630276 admin admin] Publish callbacks [] for security_group (7261191e-e114-47c8-9233-1ff60c57c14c), precommit_delete {{(pid=104586) _notify_loop /usr/local/lib/python3.8/dist-packages/neutron_lib/callbacks/manager.py:176}}
Nov 02 14:26:27.398188 dv-cinder-862365-4-smb neutron-server[104586]: DEBUG dbcounter [-] [104586] Writing DB stats neutron:INSERT=12,neutron:SELECT=82,neutron:UPDATE=2,neutron:DELETE=4 {{(pid=104586) stat_writer /usr/local/lib/python3.8/dist-packages/dbcounter.py:114}}
Nov 02 14:26:27.454677 dv-cinder-862365-4-smb neutron-server[104586]: DEBUG neutron_lib.callbacks.manager [None req-29fcecbb-4b9e-4040-8a73-7e5440630276 admin admin] Publish callbacks ['neutron.plugins.ml2.ovo_rpc._ObjectChangeHandler.handle_event-8125445'] for security_group (7261191e-e114-47c8-9233-1ff60c57c14c), after_delete {{(pid=104586) _notify_loop /usr/local/lib/python3.8/dist-packages/neutron_lib/callbacks/manager.py:176}}
Nov 02 14:26:27.458396 dv-cinder-862365-4-smb neutron-server[104586]: DEBUG neutron_lib.callbacks.manager [None req-29fcecbb-4b9e-4040-8a73-7e5440630276 admin admin] Publish callbacks [] for security_group (None), before_response {{(pid=104586) _notify_loop /usr/local/lib/python3.8/dist-packages/neutron_lib/callbacks/manager.py:176}}
Nov 02 14:26:27.459559 dv-cinder-862365-4-smb neutron-server[104586]: INFO neutron.wsgi [None req-29fcecbb-4b9e-4040-8a73-7e5440630276 admin admin] 10.222.0.13 "DELETE /networking/v2.0/security-groups/7261191e-e114-47c8-9233-1ff60c57c14c HTTP/1.1" status: 204 len: 168 time: 0.1944454
Nov 02 14:26:27.507302 dv-cinder-862365-4-smb neutron-server[104585]: DEBUG neutron.pecan_wsgi.hooks.policy_enforcement [req-5e7de7fc-8fc4-4221-ac40-c051c804745e req-0cdcbe0c-d753-47f1-af8d-fcbd073916f9 service neutron] Attributes excluded by policy engine: ['standard_attr_id'] {{(pid=104585) _exclude_attributes_by_policy /opt/stack/neutron/neutron/pecan_wsgi/hooks/policy_enforcement.py:259}}
Nov 02 14:26:27.509178 dv-cinder-862365-4-smb neutron-server[104585]: INFO neutron.wsgi [req-5e7de7fc-8fc4-4221-ac40-c051c804745e req-0cdcbe0c-d753-47f1-af8d-fcbd073916f9 service neutron] 10.222.0.66 "GET /networking/v2.0/ports?tenant_id=ed2bacbdffff4d92840e13431729bc26&device_id=6245a23a-6a9f-4570-adce-c4fc19fde0bb HTTP/1.1" status: 200 len: 1130 time: 0.1149127
Nov 02 14:26:27.547681 dv-cinder-862365-4-smb neutron-server[104586]: DEBUG neutron.wsgi [-] (104586) accepted ('10.222.0.13', 37256) {{(pid=104586) server /usr/local/lib/python3.8/dist-packages/eventlet/wsgi.py:1004}}
Nov 02 14:26:27.548841 dv-cinder-862365-4-smb neutron-server[104586]: DEBUG neutron.api.rpc.handlers.resources_rpc [None req-29fcecbb-4b9e-4040-8a73-7e5440630276 admin admin] Pushing event deleted for resources: {'SecurityGroup': ['ID=7261191e-e114-47c8-9233-1ff60c57c14c,revision_number=None']} {{(pid=104586) push /opt/stack/neutron/neutron/api/rpc/handlers/resources_rpc.py:237}}
Nov 02 14:26:27.577468 dv-cinder-862365-4-smb neutron-server[104585]: DEBUG neutron.pecan_wsgi.hooks.policy_enforcement [req-825dd05f-8e00-43b6-9382-bb72d1ae61bc req-38e70336-68ba-4c53-b238-521835099803 tempest-ServerRescueNegativeTestJSON-880496698 tempest-ServerRescueNegativeTestJSON-880496698-project] Attributes excluded by policy engine: ['standard_attr_id', 'binding:profile', 'binding:host_id', 'binding:vif_type', 'binding:vif_details'] {{(pid=104585) _exclude_attributes_by_policy /opt/stack/neutron/neutron/pecan_wsgi/hooks/policy_enforcement.py:259}}
Nov 02 14:26:27.579057 dv-cinder-862365-4-smb neutron-server[104585]: INFO neutron.wsgi [req-825dd05f-8e00-43b6-9382-bb72d1ae61bc req-38e70336-68ba-4c53-b238-521835099803 tempest-ServerRescueNegativeTestJSON-880496698 tempest-ServerRescueNegativeTestJSON-880496698-project] 10.222.0.13 "GET /networking/v2.0/ports?device_id=744b24ec-6142-4724-afbc-51b7dd5c6e3d HTTP/1.1" status: 200 len: 945 time: 0.0971503
Nov 02 14:26:27.628902 dv-cinder-862365-4-smb neutron-server[104586]: DEBUG neutron_lib.callbacks.manager [None req-be1fa9dd-bb70-4d8f-bb2e-75f799893b00 admin admin] Publish callbacks [] for security_group (None), before_create {{(pid=104586) _notify_loop /usr/local/lib/python3.8/dist-packages/neutron_lib/callbacks/manager.py:176}}
Nov 02 14:26:27.633098 dv-cinder-862365-4-smb neutron-server[104586]: DEBUG neutron.api.rpc.callbacks.version_manager [None req-29fcecbb-4b9e-4040-8a73-7e5440630276 admin admin] Version for resource type AddressGroup changed None to 1.2 on consumer Open vSwitch agent@dv-cinder-862365-4-smb {{(pid=104586) _set_version /opt/stack/neutron/neutron/api/rpc/callbacks/version_manager.py:113}}
Nov 02 14:26:27.633561 dv-cinder-862365-4-smb neutron-server[104586]: DEBUG neutron.api.rpc.callbacks.version_manager [None req-29fcecbb-4b9e-4040-8a73-7e5440630276 admin admin] Version for resource type Agent changed None to 1.1 on consumer Open vSwitch agent@dv-cinder-862365-4-smb {{(pid=104586) _set_version /opt/stack/neutron/neutron/api/rpc/callbacks/version_manager.py:113}}
Nov 02 14:26:27.634496 dv-cinder-862365-4-smb neutron-server[104586]: DEBUG neutron.api.rpc.callbacks.version_manager [None req-29fcecbb-4b9e-4040-8a73-7e5440630276 admin admin] Version for resource type ConntrackHelper changed None to 1.0 on consumer Open vSwitch agent@dv-cinder-862365-4-smb {{(pid=104586) _set_version /opt/stack/neutron/neutron/api/rpc/callbacks/version_manager.py:113}}
Nov 02 14:26:27.635162 dv-cinder-862365-4-smb neutron-server[104586]: DEBUG neutron.api.rpc.callbacks.version_manager [None req-29fcecbb-4b9e-4040-8a73-7e5440630276 admin admin] Version for resource type LocalIPAssociation changed None to 1.0 on consumer Open vSwitch agent@dv-cinder-862365-4-smb {{(pid=104586) _set_version /opt/stack/neutron/neutron/api/rpc/callbacks/version_manager.py:113}}
Nov 02 14:26:27.635695 dv-cinder-862365-4-smb neutron-server[104586]: DEBUG neutron.api.rpc.callbacks.version_manager [None req-29fcecbb-4b9e-4040-8a73-7e5440630276 admin admin] Version for resource type Log changed None to 1.0 on consumer Open vSwitch agent@dv-cinder-862365-4-smb {{(pid=104586) _set_version /opt/stack/neutron/neutron/api/rpc/callbacks/version_manager.py:113}}
Nov 02 14:26:27.636230 dv-cinder-862365-4-smb neutron-server[104586]: DEBUG neutron.api.rpc.callbacks.version_manager [None req-29fcecbb-4b9e-4040-8a73-7e5440630276 admin admin] Version for resource type NDPProxy changed None to 1.0 on consumer Open vSwitch agent@dv-cinder-862365-4-smb {{(pid=104586) _set_version /opt/stack/neutron/neutron/api/rpc/callbacks/version_manager.py:113}}
Nov 02 14:26:27.637604 dv-cinder-862365-4-smb neutron-server[104586]: DEBUG neutron.api.rpc.callbacks.version_manager [None req-29fcecbb-4b9e-4040-8a73-7e5440630276 admin admin] Version for resource type Network changed None to 1.1 on consumer Open vSwitch agent@dv-cinder-862365-4-smb {{(pid=104586) _set_version /opt/stack/neutron/neutron/api/rpc/callbacks/version_manager.py:113}}
Nov 02 14:26:27.638654 dv-cinder-862365-4-smb neutron-server[104586]: DEBUG neutron.api.rpc.callbacks.version_manager [None req-29fcecbb-4b9e-4040-8a73-7e5440630276 admin admin] Version for resource type Port changed None to 1.7 on consumer Open vSwitch agent@dv-cinder-862365-4-smb {{(pid=104586) _set_version /opt/stack/neutron/neutron/api/rpc/callbacks/version_manager.py:113}}
Nov 02 14:26:27.639205 dv-cinder-862365-4-smb neutron-server[104586]: DEBUG neutron.api.rpc.callbacks.version_manager [None req-29fcecbb-4b9e-4040-8a73-7e5440630276 admin admin] Version for resource type PortForwarding changed None to 1.3 on consumer Open vSwitch agent@dv-cinder-862365-4-smb {{(pid=104586) _set_version /opt/stack/neutron/neutron/api/rpc/callbacks/version_manager.py:113}}
Nov 02 14:26:27.639893 dv-cinder-862365-4-smb neutron-server[104586]: DEBUG neutron.api.rpc.callbacks.version_manager [None req-29fcecbb-4b9e-4040-8a73-7e5440630276 admin admin] Version for resource type QosPolicy changed None to 1.10 on consumer Open vSwitch agent@dv-cinder-862365-4-smb {{(pid=104586) _set_version /opt/stack/neutron/neutron/api/rpc/callbacks/version_manager.py:113}}
Nov 02 14:26:27.640778 dv-cinder-862365-4-smb neutron-server[104586]: DEBUG neutron.api.rpc.callbacks.version_manager [None req-29fcecbb-4b9e-4040-8a73-7e5440630276 admin admin] Version for resource type SecurityGroup changed None to 1.5 on consumer Open vSwitch agent@dv-cinder-862365-4-smb {{(pid=104586) _set_version /opt/stack/neutron/neutron/api/rpc/callbacks/version_manager.py:113}}
Nov 02 14:26:27.642040 dv-cinder-862365-4-smb neutron-server[104586]: DEBUG neutron.api.rpc.callbacks.version_manager [None req-29fcecbb-4b9e-4040-8a73-7e5440630276 admin admin] Version for resource type SecurityGroupRule changed None to 1.2 on consumer Open vSwitch agent@dv-cinder-862365-4-smb {{(pid=104586) _set_version /opt/stack/neutron/neutron/api/rpc/callbacks/version_manager.py:113}}
Nov 02 14:26:27.642664 dv-cinder-862365-4-smb neutron-server[104586]: DEBUG neutron.api.rpc.callbacks.version_manager [None req-29fcecbb-4b9e-4040-8a73-7e5440630276 admin admin] Version for resource type SubPort changed None to 1.0 on consumer Open vSwitch agent@dv-cinder-862365-4-smb {{(pid=104586) _set_version /opt/stack/neutron/neutron/api/rpc/callbacks/version_manager.py:113}}
Nov 02 14:26:27.643249 dv-cinder-862365-4-smb neutron-server[104586]: DEBUG neutron.api.rpc.callbacks.version_manager [None req-29fcecbb-4b9e-4040-8a73-7e5440630276 admin admin] Version for resource type Subnet changed None to 1.1 on consumer Open vSwitch agent@dv-cinder-862365-4-smb {{(pid=104586) _set_version /opt/stack/neutron/neutron/api/rpc/callbacks/version_manager.py:113}}
Nov 02 14:26:27.643791 dv-cinder-862365-4-smb neutron-server[104586]: DEBUG neutron.api.rpc.callbacks.version_manager [None req-29fcecbb-4b9e-4040-8a73-7e5440630276 admin admin] Version for resource type Trunk changed None to 1.1 on consumer Open vSwitch agent@dv-cinder-862365-4-smb {{(pid=104586) _set_version /opt/stack/neutron/neutron/api/rpc/callbacks/version_manager.py:113}}
Nov 02 14:26:27.658656 dv-cinder-862365-4-smb neutron-server[104586]: DEBUG dbcounter [-] [104586] Writing DB stats neutron:INSERT=10,neutron:SELECT=82,neutron:DELETE=8 {{(pid=104586) stat_writer /usr/local/lib/python3.8/dist-packages/dbcounter.py:114}}
Nov 02 14:26:27.683019 dv-cinder-862365-4-smb neutron-server[104585]: INFO neutron.wsgi [req-825dd05f-8e00-43b6-9382-bb72d1ae61bc req-e87b25ef-52b7-4589-9905-a828e4ddb82d tempest-ServerRescueNegativeTestJSON-880496698 tempest-ServerRescueNegativeTestJSON-880496698-project] 10.222.0.13 "GET /networking/v2.0/security-groups?id=504097dc-07ee-4dfc-b929-e3afe38b78e2&fields=id&fields=name HTTP/1.1" status: 200 len: 286 time: 0.0776956
Nov 02 14:26:27.684923 dv-cinder-862365-4-smb neutron-server[104585]: DEBUG neutron.pecan_wsgi.hooks.policy_enforcement [req-5e7de7fc-8fc4-4221-ac40-c051c804745e req-06dcc23d-3a21-499a-a120-e49f8183c2b4 service neutron] Attributes excluded by policy engine: ['standard_attr_id', 'vlan_transparent'] {{(pid=104585) _exclude_attributes_by_policy /opt/stack/neutron/neutron/pecan_wsgi/hooks/policy_enforcement.py:259}}
Nov 02 14:26:27.693093 dv-cinder-862365-4-smb neutron-server[104585]: INFO neutron.wsgi [req-5e7de7fc-8fc4-4221-ac40-c051c804745e req-06dcc23d-3a21-499a-a120-e49f8183c2b4 service neutron] 10.222.0.66 "GET /networking/v2.0/networks?id=17adab43-6b25-4046-8e5a-042f62be993d HTTP/1.1" status: 200 len: 916 time: 0.1672988
Nov 02 14:26:27.710028 dv-cinder-862365-4-smb neutron-server[104586]: DEBUG neutron.pecan_wsgi.hooks.policy_enforcement [req-c7dbad83-21fe-4827-b5ce-44a5072a1e96 req-29ad0fb4-633b-4178-b874-14e7988cb99e tempest-DeleteServersTestJSON-1476751475 tempest-DeleteServersTestJSON-1476751475-project] Attributes excluded by policy engine: ['standard_attr_id', 'binding:profile', 'binding:host_id', 'binding:vif_type', 'binding:vif_details'] {{(pid=104586) _exclude_attributes_by_policy /opt/stack/neutron/neutron/pecan_wsgi/hooks/policy_enforcement.py:259}}
Nov 02 14:26:27.711793 dv-cinder-862365-4-smb neutron-server[104586]: INFO neutron.wsgi [req-c7dbad83-21fe-4827-b5ce-44a5072a1e96 req-29ad0fb4-633b-4178-b874-14e7988cb99e tempest-DeleteServersTestJSON-1476751475 tempest-DeleteServersTestJSON-1476751475-project] 10.222.0.66 "GET /networking/v2.0/ports?device_id=5209a4fd-b867-4441-b425-14d644a3090f HTTP/1.1" status: 200 len: 946 time: 0.2433851
Nov 02 14:26:27.782742 dv-cinder-862365-4-smb neutron-server[104586]: DEBUG neutron.wsgi [-] (104586) accepted ('10.222.0.13', 37260) {{(pid=104586) server /usr/local/lib/python3.8/dist-packages/eventlet/wsgi.py:1004}}
Nov 02 14:26:27.807088 dv-cinder-862365-4-smb neutron-server[104585]: INFO neutron.wsgi [req-5e7de7fc-8fc4-4221-ac40-c051c804745e req-8071b9d0-1886-4c21-8744-a5df3a5d66b7 service neutron] 10.222.0.66 "GET /networking/v2.0/floatingips?fixed_ip_address=172.20.0.11&port_id=8e5f40ea-b10b-4db4-8c39-c37a142bed9a HTTP/1.1" status: 200 len: 1001 time: 0.1080790
Nov 02 14:26:27.892541 dv-cinder-862365-4-smb neutron-server[104585]: DEBUG neutron.pecan_wsgi.hooks.policy_enforcement [req-5e7de7fc-8fc4-4221-ac40-c051c804745e req-31426d17-cc88-498c-bce6-725530cd92b3 service neutron] Attributes excluded by policy engine: ['standard_attr_id', 'shared'] {{(pid=104585) _exclude_attributes_by_policy /opt/stack/neutron/neutron/pecan_wsgi/hooks/policy_enforcement.py:259}}
Nov 02 14:26:27.894063 dv-cinder-862365-4-smb neutron-server[104585]: INFO neutron.wsgi [req-5e7de7fc-8fc4-4221-ac40-c051c804745e req-31426d17-cc88-498c-bce6-725530cd92b3 service neutron] 10.222.0.66 "GET /networking/v2.0/subnets?id=16f63ca5-cd13-4881-a2ca-67bdf5cd70ba HTTP/1.1" status: 200 len: 854 time: 0.0803277
Nov 02 14:26:27.897047 dv-cinder-862365-4-smb neutron-server[104586]: DEBUG neutron.plugins.ml2.plugin [req-c7dbad83-21fe-4827-b5ce-44a5072a1e96 req-4b3a020d-4cd8-4c76-b201-2d31adbf17fa tempest-DeleteServersTestJSON-1476751475 tempest-DeleteServersTestJSON-1476751475-project] Deleting port 81cd9416-5541-43c3-8985-04611053cbda {{(pid=104586) _pre_delete_port /opt/stack/neutron/neutron/plugins/ml2/plugin.py:2068}}
Nov 02 14:26:27.897642 dv-cinder-862365-4-smb neutron-server[104586]: DEBUG neutron_lib.callbacks.manager [req-c7dbad83-21fe-4827-b5ce-44a5072a1e96 req-4b3a020d-4cd8-4c76-b201-2d31adbf17fa tempest-DeleteServersTestJSON-1476751475 tempest-DeleteServersTestJSON-1476751475-project] Publish callbacks ['neutron.db.l3_db.L3_NAT_dbonly_mixin._prevent_l3_port_delete_callback-8757358631644'] for port (81cd9416-5541-43c3-8985-04611053cbda), before_delete {{(pid=104586) _notify_loop /usr/local/lib/python3.8/dist-packages/neutron_lib/callbacks/manager.py:176}}
Nov 02 14:26:27.921109 dv-cinder-862365-4-smb neutron-server[104585]: DEBUG dbcounter [-] [104585] Writing DB stats neutron:SELECT=93,neutron:INSERT=6,neutron:UPDATE=1 {{(pid=104585) stat_writer /usr/local/lib/python3.8/dist-packages/dbcounter.py:114}}
Nov 02 14:26:27.939548 dv-cinder-862365-4-smb neutron-server[104586]: DEBUG neutron_lib.callbacks.manager [None req-be1fa9dd-bb70-4d8f-bb2e-75f799893b00 admin admin] Publish callbacks [] for security_group (6e2a8c6b-0ccd-4581-84cd-b29e139d5fd5), precommit_create {{(pid=104586) _notify_loop /usr/local/lib/python3.8/dist-packages/neutron_lib/callbacks/manager.py:176}}
Nov 02 14:26:27.979420 dv-cinder-862365-4-smb neutron-server[104586]: DEBUG neutron_lib.callbacks.manager [None req-be1fa9dd-bb70-4d8f-bb2e-75f799893b00 admin admin] Publish callbacks ['neutron.plugins.ml2.ovo_rpc._ObjectChangeHandler.handle_event-8125445'] for security_group (6e2a8c6b-0ccd-4581-84cd-b29e139d5fd5), after_create {{(pid=104586) _notify_loop /usr/local/lib/python3.8/dist-packages/neutron_lib/callbacks/manager.py:176}}
Nov 02 14:26:28.035932 dv-cinder-862365-4-smb neutron-server[104586]: INFO neutron.wsgi [None req-be1fa9dd-bb70-4d8f-bb2e-75f799893b00 admin admin] 10.222.0.13 "GET /networking/v2.0/security-groups?tenant_id=02069a9b922442a6a58bf29818b6c5ab&name=default HTTP/1.1" status: 200 len: 2996 time: 0.4820850
Nov 02 14:26:28.039402 dv-cinder-862365-4-smb neutron-server[104586]: DEBUG neutron.wsgi [-] (104586) accepted ('10.222.0.13', 37270) {{(pid=104586) server /usr/local/lib/python3.8/dist-packages/eventlet/wsgi.py:1004}}
Nov 02 14:26:28.053182 dv-cinder-862365-4-smb neutron-server[104586]: DEBUG neutron.api.rpc.handlers.resources_rpc [None req-be1fa9dd-bb70-4d8f-bb2e-75f799893b00 admin admin] Pushing event updated for resources: {'SecurityGroup': ['ID=6e2a8c6b-0ccd-4581-84cd-b29e139d5fd5,revision_number=1']} {{(pid=104586) push /opt/stack/neutron/neutron/api/rpc/handlers/resources_rpc.py:237}}
Nov 02 14:26:28.066095 dv-cinder-862365-4-smb neutron-server[104585]: DEBUG neutron.pecan_wsgi.hooks.policy_enforcement [req-5e7de7fc-8fc4-4221-ac40-c051c804745e req-7c156dcc-bb25-4a79-85bd-7f9e7d90c42a service neutron] Attributes excluded by policy engine: ['standard_attr_id'] {{(pid=104585) _exclude_attributes_by_policy /opt/stack/neutron/neutron/pecan_wsgi/hooks/policy_enforcement.py:259}}
Nov 02 14:26:28.067606 dv-cinder-862365-4-smb neutron-server[104585]: INFO neutron.wsgi [req-5e7de7fc-8fc4-4221-ac40-c051c804745e req-7c156dcc-bb25-4a79-85bd-7f9e7d90c42a service neutron] 10.222.0.66 "GET /networking/v2.0/ports?network_id=17adab43-6b25-4046-8e5a-042f62be993d&device_owner=network%3Adhcp HTTP/1.1" status: 200 len: 1210 time: 0.1635633
Nov 02 14:26:28.089378 dv-cinder-862365-4-smb neutron-server[104586]: DEBUG neutron.plugins.ml2.db [req-c7dbad83-21fe-4827-b5ce-44a5072a1e96 req-4b3a020d-4cd8-4c76-b201-2d31adbf17fa tempest-DeleteServersTestJSON-1476751475 tempest-DeleteServersTestJSON-1476751475-project] For port 81cd9416-5541-43c3-8985-04611053cbda, host hv-cinder-86236, got binding levels [PortBindingLevel(driver='hyperv',host='hv-cinder-86236',level=0,port_id=81cd9416-5541-43c3-8985-04611053cbda,segment=NetworkSegment(991069c8-b3c0-4015-8eac-3168cd728b9a),segment_id=991069c8-b3c0-4015-8eac-3168cd728b9a)] {{(pid=104586) get_binding_level_objs /opt/stack/neutron/neutron/plugins/ml2/db.py:74}}
Nov 02 14:26:28.089638 dv-cinder-862365-4-smb neutron-server[104586]: DEBUG neutron_lib.callbacks.manager [req-c7dbad83-21fe-4827-b5ce-44a5072a1e96 req-4b3a020d-4cd8-4c76-b201-2d31adbf17fa tempest-DeleteServersTestJSON-1476751475 tempest-DeleteServersTestJSON-1476751475-project] Publish callbacks ['neutron.services.l3_router.l3_router_plugin.L3_NAT_dbonly_mixin._precommit_delete_port_callback-8017166'] for port (81cd9416-5541-43c3-8985-04611053cbda), precommit_delete {{(pid=104586) _notify_loop /usr/local/lib/python3.8/dist-packages/neutron_lib/callbacks/manager.py:176}}
Nov 02 14:26:28.104320 dv-cinder-862365-4-smb neutron-server[104585]: DEBUG neutron.pecan_wsgi.hooks.policy_enforcement [req-99b1b5ab-a865-4de6-a3f1-dc249d193e4b req-62277fda-21fe-46f3-80b1-1e9f79846c30 tempest-DeleteServersTestJSON-1476751475 tempest-DeleteServersTestJSON-1476751475-project] Attributes excluded by policy engine: ['standard_attr_id', 'binding:profile', 'binding:host_id', 'binding:vif_type', 'binding:vif_details'] {{(pid=104585) _exclude_attributes_by_policy /opt/stack/neutron/neutron/pecan_wsgi/hooks/policy_enforcement.py:259}}
Nov 02 14:26:28.108948 dv-cinder-862365-4-smb neutron-server[104585]: INFO neutron.wsgi [req-99b1b5ab-a865-4de6-a3f1-dc249d193e4b req-62277fda-21fe-46f3-80b1-1e9f79846c30 tempest-DeleteServersTestJSON-1476751475 tempest-DeleteServersTestJSON-1476751475-project] 10.222.0.13 "GET /networking/v2.0/ports?device_id=5209a4fd-b867-4441-b425-14d644a3090f HTTP/1.1" status: 200 len: 946 time: 0.1409843
Nov 02 14:26:28.127271 dv-cinder-862365-4-smb neutron-server[104585]: DEBUG neutron.pecan_wsgi.hooks.policy_enforcement [req-0c2dbc8e-280f-4309-a38c-3262bbec292a req-3ca80bb0-ddfe-4f47-8987-0c460a344573 tempest-AttachVolumeShelveTestJSON-1977349130 tempest-AttachVolumeShelveTestJSON-1977349130-project] Attributes excluded by policy engine: ['standard_attr_id', 'binding:profile', 'binding:host_id', 'binding:vif_type', 'binding:vif_details'] {{(pid=104585) _exclude_attributes_by_policy /opt/stack/neutron/neutron/pecan_wsgi/hooks/policy_enforcement.py:259}}
Nov 02 14:26:28.128850 dv-cinder-862365-4-smb neutron-server[104585]: INFO neutron.wsgi [req-0c2dbc8e-280f-4309-a38c-3262bbec292a req-3ca80bb0-ddfe-4f47-8987-0c460a344573 tempest-AttachVolumeShelveTestJSON-1977349130 tempest-AttachVolumeShelveTestJSON-1977349130-project] 10.222.0.13 "GET /networking/v2.0/ports?device_id=d93d27a8-abe2-4b0d-a8d7-f47148c0e8d3 HTTP/1.1" status: 200 len: 946 time: 0.1307926
Nov 02 14:26:28.129451 dv-cinder-862365-4-smb neutron-server[104586]: DEBUG neutron.plugins.ml2.plugin [req-c7dbad83-21fe-4827-b5ce-44a5072a1e96 req-4b3a020d-4cd8-4c76-b201-2d31adbf17fa tempest-DeleteServersTestJSON-1476751475 tempest-DeleteServersTestJSON-1476751475-project] Calling delete_port for 81cd9416-5541-43c3-8985-04611053cbda owned by compute:nova {{(pid=104586) delete_port /opt/stack/neutron/neutron/plugins/ml2/plugin.py:2157}}
Nov 02 14:26:28.133043 dv-cinder-862365-4-smb neutron-server[104586]: DEBUG neutron_lib.callbacks.manager [None req-e6c06596-4f73-40ae-9724-1c6feca20861 admin admin] Publish callbacks [] for security_group (None), before_create {{(pid=104586) _notify_loop /usr/local/lib/python3.8/dist-packages/neutron_lib/callbacks/manager.py:176}}
Nov 02 14:26:28.228361 dv-cinder-862365-4-smb neutron-server[104586]: DEBUG neutron_lib.callbacks.manager [None req-0d30a574-ce26-4cad-833f-f9859ea3905e admin admin] Publish callbacks [] for security_group (6e2a8c6b-0ccd-4581-84cd-b29e139d5fd5), before_delete {{(pid=104586) _notify_loop /usr/local/lib/python3.8/dist-packages/neutron_lib/callbacks/manager.py:176}}
Nov 02 14:26:28.266992 dv-cinder-862365-4-smb neutron-server[104585]: INFO neutron.wsgi [req-0c2dbc8e-280f-4309-a38c-3262bbec292a req-da40b1f7-d034-47f3-8aac-2c03c88150c8 tempest-AttachVolumeShelveTestJSON-1977349130 tempest-AttachVolumeShelveTestJSON-1977349130-project] 10.222.0.13 "GET /networking/v2.0/security-groups?id=56b60283-5f3b-46e7-b82e-0d73432c1d4f&fields=id&fields=name HTTP/1.1" status: 200 len: 312 time: 0.1291158
Nov 02 14:26:28.267873 dv-cinder-862365-4-smb neutron-server[104586]: DEBUG neutron_lib.callbacks.manager [None req-0d30a574-ce26-4cad-833f-f9859ea3905e admin admin] Publish callbacks [] for security_group (6e2a8c6b-0ccd-4581-84cd-b29e139d5fd5), precommit_delete {{(pid=104586) _notify_loop /usr/local/lib/python3.8/dist-packages/neutron_lib/callbacks/manager.py:176}}
Nov 02 14:26:28.281203 dv-cinder-862365-4-smb neutron-server[104585]: INFO neutron.wsgi [req-99b1b5ab-a865-4de6-a3f1-dc249d193e4b req-a7fa7556-afcf-4e2a-8940-c74287deaf74 tempest-DeleteServersTestJSON-1476751475 tempest-DeleteServersTestJSON-1476751475-project] 10.222.0.13 "GET /networking/v2.0/security-groups?id=7361f546-8a52-48ca-845a-0ec096c83c20&fields=id&fields=name HTTP/1.1" status: 200 len: 286 time: 0.1512234
Nov 02 14:26:28.287381 dv-cinder-862365-4-smb neutron-server[104585]: INFO neutron.wsgi [req-5e7de7fc-8fc4-4221-ac40-c051c804745e req-02973afe-3da9-4fe9-8560-f4ecde296fb5 service neutron] 10.222.0.66 "GET /networking/v2.0/networks/17adab43-6b25-4046-8e5a-042f62be993d?fields=segments HTTP/1.1" status: 200 len: 212 time: 0.2029598
Nov 02 14:26:28.315128 dv-cinder-862365-4-smb neutron-server[104586]: DEBUG dbcounter [-] [104586] Writing DB stats neutron:SELECT=86,neutron:INSERT=13,neutron:UPDATE=1 {{(pid=104586) stat_writer /usr/local/lib/python3.8/dist-packages/dbcounter.py:114}}
Nov 02 14:26:28.320273 dv-cinder-862365-4-smb neutron-server[104585]: DEBUG dbcounter [-] [104585] Writing DB stats neutron:SELECT=93,neutron:INSERT=7 {{(pid=104585) stat_writer /usr/local/lib/python3.8/dist-packages/dbcounter.py:114}}
Nov 02 14:26:28.375975 dv-cinder-862365-4-smb neutron-server[104586]: DEBUG neutron_lib.callbacks.manager [None req-e6c06596-4f73-40ae-9724-1c6feca20861 admin admin] Publish callbacks [] for security_group (560a6c8c-96b7-4555-b136-86a2aea7f905), precommit_create {{(pid=104586) _notify_loop /usr/local/lib/python3.8/dist-packages/neutron_lib/callbacks/manager.py:176}}
Nov 02 14:26:28.386860 dv-cinder-862365-4-smb neutron-server[104586]: DEBUG neutron_lib.callbacks.manager [None req-e6c06596-4f73-40ae-9724-1c6feca20861 admin admin] Publish callbacks ['neutron.plugins.ml2.ovo_rpc._ObjectChangeHandler.handle_event-8125445'] for security_group (560a6c8c-96b7-4555-b136-86a2aea7f905), after_create {{(pid=104586) _notify_loop /usr/local/lib/python3.8/dist-packages/neutron_lib/callbacks/manager.py:176}}
Nov 02 14:26:28.416790 dv-cinder-862365-4-smb neutron-server[104586]: DEBUG neutron_lib.callbacks.manager [None req-0d30a574-ce26-4cad-833f-f9859ea3905e admin admin] Publish callbacks ['neutron.plugins.ml2.ovo_rpc._ObjectChangeHandler.handle_event-8125445'] for security_group (6e2a8c6b-0ccd-4581-84cd-b29e139d5fd5), after_delete {{(pid=104586) _notify_loop /usr/local/lib/python3.8/dist-packages/neutron_lib/callbacks/manager.py:176}}
Nov 02 14:26:28.419465 dv-cinder-862365-4-smb neutron-server[104586]: DEBUG neutron_lib.callbacks.manager [None req-0d30a574-ce26-4cad-833f-f9859ea3905e admin admin] Publish callbacks [] for security_group (None), before_response {{(pid=104586) _notify_loop /usr/local/lib/python3.8/dist-packages/neutron_lib/callbacks/manager.py:176}}
Nov 02 14:26:28.420676 dv-cinder-862365-4-smb neutron-server[104586]: INFO neutron.wsgi [None req-0d30a574-ce26-4cad-833f-f9859ea3905e admin admin] 10.222.0.13 "DELETE /networking/v2.0/security-groups/6e2a8c6b-0ccd-4581-84cd-b29e139d5fd5 HTTP/1.1" status: 204 len: 168 time: 0.3801115
Nov 02 14:26:28.435913 dv-cinder-862365-4-smb neutron-server[104586]: DEBUG dbcounter [-] [104586] Writing DB stats neutron:SELECT=80,neutron:INSERT=9,neutron:UPDATE=1,neutron:DELETE=10 {{(pid=104586) stat_writer /usr/local/lib/python3.8/dist-packages/dbcounter.py:114}}
Nov 02 14:26:28.482836 dv-cinder-862365-4-smb neutron-server[104586]: DEBUG neutron.api.rpc.handlers.resources_rpc [None req-e6c06596-4f73-40ae-9724-1c6feca20861 admin admin] Pushing event updated for resources: {'SecurityGroup': ['ID=560a6c8c-96b7-4555-b136-86a2aea7f905,revision_number=1']} {{(pid=104586) push /opt/stack/neutron/neutron/api/rpc/handlers/resources_rpc.py:237}}
Nov 02 14:26:28.488579 dv-cinder-862365-4-smb neutron-server[104586]: INFO neutron.wsgi [None req-e6c06596-4f73-40ae-9724-1c6feca20861 admin admin] 10.222.0.13 "GET /networking/v2.0/security-groups?tenant_id=6202efea0c4e4c84a072d8bca04ef4c6&name=default HTTP/1.1" status: 200 len: 2996 time: 0.7007551
Nov 02 14:26:28.491718 dv-cinder-862365-4-smb neutron-server[104586]: DEBUG neutron.wsgi [-] (104586) accepted ('10.222.0.13', 37290) {{(pid=104586) server /usr/local/lib/python3.8/dist-packages/eventlet/wsgi.py:1004}}
Nov 02 14:26:28.514304 dv-cinder-862365-4-smb neutron-server[104586]: DEBUG neutron_lib.callbacks.manager [req-c7dbad83-21fe-4827-b5ce-44a5072a1e96 req-4b3a020d-4cd8-4c76-b201-2d31adbf17fa tempest-DeleteServersTestJSON-1476751475 tempest-DeleteServersTestJSON-1476751475-project] Publish callbacks ['neutron.plugins.ml2.plugin.SecurityGroupServerNotifierRpcMixin._notify_sg_on_port_change-911963', 'neutron.plugins.ml2.ovo_rpc._ObjectChangeHandler.handle_event-16205', 'neutron.api.rpc.agentnotifiers.dhcp_rpc_agent_api.DhcpAgentNotifyAPI._native_event_send_dhcp_notification-7934987', 'neutron.db.l3_db.L3RpcNotifierMixin._notify_routers_callback-8757358636692', 'neutron.db.l3_dvrscheduler_db._notify_port_delete-8757358241208'] for port (81cd9416-5541-43c3-8985-04611053cbda), after_delete {{(pid=104586) _notify_loop /usr/local/lib/python3.8/dist-packages/neutron_lib/callbacks/manager.py:176}}
Nov 02 14:26:28.518101 dv-cinder-862365-4-smb neutron-server[104586]: DEBUG neutron.api.rpc.handlers.resources_rpc [None req-0d30a574-ce26-4cad-833f-f9859ea3905e admin admin] Pushing event deleted for resources: {'SecurityGroup': ['ID=6e2a8c6b-0ccd-4581-84cd-b29e139d5fd5,revision_number=None']} {{(pid=104586) push /opt/stack/neutron/neutron/api/rpc/handlers/resources_rpc.py:237}}
Nov 02 14:26:28.530497 dv-cinder-862365-4-smb neutron-server[104587]: DEBUG neutron.plugins.ml2.db [None req-f1ff8404-974d-4c82-8317-d2c5e964299a None None] get_ports_and_sgs() called for port_ids ['81cd9416-5541-43c3-8985-04611053cbda'] {{(pid=104587) get_ports_and_sgs /opt/stack/neutron/neutron/plugins/ml2/db.py:163}}
Nov 02 14:26:28.574228 dv-cinder-862365-4-smb neutron-server[104585]: DEBUG neutron.pecan_wsgi.hooks.policy_enforcement [req-f401dc30-9d73-4a13-87a2-6126e302c35c req-cd995b43-340f-43db-afcd-7b24a2c86340 tempest-AttachVolumeShelveTestJSON-1977349130 tempest-AttachVolumeShelveTestJSON-1977349130-project] Attributes excluded by policy engine: ['standard_attr_id', 'binding:profile', 'binding:host_id', 'binding:vif_type', 'binding:vif_details'] {{(pid=104585) _exclude_attributes_by_policy /opt/stack/neutron/neutron/pecan_wsgi/hooks/policy_enforcement.py:259}}
Nov 02 14:26:28.583988 dv-cinder-862365-4-smb neutron-server[104586]: DEBUG neutron.api.rpc.handlers.resources_rpc [None req-4b3a020d-4cd8-4c76-b201-2d31adbf17fa tempest-DeleteServersTestJSON-1476751475 tempest-DeleteServersTestJSON-1476751475-project] Pushing event deleted for resources: {'Port': ['ID=81cd9416-5541-43c3-8985-04611053cbda,revision_number=None']} {{(pid=104586) push /opt/stack/neutron/neutron/api/rpc/handlers/resources_rpc.py:237}}
Nov 02 14:26:28.590722 dv-cinder-862365-4-smb neutron-server[104585]: INFO neutron.wsgi [req-f401dc30-9d73-4a13-87a2-6126e302c35c req-cd995b43-340f-43db-afcd-7b24a2c86340 tempest-AttachVolumeShelveTestJSON-1977349130 tempest-AttachVolumeShelveTestJSON-1977349130-project] 10.222.0.13 "GET /networking/v2.0/ports?device_id=d93d27a8-abe2-4b0d-a8d7-f47148c0e8d3 HTTP/1.1" status: 200 len: 946 time: 0.1549187
Nov 02 14:26:28.601826 dv-cinder-862365-4-smb neutron-server[104585]: DEBUG neutron.wsgi [-] (104585) accepted ('10.222.0.13', 37298) {{(pid=104585) server /usr/local/lib/python3.8/dist-packages/eventlet/wsgi.py:1004}}
Nov 02 14:26:28.616338 dv-cinder-862365-4-smb neutron-server[104585]: DEBUG neutron.api.v2.base [None req-b60b7452-6b82-40d6-ab4d-a8ac5e548b25 tempest-AttachVolumeShelveTestJSON-1977349130 tempest-AttachVolumeShelveTestJSON-1977349130-project] Request body: {'floatingip': {'port_id': '3e3ce4e0-407f-4b6c-932c-11430a0f2836'}} {{(pid=104585) prepare_request_body /opt/stack/neutron/neutron/api/v2/base.py:730}}
Nov 02 14:26:28.674638 dv-cinder-862365-4-smb neutron-server[104586]: DEBUG neutron_lib.callbacks.manager [None req-64f441b8-53e4-47d4-a0a3-d3c5a9c8cb7a admin admin] Publish callbacks [] for security_group (560a6c8c-96b7-4555-b136-86a2aea7f905), before_delete {{(pid=104586) _notify_loop /usr/local/lib/python3.8/dist-packages/neutron_lib/callbacks/manager.py:176}}
Nov 02 14:26:28.710555 dv-cinder-862365-4-smb neutron-server[104586]: DEBUG neutron.db.l3_dvrscheduler_db [req-c7dbad83-21fe-4827-b5ce-44a5072a1e96 req-4b3a020d-4cd8-4c76-b201-2d31adbf17fa tempest-DeleteServersTestJSON-1476751475 tempest-DeleteServersTestJSON-1476751475-project] No DVR routers for this DVR port 81cd9416-5541-43c3-8985-04611053cbda on host hv-cinder-86236 {{(pid=104586) get_dvr_routers_to_remove /opt/stack/neutron/neutron/db/l3_dvrscheduler_db.py:218}}
Nov 02 14:26:28.722630 dv-cinder-862365-4-smb neutron-server[104586]: DEBUG neutron_lib.callbacks.manager [req-c7dbad83-21fe-4827-b5ce-44a5072a1e96 req-4b3a020d-4cd8-4c76-b201-2d31adbf17fa tempest-DeleteServersTestJSON-1476751475 tempest-DeleteServersTestJSON-1476751475-project] Publish callbacks ['neutron.notifiers.nova.Notifier._send_nova_notification-247025'] for port (None), before_response {{(pid=104586) _notify_loop /usr/local/lib/python3.8/dist-packages/neutron_lib/callbacks/manager.py:176}}
Nov 02 14:26:28.731696 dv-cinder-862365-4-smb neutron-server[104586]: INFO neutron.wsgi [req-c7dbad83-21fe-4827-b5ce-44a5072a1e96 req-4b3a020d-4cd8-4c76-b201-2d31adbf17fa tempest-DeleteServersTestJSON-1476751475 tempest-DeleteServersTestJSON-1476751475-project] 10.222.0.66 "DELETE /networking/v2.0/ports/81cd9416-5541-43c3-8985-04611053cbda HTTP/1.1" status: 204 len: 173 time: 1.0033464
Nov 02 14:26:28.732069 dv-cinder-862365-4-smb neutron-server[104586]: DEBUG neutron.notifiers.nova [-] Sending events: [{'server_uuid': '5209a4fd-b867-4441-b425-14d644a3090f', 'name': 'network-vif-deleted', 'tag': '81cd9416-5541-43c3-8985-04611053cbda'}] {{(pid=104586) send_events /opt/stack/neutron/neutron/notifiers/nova.py:279}}
Nov 02 14:26:28.734998 dv-cinder-862365-4-smb neutron-server[104586]: DEBUG novaclient.v2.client [-] REQ: curl -g -i --cacert "/opt/stack/data/ca-bundle.pem" -X POST http://10.222.0.13/compute/v2.1/os-server-external-events -H "Accept: application/json" -H "Content-Type: application/json" -H "User-Agent: python-novaclient" -H "X-Auth-Token: {SHA256}3acaf1e836d509b410aa50d7b04e0bac3249d84923add060942a1ec759664a74" -H "X-OpenStack-Nova-API-Version: 2.1" -H "X-OpenStack-Request-ID: req-2bc6137c-fe90-434c-bff8-c93f68ddd45e" -d '{"events": [{"server_uuid": "5209a4fd-b867-4441-b425-14d644a3090f", "name": "network-vif-deleted", "tag": "81cd9416-5541-43c3-8985-04611053cbda"}]}' {{(pid=104586) _http_log_request /usr/local/lib/python3.8/dist-packages/keystoneauth1/session.py:519}}
Nov 02 14:26:28.750520 dv-cinder-862365-4-smb neutron-server[104586]: DEBUG neutron_lib.callbacks.manager [None req-64f441b8-53e4-47d4-a0a3-d3c5a9c8cb7a admin admin] Publish callbacks [] for security_group (560a6c8c-96b7-4555-b136-86a2aea7f905), precommit_delete {{(pid=104586) _notify_loop /usr/local/lib/python3.8/dist-packages/neutron_lib/callbacks/manager.py:176}}
Nov 02 14:26:28.863360 dv-cinder-862365-4-smb neutron-server[104586]: DEBUG neutron_lib.callbacks.manager [None req-64f441b8-53e4-47d4-a0a3-d3c5a9c8cb7a admin admin] Publish callbacks ['neutron.plugins.ml2.ovo_rpc._ObjectChangeHandler.handle_event-8125445'] for security_group (560a6c8c-96b7-4555-b136-86a2aea7f905), after_delete {{(pid=104586) _notify_loop /usr/local/lib/python3.8/dist-packages/neutron_lib/callbacks/manager.py:176}}
Nov 02 14:26:28.867917 dv-cinder-862365-4-smb neutron-server[104586]: DEBUG neutron_lib.callbacks.manager [None req-64f441b8-53e4-47d4-a0a3-d3c5a9c8cb7a admin admin] Publish callbacks [] for security_group (None), before_response {{(pid=104586) _notify_loop /usr/local/lib/python3.8/dist-packages/neutron_lib/callbacks/manager.py:176}}
Nov 02 14:26:28.869873 dv-cinder-862365-4-smb neutron-server[104586]: INFO neutron.wsgi [None req-64f441b8-53e4-47d4-a0a3-d3c5a9c8cb7a admin admin] 10.222.0.13 "DELETE /networking/v2.0/security-groups/560a6c8c-96b7-4555-b136-86a2aea7f905 HTTP/1.1" status: 204 len: 168 time: 0.3760536
Nov 02 14:26:28.891876 dv-cinder-862365-4-smb neutron-server[104586]: DEBUG neutron.api.rpc.handlers.resources_rpc [None req-64f441b8-53e4-47d4-a0a3-d3c5a9c8cb7a admin admin] Pushing event deleted for resources: {'SecurityGroup': ['ID=560a6c8c-96b7-4555-b136-86a2aea7f905,revision_number=None']} {{(pid=104586) push /opt/stack/neutron/neutron/api/rpc/handlers/resources_rpc.py:237}}
Nov 02 14:26:28.906310 dv-cinder-862365-4-smb neutron-server[104586]: DEBUG novaclient.v2.client [-] RESP: [200] Connection: close Content-Length: 183 Content-Type: application/json Date: Wed, 02 Nov 2022 14:26:28 GMT OpenStack-API-Version: compute 2.1 Server: Apache/2.4.41 (Ubuntu) Vary: OpenStack-API-Version,X-OpenStack-Nova-API-Version X-OpenStack-Nova-API-Version: 2.1 x-compute-request-id: req-7f5ba176-4682-46b4-81ff-2c8b7c04bd3e x-openstack-request-id: req-7f5ba176-4682-46b4-81ff-2c8b7c04bd3e {{(pid=104586) _http_log_response /usr/local/lib/python3.8/dist-packages/keystoneauth1/session.py:550}}
Nov 02 14:26:28.906610 dv-cinder-862365-4-smb neutron-server[104586]: DEBUG novaclient.v2.client [-] RESP BODY: {"events": [{"server_uuid": "5209a4fd-b867-4441-b425-14d644a3090f", "name": "network-vif-deleted", "tag": "81cd9416-5541-43c3-8985-04611053cbda", "status": "completed", "code": 200}]} {{(pid=104586) _http_log_response /usr/local/lib/python3.8/dist-packages/keystoneauth1/session.py:582}}
Nov 02 14:26:28.906922 dv-cinder-862365-4-smb neutron-server[104586]: DEBUG novaclient.v2.client [-] POST call to compute for http://10.222.0.13/compute/v2.1/os-server-external-events used request id req-7f5ba176-4682-46b4-81ff-2c8b7c04bd3e {{(pid=104586) request /usr/local/lib/python3.8/dist-packages/keystoneauth1/session.py:954}}
Nov 02 14:26:28.907430 dv-cinder-862365-4-smb neutron-server[104586]: INFO neutron.notifiers.nova [-] Nova event matching ['req-7f5ba176-4682-46b4-81ff-2c8b7c04bd3e'] response: {'server_uuid': '5209a4fd-b867-4441-b425-14d644a3090f', 'name': 'network-vif-deleted', 'tag': '81cd9416-5541-43c3-8985-04611053cbda', 'status': 'completed', 'code': 200}
Nov 02 14:26:29.182649 dv-cinder-862365-4-smb neutron-server[104585]: INFO neutron.wsgi [req-5e7de7fc-8fc4-4221-ac40-c051c804745e req-3847752c-cf14-475c-b0fb-f1596d3e9c06 service neutron] 10.222.0.66 "GET /networking/v2.0/networks/17adab43-6b25-4046-8e5a-042f62be993d?fields=provider%3Aphysical_network&fields=provider%3Anetwork_type HTTP/1.1" status: 200 len: 281 time: 0.8890471
Nov 02 14:26:29.185183 dv-cinder-862365-4-smb neutron-server[104585]: DEBUG neutron_lib.callbacks.manager [None req-b60b7452-6b82-40d6-ab4d-a8ac5e548b25 tempest-AttachVolumeShelveTestJSON-1977349130 tempest-AttachVolumeShelveTestJSON-1977349130-project] Publish callbacks [] for floatingip (cdbef20d-ab04-42ba-ba92-870d80328950), before_update {{(pid=104585) _notify_loop /usr/local/lib/python3.8/dist-packages/neutron_lib/callbacks/manager.py:176}}
Nov 02 14:26:29.311455 dv-cinder-862365-4-smb neutron-server[104585]: DEBUG neutron.pecan_wsgi.hooks.policy_enforcement [req-98f5faa9-884d-4337-8e92-c55a815fcf5d req-d3fac5e4-3e3c-4c56-beac-810ef7a4e55d tempest-ServerRescueNegativeTestJSON-880496698 tempest-ServerRescueNegativeTestJSON-880496698-project] Attributes excluded by policy engine: ['standard_attr_id', 'binding:profile', 'binding:host_id', 'binding:vif_type', 'binding:vif_details'] {{(pid=104585) _exclude_attributes_by_policy /opt/stack/neutron/neutron/pecan_wsgi/hooks/policy_enforcement.py:259}}
Nov 02 14:26:29.313008 dv-cinder-862365-4-smb neutron-server[104585]: INFO neutron.wsgi [req-98f5faa9-884d-4337-8e92-c55a815fcf5d req-d3fac5e4-3e3c-4c56-beac-810ef7a4e55d tempest-ServerRescueNegativeTestJSON-880496698 tempest-ServerRescueNegativeTestJSON-880496698-project] 10.222.0.13 "GET /networking/v2.0/ports?device_id=744b24ec-6142-4724-afbc-51b7dd5c6e3d HTTP/1.1" status: 200 len: 945 time: 0.3900561
Nov 02 14:26:29.410567 dv-cinder-862365-4-smb neutron-server[104585]: INFO neutron.wsgi [req-98f5faa9-884d-4337-8e92-c55a815fcf5d req-31b94c86-46f7-4210-b25e-8c62e9ac816b tempest-ServerRescueNegativeTestJSON-880496698 tempest-ServerRescueNegativeTestJSON-880496698-project] 10.222.0.13 "GET /networking/v2.0/security-groups?id=504097dc-07ee-4dfc-b929-e3afe38b78e2&fields=id&fields=name HTTP/1.1" status: 200 len: 286 time: 0.0840859
Nov 02 14:26:29.529367 dv-cinder-862365-4-smb neutron-server[104585]: INFO neutron.wsgi [req-0d10bf23-ecf8-4cea-8cec-2bfd3d61a5cf req-6495fc0b-62c0-459b-b76f-79d3db81704c tempest-DeleteServersTestJSON-1476751475 tempest-DeleteServersTestJSON-1476751475-project] 10.222.0.13 "GET /networking/v2.0/ports?device_id=5209a4fd-b867-4441-b425-14d644a3090f HTTP/1.1" status: 200 len: 210 time: 0.0407252
Nov 02 14:26:30.032241 dv-cinder-862365-4-smb neutron-server[104585]: DEBUG neutron_lib.callbacks.manager [None req-b60b7452-6b82-40d6-ab4d-a8ac5e548b25 tempest-AttachVolumeShelveTestJSON-1977349130 tempest-AttachVolumeShelveTestJSON-1977349130-project] Publish callbacks [] for floatingip (None), precommit_update {{(pid=104585) _notify_loop /usr/local/lib/python3.8/dist-packages/neutron_lib/callbacks/manager.py:176}}
Nov 02 14:26:30.039258 dv-cinder-862365-4-smb neutron-server[104585]: DEBUG neutron_lib.callbacks.manager [None req-b60b7452-6b82-40d6-ab4d-a8ac5e548b25 tempest-AttachVolumeShelveTestJSON-1977349130 tempest-AttachVolumeShelveTestJSON-1977349130-project] Publish callbacks ['neutron.services.l3_router.l3_router_plugin.DVRResourceOperationHandler._create_dvr_floating_gw_port-8019709'] for floatingip (cdbef20d-ab04-42ba-ba92-870d80328950), after_update {{(pid=104585) _notify_loop /usr/local/lib/python3.8/dist-packages/neutron_lib/callbacks/manager.py:176}}
Nov 02 14:26:30.160000 dv-cinder-862365-4-smb neutron-server[104585]: INFO neutron.db.l3_db [None req-b60b7452-6b82-40d6-ab4d-a8ac5e548b25 tempest-AttachVolumeShelveTestJSON-1977349130 tempest-AttachVolumeShelveTestJSON-1977349130-project] Floating IP cdbef20d-ab04-42ba-ba92-870d80328950 associated. External IP: 172.28.0.115, port: 3e3ce4e0-407f-4b6c-932c-11430a0f2836.
Nov 02 14:26:30.263358 dv-cinder-862365-4-smb neutron-server[104585]: DEBUG dbcounter [-] [104585] Writing DB stats neutron:SELECT=98,neutron:UPDATE=2 {{(pid=104585) stat_writer /usr/local/lib/python3.8/dist-packages/dbcounter.py:114}}
Nov 02 14:26:30.386367 dv-cinder-862365-4-smb neutron-server[104585]: DEBUG dbcounter [-] [104585] Writing DB stats neutron:SELECT=98,neutron:UPDATE=2 {{(pid=104585) stat_writer /usr/local/lib/python3.8/dist-packages/dbcounter.py:114}}
Nov 02 14:26:30.460726 dv-cinder-862365-4-smb neutron-server[104585]: DEBUG neutron.scheduler.l3_agent_scheduler [None req-b60b7452-6b82-40d6-ab4d-a8ac5e548b25 tempest-AttachVolumeShelveTestJSON-1977349130 tempest-AttachVolumeShelveTestJSON-1977349130-project] Router 00f4ee58-38b6-4ce6-a9c6-73b6636e093b has already been hosted by L3 agent faca08f7-6519-47fe-a3d2-1f5cfe16fb96 {{(pid=104585) _get_candidates /opt/stack/neutron/neutron/scheduler/l3_agent_scheduler.py:126}}
Nov 02 14:26:30.630213 dv-cinder-862365-4-smb neutron-server[104585]: DEBUG neutron.pecan_wsgi.hooks.policy_enforcement [req-5375280e-8220-4e42-9ff3-8fd3b279d62e req-4a61ac67-6c73-4a4c-ae6b-0ec28272fc11 tempest-ServerRescueNegativeTestJSON-880496698 tempest-ServerRescueNegativeTestJSON-880496698-project] Attributes excluded by policy engine: ['standard_attr_id', 'binding:profile', 'binding:host_id', 'binding:vif_type', 'binding:vif_details'] {{(pid=104585) _exclude_attributes_by_policy /opt/stack/neutron/neutron/pecan_wsgi/hooks/policy_enforcement.py:259}}
Nov 02 14:26:30.631762 dv-cinder-862365-4-smb neutron-server[104585]: INFO neutron.wsgi [req-5375280e-8220-4e42-9ff3-8fd3b279d62e req-4a61ac67-6c73-4a4c-ae6b-0ec28272fc11 tempest-ServerRescueNegativeTestJSON-880496698 tempest-ServerRescueNegativeTestJSON-880496698-project] 10.222.0.13 "GET /networking/v2.0/ports?device_id=744b24ec-6142-4724-afbc-51b7dd5c6e3d HTTP/1.1" status: 200 len: 945 time: 0.0710661
Nov 02 14:26:30.632879 dv-cinder-862365-4-smb neutron-server[104585]: DEBUG neutron.api.rpc.agentnotifiers.l3_rpc_agent_api [None req-b60b7452-6b82-40d6-ab4d-a8ac5e548b25 tempest-AttachVolumeShelveTestJSON-1977349130 tempest-AttachVolumeShelveTestJSON-1977349130-project] Notify agent at l3_agent.dv-cinder-862365-4-smb the message routers_updated {{(pid=104585) _agent_notification /opt/stack/neutron/neutron/api/rpc/agentnotifiers/l3_rpc_agent_api.py:65}}
Nov 02 14:26:30.637645 dv-cinder-862365-4-smb neutron-server[104585]: DEBUG neutron_lib.callbacks.manager [None req-b60b7452-6b82-40d6-ab4d-a8ac5e548b25 tempest-AttachVolumeShelveTestJSON-1977349130 tempest-AttachVolumeShelveTestJSON-1977349130-project] Publish callbacks ['neutron.notifiers.nova.Notifier._send_nova_notification-247025'] for floatingip (None), before_response {{(pid=104585) _notify_loop /usr/local/lib/python3.8/dist-packages/neutron_lib/callbacks/manager.py:176}}
Nov 02 14:26:30.649604 dv-cinder-862365-4-smb neutron-server[104588]: DEBUG neutron.api.rpc.handlers.l3_rpc [None req-f7f502d3-82ae-4e1f-84ad-0394991f5bf2 None None] Sync routers for ids ['00f4ee58-38b6-4ce6-a9c6-73b6636e093b'] in dv-cinder-862365-4-smb {{(pid=104588) sync_routers /opt/stack/neutron/neutron/api/rpc/handlers/l3_rpc.py:125}}
Nov 02 14:26:30.671443 dv-cinder-862365-4-smb neutron-server[104585]: INFO neutron.wsgi [None req-b60b7452-6b82-40d6-ab4d-a8ac5e548b25 tempest-AttachVolumeShelveTestJSON-1977349130 tempest-AttachVolumeShelveTestJSON-1977349130-project] 10.222.0.13 "PUT /networking/v2.0/floatingips/cdbef20d-ab04-42ba-ba92-870d80328950 HTTP/1.1" status: 200 len: 992 time: 2.0683801
Nov 02 14:26:30.673262 dv-cinder-862365-4-smb neutron-server[104585]: DEBUG neutron.notifiers.nova [-] Sending events: [{'name': 'network-changed', 'server_uuid': 'd93d27a8-abe2-4b0d-a8d7-f47148c0e8d3', 'tag': '3e3ce4e0-407f-4b6c-932c-11430a0f2836'}] {{(pid=104585) send_events /opt/stack/neutron/neutron/notifiers/nova.py:279}}
Nov 02 14:26:30.675835 dv-cinder-862365-4-smb neutron-server[104585]: DEBUG novaclient.v2.client [-] REQ: curl -g -i --cacert "/opt/stack/data/ca-bundle.pem" -X POST http://10.222.0.13/compute/v2.1/os-server-external-events -H "Accept: application/json" -H "Content-Type: application/json" -H "User-Agent: python-novaclient" -H "X-Auth-Token: {SHA256}6136a51e8f8af5eda67bb898f003207154d92f9922b395a7bed30e61ade256ff" -H "X-OpenStack-Nova-API-Version: 2.1" -H "X-OpenStack-Request-ID: req-7f231811-70cb-4b1c-8e3a-c1aab481ce00" -d '{"events": [{"name": "network-changed", "server_uuid": "d93d27a8-abe2-4b0d-a8d7-f47148c0e8d3", "tag": "3e3ce4e0-407f-4b6c-932c-11430a0f2836"}]}' {{(pid=104585) _http_log_request /usr/local/lib/python3.8/dist-packages/keystoneauth1/session.py:519}}
Nov 02 14:26:30.687492 dv-cinder-862365-4-smb neutron-server[104588]: DEBUG neutron.db.l3_dvrscheduler_db [None req-f7f502d3-82ae-4e1f-84ad-0394991f5bf2 None None] Routers {'00f4ee58-38b6-4ce6-a9c6-73b6636e093b'} bound to L3 agent in host dv-cinder-862365-4-smb {{(pid=104588) _get_router_ids_for_agent /opt/stack/neutron/neutron/db/l3_dvrscheduler_db.py:426}}
Nov 02 14:26:30.688119 dv-cinder-862365-4-smb neutron-server[104588]: DEBUG neutron.db.l3_hamode_db [None req-f7f502d3-82ae-4e1f-84ad-0394991f5bf2 None None] neutron.services.l3_router.l3_router_plugin.L3RouterPlugin method get_ha_sync_data_for_host called with arguments (, 'dv-cinder-862365-4-smb', Agent(admin_state_up=True,agent_type='L3 agent',availability_zone='nova',binary='neutron-l3-agent',configurations={"agent_mode": "legacy", "ex_gw_ports": 5, "extensions": [], "floating_ips": 0, "handle_internal_only_routers": true, "interface_driver": "openvswitch", "interfaces": 5, "log_agent_heartbeats": false, "routers": 5},created_at=2022-11-02T14:17:07Z,description=,heartbeat_timestamp=2022-11-02T14:26:07Z,host='dv-cinder-862365-4-smb',id=faca08f7-6519-47fe-a3d2-1f5cfe16fb96,load=0,resource_versions=,resources_synced=,started_at=2022-11-02T14:17:07Z,topic='l3_agent')) {'router_ids': ['00f4ee58-38b6-4ce6-a9c6-73b6636e093b'], 'active': True} {{(pid=104588) wrapper /usr/local/lib/python3.8/dist-packages/oslo_log/helpers.py:65}}
Nov 02 14:26:30.761495 dv-cinder-862365-4-smb neutron-server[104585]: DEBUG novaclient.v2.client [-] RESP: [200] Connection: close Content-Length: 179 Content-Type: application/json Date: Wed, 02 Nov 2022 14:26:30 GMT OpenStack-API-Version: compute 2.1 Server: Apache/2.4.41 (Ubuntu) Vary: OpenStack-API-Version,X-OpenStack-Nova-API-Version X-OpenStack-Nova-API-Version: 2.1 x-compute-request-id: req-d6986c95-1d00-4bf8-b60f-ede3ff37f62e x-openstack-request-id: req-d6986c95-1d00-4bf8-b60f-ede3ff37f62e {{(pid=104585) _http_log_response /usr/local/lib/python3.8/dist-packages/keystoneauth1/session.py:550}}
Nov 02 14:26:30.761788 dv-cinder-862365-4-smb neutron-server[104585]: DEBUG novaclient.v2.client [-] RESP BODY: {"events": [{"name": "network-changed", "server_uuid": "d93d27a8-abe2-4b0d-a8d7-f47148c0e8d3", "tag": "3e3ce4e0-407f-4b6c-932c-11430a0f2836", "status": "completed", "code": 200}]} {{(pid=104585) _http_log_response /usr/local/lib/python3.8/dist-packages/keystoneauth1/session.py:582}}
Nov 02 14:26:30.762040 dv-cinder-862365-4-smb neutron-server[104585]: DEBUG novaclient.v2.client [-] POST call to compute for http://10.222.0.13/compute/v2.1/os-server-external-events used request id req-d6986c95-1d00-4bf8-b60f-ede3ff37f62e {{(pid=104585) request /usr/local/lib/python3.8/dist-packages/keystoneauth1/session.py:954}}
Nov 02 14:26:30.762460 dv-cinder-862365-4-smb neutron-server[104585]: INFO neutron.notifiers.nova [-] Nova event matching ['req-d6986c95-1d00-4bf8-b60f-ede3ff37f62e'] response: {'name': 'network-changed', 'server_uuid': 'd93d27a8-abe2-4b0d-a8d7-f47148c0e8d3', 'tag': '3e3ce4e0-407f-4b6c-932c-11430a0f2836', 'status': 'completed', 'code': 200}
Nov 02 14:26:30.783383 dv-cinder-862365-4-smb neutron-server[104585]: INFO neutron.wsgi [req-5375280e-8220-4e42-9ff3-8fd3b279d62e req-2279caa6-9d20-470b-b0d5-d07d462ec3aa tempest-ServerRescueNegativeTestJSON-880496698 tempest-ServerRescueNegativeTestJSON-880496698-project] 10.222.0.13 "GET /networking/v2.0/security-groups?id=504097dc-07ee-4dfc-b929-e3afe38b78e2&fields=id&fields=name HTTP/1.1" status: 200 len: 286 time: 0.1107695
Nov 02 14:26:30.862003 dv-cinder-862365-4-smb neutron-server[104588]: DEBUG neutron.db.l3_dvr_db [None req-f7f502d3-82ae-4e1f-84ad-0394991f5bf2 None None] Set router 00f4ee58-38b6-4ce6-a9c6-73b6636e093b gateway port host: dv-cinder-862365-4-smb {{(pid=104588) _build_routers_list /opt/stack/neutron/neutron/db/l3_dvr_db.py:907}}
Nov 02 14:26:30.913642 dv-cinder-862365-4-smb neutron-server[104585]: DEBUG neutron.pecan_wsgi.hooks.policy_enforcement [req-7f231811-70cb-4b1c-8e3a-c1aab481ce00 req-4df98529-fc7b-4004-b7c5-66f6d7fbb6cf service neutron] Attributes excluded by policy engine: ['standard_attr_id'] {{(pid=104585) _exclude_attributes_by_policy /opt/stack/neutron/neutron/pecan_wsgi/hooks/policy_enforcement.py:259}}
