Nov 02 14:25:35.546474 dv-cinder-862365-4-smb devstack@c-api.service[111662]: /usr/local/lib/python3.8/dist-packages/oslo_context/context.py:100: DeprecationWarning: Policy enforcement is depending on the value of is_admin. This key is deprecated. Please update your policy file to use the standard policy values.
Nov 02 14:25:35.546474 dv-cinder-862365-4-smb devstack@c-api.service[111662]: warnings.warn('Policy enforcement is depending on the value of '
Nov 02 14:25:35.578598 dv-cinder-862365-4-smb devstack@c-api.service[111662]: INFO cinder.api.openstack.wsgi [None req-1cd451bd-6b19-40d2-98dd-385ab33fade7 tempest-GroupsTest-1329121573 tempest-GroupsTest-1329121573-project] http://10.222.0.13/volume/v3/f8a0c05e10774020a9de310a8b208630/groups/e76ce0ef-9dd1-432e-b360-8734757984fc returned with HTTP 200
Nov 02 14:25:35.588425 dv-cinder-862365-4-smb devstack@c-api.service[111662]: [pid: 111662|app: 0|req: 19/32] 10.222.0.13 () {60 vars in 1363 bytes} [Wed Nov 2 14:25:35 2022] GET /volume/v3/f8a0c05e10774020a9de310a8b208630/groups/e76ce0ef-9dd1-432e-b360-8734757984fc => generated 322 bytes in 65 msecs (HTTP/1.1 200) 7 headers in 286 bytes (1 switches on core 0)
Nov 02 14:25:35.588425 dv-cinder-862365-4-smb devstack@c-api.service[111662]: DEBUG cinder.api.middleware.request_id [req-34857220-d60f-48bf-af04-3ccf91c76aa9 req-db1cecb5-8988-4631-b16c-71006c65a7e6 None None] RequestId filter calling following filter/app {{(pid=111662) _context_setter /opt/stack/cinder/cinder/api/middleware/request_id.py:62}}
Nov 02 14:25:35.602682 dv-cinder-862365-4-smb devstack@c-api.service[111662]: INFO cinder.api.openstack.wsgi [req-34857220-d60f-48bf-af04-3ccf91c76aa9 req-db1cecb5-8988-4631-b16c-71006c65a7e6 tempest-VolumesSnapshotsTestJSON-1589347145 tempest-VolumesSnapshotsTestJSON-1589347145-project] POST http://10.222.0.13/volume/v3/28b86c94b24d426796f3171bf1e5c30a/snapshots
Nov 02 14:25:35.609057 dv-cinder-862365-4-smb devstack@c-api.service[111662]: DEBUG cinder.api.openstack.wsgi [req-34857220-d60f-48bf-af04-3ccf91c76aa9 req-db1cecb5-8988-4631-b16c-71006c65a7e6 tempest-VolumesSnapshotsTestJSON-1589347145 tempest-VolumesSnapshotsTestJSON-1589347145-project] Action: 'create', calling method: create, body: {"snapshot": {"volume_id": "ba323efb-a2b3-46e0-a224-f3504e7edcbb", "force": false, "name": "tempest-VolumesSnapshotsTestJSON-Snapshot-1096068584", "description": null, "metadata": {}}} {{(pid=111662) _process_stack /opt/stack/cinder/cinder/api/openstack/wsgi.py:866}}
Nov 02 14:25:35.649542 dv-cinder-862365-4-smb devstack@c-api.service[111662]: /usr/local/lib/python3.8/dist-packages/oslo_context/context.py:100: DeprecationWarning: Policy enforcement is depending on the value of is_admin. This key is deprecated. Please update your policy file to use the standard policy values.
Nov 02 14:25:35.649542 dv-cinder-862365-4-smb devstack@c-api.service[111662]: warnings.warn('Policy enforcement is depending on the value of '
Nov 02 14:25:35.659901 dv-cinder-862365-4-smb devstack@c-api.service[111662]: INFO cinder.volume.api [req-34857220-d60f-48bf-af04-3ccf91c76aa9 req-db1cecb5-8988-4631-b16c-71006c65a7e6 tempest-VolumesSnapshotsTestJSON-1589347145 tempest-VolumesSnapshotsTestJSON-1589347145-project] Volume info retrieved successfully.
Nov 02 14:25:35.661122 dv-cinder-862365-4-smb devstack@c-api.service[111662]: INFO cinder.api.v3.snapshots [req-34857220-d60f-48bf-af04-3ccf91c76aa9 req-db1cecb5-8988-4631-b16c-71006c65a7e6 tempest-VolumesSnapshotsTestJSON-1589347145 tempest-VolumesSnapshotsTestJSON-1589347145-project] Create snapshot from volume ba323efb-a2b3-46e0-a224-f3504e7edcbb
Nov 02 14:25:35.687555 dv-cinder-862365-4-smb devstack@c-api.service[111663]: INFO cinder.volume.api [None req-ac19409e-5029-4db2-afd6-15157a828f63 tempest-GroupsV320Test-1942060038 tempest-GroupsV320Test-1942060038-project] Get all volumes completed successfully.
Nov 02 14:25:35.695630 dv-cinder-862365-4-smb devstack@c-api.service[111663]: INFO cinder.api.openstack.wsgi [None req-ac19409e-5029-4db2-afd6-15157a828f63 tempest-GroupsV320Test-1942060038 tempest-GroupsV320Test-1942060038-project] http://10.222.0.13/volume/v3/578fca9b7d864ddb82bbf14c304ebae7/volumes/detail returned with HTTP 200
Nov 02 14:25:35.696600 dv-cinder-862365-4-smb devstack@c-api.service[111663]: [pid: 111663|app: 0|req: 14/33] 10.222.0.13 () {60 vars in 1276 bytes} [Wed Nov 2 14:25:35 2022] GET /volume/v3/578fca9b7d864ddb82bbf14c304ebae7/volumes/detail => generated 15 bytes in 487 msecs (HTTP/1.1 200) 7 headers in 285 bytes (1 switches on core 0)
Nov 02 14:25:35.704386 dv-cinder-862365-4-smb devstack@c-api.service[111663]: DEBUG cinder.api.middleware.request_id [None req-97ba1f60-3a12-4461-8860-c3247ef51a05 None None] RequestId filter calling following filter/app {{(pid=111663) _context_setter /opt/stack/cinder/cinder/api/middleware/request_id.py:62}}
Nov 02 14:25:35.719250 dv-cinder-862365-4-smb devstack@c-api.service[111663]: INFO cinder.api.openstack.wsgi [None req-97ba1f60-3a12-4461-8860-c3247ef51a05 tempest-GroupsTest-1329121573 tempest-GroupsTest-1329121573-project] POST http://10.222.0.13/volume/v3/f8a0c05e10774020a9de310a8b208630/groups
Nov 02 14:25:35.724432 dv-cinder-862365-4-smb devstack@c-api.service[111663]: DEBUG cinder.api.openstack.wsgi [None req-97ba1f60-3a12-4461-8860-c3247ef51a05 tempest-GroupsTest-1329121573 tempest-GroupsTest-1329121573-project] Action: 'create', calling method: version_select, body: {"group": {"group_type": "b81241f8-9f50-4a3c-a9d3-a5fac6c75727", "volume_types": ["734e19d7-fbfb-4082-a1d5-c8d355c7d305"], "name": "tempest-Group2-253060919"}} {{(pid=111663) _process_stack /opt/stack/cinder/cinder/api/openstack/wsgi.py:866}}
Nov 02 14:25:35.734928 dv-cinder-862365-4-smb devstack@c-api.service[111663]: DEBUG cinder.api.v3.groups [None req-97ba1f60-3a12-4461-8860-c3247ef51a05 tempest-GroupsTest-1329121573 tempest-GroupsTest-1329121573-project] Creating new group {'group': {'group_type': 'b81241f8-9f50-4a3c-a9d3-a5fac6c75727', 'volume_types': ['734e19d7-fbfb-4082-a1d5-c8d355c7d305'], 'name': 'tempest-Group2-253060919'}} {{(pid=111663) create /opt/stack/cinder/cinder/api/v3/groups.py:190}}
Nov 02 14:25:35.751191 dv-cinder-862365-4-smb devstack@c-api.service[111663]: INFO cinder.api.v3.groups [None req-97ba1f60-3a12-4461-8860-c3247ef51a05 tempest-GroupsTest-1329121573 tempest-GroupsTest-1329121573-project] Creating group tempest-Group2-253060919.
Nov 02 14:25:35.763827 dv-cinder-862365-4-smb devstack@c-api.service[111662]: WARNING cinder.quota [req-34857220-d60f-48bf-af04-3ccf91c76aa9 req-db1cecb5-8988-4631-b16c-71006c65a7e6 tempest-VolumesSnapshotsTestJSON-1589347145 tempest-VolumesSnapshotsTestJSON-1589347145-project] Deprecated: Default quota for resource: gigabytes___DEFAULT__ is set by the default quota flag: quota_gigabytes___DEFAULT__, it is now deprecated. Please use the default quota class for default quota.
Nov 02 14:25:35.764469 dv-cinder-862365-4-smb devstack@c-api.service[111662]: WARNING cinder.quota [req-34857220-d60f-48bf-af04-3ccf91c76aa9 req-db1cecb5-8988-4631-b16c-71006c65a7e6 tempest-VolumesSnapshotsTestJSON-1589347145 tempest-VolumesSnapshotsTestJSON-1589347145-project] Deprecated: Default quota for resource: snapshots___DEFAULT__ is set by the default quota flag: quota_snapshots___DEFAULT__, it is now deprecated. Please use the default quota class for default quota.
Nov 02 14:25:35.784979 dv-cinder-862365-4-smb devstack@c-api.service[111663]: INFO cinder.volume.api [None req-97ba1f60-3a12-4461-8860-c3247ef51a05 tempest-GroupsTest-1329121573 tempest-GroupsTest-1329121573-project] Availability Zones retrieved successfully.
Nov 02 14:25:35.834300 dv-cinder-862365-4-smb devstack@c-api.service[111663]: DEBUG cinder.quota [None req-97ba1f60-3a12-4461-8860-c3247ef51a05 tempest-GroupsTest-1329121573 tempest-GroupsTest-1329121573-project] Created reservations ['f344c44c-0e53-444b-a9f3-38cd51fd61dc'] {{(pid=111663) reserve /opt/stack/cinder/cinder/quota.py:755}}
Nov 02 14:25:35.842375 dv-cinder-862365-4-smb devstack@c-api.service[111662]: DEBUG cinder.quota [req-34857220-d60f-48bf-af04-3ccf91c76aa9 req-db1cecb5-8988-4631-b16c-71006c65a7e6 tempest-VolumesSnapshotsTestJSON-1589347145 tempest-VolumesSnapshotsTestJSON-1589347145-project] Created reservations ['4207ffc7-dfa7-4205-b226-0fa35c422133', '5425e0dd-138d-452c-9d3c-95019edb1849', '4c68ba6c-2001-4847-ba7e-2f480406accc', 'b55b4e59-ef24-4d82-b9b9-657bf0ea0ce7'] {{(pid=111662) reserve /opt/stack/cinder/cinder/quota.py:755}}
Nov 02 14:25:35.974485 dv-cinder-862365-4-smb devstack@c-api.service[111663]: INFO cinder.api.openstack.wsgi [None req-97ba1f60-3a12-4461-8860-c3247ef51a05 tempest-GroupsTest-1329121573 tempest-GroupsTest-1329121573-project] http://10.222.0.13/volume/v3/f8a0c05e10774020a9de310a8b208630/groups returned with HTTP 202
Nov 02 14:25:35.978087 dv-cinder-862365-4-smb devstack@c-api.service[111663]: [pid: 111663|app: 0|req: 15/34] 10.222.0.13 () {62 vars in 1274 bytes} [Wed Nov 2 14:25:35 2022] POST /volume/v3/f8a0c05e10774020a9de310a8b208630/groups => generated 93 bytes in 277 msecs (HTTP/1.1 202) 7 headers in 291 bytes (1 switches on core 0)
Nov 02 14:25:35.982220 dv-cinder-862365-4-smb devstack@c-api.service[111663]: DEBUG cinder.api.middleware.request_id [None req-140e71f0-3962-4047-ba3b-c59217b95d59 None None] RequestId filter calling following filter/app {{(pid=111663) _context_setter /opt/stack/cinder/cinder/api/middleware/request_id.py:62}}
Nov 02 14:25:35.995919 dv-cinder-862365-4-smb devstack@c-api.service[111663]: INFO cinder.api.openstack.wsgi [None req-140e71f0-3962-4047-ba3b-c59217b95d59 tempest-GroupSnapshotsTest-1530851409 tempest-GroupSnapshotsTest-1530851409-project] GET http://10.222.0.13/volume/v3/0264e274396044dababaf260b7e659ac/groups/1bb11540-7b69-4522-bbe4-b5bee2f5692e
Nov 02 14:25:35.997801 dv-cinder-862365-4-smb devstack@c-api.service[111663]: DEBUG cinder.api.openstack.wsgi [None req-140e71f0-3962-4047-ba3b-c59217b95d59 tempest-GroupSnapshotsTest-1530851409 tempest-GroupSnapshotsTest-1530851409-project] Empty body provided in request {{(pid=111663) get_body /opt/stack/cinder/cinder/api/openstack/wsgi.py:715}}
Nov 02 14:25:36.000417 dv-cinder-862365-4-smb devstack@c-api.service[111663]: DEBUG cinder.api.openstack.wsgi [None req-140e71f0-3962-4047-ba3b-c59217b95d59 tempest-GroupSnapshotsTest-1530851409 tempest-GroupSnapshotsTest-1530851409-project] Calling method 'version_select' {{(pid=111663) _process_stack /opt/stack/cinder/cinder/api/openstack/wsgi.py:868}}
Nov 02 14:25:36.002770 dv-cinder-862365-4-smb devstack@c-api.service[111663]: DEBUG cinder.api.v3.groups [None req-140e71f0-3962-4047-ba3b-c59217b95d59 tempest-GroupSnapshotsTest-1530851409 tempest-GroupSnapshotsTest-1530851409-project] show called for member 1bb11540-7b69-4522-bbe4-b5bee2f5692e {{(pid=111663) show /opt/stack/cinder/cinder/api/v3/groups.py:58}}
Nov 02 14:25:36.018711 dv-cinder-862365-4-smb devstack@c-api.service[111663]: /usr/local/lib/python3.8/dist-packages/oslo_context/context.py:100: DeprecationWarning: Policy enforcement is depending on the value of is_admin. This key is deprecated. Please update your policy file to use the standard policy values.
Nov 02 14:25:36.018711 dv-cinder-862365-4-smb devstack@c-api.service[111663]: warnings.warn('Policy enforcement is depending on the value of '
Nov 02 14:25:36.020116 dv-cinder-862365-4-smb devstack@c-api.service[111662]: INFO cinder.volume.api [req-34857220-d60f-48bf-af04-3ccf91c76aa9 req-db1cecb5-8988-4631-b16c-71006c65a7e6 tempest-VolumesSnapshotsTestJSON-1589347145 tempest-VolumesSnapshotsTestJSON-1589347145-project] Snapshot create request issued successfully.
Nov 02 14:25:36.021042 dv-cinder-862365-4-smb devstack@c-api.service[111662]: INFO cinder.api.openstack.wsgi [req-34857220-d60f-48bf-af04-3ccf91c76aa9 req-db1cecb5-8988-4631-b16c-71006c65a7e6 tempest-VolumesSnapshotsTestJSON-1589347145 tempest-VolumesSnapshotsTestJSON-1589347145-project] http://10.222.0.13/volume/v3/28b86c94b24d426796f3171bf1e5c30a/snapshots returned with HTTP 202
Nov 02 14:25:36.022724 dv-cinder-862365-4-smb devstack@c-api.service[111662]: [pid: 111662|app: 0|req: 20/35] 10.222.0.13 () {64 vars in 1527 bytes} [Wed Nov 2 14:25:35 2022] POST /volume/v3/28b86c94b24d426796f3171bf1e5c30a/snapshots => generated 311 bytes in 437 msecs (HTTP/1.1 202) 7 headers in 291 bytes (1 switches on core 0)
Nov 02 14:25:36.032675 dv-cinder-862365-4-smb devstack@c-api.service[111662]: DEBUG cinder.api.middleware.request_id [None req-bb0b7529-0497-4fd1-bcf2-57a6271d1e48 None None] RequestId filter calling following filter/app {{(pid=111662) _context_setter /opt/stack/cinder/cinder/api/middleware/request_id.py:62}}
Nov 02 14:25:36.066298 dv-cinder-862365-4-smb devstack@c-api.service[111663]: INFO cinder.api.openstack.wsgi [None req-140e71f0-3962-4047-ba3b-c59217b95d59 tempest-GroupSnapshotsTest-1530851409 tempest-GroupSnapshotsTest-1530851409-project] http://10.222.0.13/volume/v3/0264e274396044dababaf260b7e659ac/groups/1bb11540-7b69-4522-bbe4-b5bee2f5692e returned with HTTP 200
Nov 02 14:25:36.069428 dv-cinder-862365-4-smb devstack@c-api.service[111663]: [pid: 111663|app: 0|req: 16/36] 10.222.0.13 () {60 vars in 1363 bytes} [Wed Nov 2 14:25:35 2022] GET /volume/v3/0264e274396044dababaf260b7e659ac/groups/1bb11540-7b69-4522-bbe4-b5bee2f5692e => generated 392 bytes in 91 msecs (HTTP/1.1 200) 7 headers in 286 bytes (1 switches on core 0)
Nov 02 14:25:36.078684 dv-cinder-862365-4-smb devstack@c-api.service[111662]: INFO cinder.api.openstack.wsgi [None req-bb0b7529-0497-4fd1-bcf2-57a6271d1e48 tempest-GroupsV320Test-1942060038 tempest-GroupsV320Test-1942060038-project] POST http://10.222.0.13/volume/v3/578fca9b7d864ddb82bbf14c304ebae7/groups/0667ef59-0de3-4e70-b2e1-ec05f014a068/action
Nov 02 14:25:36.078880 dv-cinder-862365-4-smb devstack@c-api.service[111663]: DEBUG cinder.api.middleware.request_id [None req-0d0814cc-aa06-4398-848a-e77f75e24b33 None None] RequestId filter calling following filter/app {{(pid=111663) _context_setter /opt/stack/cinder/cinder/api/middleware/request_id.py:62}}
Nov 02 14:25:36.085389 dv-cinder-862365-4-smb devstack@c-api.service[111662]: DEBUG cinder.api.openstack.wsgi [None req-bb0b7529-0497-4fd1-bcf2-57a6271d1e48 tempest-GroupsV320Test-1942060038 tempest-GroupsV320Test-1942060038-project] Action body: b'{"delete": {"delete-volumes": true}}' {{(pid=111662) get_method /opt/stack/cinder/cinder/api/openstack/wsgi.py:983}}
Nov 02 14:25:36.085389 dv-cinder-862365-4-smb devstack@c-api.service[111662]: DEBUG cinder.api.openstack.wsgi [None req-bb0b7529-0497-4fd1-bcf2-57a6271d1e48 tempest-GroupsV320Test-1942060038 tempest-GroupsV320Test-1942060038-project] Action: 'action', calling method: version_select, body: {"delete": {"delete-volumes": true}} {{(pid=111662) _process_stack /opt/stack/cinder/cinder/api/openstack/wsgi.py:866}}
Nov 02 14:25:36.091147 dv-cinder-862365-4-smb devstack@c-api.service[111662]: DEBUG cinder.api.v3.groups [None req-bb0b7529-0497-4fd1-bcf2-57a6271d1e48 tempest-GroupsV320Test-1942060038 tempest-GroupsV320Test-1942060038-project] delete called for group 0667ef59-0de3-4e70-b2e1-ec05f014a068 {{(pid=111662) _delete /opt/stack/cinder/cinder/api/v3/groups.py:117}}
Nov 02 14:25:36.091147 dv-cinder-862365-4-smb devstack@c-api.service[111662]: INFO cinder.api.v3.groups [None req-bb0b7529-0497-4fd1-bcf2-57a6271d1e48 tempest-GroupsV320Test-1942060038 tempest-GroupsV320Test-1942060038-project] Delete group with id: 0667ef59-0de3-4e70-b2e1-ec05f014a068
Nov 02 14:25:36.102761 dv-cinder-862365-4-smb devstack@c-api.service[111663]: INFO cinder.api.openstack.wsgi [None req-0d0814cc-aa06-4398-848a-e77f75e24b33 tempest-GroupsTest-1329121573 tempest-GroupsTest-1329121573-project] GET http://10.222.0.13/volume/v3/f8a0c05e10774020a9de310a8b208630/groups/12e04d4e-f8b3-4aae-9a16-d78f57e3fd42
Nov 02 14:25:36.103350 dv-cinder-862365-4-smb devstack@c-api.service[111663]: DEBUG cinder.api.openstack.wsgi [None req-0d0814cc-aa06-4398-848a-e77f75e24b33 tempest-GroupsTest-1329121573 tempest-GroupsTest-1329121573-project] Empty body provided in request {{(pid=111663) get_body /opt/stack/cinder/cinder/api/openstack/wsgi.py:715}}
Nov 02 14:25:36.104429 dv-cinder-862365-4-smb devstack@c-api.service[111663]: DEBUG cinder.api.openstack.wsgi [None req-0d0814cc-aa06-4398-848a-e77f75e24b33 tempest-GroupsTest-1329121573 tempest-GroupsTest-1329121573-project] Calling method 'version_select' {{(pid=111663) _process_stack /opt/stack/cinder/cinder/api/openstack/wsgi.py:868}}
Nov 02 14:25:36.116691 dv-cinder-862365-4-smb devstack@c-api.service[111663]: DEBUG cinder.api.v3.groups [None req-0d0814cc-aa06-4398-848a-e77f75e24b33 tempest-GroupsTest-1329121573 tempest-GroupsTest-1329121573-project] show called for member 12e04d4e-f8b3-4aae-9a16-d78f57e3fd42 {{(pid=111663) show /opt/stack/cinder/cinder/api/v3/groups.py:58}}
Nov 02 14:25:36.130319 dv-cinder-862365-4-smb devstack@c-api.service[111663]: /usr/local/lib/python3.8/dist-packages/oslo_context/context.py:100: DeprecationWarning: Policy enforcement is depending on the value of is_admin. This key is deprecated. Please update your policy file to use the standard policy values.
Nov 02 14:25:36.130319 dv-cinder-862365-4-smb devstack@c-api.service[111663]: warnings.warn('Policy enforcement is depending on the value of '
Nov 02 14:25:36.140938 dv-cinder-862365-4-smb devstack@c-api.service[111662]: /usr/local/lib/python3.8/dist-packages/oslo_context/context.py:100: DeprecationWarning: Policy enforcement is depending on the value of is_admin. This key is deprecated. Please update your policy file to use the standard policy values.
Nov 02 14:25:36.140938 dv-cinder-862365-4-smb devstack@c-api.service[111662]: warnings.warn('Policy enforcement is depending on the value of '
Nov 02 14:25:36.149320 dv-cinder-862365-4-smb devstack@c-api.service[111662]: DEBUG dbcounter [-] [111662] Writing DB stats cinder:SELECT=81,cinder:INSERT=7,cinder:UPDATE=12 {{(pid=111662) stat_writer /usr/local/lib/python3.8/dist-packages/dbcounter.py:114}}
Nov 02 14:25:36.169455 dv-cinder-862365-4-smb devstack@c-api.service[111663]: INFO cinder.api.openstack.wsgi [None req-0d0814cc-aa06-4398-848a-e77f75e24b33 tempest-GroupsTest-1329121573 tempest-GroupsTest-1329121573-project] http://10.222.0.13/volume/v3/f8a0c05e10774020a9de310a8b208630/groups/12e04d4e-f8b3-4aae-9a16-d78f57e3fd42 returned with HTTP 200
Nov 02 14:25:36.172853 dv-cinder-862365-4-smb devstack@c-api.service[111663]: [pid: 111663|app: 0|req: 17/37] 10.222.0.13 () {60 vars in 1363 bytes} [Wed Nov 2 14:25:36 2022] GET /volume/v3/f8a0c05e10774020a9de310a8b208630/groups/12e04d4e-f8b3-4aae-9a16-d78f57e3fd42 => generated 321 bytes in 103 msecs (HTTP/1.1 200) 7 headers in 286 bytes (1 switches on core 0)
Nov 02 14:25:36.174275 dv-cinder-862365-4-smb devstack@c-api.service[111663]: DEBUG cinder.api.middleware.request_id [None req-d48c87ab-57ab-400e-a13e-304fa282fb8b None None] RequestId filter calling following filter/app {{(pid=111663) _context_setter /opt/stack/cinder/cinder/api/middleware/request_id.py:62}}
Nov 02 14:25:36.195674 dv-cinder-862365-4-smb devstack@c-api.service[111663]: INFO cinder.api.openstack.wsgi [None req-d48c87ab-57ab-400e-a13e-304fa282fb8b tempest-GroupSnapshotsTest-1530851409 tempest-GroupSnapshotsTest-1530851409-project] POST http://10.222.0.13/volume/v3/0264e274396044dababaf260b7e659ac/volumes
Nov 02 14:25:36.197027 dv-cinder-862365-4-smb devstack@c-api.service[111663]: DEBUG cinder.api.openstack.wsgi [None req-d48c87ab-57ab-400e-a13e-304fa282fb8b tempest-GroupSnapshotsTest-1530851409 tempest-GroupSnapshotsTest-1530851409-project] Action: 'create', calling method: create, body: {"volume": {"volume_type": "a63fa3af-dd3d-47a7-bb56-2a58165cb3d6", "group_id": "1bb11540-7b69-4522-bbe4-b5bee2f5692e", "size": 1, "name": "tempest-GroupSnapshotsTest-Volume-2110569946"}} {{(pid=111663) _process_stack /opt/stack/cinder/cinder/api/openstack/wsgi.py:866}}
Nov 02 14:25:36.203022 dv-cinder-862365-4-smb devstack@c-api.service[111663]: DEBUG cinder.api.v3.volumes [None req-d48c87ab-57ab-400e-a13e-304fa282fb8b tempest-GroupSnapshotsTest-1530851409 tempest-GroupSnapshotsTest-1530851409-project] Create volume request body: {'volume': {'volume_type': 'a63fa3af-dd3d-47a7-bb56-2a58165cb3d6', 'group_id': '1bb11540-7b69-4522-bbe4-b5bee2f5692e', 'size': 1, 'name': 'tempest-GroupSnapshotsTest-Volume-2110569946'}} {{(pid=111663) create /opt/stack/cinder/cinder/api/v3/volumes.py:298}}
Nov 02 14:25:36.251411 dv-cinder-862365-4-smb devstack@c-api.service[111663]: /usr/local/lib/python3.8/dist-packages/oslo_context/context.py:100: DeprecationWarning: Policy enforcement is depending on the value of is_admin. This key is deprecated. Please update your policy file to use the standard policy values.
Nov 02 14:25:36.251411 dv-cinder-862365-4-smb devstack@c-api.service[111663]: warnings.warn('Policy enforcement is depending on the value of '
Nov 02 14:25:36.254691 dv-cinder-862365-4-smb devstack@c-api.service[111663]: INFO cinder.api.v3.volumes [None req-d48c87ab-57ab-400e-a13e-304fa282fb8b tempest-GroupSnapshotsTest-1530851409 tempest-GroupSnapshotsTest-1530851409-project] Create volume of 1 GB
Nov 02 14:25:36.278925 dv-cinder-862365-4-smb devstack@c-api.service[111663]: INFO cinder.volume.api [None req-d48c87ab-57ab-400e-a13e-304fa282fb8b tempest-GroupSnapshotsTest-1530851409 tempest-GroupSnapshotsTest-1530851409-project] Availability Zones retrieved successfully.
Nov 02 14:25:36.322806 dv-cinder-862365-4-smb devstack@c-api.service[111663]: DEBUG cinder.volume.api [None req-d48c87ab-57ab-400e-a13e-304fa282fb8b tempest-GroupSnapshotsTest-1530851409 tempest-GroupSnapshotsTest-1530851409-project] Flow 'volume_create_api' (aca235b5-5be8-4897-9c9c-44ec8c98d68f) transitioned into state 'RUNNING' from state 'PENDING' {{(pid=111663) _flow_receiver /usr/local/lib/python3.8/dist-packages/taskflow/listeners/logging.py:141}}
Nov 02 14:25:36.325935 dv-cinder-862365-4-smb devstack@c-api.service[111663]: DEBUG cinder.volume.api [None req-d48c87ab-57ab-400e-a13e-304fa282fb8b tempest-GroupSnapshotsTest-1530851409 tempest-GroupSnapshotsTest-1530851409-project] Task 'cinder.volume.flows.api.create_volume.ExtractVolumeRequestTask;volume:create' (b10a2ebd-49f6-476a-a814-1861001ed588) transitioned into state 'RUNNING' from state 'PENDING' {{(pid=111663) _task_receiver /usr/local/lib/python3.8/dist-packages/taskflow/listeners/logging.py:190}}
Nov 02 14:25:36.328002 dv-cinder-862365-4-smb devstack@c-api.service[111663]: /usr/local/lib/python3.8/dist-packages/oslo_context/context.py:100: DeprecationWarning: Policy enforcement is depending on the value of is_admin. This key is deprecated. Please update your policy file to use the standard policy values.
Nov 02 14:25:36.328002 dv-cinder-862365-4-smb devstack@c-api.service[111663]: warnings.warn('Policy enforcement is depending on the value of '
Nov 02 14:25:36.329479 dv-cinder-862365-4-smb devstack@c-api.service[111663]: DEBUG cinder.volume.flows.api.create_volume [None req-d48c87ab-57ab-400e-a13e-304fa282fb8b tempest-GroupSnapshotsTest-1530851409 tempest-GroupSnapshotsTest-1530851409-project] Validating volume size '1' using validate_int {{(pid=111663) _extract_size /opt/stack/cinder/cinder/volume/flows/api/create_volume.py:228}}
Nov 02 14:25:36.369232 dv-cinder-862365-4-smb devstack@c-api.service[111663]: DEBUG dbcounter [-] [111663] Writing DB stats cinder:SELECT=83,cinder:INSERT=7,cinder:UPDATE=10 {{(pid=111663) stat_writer /usr/local/lib/python3.8/dist-packages/dbcounter.py:114}}
Nov 02 14:25:36.410203 dv-cinder-862365-4-smb devstack@c-api.service[111663]: DEBUG cinder.volume.api [None req-d48c87ab-57ab-400e-a13e-304fa282fb8b tempest-GroupSnapshotsTest-1530851409 tempest-GroupSnapshotsTest-1530851409-project] Task 'cinder.volume.flows.api.create_volume.ExtractVolumeRequestTask;volume:create' (b10a2ebd-49f6-476a-a814-1861001ed588) transitioned into state 'SUCCESS' from state 'RUNNING' with result '{'size': 1, 'snapshot_id': None, 'source_volid': None, 'volume_type': VolumeType(created_at=2022-11-02T14:25:33Z,deleted=False,deleted_at=None,description=None,extra_specs={},id=a63fa3af-dd3d-47a7-bb56-2a58165cb3d6,is_public=True,name='tempest-GroupSnapshotsTest-volume-type-1004812209',projects=[],qos_specs=,qos_specs_id=None,updated_at=None), 'volume_type_id': 'a63fa3af-dd3d-47a7-bb56-2a58165cb3d6', 'encryption_key_id': None, 'qos_specs': None, 'consistencygroup_id': None, 'cgsnapshot_id': None, 'group_id': '1bb11540-7b69-4522-bbe4-b5bee2f5692e', 'replication_status': 'disabled', 'refresh_az': False, 'backup_id': None, 'multiattach': False, 'availability_zones': ['nova']}' {{(pid=111663) _task_receiver /usr/local/lib/python3.8/dist-packages/taskflow/listeners/logging.py:178}}
Nov 02 14:25:36.412647 dv-cinder-862365-4-smb devstack@c-api.service[111663]: DEBUG cinder.volume.api [None req-d48c87ab-57ab-400e-a13e-304fa282fb8b tempest-GroupSnapshotsTest-1530851409 tempest-GroupSnapshotsTest-1530851409-project] Task 'cinder.volume.flows.api.create_volume.QuotaReserveTask;volume:create' (514cbbcd-dea1-4047-b1a5-27b9b5e57d90) transitioned into state 'RUNNING' from state 'PENDING' {{(pid=111663) _task_receiver /usr/local/lib/python3.8/dist-packages/taskflow/listeners/logging.py:190}}
Nov 02 14:25:36.501436 dv-cinder-862365-4-smb devstack@c-api.service[111663]: WARNING cinder.quota [None req-d48c87ab-57ab-400e-a13e-304fa282fb8b tempest-GroupSnapshotsTest-1530851409 tempest-GroupSnapshotsTest-1530851409-project] Deprecated: Default quota for resource: volumes_tempest-GroupSnapshotsTest-volume-type-1004812209 is set by the default quota flag: quota_volumes_tempest-GroupSnapshotsTest-volume-type-1004812209, it is now deprecated. Please use the default quota class for default quota.
Nov 02 14:25:36.502255 dv-cinder-862365-4-smb devstack@c-api.service[111663]: WARNING cinder.quota [None req-d48c87ab-57ab-400e-a13e-304fa282fb8b tempest-GroupSnapshotsTest-1530851409 tempest-GroupSnapshotsTest-1530851409-project] Deprecated: Default quota for resource: gigabytes_tempest-GroupSnapshotsTest-volume-type-1004812209 is set by the default quota flag: quota_gigabytes_tempest-GroupSnapshotsTest-volume-type-1004812209, it is now deprecated. Please use the default quota class for default quota.
Nov 02 14:25:36.663121 dv-cinder-862365-4-smb devstack@c-api.service[111662]: INFO cinder.api.openstack.wsgi [None req-bb0b7529-0497-4fd1-bcf2-57a6271d1e48 tempest-GroupsV320Test-1942060038 tempest-GroupsV320Test-1942060038-project] http://10.222.0.13/volume/v3/578fca9b7d864ddb82bbf14c304ebae7/groups/0667ef59-0de3-4e70-b2e1-ec05f014a068/action returned with HTTP 202
Nov 02 14:25:36.667692 dv-cinder-862365-4-smb devstack@c-api.service[111662]: [pid: 111662|app: 0|req: 21/38] 10.222.0.13 () {62 vars in 1405 bytes} [Wed Nov 2 14:25:36 2022] POST /volume/v3/578fca9b7d864ddb82bbf14c304ebae7/groups/0667ef59-0de3-4e70-b2e1-ec05f014a068/action => generated 0 bytes in 636 msecs (HTTP/1.1 202) 6 headers in 234 bytes (1 switches on core 0)
Nov 02 14:25:36.667871 dv-cinder-862365-4-smb devstack@c-api.service[111663]: DEBUG cinder.quota [None req-d48c87ab-57ab-400e-a13e-304fa282fb8b tempest-GroupSnapshotsTest-1530851409 tempest-GroupSnapshotsTest-1530851409-project] Created reservations ['5c223697-abc5-458a-803f-f88d332da4eb', '540bd90f-2843-41de-b92b-3553674ccfde', '9d5d716e-3885-4287-a096-7c8e4d63443a', 'c6399638-afe9-427a-ac04-0871ccbf0577'] {{(pid=111663) reserve /opt/stack/cinder/cinder/quota.py:755}}
Nov 02 14:25:36.668927 dv-cinder-862365-4-smb devstack@c-api.service[111662]: DEBUG cinder.api.middleware.request_id [req-c703cc4c-b879-4619-9af5-2e30d64db560 req-a73562ad-8f62-4b16-ab97-17d153e22937 None None] RequestId filter calling following filter/app {{(pid=111662) _context_setter /opt/stack/cinder/cinder/api/middleware/request_id.py:62}}
Nov 02 14:25:36.671034 dv-cinder-862365-4-smb devstack@c-api.service[111663]: DEBUG cinder.volume.api [None req-d48c87ab-57ab-400e-a13e-304fa282fb8b tempest-GroupSnapshotsTest-1530851409 tempest-GroupSnapshotsTest-1530851409-project] Task 'cinder.volume.flows.api.create_volume.QuotaReserveTask;volume:create' (514cbbcd-dea1-4047-b1a5-27b9b5e57d90) transitioned into state 'SUCCESS' from state 'RUNNING' with result '{'reservations': ['5c223697-abc5-458a-803f-f88d332da4eb', '540bd90f-2843-41de-b92b-3553674ccfde', '9d5d716e-3885-4287-a096-7c8e4d63443a', 'c6399638-afe9-427a-ac04-0871ccbf0577']}' {{(pid=111663) _task_receiver /usr/local/lib/python3.8/dist-packages/taskflow/listeners/logging.py:178}}
Nov 02 14:25:36.674806 dv-cinder-862365-4-smb devstack@c-api.service[111663]: DEBUG cinder.volume.api [None req-d48c87ab-57ab-400e-a13e-304fa282fb8b tempest-GroupSnapshotsTest-1530851409 tempest-GroupSnapshotsTest-1530851409-project] Task 'cinder.volume.flows.api.create_volume.EntryCreateTask;volume:create' (946b4d2b-47db-4fd4-8e1c-67675a7872bb) transitioned into state 'RUNNING' from state 'PENDING' {{(pid=111663) _task_receiver /usr/local/lib/python3.8/dist-packages/taskflow/listeners/logging.py:190}}
Nov 02 14:25:36.679934 dv-cinder-862365-4-smb devstack@c-api.service[111662]: INFO cinder.api.openstack.wsgi [req-c703cc4c-b879-4619-9af5-2e30d64db560 req-a73562ad-8f62-4b16-ab97-17d153e22937 tempest-VolumesSnapshotsTestJSON-1589347145 tempest-VolumesSnapshotsTestJSON-1589347145-project] GET http://10.222.0.13/volume/v3/28b86c94b24d426796f3171bf1e5c30a/snapshots/59834ea6-6d89-4f91-b20c-c9e7ca3db1ba
Nov 02 14:25:36.680670 dv-cinder-862365-4-smb devstack@c-api.service[111662]: DEBUG cinder.api.openstack.wsgi [req-c703cc4c-b879-4619-9af5-2e30d64db560 req-a73562ad-8f62-4b16-ab97-17d153e22937 tempest-VolumesSnapshotsTestJSON-1589347145 tempest-VolumesSnapshotsTestJSON-1589347145-project] Empty body provided in request {{(pid=111662) get_body /opt/stack/cinder/cinder/api/openstack/wsgi.py:715}}
Nov 02 14:25:36.681204 dv-cinder-862365-4-smb devstack@c-api.service[111662]: DEBUG cinder.api.openstack.wsgi [req-c703cc4c-b879-4619-9af5-2e30d64db560 req-a73562ad-8f62-4b16-ab97-17d153e22937 tempest-VolumesSnapshotsTestJSON-1589347145 tempest-VolumesSnapshotsTestJSON-1589347145-project] Calling method 'show' {{(pid=111662) _process_stack /opt/stack/cinder/cinder/api/openstack/wsgi.py:868}}
Nov 02 14:25:36.708108 dv-cinder-862365-4-smb devstack@c-api.service[111662]: /usr/local/lib/python3.8/dist-packages/oslo_context/context.py:100: DeprecationWarning: Policy enforcement is depending on the value of is_admin. This key is deprecated. Please update your policy file to use the standard policy values.
Nov 02 14:25:36.708108 dv-cinder-862365-4-smb devstack@c-api.service[111662]: warnings.warn('Policy enforcement is depending on the value of '
Nov 02 14:25:36.711218 dv-cinder-862365-4-smb devstack@c-api.service[111662]: INFO cinder.volume.api [req-c703cc4c-b879-4619-9af5-2e30d64db560 req-a73562ad-8f62-4b16-ab97-17d153e22937 tempest-VolumesSnapshotsTestJSON-1589347145 tempest-VolumesSnapshotsTestJSON-1589347145-project] Snapshot retrieved successfully.
Nov 02 14:25:36.715136 dv-cinder-862365-4-smb devstack@c-api.service[111662]: INFO cinder.api.openstack.wsgi [req-c703cc4c-b879-4619-9af5-2e30d64db560 req-a73562ad-8f62-4b16-ab97-17d153e22937 tempest-VolumesSnapshotsTestJSON-1589347145 tempest-VolumesSnapshotsTestJSON-1589347145-project] http://10.222.0.13/volume/v3/28b86c94b24d426796f3171bf1e5c30a/snapshots/59834ea6-6d89-4f91-b20c-c9e7ca3db1ba returned with HTTP 200
Nov 02 14:25:36.716844 dv-cinder-862365-4-smb devstack@c-api.service[111662]: [pid: 111662|app: 0|req: 22/39] 10.222.0.13 () {60 vars in 1584 bytes} [Wed Nov 2 14:25:36 2022] GET /volume/v3/28b86c94b24d426796f3171bf1e5c30a/snapshots/59834ea6-6d89-4f91-b20c-c9e7ca3db1ba => generated 536 bytes in 49 msecs (HTTP/1.1 200) 7 headers in 285 bytes (1 switches on core 0)
Nov 02 14:25:36.718409 dv-cinder-862365-4-smb devstack@c-api.service[111662]: DEBUG cinder.api.middleware.request_id [None req-88d03915-2f5c-4c30-8212-f884bbff02bc None None] RequestId filter calling following filter/app {{(pid=111662) _context_setter /opt/stack/cinder/cinder/api/middleware/request_id.py:62}}
Nov 02 14:25:36.725708 dv-cinder-862365-4-smb devstack@c-api.service[111663]: DEBUG cinder.volume.api [None req-d48c87ab-57ab-400e-a13e-304fa282fb8b tempest-GroupSnapshotsTest-1530851409 tempest-GroupSnapshotsTest-1530851409-project] Task 'cinder.volume.flows.api.create_volume.EntryCreateTask;volume:create' (946b4d2b-47db-4fd4-8e1c-67675a7872bb) transitioned into state 'SUCCESS' from state 'RUNNING' with result '{'volume_id': '8fd136d8-91c2-45ef-a406-587f1a15b666', 'volume_properties': VolumeProperties(attach_status='detached',availability_zone='nova',cgsnapshot_id=None,consistencygroup_id=None,display_description=None,display_name='tempest-GroupSnapshotsTest-Volume-2110569946',encryption_key_id=None,group_id=1bb11540-7b69-4522-bbe4-b5bee2f5692e,group_type_id=,metadata={},multiattach=False,project_id='0264e274396044dababaf260b7e659ac',qos_specs=None,replication_status=,reservations=['5c223697-abc5-458a-803f-f88d332da4eb','540bd90f-2843-41de-b92b-3553674ccfde','9d5d716e-3885-4287-a096-7c8e4d63443a','c6399638-afe9-427a-ac04-0871ccbf0577'],size=1,snapshot_id=None,source_replicaid=,source_volid=None,status='creating',user_id='21a1de581e2f414da771108fafd00d34',volume_type_id=a63fa3af-dd3d-47a7-bb56-2a58165cb3d6), 'volume': Volume(_name_id=None,admin_metadata=,attach_status='detached',availability_zone='nova',bootable=False,cluster=,cluster_name=None,consistencygroup=,consistencygroup_id=None,created_at=2022-11-02T14:25:36Z,deleted=False,deleted_at=None,display_description=None,display_name='tempest-GroupSnapshotsTest-Volume-2110569946',ec2_id=None,encryption_key_id=None,glance_metadata=,group=,group_id=1bb11540-7b69-4522-bbe4-b5bee2f5692e,host=None,id=8fd136d8-91c2-45ef-a406-587f1a15b666,launched_at=None,metadata={},migration_status=None,multiattach=False,previous_status=None,project_id='0264e274396044dababaf260b7e659ac',provider_auth=None,provider_geometry=None,provider_id=None,provider_location=None,replication_driver_data=None,replication_extended_status=None,replication_status=None,scheduled_at=None,service_uuid=None,shared_targets=True,size=1,snapshot_id=None,snapshots=,source_volid=None,status='creating',terminated_at=None,updated_at=None,use_quota=True,user_id='21a1de581e2f414da771108fafd00d34',volume_attachment=VolumeAttachmentList,volume_type=VolumeType(a63fa3af-dd3d-47a7-bb56-2a58165cb3d6),volume_type_id=a63fa3af-dd3d-47a7-bb56-2a58165cb3d6)}' {{(pid=111663) _task_receiver /usr/local/lib/python3.8/dist-packages/taskflow/listeners/logging.py:178}}
Nov 02 14:25:36.728905 dv-cinder-862365-4-smb devstack@c-api.service[111663]: DEBUG cinder.volume.api [None req-d48c87ab-57ab-400e-a13e-304fa282fb8b tempest-GroupSnapshotsTest-1530851409 tempest-GroupSnapshotsTest-1530851409-project] Task 'cinder.volume.flows.api.create_volume.QuotaCommitTask;volume:create' (88d6c780-1225-4d56-9cc5-5df439c0d1dd) transitioned into state 'RUNNING' from state 'PENDING' {{(pid=111663) _task_receiver /usr/local/lib/python3.8/dist-packages/taskflow/listeners/logging.py:190}}
Nov 02 14:25:36.733699 dv-cinder-862365-4-smb devstack@c-api.service[111662]: INFO cinder.api.openstack.wsgi [None req-88d03915-2f5c-4c30-8212-f884bbff02bc tempest-GroupsV320Test-1942060038 tempest-GroupsV320Test-1942060038-project] GET http://10.222.0.13/volume/v3/578fca9b7d864ddb82bbf14c304ebae7/groups/0667ef59-0de3-4e70-b2e1-ec05f014a068
Nov 02 14:25:36.734227 dv-cinder-862365-4-smb devstack@c-api.service[111662]: DEBUG cinder.api.openstack.wsgi [None req-88d03915-2f5c-4c30-8212-f884bbff02bc tempest-GroupsV320Test-1942060038 tempest-GroupsV320Test-1942060038-project] Empty body provided in request {{(pid=111662) get_body /opt/stack/cinder/cinder/api/openstack/wsgi.py:715}}
Nov 02 14:25:36.734695 dv-cinder-862365-4-smb devstack@c-api.service[111662]: DEBUG cinder.api.openstack.wsgi [None req-88d03915-2f5c-4c30-8212-f884bbff02bc tempest-GroupsV320Test-1942060038 tempest-GroupsV320Test-1942060038-project] Calling method 'version_select' {{(pid=111662) _process_stack /opt/stack/cinder/cinder/api/openstack/wsgi.py:868}}
Nov 02 14:25:36.735061 dv-cinder-862365-4-smb devstack@c-api.service[111662]: DEBUG cinder.api.v3.groups [None req-88d03915-2f5c-4c30-8212-f884bbff02bc tempest-GroupsV320Test-1942060038 tempest-GroupsV320Test-1942060038-project] show called for member 0667ef59-0de3-4e70-b2e1-ec05f014a068 {{(pid=111662) show /opt/stack/cinder/cinder/api/v3/groups.py:58}}
Nov 02 14:25:36.752824 dv-cinder-862365-4-smb devstack@c-api.service[111662]: /usr/local/lib/python3.8/dist-packages/oslo_context/context.py:100: DeprecationWarning: Policy enforcement is depending on the value of is_admin. This key is deprecated. Please update your policy file to use the standard policy values.
Nov 02 14:25:36.752824 dv-cinder-862365-4-smb devstack@c-api.service[111662]: warnings.warn('Policy enforcement is depending on the value of '
Nov 02 14:25:36.789453 dv-cinder-862365-4-smb devstack@c-api.service[111662]: INFO cinder.api.openstack.wsgi [None req-88d03915-2f5c-4c30-8212-f884bbff02bc tempest-GroupsV320Test-1942060038 tempest-GroupsV320Test-1942060038-project] http://10.222.0.13/volume/v3/578fca9b7d864ddb82bbf14c304ebae7/groups/0667ef59-0de3-4e70-b2e1-ec05f014a068 returned with HTTP 200
Nov 02 14:25:36.796995 dv-cinder-862365-4-smb devstack@c-api.service[111662]: [pid: 111662|app: 0|req: 23/40] 10.222.0.13 () {60 vars in 1363 bytes} [Wed Nov 2 14:25:36 2022] GET /volume/v3/578fca9b7d864ddb82bbf14c304ebae7/groups/0667ef59-0de3-4e70-b2e1-ec05f014a068 => generated 388 bytes in 73 msecs (HTTP/1.1 200) 7 headers in 286 bytes (1 switches on core 0)
Nov 02 14:25:36.796995 dv-cinder-862365-4-smb devstack@c-api.service[111662]: DEBUG cinder.api.middleware.request_id [req-b0fad8e6-62af-4e77-a7da-e9ab0b3145a3 req-dfa56440-c57d-4da9-a239-119c0669e86d None None] RequestId filter calling following filter/app {{(pid=111662) _context_setter /opt/stack/cinder/cinder/api/middleware/request_id.py:62}}
Nov 02 14:25:36.797370 dv-cinder-862365-4-smb devstack@c-api.service[111663]: DEBUG cinder.volume.api [None req-d48c87ab-57ab-400e-a13e-304fa282fb8b tempest-GroupSnapshotsTest-1530851409 tempest-GroupSnapshotsTest-1530851409-project] Task 'cinder.volume.flows.api.create_volume.QuotaCommitTask;volume:create' (88d6c780-1225-4d56-9cc5-5df439c0d1dd) transitioned into state 'SUCCESS' from state 'RUNNING' with result '{'volume_properties': VolumeProperties(attach_status='detached',availability_zone='nova',cgsnapshot_id=None,consistencygroup_id=None,display_description=None,display_name='tempest-GroupSnapshotsTest-Volume-2110569946',encryption_key_id=None,group_id=1bb11540-7b69-4522-bbe4-b5bee2f5692e,group_type_id=,metadata={},multiattach=False,project_id='0264e274396044dababaf260b7e659ac',qos_specs=None,replication_status=,reservations=['5c223697-abc5-458a-803f-f88d332da4eb','540bd90f-2843-41de-b92b-3553674ccfde','9d5d716e-3885-4287-a096-7c8e4d63443a','c6399638-afe9-427a-ac04-0871ccbf0577'],size=1,snapshot_id=None,source_replicaid=,source_volid=None,status='creating',user_id='21a1de581e2f414da771108fafd00d34',volume_type_id=a63fa3af-dd3d-47a7-bb56-2a58165cb3d6)}' {{(pid=111663) _task_receiver /usr/local/lib/python3.8/dist-packages/taskflow/listeners/logging.py:178}}
Nov 02 14:25:36.799325 dv-cinder-862365-4-smb devstack@c-api.service[111663]: DEBUG cinder.volume.api [None req-d48c87ab-57ab-400e-a13e-304fa282fb8b tempest-GroupSnapshotsTest-1530851409 tempest-GroupSnapshotsTest-1530851409-project] Task 'cinder.volume.flows.api.create_volume.VolumeCastTask;volume:create' (3fb0a875-6c12-4655-b4b3-e028758e0f25) transitioned into state 'RUNNING' from state 'PENDING' {{(pid=111663) _task_receiver /usr/local/lib/python3.8/dist-packages/taskflow/listeners/logging.py:190}}
Nov 02 14:25:36.814395 dv-cinder-862365-4-smb devstack@c-api.service[111662]: INFO cinder.api.openstack.wsgi [req-b0fad8e6-62af-4e77-a7da-e9ab0b3145a3 req-dfa56440-c57d-4da9-a239-119c0669e86d tempest-VolumesSnapshotsTestJSON-1589347145 tempest-VolumesSnapshotsTestJSON-1589347145-project] GET http://10.222.0.13/volume/v3/28b86c94b24d426796f3171bf1e5c30a/snapshots/detail
Nov 02 14:25:36.814875 dv-cinder-862365-4-smb devstack@c-api.service[111662]: DEBUG cinder.api.openstack.wsgi [req-b0fad8e6-62af-4e77-a7da-e9ab0b3145a3 req-dfa56440-c57d-4da9-a239-119c0669e86d tempest-VolumesSnapshotsTestJSON-1589347145 tempest-VolumesSnapshotsTestJSON-1589347145-project] Empty body provided in request {{(pid=111662) get_body /opt/stack/cinder/cinder/api/openstack/wsgi.py:715}}
Nov 02 14:25:36.817851 dv-cinder-862365-4-smb devstack@c-api.service[111662]: DEBUG cinder.api.openstack.wsgi [req-b0fad8e6-62af-4e77-a7da-e9ab0b3145a3 req-dfa56440-c57d-4da9-a239-119c0669e86d tempest-VolumesSnapshotsTestJSON-1589347145 tempest-VolumesSnapshotsTestJSON-1589347145-project] Calling method 'detail' {{(pid=111662) _process_stack /opt/stack/cinder/cinder/api/openstack/wsgi.py:868}}
Nov 02 14:25:36.818799 dv-cinder-862365-4-smb devstack@c-api.service[111662]: DEBUG cinder.api.api_utils [req-b0fad8e6-62af-4e77-a7da-e9ab0b3145a3 req-dfa56440-c57d-4da9-a239-119c0669e86d tempest-VolumesSnapshotsTestJSON-1589347145 tempest-VolumesSnapshotsTestJSON-1589347145-project] Removing options '' from query. {{(pid=111662) remove_invalid_filter_options /opt/stack/cinder/cinder/api/api_utils.py:83}}
Nov 02 14:25:36.820094 dv-cinder-862365-4-smb devstack@c-api.service[111662]: /usr/local/lib/python3.8/dist-packages/oslo_context/context.py:100: DeprecationWarning: Policy enforcement is depending on the value of is_admin. This key is deprecated. Please update your policy file to use the standard policy values.
Nov 02 14:25:36.820094 dv-cinder-862365-4-smb devstack@c-api.service[111662]: warnings.warn('Policy enforcement is depending on the value of '
Nov 02 14:25:36.822189 dv-cinder-862365-4-smb devstack@c-api.service[111662]: DEBUG cinder.db.sqlalchemy.api [req-b0fad8e6-62af-4e77-a7da-e9ab0b3145a3 req-dfa56440-c57d-4da9-a239-119c0669e86d tempest-VolumesSnapshotsTestJSON-1589347145 tempest-VolumesSnapshotsTestJSON-1589347145-project] Building query based on filter {{(pid=111662) _process_snaps_filters /opt/stack/cinder/cinder/db/sqlalchemy/api.py:3885}}
Nov 02 14:25:36.838835 dv-cinder-862365-4-smb devstack@c-api.service[111663]: DEBUG cinder.volume.api [None req-d48c87ab-57ab-400e-a13e-304fa282fb8b tempest-GroupSnapshotsTest-1530851409 tempest-GroupSnapshotsTest-1530851409-project] Task 'cinder.volume.flows.api.create_volume.VolumeCastTask;volume:create' (3fb0a875-6c12-4655-b4b3-e028758e0f25) transitioned into state 'SUCCESS' from state 'RUNNING' with result 'None' {{(pid=111663) _task_receiver /usr/local/lib/python3.8/dist-packages/taskflow/listeners/logging.py:178}}
Nov 02 14:25:36.846806 dv-cinder-862365-4-smb devstack@c-api.service[111663]: DEBUG cinder.volume.api [None req-d48c87ab-57ab-400e-a13e-304fa282fb8b tempest-GroupSnapshotsTest-1530851409 tempest-GroupSnapshotsTest-1530851409-project] Flow 'volume_create_api' (aca235b5-5be8-4897-9c9c-44ec8c98d68f) transitioned into state 'SUCCESS' from state 'RUNNING' {{(pid=111663) _flow_receiver /usr/local/lib/python3.8/dist-packages/taskflow/listeners/logging.py:141}}
Nov 02 14:25:36.848833 dv-cinder-862365-4-smb devstack@c-api.service[111663]: INFO cinder.volume.api [None req-d48c87ab-57ab-400e-a13e-304fa282fb8b tempest-GroupSnapshotsTest-1530851409 tempest-GroupSnapshotsTest-1530851409-project] Create volume request issued successfully.
Nov 02 14:25:36.852609 dv-cinder-862365-4-smb devstack@c-api.service[111663]: WARNING stevedore.named [None req-d48c87ab-57ab-400e-a13e-304fa282fb8b tempest-GroupSnapshotsTest-1530851409 tempest-GroupSnapshotsTest-1530851409-project] Could not load cinder.keymgr.conf_key_mgr.ConfKeyManager
Nov 02 14:25:36.855701 dv-cinder-862365-4-smb devstack@c-api.service[111663]: WARNING castellan.key_manager [None req-d48c87ab-57ab-400e-a13e-304fa282fb8b tempest-GroupSnapshotsTest-1530851409 tempest-GroupSnapshotsTest-1530851409-project] Deprecation Warning : cinder.keymgr.conf_key_mgr.ConfKeyManager is not a stevedore based driver, trying to load it as a class: stevedore.exception.NoMatches: No 'castellan.drivers' driver found, looking for 'cinder.keymgr.conf_key_mgr.ConfKeyManager'
Nov 02 14:25:36.869180 dv-cinder-862365-4-smb devstack@c-api.service[111663]: DEBUG oslo_db.sqlalchemy.engines [None req-d48c87ab-57ab-400e-a13e-304fa282fb8b tempest-GroupSnapshotsTest-1530851409 tempest-GroupSnapshotsTest-1530851409-project] MySQL server mode set to STRICT_TRANS_TABLES,STRICT_ALL_TABLES,NO_ZERO_IN_DATE,NO_ZERO_DATE,ERROR_FOR_DIVISION_BY_ZERO,TRADITIONAL,NO_ENGINE_SUBSTITUTION {{(pid=111663) _check_effective_sql_mode /usr/local/lib/python3.8/dist-packages/oslo_db/sqlalchemy/engines.py:326}}
Nov 02 14:25:36.879321 dv-cinder-862365-4-smb devstack@c-api.service[111662]: INFO cinder.volume.api [req-b0fad8e6-62af-4e77-a7da-e9ab0b3145a3 req-dfa56440-c57d-4da9-a239-119c0669e86d tempest-VolumesSnapshotsTestJSON-1589347145 tempest-VolumesSnapshotsTestJSON-1589347145-project] Get all snapshots completed successfully.
Nov 02 14:25:36.880289 dv-cinder-862365-4-smb devstack@c-api.service[111662]: /usr/local/lib/python3.8/dist-packages/oslo_context/context.py:100: DeprecationWarning: Policy enforcement is depending on the value of is_admin. This key is deprecated. Please update your policy file to use the standard policy values.
Nov 02 14:25:36.880289 dv-cinder-862365-4-smb devstack@c-api.service[111662]: warnings.warn('Policy enforcement is depending on the value of '
Nov 02 14:25:36.882802 dv-cinder-862365-4-smb devstack@c-api.service[111662]: INFO cinder.api.openstack.wsgi [req-b0fad8e6-62af-4e77-a7da-e9ab0b3145a3 req-dfa56440-c57d-4da9-a239-119c0669e86d tempest-VolumesSnapshotsTestJSON-1589347145 tempest-VolumesSnapshotsTestJSON-1589347145-project] http://10.222.0.13/volume/v3/28b86c94b24d426796f3171bf1e5c30a/snapshots/detail returned with HTTP 200
Nov 02 14:25:36.884807 dv-cinder-862365-4-smb devstack@c-api.service[111663]: /usr/local/lib/python3.8/dist-packages/oslo_context/context.py:100: DeprecationWarning: Policy enforcement is depending on the value of is_admin. This key is deprecated. Please update your policy file to use the standard policy values.
Nov 02 14:25:36.884807 dv-cinder-862365-4-smb devstack@c-api.service[111663]: warnings.warn('Policy enforcement is depending on the value of '
Nov 02 14:25:36.888251 dv-cinder-862365-4-smb devstack@c-api.service[111662]: [pid: 111662|app: 0|req: 24/41] 10.222.0.13 () {60 vars in 1494 bytes} [Wed Nov 2 14:25:36 2022] GET /volume/v3/28b86c94b24d426796f3171bf1e5c30a/snapshots/detail => generated 539 bytes in 97 msecs (HTTP/1.1 200) 7 headers in 285 bytes (1 switches on core 0)
Nov 02 14:25:36.902581 dv-cinder-862365-4-smb devstack@c-api.service[111663]: INFO cinder.api.openstack.wsgi [None req-d48c87ab-57ab-400e-a13e-304fa282fb8b tempest-GroupSnapshotsTest-1530851409 tempest-GroupSnapshotsTest-1530851409-project] http://10.222.0.13/volume/v3/0264e274396044dababaf260b7e659ac/volumes returned with HTTP 202
Nov 02 14:25:36.904013 dv-cinder-862365-4-smb devstack@c-api.service[111663]: [pid: 111663|app: 0|req: 18/42] 10.222.0.13 () {62 vars in 1277 bytes} [Wed Nov 2 14:25:36 2022] POST /volume/v3/0264e274396044dababaf260b7e659ac/volumes => generated 908 bytes in 730 msecs (HTTP/1.1 202) 7 headers in 292 bytes (1 switches on core 0)
Nov 02 14:25:36.914811 dv-cinder-862365-4-smb devstack@c-api.service[111662]: DEBUG cinder.api.middleware.request_id [req-845ea053-baa1-4d0d-9cf3-e7178b5b4689 req-4c37833a-155b-4917-a0b7-08b734ebb295 None None] RequestId filter calling following filter/app {{(pid=111662) _context_setter /opt/stack/cinder/cinder/api/middleware/request_id.py:62}}
Nov 02 14:25:36.919768 dv-cinder-862365-4-smb devstack@c-api.service[111662]: INFO cinder.api.openstack.wsgi [req-845ea053-baa1-4d0d-9cf3-e7178b5b4689 req-4c37833a-155b-4917-a0b7-08b734ebb295 tempest-VolumesSnapshotsTestJSON-1589347145 tempest-VolumesSnapshotsTestJSON-1589347145-project] GET http://10.222.0.13/volume/v3/28b86c94b24d426796f3171bf1e5c30a/snapshots/59834ea6-6d89-4f91-b20c-c9e7ca3db1ba
Nov 02 14:25:36.921587 dv-cinder-862365-4-smb devstack@c-api.service[111663]: DEBUG cinder.api.middleware.request_id [None req-eccfa85d-803a-4d40-9dc2-7d9ca1fbda35 None None] RequestId filter calling following filter/app {{(pid=111663) _context_setter /opt/stack/cinder/cinder/api/middleware/request_id.py:62}}
Nov 02 14:25:36.927044 dv-cinder-862365-4-smb devstack@c-api.service[111663]: INFO cinder.api.openstack.wsgi [None req-eccfa85d-803a-4d40-9dc2-7d9ca1fbda35 tempest-GroupSnapshotsTest-1530851409 tempest-GroupSnapshotsTest-1530851409-project] GET http://10.222.0.13/volume/v3/0264e274396044dababaf260b7e659ac/volumes/8fd136d8-91c2-45ef-a406-587f1a15b666
Nov 02 14:25:36.927607 dv-cinder-862365-4-smb devstack@c-api.service[111663]: DEBUG cinder.api.openstack.wsgi [None req-eccfa85d-803a-4d40-9dc2-7d9ca1fbda35 tempest-GroupSnapshotsTest-1530851409 tempest-GroupSnapshotsTest-1530851409-project] Empty body provided in request {{(pid=111663) get_body /opt/stack/cinder/cinder/api/openstack/wsgi.py:715}}
Nov 02 14:25:36.928066 dv-cinder-862365-4-smb devstack@c-api.service[111663]: DEBUG cinder.api.openstack.wsgi [None req-eccfa85d-803a-4d40-9dc2-7d9ca1fbda35 tempest-GroupSnapshotsTest-1530851409 tempest-GroupSnapshotsTest-1530851409-project] Calling method 'show' {{(pid=111663) _process_stack /opt/stack/cinder/cinder/api/openstack/wsgi.py:868}}
Nov 02 14:25:36.928831 dv-cinder-862365-4-smb devstack@c-api.service[111662]: DEBUG cinder.api.openstack.wsgi [req-845ea053-baa1-4d0d-9cf3-e7178b5b4689 req-4c37833a-155b-4917-a0b7-08b734ebb295 tempest-VolumesSnapshotsTestJSON-1589347145 tempest-VolumesSnapshotsTestJSON-1589347145-project] Empty body provided in request {{(pid=111662) get_body /opt/stack/cinder/cinder/api/openstack/wsgi.py:715}}
