Oct 28 19:46:33.216903 dv-cinder-862365-2-iscsi devstack@keystone.service[81614]: ERROR keystone.server.flask.application
File "/opt/stack/keystone/keystone/common/rbac_enforcer/enforcer.py", line 402, in enforce_call
Oct 28 19:46:33.216903 dv-cinder-862365-2-iscsi devstack@keystone.service[81614]: ERROR keystone.server.flask.application policy_dict.update(cls._extract_member_target_data(
Oct 28 19:46:33.216903 dv-cinder-862365-2-iscsi devstack@keystone.service[81614]: ERROR keystone.server.flask.application
File "/opt/stack/keystone/keystone/common/rbac_enforcer/enforcer.py", line 234, in _extract_member_target_data
Oct 28 19:46:33.216903 dv-cinder-862365-2-iscsi devstack@keystone.service[81614]: ERROR keystone.server.flask.application member_name: func(flask.request.view_args[key])
Oct 28 19:46:33.216903 dv-cinder-862365-2-iscsi devstack@keystone.service[81614]: ERROR keystone.server.flask.application
File "/opt/stack/keystone/keystone/common/manager.py", line 115, in wrapped
Oct 28 19:46:33.216903 dv-cinder-862365-2-iscsi devstack@keystone.service[81614]: ERROR keystone.server.flask.application __ret_val = __f(*args, **kwargs)
Oct 28 19:46:33.216903 dv-cinder-862365-2-iscsi devstack@keystone.service[81614]: ERROR keystone.server.flask.application
File "/usr/local/lib/python3.8/dist-packages/decorator.py", line 232, in fun
Oct 28 19:46:33.216903 dv-cinder-862365-2-iscsi devstack@keystone.service[81614]: ERROR keystone.server.flask.application return caller(func, *(extras + args), **kw)
Oct 28 19:46:33.216903 dv-cinder-862365-2-iscsi devstack@keystone.service[81614]: ERROR keystone.server.flask.application
File "/usr/local/lib/python3.8/dist-packages/dogpile/cache/region.py", line 1577, in get_or_create_for_user_func
Oct 28 19:46:33.216903 dv-cinder-862365-2-iscsi devstack@keystone.service[81614]: ERROR keystone.server.flask.application return self.get_or_create(
Oct 28 19:46:33.216903 dv-cinder-862365-2-iscsi devstack@keystone.service[81614]: ERROR keystone.server.flask.application
File "/usr/local/lib/python3.8/dist-packages/dogpile/cache/region.py", line 1042, in get_or_create
Oct 28 19:46:33.216903 dv-cinder-862365-2-iscsi devstack@keystone.service[81614]: ERROR keystone.server.flask.application with Lock(
Oct 28 19:46:33.216903 dv-cinder-862365-2-iscsi devstack@keystone.service[81614]: ERROR keystone.server.flask.application
File "/usr/local/lib/python3.8/dist-packages/dogpile/lock.py", line 185, in __enter__
Oct 28 19:46:33.216903 dv-cinder-862365-2-iscsi devstack@keystone.service[81614]: ERROR keystone.server.flask.application return self._enter()
Oct 28 19:46:33.216903 dv-cinder-862365-2-iscsi devstack@keystone.service[81614]: ERROR keystone.server.flask.application
File "/usr/local/lib/python3.8/dist-packages/dogpile/lock.py", line 94, in _enter
Oct 28 19:46:33.216903 dv-cinder-862365-2-iscsi devstack@keystone.service[81614]: ERROR keystone.server.flask.application generated = self._enter_create(value, createdtime)
Oct 28 19:46:33.217714 dv-cinder-862365-2-iscsi devstack@keystone.service[81614]: ERROR keystone.server.flask.application
File "/usr/local/lib/python3.8/dist-packages/dogpile/lock.py", line 178, in _enter_create
Oct 28 19:46:33.217714 dv-cinder-862365-2-iscsi devstack@keystone.service[81614]: ERROR keystone.server.flask.application return self.creator()
Oct 28 19:46:33.217714 dv-cinder-862365-2-iscsi devstack@keystone.service[81614]: ERROR keystone.server.flask.application
File "/usr/local/lib/python3.8/dist-packages/dogpile/cache/region.py", line 995, in gen_value
Oct 28 19:46:33.217714 dv-cinder-862365-2-iscsi devstack@keystone.service[81614]: ERROR keystone.server.flask.application created_value = creator(
Oct 28 19:46:33.217714 dv-cinder-862365-2-iscsi devstack@keystone.service[81614]: ERROR keystone.server.flask.application
File "/opt/stack/keystone/keystone/assignment/core.py", line 1276, in get_role
Oct 28 19:46:33.217714 dv-cinder-862365-2-iscsi devstack@keystone.service[81614]: ERROR keystone.server.flask.application return self.driver.get_role(role_id)
Oct 28 19:46:33.217714 dv-cinder-862365-2-iscsi devstack@keystone.service[81614]: ERROR keystone.server.flask.application
File "/opt/stack/keystone/keystone/assignment/role_backends/sql.py", line 70, in get_role
Oct 28 19:46:33.217714 dv-cinder-862365-2-iscsi devstack@keystone.service[81614]: ERROR keystone.server.flask.application return self._get_role(session, role_id).to_dict()
Oct 28 19:46:33.217714 dv-cinder-862365-2-iscsi devstack@keystone.service[81614]: ERROR keystone.server.flask.application
File "/opt/stack/keystone/keystone/assignment/role_backends/sql.py", line 65, in _get_role
Oct 28 19:46:33.217714 dv-cinder-862365-2-iscsi devstack@keystone.service[81614]: ERROR keystone.server.flask.application raise exception.RoleNotFound(role_id=role_id)
Oct 28 19:46:33.217714 dv-cinder-862365-2-iscsi devstack@keystone.service[81614]: ERROR keystone.server.flask.application keystone.exception.RoleNotFound: Could not find role: admin.
Oct 28 19:46:33.217714 dv-cinder-862365-2-iscsi devstack@keystone.service[81614]: ERROR keystone.server.flask.application
Oct 28 19:46:33.218284 dv-cinder-862365-2-iscsi devstack@keystone.service[81614]: [pid: 81614|app: 0|req: 52/111] 10.222.0.66 () {56 vars in 1096 bytes} [Fri Oct 28 19:46:33 2022] GET /identity/v3/roles/admin => generated 83 bytes in 167 msecs (HTTP/1.1 404) 5 headers in 183 bytes (1 switches on core 0)
Oct 28 19:46:33.218830 dv-cinder-862365-2-iscsi devstack@keystone.service[81614]: DEBUG keystone.server.flask.request_processing.middleware.auth_context [None req-07adcc8d-069e-41c0-8419-27aaa826c215 None admin] Authenticating user token {{(pid=81614) process_request /usr/local/lib/python3.8/dist-packages/keystonemiddleware/auth_token/__init__.py:407}}
Oct 28 19:46:33.223575 dv-cinder-862365-2-iscsi devstack@keystone.service[81614]: DEBUG dbcounter [-] [81614] Writing DB stats keystone:SELECT=100 {{(pid=81614) stat_writer /usr/local/lib/python3.8/dist-packages/dbcounter.py:114}}
Oct 28 19:46:33.259235 dv-cinder-862365-2-iscsi devstack@keystone.service[81613]: DEBUG keystone.server.flask.request_processing.middleware.auth_context [None req-c9ff80c7-a095-45dc-871d-986ee62f909f None admin] Validating token access rules against request {{(pid=81613) validate_allowed_request /usr/local/lib/python3.8/dist-packages/keystonemiddleware/auth_token/__init__.py:545}}
Oct 28 19:46:33.304745 dv-cinder-862365-2-iscsi devstack@keystone.service[81613]: DEBUG keystone.server.flask.request_processing.middleware.auth_context [None req-c354d550-127f-4caa-8069-26b9c127824e None admin] RBAC: auth_context: {'token': , 'domain_id': None, 'trust_id': None, 'trustor_id': None, 'trustee_id': None, 'domain_name': None, 'group_ids': [], 'user_id': '8481404e88e44e68b2c70669768eebe2', 'user_domain_id': 'default', 'system_scope': 'all', 'project_id': None, 'project_domain_id': None, 'roles': ['admin', 'member', 'reader'], 'is_admin_project': True, 'service_user_id': None, 'service_user_domain_id': None, 'service_project_id': None, 'service_project_domain_id': None, 'service_roles': []} {{(pid=81613) fill_context /opt/stack/keystone/keystone/server/flask/request_processing/middleware/auth_context.py:478}}
Oct 28 19:46:33.305837 dv-cinder-862365-2-iscsi devstack@keystone.service[81613]: DEBUG keystone.server.flask.request_processing.req_logging [None req-c354d550-127f-4caa-8069-26b9c127824e None admin] REQUEST_METHOD: `GET` {{(pid=81613) log_request_info /opt/stack/keystone/keystone/server/flask/request_processing/req_logging.py:27}}
Oct 28 19:46:33.306126 dv-cinder-862365-2-iscsi devstack@keystone.service[81613]: DEBUG keystone.server.flask.request_processing.req_logging [None req-c354d550-127f-4caa-8069-26b9c127824e None admin] SCRIPT_NAME: `/identity` {{(pid=81613) log_request_info /opt/stack/keystone/keystone/server/flask/request_processing/req_logging.py:28}}
Oct 28 19:46:33.306404 dv-cinder-862365-2-iscsi devstack@keystone.service[81613]: DEBUG keystone.server.flask.request_processing.req_logging [None req-c354d550-127f-4caa-8069-26b9c127824e None admin] PATH_INFO: `/v3/projects/4d04c8e059934c64b4f015cf4a0e6641` {{(pid=81613) log_request_info /opt/stack/keystone/keystone/server/flask/request_processing/req_logging.py:29}}
Oct 28 19:46:33.307561 dv-cinder-862365-2-iscsi devstack@keystone.service[81613]: DEBUG keystone.common.rbac_enforcer.enforcer [None req-c354d550-127f-4caa-8069-26b9c127824e None admin] RBAC: Authorizing `identity:get_project(project_id=4d04c8e059934c64b4f015cf4a0e6641)` {{(pid=81613) enforce_call /opt/stack/keystone/keystone/common/rbac_enforcer/enforcer.py:449}}
Oct 28 19:46:33.309752 dv-cinder-862365-2-iscsi devstack@keystone.service[81613]: DEBUG keystone.common.rbac_enforcer.enforcer [None req-c354d550-127f-4caa-8069-26b9c127824e None admin] RBAC: Authorization granted {{(pid=81613) enforce_call /opt/stack/keystone/keystone/common/rbac_enforcer/enforcer.py:457}}
Oct 28 19:46:33.312152 dv-cinder-862365-2-iscsi devstack@keystone.service[81613]: [pid: 81613|app: 0|req: 60/112] 10.222.0.66 () {56 vars in 1186 bytes} [Fri Oct 28 19:46:32 2022] GET /identity/v3/projects/4d04c8e059934c64b4f015cf4a0e6641 => generated 298 bytes in 360 msecs (HTTP/1.1 200) 5 headers in 177 bytes (2 switches on core 0)
Oct 28 19:46:33.317577 dv-cinder-862365-2-iscsi devstack@keystone.service[81613]: DEBUG keystone.server.flask.request_processing.middleware.auth_context [None req-c354d550-127f-4caa-8069-26b9c127824e None admin] Authenticating user token {{(pid=81613) process_request /usr/local/lib/python3.8/dist-packages/keystonemiddleware/auth_token/__init__.py:407}}
Oct 28 19:46:33.336392 dv-cinder-862365-2-iscsi devstack@keystone.service[81614]: DEBUG keystone.server.flask.request_processing.middleware.auth_context [None req-07adcc8d-069e-41c0-8419-27aaa826c215 None admin] Validating token access rules against request {{(pid=81614) validate_allowed_request /usr/local/lib/python3.8/dist-packages/keystonemiddleware/auth_token/__init__.py:545}}
Oct 28 19:46:33.342909 dv-cinder-862365-2-iscsi devstack@keystone.service[81613]: DEBUG dbcounter [-] [81613] Writing DB stats keystone:SELECT=100 {{(pid=81613) stat_writer /usr/local/lib/python3.8/dist-packages/dbcounter.py:114}}
Oct 28 19:46:33.377052 dv-cinder-862365-2-iscsi devstack@keystone.service[81614]: DEBUG keystone.server.flask.request_processing.middleware.auth_context [None req-9a68bf08-4450-4312-9452-0739e5e4eb2c None admin] RBAC: auth_context: {'token': , 'domain_id': None, 'trust_id': None, 'trustor_id': None, 'trustee_id': None, 'domain_name': None, 'group_ids': [], 'user_id': '8481404e88e44e68b2c70669768eebe2', 'user_domain_id': 'default', 'system_scope': 'all', 'project_id': None, 'project_domain_id': None, 'roles': ['admin', 'member', 'reader'], 'is_admin_project': True, 'service_user_id': None, 'service_user_domain_id': None, 'service_project_id': None, 'service_project_domain_id': None, 'service_roles': []} {{(pid=81614) fill_context /opt/stack/keystone/keystone/server/flask/request_processing/middleware/auth_context.py:478}}
Oct 28 19:46:33.377856 dv-cinder-862365-2-iscsi devstack@keystone.service[81614]: DEBUG keystone.server.flask.request_processing.req_logging [None req-9a68bf08-4450-4312-9452-0739e5e4eb2c None admin] REQUEST_METHOD: `GET` {{(pid=81614) log_request_info /opt/stack/keystone/keystone/server/flask/request_processing/req_logging.py:27}}
Oct 28 19:46:33.378202 dv-cinder-862365-2-iscsi devstack@keystone.service[81614]: DEBUG keystone.server.flask.request_processing.req_logging [None req-9a68bf08-4450-4312-9452-0739e5e4eb2c None admin] SCRIPT_NAME: `/identity` {{(pid=81614) log_request_info /opt/stack/keystone/keystone/server/flask/request_processing/req_logging.py:28}}
Oct 28 19:46:33.378486 dv-cinder-862365-2-iscsi devstack@keystone.service[81614]: DEBUG keystone.server.flask.request_processing.req_logging [None req-9a68bf08-4450-4312-9452-0739e5e4eb2c None admin] PATH_INFO: `/v3/roles` {{(pid=81614) log_request_info /opt/stack/keystone/keystone/server/flask/request_processing/req_logging.py:29}}
Oct 28 19:46:33.379155 dv-cinder-862365-2-iscsi devstack@keystone.service[81614]: DEBUG keystone.common.rbac_enforcer.enforcer [None req-9a68bf08-4450-4312-9452-0739e5e4eb2c None admin] RBAC: Adding query filter params (name=member) {{(pid=81614) _extract_filter_values /opt/stack/keystone/keystone/common/rbac_enforcer/enforcer.py:167}}
Oct 28 19:46:33.379524 dv-cinder-862365-2-iscsi devstack@keystone.service[81614]: DEBUG keystone.common.rbac_enforcer.enforcer [None req-9a68bf08-4450-4312-9452-0739e5e4eb2c None admin] RBAC: Authorizing `identity:list_roles()` {{(pid=81614) enforce_call /opt/stack/keystone/keystone/common/rbac_enforcer/enforcer.py:449}}
Oct 28 19:46:33.381068 dv-cinder-862365-2-iscsi devstack@keystone.service[81614]: DEBUG keystone.common.rbac_enforcer.enforcer [None req-9a68bf08-4450-4312-9452-0739e5e4eb2c None admin] RBAC: Authorization granted {{(pid=81614) enforce_call /opt/stack/keystone/keystone/common/rbac_enforcer/enforcer.py:457}}
Oct 28 19:46:33.390680 dv-cinder-862365-2-iscsi devstack@keystone.service[81614]: [pid: 81614|app: 0|req: 53/113] 10.222.0.66 () {56 vars in 1101 bytes} [Fri Oct 28 19:46:33 2022] GET /identity/v3/roles?name=member => generated 341 bytes in 172 msecs (HTTP/1.1 200) 5 headers in 177 bytes (1 switches on core 0)
Oct 28 19:46:33.391510 dv-cinder-862365-2-iscsi devstack@keystone.service[81614]: DEBUG keystone.server.flask.request_processing.middleware.auth_context [None req-9a68bf08-4450-4312-9452-0739e5e4eb2c None admin] Authenticating user token {{(pid=81614) process_request /usr/local/lib/python3.8/dist-packages/keystonemiddleware/auth_token/__init__.py:407}}
Oct 28 19:46:33.428929 dv-cinder-862365-2-iscsi devstack@keystone.service[81613]: DEBUG keystone.server.flask.request_processing.middleware.auth_context [None req-c354d550-127f-4caa-8069-26b9c127824e None admin] Validating token access rules against request {{(pid=81613) validate_allowed_request /usr/local/lib/python3.8/dist-packages/keystonemiddleware/auth_token/__init__.py:545}}
Oct 28 19:46:33.458079 dv-cinder-862365-2-iscsi devstack@keystone.service[81614]: DEBUG dbcounter [-] [81614] Writing DB stats keystone:SELECT=100 {{(pid=81614) stat_writer /usr/local/lib/python3.8/dist-packages/dbcounter.py:114}}
Oct 28 19:46:33.466143 dv-cinder-862365-2-iscsi devstack@keystone.service[81613]: DEBUG keystone.server.flask.request_processing.middleware.auth_context [None req-179c38d7-28c8-4e16-8ba5-1ed1f6ae66a2 None admin] RBAC: auth_context: {'token': , 'domain_id': None, 'trust_id': None, 'trustor_id': None, 'trustee_id': None, 'domain_name': None, 'group_ids': [], 'user_id': '8481404e88e44e68b2c70669768eebe2', 'user_domain_id': 'default', 'system_scope': 'all', 'project_id': None, 'project_domain_id': None, 'roles': ['admin', 'member', 'reader'], 'is_admin_project': True, 'service_user_id': None, 'service_user_domain_id': None, 'service_project_id': None, 'service_project_domain_id': None, 'service_roles': []} {{(pid=81613) fill_context /opt/stack/keystone/keystone/server/flask/request_processing/middleware/auth_context.py:478}}
Oct 28 19:46:33.476296 dv-cinder-862365-2-iscsi devstack@keystone.service[81613]: DEBUG keystone.server.flask.request_processing.req_logging [None req-179c38d7-28c8-4e16-8ba5-1ed1f6ae66a2 None admin] REQUEST_METHOD: `GET` {{(pid=81613) log_request_info /opt/stack/keystone/keystone/server/flask/request_processing/req_logging.py:27}}
Oct 28 19:46:33.476296 dv-cinder-862365-2-iscsi devstack@keystone.service[81613]: DEBUG keystone.server.flask.request_processing.req_logging [None req-179c38d7-28c8-4e16-8ba5-1ed1f6ae66a2 None admin] SCRIPT_NAME: `/identity` {{(pid=81613) log_request_info /opt/stack/keystone/keystone/server/flask/request_processing/req_logging.py:28}}
Oct 28 19:46:33.476296 dv-cinder-862365-2-iscsi devstack@keystone.service[81613]: DEBUG keystone.server.flask.request_processing.req_logging [None req-179c38d7-28c8-4e16-8ba5-1ed1f6ae66a2 None admin] PATH_INFO: `/v3/roles` {{(pid=81613) log_request_info /opt/stack/keystone/keystone/server/flask/request_processing/req_logging.py:29}}
Oct 28 19:46:33.476296 dv-cinder-862365-2-iscsi devstack@keystone.service[81613]: DEBUG keystone.common.rbac_enforcer.enforcer [None req-179c38d7-28c8-4e16-8ba5-1ed1f6ae66a2 None admin] RBAC: Adding query filter params (name=admin) {{(pid=81613) _extract_filter_values /opt/stack/keystone/keystone/common/rbac_enforcer/enforcer.py:167}}
Oct 28 19:46:33.476296 dv-cinder-862365-2-iscsi devstack@keystone.service[81613]: DEBUG keystone.common.rbac_enforcer.enforcer [None req-179c38d7-28c8-4e16-8ba5-1ed1f6ae66a2 None admin] RBAC: Authorizing `identity:list_roles()` {{(pid=81613) enforce_call /opt/stack/keystone/keystone/common/rbac_enforcer/enforcer.py:449}}
Oct 28 19:46:33.476296 dv-cinder-862365-2-iscsi devstack@keystone.service[81613]: DEBUG keystone.common.rbac_enforcer.enforcer [None req-179c38d7-28c8-4e16-8ba5-1ed1f6ae66a2 None admin] RBAC: Authorization granted {{(pid=81613) enforce_call /opt/stack/keystone/keystone/common/rbac_enforcer/enforcer.py:457}}
Oct 28 19:46:33.478671 dv-cinder-862365-2-iscsi devstack@keystone.service[81613]: [pid: 81613|app: 0|req: 61/114] 10.222.0.66 () {56 vars in 1099 bytes} [Fri Oct 28 19:46:33 2022] GET /identity/v3/roles?name=admin => generated 339 bytes in 166 msecs (HTTP/1.1 200) 5 headers in 177 bytes (1 switches on core 0)
Oct 28 19:46:33.479498 dv-cinder-862365-2-iscsi devstack@keystone.service[81613]: DEBUG keystone.server.flask.request_processing.middleware.auth_context [None req-179c38d7-28c8-4e16-8ba5-1ed1f6ae66a2 None admin] Authenticating user token {{(pid=81613) process_request /usr/local/lib/python3.8/dist-packages/keystonemiddleware/auth_token/__init__.py:407}}
Oct 28 19:46:33.512778 dv-cinder-862365-2-iscsi devstack@keystone.service[81614]: DEBUG keystone.server.flask.request_processing.middleware.auth_context [None req-9a68bf08-4450-4312-9452-0739e5e4eb2c None admin] Validating token access rules against request {{(pid=81614) validate_allowed_request /usr/local/lib/python3.8/dist-packages/keystonemiddleware/auth_token/__init__.py:545}}
Oct 28 19:46:33.558685 dv-cinder-862365-2-iscsi devstack@keystone.service[81614]: DEBUG keystone.server.flask.request_processing.middleware.auth_context [None req-f46dabdc-1e3f-468b-a0fd-1d5abad02b96 None admin] RBAC: auth_context: {'token': , 'domain_id': None, 'trust_id': None, 'trustor_id': None, 'trustee_id': None, 'domain_name': None, 'group_ids': [], 'user_id': '8481404e88e44e68b2c70669768eebe2', 'user_domain_id': 'default', 'system_scope': 'all', 'project_id': None, 'project_domain_id': None, 'roles': ['admin', 'member', 'reader'], 'is_admin_project': True, 'service_user_id': None, 'service_user_domain_id': None, 'service_project_id': None, 'service_project_domain_id': None, 'service_roles': []} {{(pid=81614) fill_context /opt/stack/keystone/keystone/server/flask/request_processing/middleware/auth_context.py:478}}
Oct 28 19:46:33.559597 dv-cinder-862365-2-iscsi devstack@keystone.service[81614]: DEBUG keystone.server.flask.request_processing.req_logging [None req-f46dabdc-1e3f-468b-a0fd-1d5abad02b96 None admin] REQUEST_METHOD: `GET` {{(pid=81614) log_request_info /opt/stack/keystone/keystone/server/flask/request_processing/req_logging.py:27}}
Oct 28 19:46:33.559885 dv-cinder-862365-2-iscsi devstack@keystone.service[81614]: DEBUG keystone.server.flask.request_processing.req_logging [None req-f46dabdc-1e3f-468b-a0fd-1d5abad02b96 None admin] SCRIPT_NAME: `/identity` {{(pid=81614) log_request_info /opt/stack/keystone/keystone/server/flask/request_processing/req_logging.py:28}}
Oct 28 19:46:33.560161 dv-cinder-862365-2-iscsi devstack@keystone.service[81614]: DEBUG keystone.server.flask.request_processing.req_logging [None req-f46dabdc-1e3f-468b-a0fd-1d5abad02b96 None admin] PATH_INFO: `/v3/roles/anotherrole` {{(pid=81614) log_request_info /opt/stack/keystone/keystone/server/flask/request_processing/req_logging.py:29}}
Oct 28 19:46:33.571416 dv-cinder-862365-2-iscsi devstack@keystone.service[81614]: DEBUG keystone.common.rbac_enforcer.enforcer [None req-f46dabdc-1e3f-468b-a0fd-1d5abad02b96 None admin] Extracting inferred target data resulted in "NOT FOUND (404)". {{(pid=81614) enforce_call /opt/stack/keystone/keystone/common/rbac_enforcer/enforcer.py:409}}
Oct 28 19:46:33.571898 dv-cinder-862365-2-iscsi devstack@keystone.service[81613]: DEBUG dbcounter [-] [81613] Writing DB stats keystone:SELECT=100 {{(pid=81613) stat_writer /usr/local/lib/python3.8/dist-packages/dbcounter.py:114}}
Oct 28 19:46:33.577109 dv-cinder-862365-2-iscsi devstack@keystone.service[81614]: ERROR keystone.server.flask.application [None req-f46dabdc-1e3f-468b-a0fd-1d5abad02b96 None admin] Could not find role: anotherrole.: keystone.exception.RoleNotFound: Could not find role: anotherrole.
Oct 28 19:46:33.577109 dv-cinder-862365-2-iscsi devstack@keystone.service[81614]: ERROR keystone.server.flask.application
Traceback (most recent call last):
Oct 28 19:46:33.577109 dv-cinder-862365-2-iscsi devstack@keystone.service[81614]: ERROR keystone.server.flask.application
File "/usr/local/lib/python3.8/dist-packages/flask/app.py", line 1820, in full_dispatch_request
Oct 28 19:46:33.577109 dv-cinder-862365-2-iscsi devstack@keystone.service[81614]: ERROR keystone.server.flask.application rv = self.dispatch_request()
Oct 28 19:46:33.577109 dv-cinder-862365-2-iscsi devstack@keystone.service[81614]: ERROR keystone.server.flask.application
File "/usr/local/lib/python3.8/dist-packages/flask/app.py", line 1796, in dispatch_request
Oct 28 19:46:33.577109 dv-cinder-862365-2-iscsi devstack@keystone.service[81614]: ERROR keystone.server.flask.application return self.ensure_sync(self.view_functions[rule.endpoint])(**view_args)
Oct 28 19:46:33.577109 dv-cinder-862365-2-iscsi devstack@keystone.service[81614]: ERROR keystone.server.flask.application
File "/usr/local/lib/python3.8/dist-packages/flask_restful/__init__.py", line 467, in wrapper
Oct 28 19:46:33.577109 dv-cinder-862365-2-iscsi devstack@keystone.service[81614]: ERROR keystone.server.flask.application resp = resource(*args, **kwargs)
Oct 28 19:46:33.577109 dv-cinder-862365-2-iscsi devstack@keystone.service[81614]: ERROR keystone.server.flask.application
File "/usr/local/lib/python3.8/dist-packages/flask/views.py", line 107, in view
Oct 28 19:46:33.577109 dv-cinder-862365-2-iscsi devstack@keystone.service[81614]: ERROR keystone.server.flask.application return current_app.ensure_sync(self.dispatch_request)(**kwargs)
Oct 28 19:46:33.577109 dv-cinder-862365-2-iscsi devstack@keystone.service[81614]: ERROR keystone.server.flask.application
File "/usr/local/lib/python3.8/dist-packages/flask_restful/__init__.py", line 582, in dispatch_request
Oct 28 19:46:33.577109 dv-cinder-862365-2-iscsi devstack@keystone.service[81614]: ERROR keystone.server.flask.application resp = meth(*args, **kwargs)
Oct 28 19:46:33.577109 dv-cinder-862365-2-iscsi devstack@keystone.service[81614]: ERROR keystone.server.flask.application
File "/opt/stack/keystone/keystone/api/roles.py", line 50, in get
Oct 28 19:46:33.577109 dv-cinder-862365-2-iscsi devstack@keystone.service[81614]: ERROR keystone.server.flask.application return self._get_role(role_id)
Oct 28 19:46:33.577109 dv-cinder-862365-2-iscsi devstack@keystone.service[81614]: ERROR keystone.server.flask.application
File "/opt/stack/keystone/keystone/api/roles.py", line 70, in _get_role
Oct 28 19:46:33.577109 dv-cinder-862365-2-iscsi devstack@keystone.service[81614]: ERROR keystone.server.flask.application ENFORCER.enforce_call(action='identity:get_role')
Oct 28 19:46:33.579145 dv-cinder-862365-2-iscsi devstack@keystone.service[81614]: ERROR keystone.server.flask.application
File "/opt/stack/keystone/keystone/common/rbac_enforcer/enforcer.py", line 402, in enforce_call
Oct 28 19:46:33.579145 dv-cinder-862365-2-iscsi devstack@keystone.service[81614]: ERROR keystone.server.flask.application policy_dict.update(cls._extract_member_target_data(
Oct 28 19:46:33.579145 dv-cinder-862365-2-iscsi devstack@keystone.service[81614]: ERROR keystone.server.flask.application
File "/opt/stack/keystone/keystone/common/rbac_enforcer/enforcer.py", line 234, in _extract_member_target_data
Oct 28 19:46:33.579145 dv-cinder-862365-2-iscsi devstack@keystone.service[81614]: ERROR keystone.server.flask.application member_name: func(flask.request.view_args[key])
Oct 28 19:46:33.579145 dv-cinder-862365-2-iscsi devstack@keystone.service[81614]: ERROR keystone.server.flask.application
File "/opt/stack/keystone/keystone/common/manager.py", line 115, in wrapped
Oct 28 19:46:33.579145 dv-cinder-862365-2-iscsi devstack@keystone.service[81614]: ERROR keystone.server.flask.application __ret_val = __f(*args, **kwargs)
Oct 28 19:46:33.579145 dv-cinder-862365-2-iscsi devstack@keystone.service[81614]: ERROR keystone.server.flask.application
File "/usr/local/lib/python3.8/dist-packages/decorator.py", line 232, in fun
Oct 28 19:46:33.579145 dv-cinder-862365-2-iscsi devstack@keystone.service[81614]: ERROR keystone.server.flask.application return caller(func, *(extras + args), **kw)
Oct 28 19:46:33.579145 dv-cinder-862365-2-iscsi devstack@keystone.service[81614]: ERROR keystone.server.flask.application
File "/usr/local/lib/python3.8/dist-packages/dogpile/cache/region.py", line 1577, in get_or_create_for_user_func
Oct 28 19:46:33.579145 dv-cinder-862365-2-iscsi devstack@keystone.service[81614]: ERROR keystone.server.flask.application return self.get_or_create(
Oct 28 19:46:33.579145 dv-cinder-862365-2-iscsi devstack@keystone.service[81614]: ERROR keystone.server.flask.application
File "/usr/local/lib/python3.8/dist-packages/dogpile/cache/region.py", line 1042, in get_or_create
Oct 28 19:46:33.579145 dv-cinder-862365-2-iscsi devstack@keystone.service[81614]: ERROR keystone.server.flask.application with Lock(
Oct 28 19:46:33.579145 dv-cinder-862365-2-iscsi devstack@keystone.service[81614]: ERROR keystone.server.flask.application
File "/usr/local/lib/python3.8/dist-packages/dogpile/lock.py", line 185, in __enter__
Oct 28 19:46:33.579145 dv-cinder-862365-2-iscsi devstack@keystone.service[81614]: ERROR keystone.server.flask.application return self._enter()
Oct 28 19:46:33.579145 dv-cinder-862365-2-iscsi devstack@keystone.service[81614]: ERROR keystone.server.flask.application
File "/usr/local/lib/python3.8/dist-packages/dogpile/lock.py", line 94, in _enter
Oct 28 19:46:33.579145 dv-cinder-862365-2-iscsi devstack@keystone.service[81614]: ERROR keystone.server.flask.application generated = self._enter_create(value, createdtime)
Oct 28 19:46:33.580559 dv-cinder-862365-2-iscsi devstack@keystone.service[81614]: ERROR keystone.server.flask.application
File "/usr/local/lib/python3.8/dist-packages/dogpile/lock.py", line 178, in _enter_create
Oct 28 19:46:33.580559 dv-cinder-862365-2-iscsi devstack@keystone.service[81614]: ERROR keystone.server.flask.application return self.creator()
Oct 28 19:46:33.580559 dv-cinder-862365-2-iscsi devstack@keystone.service[81614]: ERROR keystone.server.flask.application
File "/usr/local/lib/python3.8/dist-packages/dogpile/cache/region.py", line 995, in gen_value
Oct 28 19:46:33.580559 dv-cinder-862365-2-iscsi devstack@keystone.service[81614]: ERROR keystone.server.flask.application created_value = creator(
Oct 28 19:46:33.580559 dv-cinder-862365-2-iscsi devstack@keystone.service[81614]: ERROR keystone.server.flask.application
File "/opt/stack/keystone/keystone/assignment/core.py", line 1276, in get_role
Oct 28 19:46:33.580559 dv-cinder-862365-2-iscsi devstack@keystone.service[81614]: ERROR keystone.server.flask.application return self.driver.get_role(role_id)
Oct 28 19:46:33.580559 dv-cinder-862365-2-iscsi devstack@keystone.service[81614]: ERROR keystone.server.flask.application
File "/opt/stack/keystone/keystone/assignment/role_backends/sql.py", line 70, in get_role
Oct 28 19:46:33.580559 dv-cinder-862365-2-iscsi devstack@keystone.service[81614]: ERROR keystone.server.flask.application return self._get_role(session, role_id).to_dict()
Oct 28 19:46:33.580559 dv-cinder-862365-2-iscsi devstack@keystone.service[81614]: ERROR keystone.server.flask.application
File "/opt/stack/keystone/keystone/assignment/role_backends/sql.py", line 65, in _get_role
Oct 28 19:46:33.580559 dv-cinder-862365-2-iscsi devstack@keystone.service[81614]: ERROR keystone.server.flask.application raise exception.RoleNotFound(role_id=role_id)
Oct 28 19:46:33.580559 dv-cinder-862365-2-iscsi devstack@keystone.service[81614]: ERROR keystone.server.flask.application keystone.exception.RoleNotFound: Could not find role: anotherrole.
Oct 28 19:46:33.580559 dv-cinder-862365-2-iscsi devstack@keystone.service[81614]: ERROR keystone.server.flask.application
Oct 28 19:46:33.580559 dv-cinder-862365-2-iscsi devstack@keystone.service[81614]: [pid: 81614|app: 0|req: 54/115] 10.222.0.66 () {56 vars in 1114 bytes} [Fri Oct 28 19:46:33 2022] GET /identity/v3/roles/anotherrole => generated 89 bytes in 188 msecs (HTTP/1.1 404) 5 headers in 183 bytes (1 switches on core 0)
Oct 28 19:46:33.580559 dv-cinder-862365-2-iscsi devstack@keystone.service[81614]: DEBUG keystone.server.flask.request_processing.middleware.auth_context [None req-f46dabdc-1e3f-468b-a0fd-1d5abad02b96 None admin] Authenticating user token {{(pid=81614) process_request /usr/local/lib/python3.8/dist-packages/keystonemiddleware/auth_token/__init__.py:407}}
Oct 28 19:46:33.588899 dv-cinder-862365-2-iscsi devstack@keystone.service[81613]: DEBUG keystone.server.flask.request_processing.middleware.auth_context [None req-179c38d7-28c8-4e16-8ba5-1ed1f6ae66a2 None admin] Validating token access rules against request {{(pid=81613) validate_allowed_request /usr/local/lib/python3.8/dist-packages/keystonemiddleware/auth_token/__init__.py:545}}
Oct 28 19:46:33.626665 dv-cinder-862365-2-iscsi devstack@keystone.service[81613]: DEBUG keystone.server.flask.request_processing.middleware.auth_context [None req-6f4cd0e0-51cb-4cab-b85f-025b46f7dcf8 None admin] RBAC: auth_context: {'token': , 'domain_id': None, 'trust_id': None, 'trustor_id': None, 'trustee_id': None, 'domain_name': None, 'group_ids': [], 'user_id': '8481404e88e44e68b2c70669768eebe2', 'user_domain_id': 'default', 'system_scope': 'all', 'project_id': None, 'project_domain_id': None, 'roles': ['admin', 'member', 'reader'], 'is_admin_project': True, 'service_user_id': None, 'service_user_domain_id': None, 'service_project_id': None, 'service_project_domain_id': None, 'service_roles': []} {{(pid=81613) fill_context /opt/stack/keystone/keystone/server/flask/request_processing/middleware/auth_context.py:478}}
Oct 28 19:46:33.627384 dv-cinder-862365-2-iscsi devstack@keystone.service[81613]: DEBUG keystone.server.flask.request_processing.req_logging [None req-6f4cd0e0-51cb-4cab-b85f-025b46f7dcf8 None admin] REQUEST_METHOD: `GET` {{(pid=81613) log_request_info /opt/stack/keystone/keystone/server/flask/request_processing/req_logging.py:27}}
Oct 28 19:46:33.627672 dv-cinder-862365-2-iscsi devstack@keystone.service[81613]: DEBUG keystone.server.flask.request_processing.req_logging [None req-6f4cd0e0-51cb-4cab-b85f-025b46f7dcf8 None admin] SCRIPT_NAME: `/identity` {{(pid=81613) log_request_info /opt/stack/keystone/keystone/server/flask/request_processing/req_logging.py:28}}
Oct 28 19:46:33.627947 dv-cinder-862365-2-iscsi devstack@keystone.service[81613]: DEBUG keystone.server.flask.request_processing.req_logging [None req-6f4cd0e0-51cb-4cab-b85f-025b46f7dcf8 None admin] PATH_INFO: `/v3/role_assignments` {{(pid=81613) log_request_info /opt/stack/keystone/keystone/server/flask/request_processing/req_logging.py:29}}
Oct 28 19:46:33.628781 dv-cinder-862365-2-iscsi devstack@keystone.service[81613]: DEBUG keystone.common.rbac_enforcer.enforcer [None req-6f4cd0e0-51cb-4cab-b85f-025b46f7dcf8 None admin] RBAC: Adding query filter params (role.id=f1f68385aeb8421b80010aaf19d20d6e, scope.project.id=4d04c8e059934c64b4f015cf4a0e6641, user.id=2e21a1848e62493eb1c08ca9a1bdbcc6) {{(pid=81613) _extract_filter_values /opt/stack/keystone/keystone/common/rbac_enforcer/enforcer.py:167}}
Oct 28 19:46:33.629095 dv-cinder-862365-2-iscsi devstack@keystone.service[81613]: DEBUG keystone.common.rbac_enforcer.enforcer [None req-6f4cd0e0-51cb-4cab-b85f-025b46f7dcf8 None admin] RBAC: Authorizing `identity:list_role_assignments()` {{(pid=81613) enforce_call /opt/stack/keystone/keystone/common/rbac_enforcer/enforcer.py:449}}
Oct 28 19:46:33.630578 dv-cinder-862365-2-iscsi devstack@keystone.service[81613]: DEBUG keystone.common.rbac_enforcer.enforcer [None req-6f4cd0e0-51cb-4cab-b85f-025b46f7dcf8 None admin] RBAC: Authorization granted {{(pid=81613) enforce_call /opt/stack/keystone/keystone/common/rbac_enforcer/enforcer.py:457}}
Oct 28 19:46:33.637624 dv-cinder-862365-2-iscsi devstack@keystone.service[81613]: [pid: 81613|app: 0|req: 62/116] 10.222.0.66 () {56 vars in 1374 bytes} [Fri Oct 28 19:46:33 2022] GET /identity/v3/role_assignments?user.id=2e21a1848e62493eb1c08ca9a1bdbcc6&scope.project.id=4d04c8e059934c64b4f015cf4a0e6641&role.id=f1f68385aeb8421b80010aaf19d20d6e => generated 608 bytes in 158 msecs (HTTP/1.1 200) 5 headers in 177 bytes (1 switches on core 0)
Oct 28 19:46:33.638434 dv-cinder-862365-2-iscsi devstack@keystone.service[81613]: DEBUG keystone.server.flask.request_processing.middleware.auth_context [None req-6f4cd0e0-51cb-4cab-b85f-025b46f7dcf8 None admin] Authenticating user token {{(pid=81613) process_request /usr/local/lib/python3.8/dist-packages/keystonemiddleware/auth_token/__init__.py:407}}
Oct 28 19:46:33.691471 dv-cinder-862365-2-iscsi devstack@keystone.service[81614]: DEBUG keystone.server.flask.request_processing.middleware.auth_context [None req-f46dabdc-1e3f-468b-a0fd-1d5abad02b96 None admin] Validating token access rules against request {{(pid=81614) validate_allowed_request /usr/local/lib/python3.8/dist-packages/keystonemiddleware/auth_token/__init__.py:545}}
Oct 28 19:46:33.707331 dv-cinder-862365-2-iscsi devstack@keystone.service[81614]: DEBUG dbcounter [-] [81614] Writing DB stats keystone:SELECT=100 {{(pid=81614) stat_writer /usr/local/lib/python3.8/dist-packages/dbcounter.py:114}}
Oct 28 19:46:33.731780 dv-cinder-862365-2-iscsi devstack@keystone.service[81614]: DEBUG keystone.server.flask.request_processing.middleware.auth_context [None req-328e3d04-9bb0-454a-8642-18be0c7952b5 None admin] RBAC: auth_context: {'token': , 'domain_id': None, 'trust_id': None, 'trustor_id': None, 'trustee_id': None, 'domain_name': None, 'group_ids': [], 'user_id': '8481404e88e44e68b2c70669768eebe2', 'user_domain_id': 'default', 'system_scope': 'all', 'project_id': None, 'project_domain_id': None, 'roles': ['admin', 'member', 'reader'], 'is_admin_project': True, 'service_user_id': None, 'service_user_domain_id': None, 'service_project_id': None, 'service_project_domain_id': None, 'service_roles': []} {{(pid=81614) fill_context /opt/stack/keystone/keystone/server/flask/request_processing/middleware/auth_context.py:478}}
Oct 28 19:46:33.734581 dv-cinder-862365-2-iscsi devstack@keystone.service[81614]: DEBUG keystone.server.flask.request_processing.req_logging [None req-328e3d04-9bb0-454a-8642-18be0c7952b5 None admin] REQUEST_METHOD: `GET` {{(pid=81614) log_request_info /opt/stack/keystone/keystone/server/flask/request_processing/req_logging.py:27}}
Oct 28 19:46:33.734581 dv-cinder-862365-2-iscsi devstack@keystone.service[81614]: DEBUG keystone.server.flask.request_processing.req_logging [None req-328e3d04-9bb0-454a-8642-18be0c7952b5 None admin] SCRIPT_NAME: `/identity` {{(pid=81614) log_request_info /opt/stack/keystone/keystone/server/flask/request_processing/req_logging.py:28}}
Oct 28 19:46:33.734581 dv-cinder-862365-2-iscsi devstack@keystone.service[81614]: DEBUG keystone.server.flask.request_processing.req_logging [None req-328e3d04-9bb0-454a-8642-18be0c7952b5 None admin] PATH_INFO: `/v3/users/2e21a1848e62493eb1c08ca9a1bdbcc6` {{(pid=81614) log_request_info /opt/stack/keystone/keystone/server/flask/request_processing/req_logging.py:29}}
Oct 28 19:46:33.734581 dv-cinder-862365-2-iscsi devstack@keystone.service[81614]: DEBUG keystone.common.rbac_enforcer.enforcer [None req-328e3d04-9bb0-454a-8642-18be0c7952b5 None admin] RBAC: Authorizing `identity:get_user(user_id=2e21a1848e62493eb1c08ca9a1bdbcc6)` {{(pid=81614) enforce_call /opt/stack/keystone/keystone/common/rbac_enforcer/enforcer.py:449}}
Oct 28 19:46:33.736009 dv-cinder-862365-2-iscsi devstack@keystone.service[81614]: DEBUG keystone.common.rbac_enforcer.enforcer [None req-328e3d04-9bb0-454a-8642-18be0c7952b5 None admin] RBAC: Authorization granted {{(pid=81614) enforce_call /opt/stack/keystone/keystone/common/rbac_enforcer/enforcer.py:457}}
Oct 28 19:46:33.738036 dv-cinder-862365-2-iscsi devstack@keystone.service[81614]: [pid: 81614|app: 0|req: 55/117] 10.222.0.66 () {56 vars in 1177 bytes} [Fri Oct 28 19:46:33 2022] GET /identity/v3/users/2e21a1848e62493eb1c08ca9a1bdbcc6 => generated 275 bytes in 158 msecs (HTTP/1.1 200) 5 headers in 177 bytes (1 switches on core 0)
Oct 28 19:46:33.738933 dv-cinder-862365-2-iscsi devstack@keystone.service[81614]: DEBUG keystone.server.flask.request_processing.middleware.auth_context [None req-328e3d04-9bb0-454a-8642-18be0c7952b5 None admin] Authenticating user token {{(pid=81614) process_request /usr/local/lib/python3.8/dist-packages/keystonemiddleware/auth_token/__init__.py:407}}
Oct 28 19:46:33.860912 dv-cinder-862365-2-iscsi devstack@keystone.service[81613]: DEBUG keystone.server.flask.request_processing.middleware.auth_context [None req-6f4cd0e0-51cb-4cab-b85f-025b46f7dcf8 None admin] Validating token access rules against request {{(pid=81613) validate_allowed_request /usr/local/lib/python3.8/dist-packages/keystonemiddleware/auth_token/__init__.py:545}}
Oct 28 19:46:33.865668 dv-cinder-862365-2-iscsi devstack@keystone.service[81614]: DEBUG keystone.server.flask.request_processing.middleware.auth_context [None req-328e3d04-9bb0-454a-8642-18be0c7952b5 None admin] Validating token access rules against request {{(pid=81614) validate_allowed_request /usr/local/lib/python3.8/dist-packages/keystonemiddleware/auth_token/__init__.py:545}}
Oct 28 19:46:33.936790 dv-cinder-862365-2-iscsi devstack@keystone.service[81613]: DEBUG keystone.server.flask.request_processing.middleware.auth_context [None req-a6576004-6a1f-47d0-b4e3-32f013f09b0f None admin] RBAC: auth_context: {'token': , 'domain_id': None, 'trust_id': None, 'trustor_id': None, 'trustee_id': None, 'domain_name': None, 'group_ids': [], 'user_id': '8481404e88e44e68b2c70669768eebe2', 'user_domain_id': 'default', 'system_scope': 'all', 'project_id': None, 'project_domain_id': None, 'roles': ['admin', 'member', 'reader'], 'is_admin_project': True, 'service_user_id': None, 'service_user_domain_id': None, 'service_project_id': None, 'service_project_domain_id': None, 'service_roles': []} {{(pid=81613) fill_context /opt/stack/keystone/keystone/server/flask/request_processing/middleware/auth_context.py:478}}
Oct 28 19:46:33.937479 dv-cinder-862365-2-iscsi devstack@keystone.service[81613]: DEBUG keystone.server.flask.request_processing.req_logging [None req-a6576004-6a1f-47d0-b4e3-32f013f09b0f None admin] REQUEST_METHOD: `GET` {{(pid=81613) log_request_info /opt/stack/keystone/keystone/server/flask/request_processing/req_logging.py:27}}
Oct 28 19:46:33.937907 dv-cinder-862365-2-iscsi devstack@keystone.service[81613]: DEBUG keystone.server.flask.request_processing.req_logging [None req-a6576004-6a1f-47d0-b4e3-32f013f09b0f None admin] SCRIPT_NAME: `/identity` {{(pid=81613) log_request_info /opt/stack/keystone/keystone/server/flask/request_processing/req_logging.py:28}}
Oct 28 19:46:33.938164 dv-cinder-862365-2-iscsi devstack@keystone.service[81613]: DEBUG keystone.server.flask.request_processing.req_logging [None req-a6576004-6a1f-47d0-b4e3-32f013f09b0f None admin] PATH_INFO: `/v3/users/8481404e88e44e68b2c70669768eebe2` {{(pid=81613) log_request_info /opt/stack/keystone/keystone/server/flask/request_processing/req_logging.py:29}}
Oct 28 19:46:33.938972 dv-cinder-862365-2-iscsi devstack@keystone.service[81614]: DEBUG keystone.server.flask.request_processing.middleware.auth_context [None req-c9f43bf2-8184-48a2-a18c-30592c73b256 None admin] RBAC: auth_context: {'token': , 'domain_id': None, 'trust_id': None, 'trustor_id': None, 'trustee_id': None, 'domain_name': None, 'group_ids': [], 'user_id': '8481404e88e44e68b2c70669768eebe2', 'user_domain_id': 'default', 'system_scope': 'all', 'project_id': None, 'project_domain_id': None, 'roles': ['admin', 'member', 'reader'], 'is_admin_project': True, 'service_user_id': None, 'service_user_domain_id': None, 'service_project_id': None, 'service_project_domain_id': None, 'service_roles': []} {{(pid=81614) fill_context /opt/stack/keystone/keystone/server/flask/request_processing/middleware/auth_context.py:478}}
Oct 28 19:46:33.939416 dv-cinder-862365-2-iscsi devstack@keystone.service[81613]: DEBUG keystone.common.rbac_enforcer.enforcer [None req-a6576004-6a1f-47d0-b4e3-32f013f09b0f None admin] RBAC: Authorizing `identity:get_user(user_id=8481404e88e44e68b2c70669768eebe2)` {{(pid=81613) enforce_call /opt/stack/keystone/keystone/common/rbac_enforcer/enforcer.py:449}}
Oct 28 19:46:33.939587 dv-cinder-862365-2-iscsi devstack@keystone.service[81614]: DEBUG keystone.server.flask.request_processing.req_logging [None req-c9f43bf2-8184-48a2-a18c-30592c73b256 None admin] REQUEST_METHOD: `GET` {{(pid=81614) log_request_info /opt/stack/keystone/keystone/server/flask/request_processing/req_logging.py:27}}
Oct 28 19:46:33.939867 dv-cinder-862365-2-iscsi devstack@keystone.service[81614]: DEBUG keystone.server.flask.request_processing.req_logging [None req-c9f43bf2-8184-48a2-a18c-30592c73b256 None admin] SCRIPT_NAME: `/identity` {{(pid=81614) log_request_info /opt/stack/keystone/keystone/server/flask/request_processing/req_logging.py:28}}
Oct 28 19:46:33.940142 dv-cinder-862365-2-iscsi devstack@keystone.service[81614]: DEBUG keystone.server.flask.request_processing.req_logging [None req-c9f43bf2-8184-48a2-a18c-30592c73b256 None admin] PATH_INFO: `/v3/roles` {{(pid=81614) log_request_info /opt/stack/keystone/keystone/server/flask/request_processing/req_logging.py:29}}
Oct 28 19:46:33.940816 dv-cinder-862365-2-iscsi devstack@keystone.service[81614]: DEBUG keystone.common.rbac_enforcer.enforcer [None req-c9f43bf2-8184-48a2-a18c-30592c73b256 None admin] RBAC: Adding query filter params (name=anotherrole) {{(pid=81614) _extract_filter_values /opt/stack/keystone/keystone/common/rbac_enforcer/enforcer.py:167}}
Oct 28 19:46:33.941009 dv-cinder-862365-2-iscsi devstack@keystone.service[81613]: DEBUG keystone.common.rbac_enforcer.enforcer [None req-a6576004-6a1f-47d0-b4e3-32f013f09b0f None admin] RBAC: Authorization granted {{(pid=81613) enforce_call /opt/stack/keystone/keystone/common/rbac_enforcer/enforcer.py:457}}
Oct 28 19:46:33.941161 dv-cinder-862365-2-iscsi devstack@keystone.service[81614]: DEBUG keystone.common.rbac_enforcer.enforcer [None req-c9f43bf2-8184-48a2-a18c-30592c73b256 None admin] RBAC: Authorizing `identity:list_roles()` {{(pid=81614) enforce_call /opt/stack/keystone/keystone/common/rbac_enforcer/enforcer.py:449}}
Oct 28 19:46:33.942519 dv-cinder-862365-2-iscsi devstack@keystone.service[81614]: DEBUG keystone.common.rbac_enforcer.enforcer [None req-c9f43bf2-8184-48a2-a18c-30592c73b256 None admin] RBAC: Authorization granted {{(pid=81614) enforce_call /opt/stack/keystone/keystone/common/rbac_enforcer/enforcer.py:457}}
Oct 28 19:46:33.942973 dv-cinder-862365-2-iscsi devstack@keystone.service[81613]: [pid: 81613|app: 0|req: 63/118] 10.222.0.66 () {56 vars in 1177 bytes} [Fri Oct 28 19:46:33 2022] GET /identity/v3/users/8481404e88e44e68b2c70669768eebe2 => generated 247 bytes in 304 msecs (HTTP/1.1 200) 5 headers in 177 bytes (1 switches on core 0)
Oct 28 19:46:33.943469 dv-cinder-862365-2-iscsi devstack@keystone.service[81613]: DEBUG keystone.server.flask.request_processing.middleware.auth_context [None req-a6576004-6a1f-47d0-b4e3-32f013f09b0f None admin] Authenticating user token {{(pid=81613) process_request /usr/local/lib/python3.8/dist-packages/keystonemiddleware/auth_token/__init__.py:407}}
Oct 28 19:46:33.956053 dv-cinder-862365-2-iscsi devstack@keystone.service[81614]: [pid: 81614|app: 0|req: 56/119] 10.222.0.66 () {56 vars in 1111 bytes} [Fri Oct 28 19:46:33 2022] GET /identity/v3/roles?name=anotherrole => generated 334 bytes in 217 msecs (HTTP/1.1 200) 5 headers in 177 bytes (1 switches on core 0)
Oct 28 19:46:33.957519 dv-cinder-862365-2-iscsi devstack@keystone.service[81614]: DEBUG keystone.server.flask.request_processing.middleware.auth_context [None req-c9f43bf2-8184-48a2-a18c-30592c73b256 None admin] Authenticating user token {{(pid=81614) process_request /usr/local/lib/python3.8/dist-packages/keystonemiddleware/auth_token/__init__.py:407}}
Oct 28 19:46:33.971301 dv-cinder-862365-2-iscsi devstack@keystone.service[81613]: DEBUG dbcounter [-] [81613] Writing DB stats keystone:SELECT=100 {{(pid=81613) stat_writer /usr/local/lib/python3.8/dist-packages/dbcounter.py:114}}
Oct 28 19:46:34.023348 dv-cinder-862365-2-iscsi devstack@keystone.service[81614]: DEBUG dbcounter [-] [81614] Writing DB stats keystone:SELECT=100 {{(pid=81614) stat_writer /usr/local/lib/python3.8/dist-packages/dbcounter.py:114}}
Oct 28 19:46:34.071738 dv-cinder-862365-2-iscsi devstack@keystone.service[81613]: DEBUG keystone.server.flask.request_processing.middleware.auth_context [None req-a6576004-6a1f-47d0-b4e3-32f013f09b0f None admin] Validating token access rules against request {{(pid=81613) validate_allowed_request /usr/local/lib/python3.8/dist-packages/keystonemiddleware/auth_token/__init__.py:545}}
Oct 28 19:46:34.085580 dv-cinder-862365-2-iscsi devstack@keystone.service[81614]: DEBUG keystone.server.flask.request_processing.middleware.auth_context [None req-c9f43bf2-8184-48a2-a18c-30592c73b256 None admin] Validating token access rules against request {{(pid=81614) validate_allowed_request /usr/local/lib/python3.8/dist-packages/keystonemiddleware/auth_token/__init__.py:545}}
Oct 28 19:46:34.108597 dv-cinder-862365-2-iscsi devstack@keystone.service[81613]: DEBUG keystone.server.flask.request_processing.middleware.auth_context [None req-58411c38-d9fc-44d6-86fd-db39e23dd222 None admin] RBAC: auth_context: {'token': , 'domain_id': None, 'trust_id': None, 'trustor_id': None, 'trustee_id': None, 'domain_name': None, 'group_ids': [], 'user_id': '8481404e88e44e68b2c70669768eebe2', 'user_domain_id': 'default', 'system_scope': 'all', 'project_id': None, 'project_domain_id': None, 'roles': ['admin', 'member', 'reader'], 'is_admin_project': True, 'service_user_id': None, 'service_user_domain_id': None, 'service_project_id': None, 'service_project_domain_id': None, 'service_roles': []} {{(pid=81613) fill_context /opt/stack/keystone/keystone/server/flask/request_processing/middleware/auth_context.py:478}}
Oct 28 19:46:34.109224 dv-cinder-862365-2-iscsi devstack@keystone.service[81613]: DEBUG keystone.server.flask.request_processing.req_logging [None req-58411c38-d9fc-44d6-86fd-db39e23dd222 None admin] REQUEST_METHOD: `GET` {{(pid=81613) log_request_info /opt/stack/keystone/keystone/server/flask/request_processing/req_logging.py:27}}
Oct 28 19:46:34.109538 dv-cinder-862365-2-iscsi devstack@keystone.service[81613]: DEBUG keystone.server.flask.request_processing.req_logging [None req-58411c38-d9fc-44d6-86fd-db39e23dd222 None admin] SCRIPT_NAME: `/identity` {{(pid=81613) log_request_info /opt/stack/keystone/keystone/server/flask/request_processing/req_logging.py:28}}
Oct 28 19:46:34.109818 dv-cinder-862365-2-iscsi devstack@keystone.service[81613]: DEBUG keystone.server.flask.request_processing.req_logging [None req-58411c38-d9fc-44d6-86fd-db39e23dd222 None admin] PATH_INFO: `/v3/auth/tokens` {{(pid=81613) log_request_info /opt/stack/keystone/keystone/server/flask/request_processing/req_logging.py:29}}
Oct 28 19:46:34.125996 dv-cinder-862365-2-iscsi devstack@keystone.service[81614]: DEBUG keystone.server.flask.request_processing.middleware.auth_context [None req-3f7a7dbb-0e09-4fab-8059-8c8e9be1b6fc None admin] RBAC: auth_context: {'token': , 'domain_id': None, 'trust_id': None, 'trustor_id': None, 'trustee_id': None, 'domain_name': None, 'group_ids': [], 'user_id': '8481404e88e44e68b2c70669768eebe2', 'user_domain_id': 'default', 'system_scope': 'all', 'project_id': None, 'project_domain_id': None, 'roles': ['admin', 'member', 'reader'], 'is_admin_project': True, 'service_user_id': None, 'service_user_domain_id': None, 'service_project_id': None, 'service_project_domain_id': None, 'service_roles': []} {{(pid=81614) fill_context /opt/stack/keystone/keystone/server/flask/request_processing/middleware/auth_context.py:478}}
Oct 28 19:46:34.126547 dv-cinder-862365-2-iscsi devstack@keystone.service[81614]: DEBUG keystone.server.flask.request_processing.req_logging [None req-3f7a7dbb-0e09-4fab-8059-8c8e9be1b6fc None admin] REQUEST_METHOD: `GET` {{(pid=81614) log_request_info /opt/stack/keystone/keystone/server/flask/request_processing/req_logging.py:27}}
Oct 28 19:46:34.126835 dv-cinder-862365-2-iscsi devstack@keystone.service[81614]: DEBUG keystone.server.flask.request_processing.req_logging [None req-3f7a7dbb-0e09-4fab-8059-8c8e9be1b6fc None admin] SCRIPT_NAME: `/identity` {{(pid=81614) log_request_info /opt/stack/keystone/keystone/server/flask/request_processing/req_logging.py:28}}
Oct 28 19:46:34.127119 dv-cinder-862365-2-iscsi devstack@keystone.service[81614]: DEBUG keystone.server.flask.request_processing.req_logging [None req-3f7a7dbb-0e09-4fab-8059-8c8e9be1b6fc None admin] PATH_INFO: `/v3/auth/tokens` {{(pid=81614) log_request_info /opt/stack/keystone/keystone/server/flask/request_processing/req_logging.py:29}}
