Oct 20 13:35:40.170544 dv-cinder-862136-1-smb neutron-server[104689]: DEBUG neutron.plugins.ml2.drivers.mech_agent [None req-5fd1f530-13a0-45d8-a207-967a6e7dafad None None] Checking agent: {'id': '94504780-cdd1-4e5a-9115-bc78abe85ddf', 'agent_type': 'Open vSwitch agent', 'binary': 'neutron-openvswitch-agent', 'topic': 'N/A', 'host': 'dv-cinder-862136-1-smb', 'admin_state_up': True, 'created_at': datetime.datetime(2022, 10, 20, 13, 27, 27), 'started_at': datetime.datetime(2022, 10, 20, 13, 27, 57), 'heartbeat_timestamp': datetime.datetime(2022, 10, 20, 13, 35, 27), 'description': None, 'resources_synced': None, 'availability_zone': None, 'alive': True, 'configurations': {'arp_responder_enabled': False, 'baremetal_smartnic': False, 'bridge_mappings': {'physnet1': 'br-data'}, 'datapath_type': 'system', 'devices': 0, 'enable_distributed_routing': False, 'extensions': [], 'in_distributed_mode': False, 'integration_bridge': 'br-int', 'l2_population': False, 'log_agent_heartbeats': False, 'ovs_capabilities': {'datapath_types': ['netdev', 'system'], 'iface_types': ['erspan', 'geneve', 'gre', 'internal', 'ip6erspan', 'ip6gre', 'lisp', 'patch', 'stt', 'system', 'tap', 'vxlan']}, 'ovs_hybrid_plug': False, 'resource_provider_bandwidths': {}, 'resource_provider_hypervisors': {'br-data': 'dv-cinder-862136-1-smb'}, 'resource_provider_inventory_defaults': {'allocation_ratio': 1.0, 'min_unit': 1, 'step_size': 1, 'reserved': 0}, 'resource_provider_packet_processing_inventory_defaults': {'allocation_ratio': 1.0, 'min_unit': 1, 'step_size': 1, 'reserved': 0}, 'resource_provider_packet_processing_with_direction': {}, 'resource_provider_packet_processing_without_direction': {}, 'tunnel_types': [], 'tunneling_ip': None, 'vhostuser_socket_dir': '/var/run/openvswitch'}, 'resource_versions': {'AddressGroup': '1.2', 'Agent': '1.1', 'ConntrackHelper': '1.0', 'LocalIPAssociation': '1.0', 'Log': '1.0', 'NDPProxy': '1.0', 'Network': '1.1', 'Port': '1.7', 'PortForwarding': '1.3', 'QosPolicy': '1.10', 'SecurityGroup': '1.5', 'SecurityGroupRule': '1.2', 'SubPort': '1.0', 'Subnet': '1.1', 'Trunk': '1.1'}} {{(pid=104689) bind_port /opt/stack/neutron/neutron/plugins/ml2/drivers/mech_agent.py:127}}
Oct 20 13:35:40.170760 dv-cinder-862136-1-smb neutron-server[104689]: DEBUG neutron.plugins.ml2.drivers.mech_agent [None req-5fd1f530-13a0-45d8-a207-967a6e7dafad None None] Checking segment: {'id': 'e6c756e1-106d-4fe2-a349-a1c9a44d884c', 'network_type': 'vlan', 'physical_network': 'physnet1', 'segmentation_id': 335, 'network_id': '7f9b6aba-13f0-4331-b25f-ba063cd203cc'} for mappings: {'physnet1': 'br-data'} with network types: ['local', 'flat', 'vlan'] {{(pid=104689) check_segment_for_agent /opt/stack/neutron/neutron/plugins/ml2/drivers/mech_agent.py:399}}
Oct 20 13:35:40.170874 dv-cinder-862136-1-smb neutron-server[104688]: DEBUG neutron_lib.callbacks.manager [None req-f0e68c97-f49a-4df3-b008-2d0ecd25940e admin admin] Publish callbacks [] for subnet (92180cad-b540-4503-bda5-d54b1199405c), before_delete {{(pid=104688) _notify_loop /usr/local/lib/python3.8/dist-packages/neutron_lib/callbacks/manager.py:176}}
Oct 20 13:35:40.171148 dv-cinder-862136-1-smb neutron-server[104689]: DEBUG neutron_lib.callbacks.manager [None req-5fd1f530-13a0-45d8-a207-967a6e7dafad None None] Publish callbacks [] for ovs_bridge_name (None), before_read {{(pid=104689) _notify_loop /usr/local/lib/python3.8/dist-packages/neutron_lib/callbacks/manager.py:176}}
Oct 20 13:35:40.171518 dv-cinder-862136-1-smb neutron-server[104689]: DEBUG neutron.plugins.ml2.drivers.mech_agent [None req-5fd1f530-13a0-45d8-a207-967a6e7dafad None None] Bound using segment: {'id': 'e6c756e1-106d-4fe2-a349-a1c9a44d884c', 'network_type': 'vlan', 'physical_network': 'physnet1', 'segmentation_id': 335, 'network_id': '7f9b6aba-13f0-4331-b25f-ba063cd203cc'} {{(pid=104689) bind_port /opt/stack/neutron/neutron/plugins/ml2/drivers/mech_agent.py:137}}
Oct 20 13:35:40.172901 dv-cinder-862136-1-smb neutron-server[104689]: DEBUG neutron.plugins.ml2.managers [None req-5fd1f530-13a0-45d8-a207-967a6e7dafad None None] Bound port: cde9c3a8-085c-4a87-9bfc-2f20ccd0b143, host: dv-cinder-862136-1-smb, vif_type: ovs, vif_details: {"connectivity": "l2", "port_filter": true, "ovs_hybrid_plug": false, "datapath_type": "system", "bridge_name": "br-int"}, binding_levels: [{'bound_driver': 'openvswitch', 'bound_segment': {'id': 'e6c756e1-106d-4fe2-a349-a1c9a44d884c', 'network_type': 'vlan', 'physical_network': 'physnet1', 'segmentation_id': 335, 'network_id': '7f9b6aba-13f0-4331-b25f-ba063cd203cc'}}] {{(pid=104689) _bind_port_level /opt/stack/neutron/neutron/plugins/ml2/managers.py:947}}
Oct 20 13:35:40.173277 dv-cinder-862136-1-smb neutron-server[104689]: DEBUG neutron_lib.callbacks.manager [None req-5fd1f530-13a0-45d8-a207-967a6e7dafad None None] Publish callbacks ['neutron.plugins.ml2.plugin.SecurityGroupDbMixin._ensure_default_security_group_handler-757359'] for port (cde9c3a8-085c-4a87-9bfc-2f20ccd0b143), before_update {{(pid=104689) _notify_loop /usr/local/lib/python3.8/dist-packages/neutron_lib/callbacks/manager.py:176}}
Oct 20 13:35:40.188564 dv-cinder-862136-1-smb neutron-server[104687]: DEBUG neutron.api.rpc.handlers.resources_rpc [None req-16156f55-6774-46c1-b659-5cb049e2c44a admin admin] Pushing event updated for resources: {'Port': ['ID=8d29e090-5091-46af-92ee-80c85884d9e0,revision_number=1']} {{(pid=104687) push /opt/stack/neutron/neutron/api/rpc/handlers/resources_rpc.py:237}}
Oct 20 13:35:40.191257 dv-cinder-862136-1-smb neutron-server[104687]: DEBUG neutron_lib.callbacks.manager [None req-109d8fcd-c911-448b-addd-3d6b1d4478d3 admin admin] Publish callbacks ['neutron.services.l3_router.l3_router_plugin.L3_HA_NAT_db_mixin._after_router_create-1797579', 'neutron.services.l3_router.l3_router_plugin.DVRResourceOperationHandler._create_snat_interfaces_after_change-1776926'] for router (6ff92e50-43c0-41eb-8811-ce1855d24b38), after_create {{(pid=104687) _notify_loop /usr/local/lib/python3.8/dist-packages/neutron_lib/callbacks/manager.py:176}}
Oct 20 13:35:40.258663 dv-cinder-862136-1-smb neutron-server[104687]: DEBUG neutron_lib.callbacks.manager [None req-8d7a3c31-e351-4939-9394-b8075191bd45 admin admin] Publish callbacks [] for security_group (bd7405e8-13fd-4b31-9ac8-9a0674250f07), before_delete {{(pid=104687) _notify_loop /usr/local/lib/python3.8/dist-packages/neutron_lib/callbacks/manager.py:176}}
Oct 20 13:35:40.270967 dv-cinder-862136-1-smb neutron-server[104688]: DEBUG neutron_lib.callbacks.manager [None req-f0e68c97-f49a-4df3-b008-2d0ecd25940e admin admin] Publish callbacks [] for subnet (92180cad-b540-4503-bda5-d54b1199405c), precommit_delete_associations {{(pid=104688) _notify_loop /usr/local/lib/python3.8/dist-packages/neutron_lib/callbacks/manager.py:176}}
Oct 20 13:35:40.276595 dv-cinder-862136-1-smb neutron-server[104688]: DEBUG dbcounter [-] [104688] Writing DB stats neutron:SELECT=85,neutron:UPDATE=3,neutron:INSERT=12 {{(pid=104688) stat_writer /usr/local/lib/python3.8/dist-packages/dbcounter.py:114}}
Oct 20 13:35:40.290438 dv-cinder-862136-1-smb neutron-server[104688]: DEBUG neutron_lib.callbacks.manager [None req-f0e68c97-f49a-4df3-b008-2d0ecd25940e admin admin] Publish callbacks ['neutron.plugins.ml2.plugin.Ml2Plugin._subnet_delete_precommit_handler-812588'] for subnet (92180cad-b540-4503-bda5-d54b1199405c), precommit_delete {{(pid=104688) _notify_loop /usr/local/lib/python3.8/dist-packages/neutron_lib/callbacks/manager.py:176}}
Oct 20 13:35:40.328296 dv-cinder-862136-1-smb neutron-server[104689]: DEBUG neutron.plugins.ml2.plugin [None req-e307b32f-844b-4482-8423-56d8fdfac625 None None] Current status of the port 8252b172-6d5e-4352-aaba-b32fdd4e7eae is: ACTIVE; New status is: ACTIVE {{(pid=104689) _update_individual_port_db_status /opt/stack/neutron/neutron/plugins/ml2/plugin.py:2333}}
Oct 20 13:35:40.339020 dv-cinder-862136-1-smb neutron-server[104687]: DEBUG neutron_lib.callbacks.manager [None req-8d7a3c31-e351-4939-9394-b8075191bd45 admin admin] Publish callbacks [] for security_group (bd7405e8-13fd-4b31-9ac8-9a0674250f07), precommit_delete {{(pid=104687) _notify_loop /usr/local/lib/python3.8/dist-packages/neutron_lib/callbacks/manager.py:176}}
Oct 20 13:35:40.341299 dv-cinder-862136-1-smb neutron-server[104689]: DEBUG neutron.plugins.ml2.db [None req-f9193be7-9902-4178-95ae-308cfb54b1f0 None None] For port 5f976b33-0654-41c6-b0fa-a22f71179f8d, host dv-cinder-862136-1-smb, cleared binding levels {{(pid=104689) clear_binding_levels /opt/stack/neutron/neutron/plugins/ml2/db.py:87}}
Oct 20 13:35:40.386742 dv-cinder-862136-1-smb neutron-server[104689]: DEBUG neutron.plugins.ml2.db [None req-f9193be7-9902-4178-95ae-308cfb54b1f0 None None] For port 5f976b33-0654-41c6-b0fa-a22f71179f8d, host dv-cinder-862136-1-smb, set binding levels [PortBindingLevel(driver='openvswitch',host='dv-cinder-862136-1-smb',level=0,port_id=5f976b33-0654-41c6-b0fa-a22f71179f8d,segment=NetworkSegment(3533ead3-6fab-4ffe-8894-48eaf0084d71),segment_id=3533ead3-6fab-4ffe-8894-48eaf0084d71)] {{(pid=104689) set_binding_levels /opt/stack/neutron/neutron/plugins/ml2/db.py:59}}
Oct 20 13:35:40.391492 dv-cinder-862136-1-smb neutron-server[104689]: DEBUG neutron.plugins.ml2.db [None req-5fd1f530-13a0-45d8-a207-967a6e7dafad None None] For port cde9c3a8-085c-4a87-9bfc-2f20ccd0b143, host dv-cinder-862136-1-smb, cleared binding levels {{(pid=104689) clear_binding_levels /opt/stack/neutron/neutron/plugins/ml2/db.py:87}}
Oct 20 13:35:40.402024 dv-cinder-862136-1-smb neutron-server[104689]: DEBUG neutron_lib.callbacks.manager [None req-f9193be7-9902-4178-95ae-308cfb54b1f0 None None] Publish callbacks ['neutron.plugins.ml2.plugin.SecurityGroupServerNotifierRpcMixin._notify_sg_on_port_change-757422', 'neutron.plugins.ml2.ovo_rpc._ObjectChangeHandler.handle_event-512894', 'neutron.api.rpc.agentnotifiers.dhcp_rpc_agent_api.DhcpAgentNotifyAPI._native_event_send_dhcp_notification-1590423', 'neutron.db.l3_db.L3RpcNotifierMixin._notify_gateway_port_ip_changed-8765702518658', 'neutron.db.l3_dvrscheduler_db._notify_l3_agent_port_update-8765702028647', 'neutron.db.l3_hascheduler_db._notify_l3_agent_ha_port_update-8765702028665'] for port (5f976b33-0654-41c6-b0fa-a22f71179f8d), after_update {{(pid=104689) _notify_loop /usr/local/lib/python3.8/dist-packages/neutron_lib/callbacks/manager.py:176}}
Oct 20 13:35:40.411374 dv-cinder-862136-1-smb neutron-server[104689]: DEBUG neutron.plugins.ml2.db [None req-5fd1f530-13a0-45d8-a207-967a6e7dafad None None] For port cde9c3a8-085c-4a87-9bfc-2f20ccd0b143, host dv-cinder-862136-1-smb, set binding levels [PortBindingLevel(driver='openvswitch',host='dv-cinder-862136-1-smb',level=0,port_id=cde9c3a8-085c-4a87-9bfc-2f20ccd0b143,segment=NetworkSegment(e6c756e1-106d-4fe2-a349-a1c9a44d884c),segment_id=e6c756e1-106d-4fe2-a349-a1c9a44d884c)] {{(pid=104689) set_binding_levels /opt/stack/neutron/neutron/plugins/ml2/db.py:59}}
Oct 20 13:35:40.434258 dv-cinder-862136-1-smb neutron-server[104689]: DEBUG neutron_lib.callbacks.manager [None req-5fd1f530-13a0-45d8-a207-967a6e7dafad None None] Publish callbacks ['neutron.plugins.ml2.plugin.SecurityGroupServerNotifierRpcMixin._notify_sg_on_port_change-757422', 'neutron.plugins.ml2.ovo_rpc._ObjectChangeHandler.handle_event-512894', 'neutron.api.rpc.agentnotifiers.dhcp_rpc_agent_api.DhcpAgentNotifyAPI._native_event_send_dhcp_notification-1590423', 'neutron.db.l3_db.L3RpcNotifierMixin._notify_gateway_port_ip_changed-8765702518658', 'neutron.db.l3_dvrscheduler_db._notify_l3_agent_port_update-8765702028647', 'neutron.db.l3_hascheduler_db._notify_l3_agent_ha_port_update-8765702028665'] for port (cde9c3a8-085c-4a87-9bfc-2f20ccd0b143), after_update {{(pid=104689) _notify_loop /usr/local/lib/python3.8/dist-packages/neutron_lib/callbacks/manager.py:176}}
Oct 20 13:35:40.460405 dv-cinder-862136-1-smb neutron-server[104689]: DEBUG dbcounter [-] [104689] Writing DB stats neutron:SELECT=97,neutron:UPDATE=1,neutron:INSERT=2 {{(pid=104689) stat_writer /usr/local/lib/python3.8/dist-packages/dbcounter.py:114}}
Oct 20 13:35:40.471740 dv-cinder-862136-1-smb neutron-server[104689]: DEBUG neutron.api.rpc.handlers.resources_rpc [None req-f9193be7-9902-4178-95ae-308cfb54b1f0 None None] Pushing event updated for resources: {'Port': ['ID=5f976b33-0654-41c6-b0fa-a22f71179f8d,revision_number=2']} {{(pid=104689) push /opt/stack/neutron/neutron/api/rpc/handlers/resources_rpc.py:237}}
Oct 20 13:35:40.497622 dv-cinder-862136-1-smb neutron-server[104688]: DEBUG neutron_lib.callbacks.manager [None req-34323e72-3517-469a-9a1a-04ae59d5eb74 admin admin] Publish callbacks [] for security_group (26380fec-2b3a-458e-a551-53b0c20ae947), before_delete {{(pid=104688) _notify_loop /usr/local/lib/python3.8/dist-packages/neutron_lib/callbacks/manager.py:176}}
Oct 20 13:35:40.512259 dv-cinder-862136-1-smb neutron-server[104688]: DEBUG neutron_lib.callbacks.manager [None req-19ac2f7d-562a-4baf-a941-e1d8fdf01b48 admin admin] Publish callbacks ['neutron.services.l3_router.l3_router_plugin.L3_HA_NAT_db_mixin._after_router_create-1797579', 'neutron.services.l3_router.l3_router_plugin.DVRResourceOperationHandler._create_snat_interfaces_after_change-1776926'] for router (54ff902c-cbcd-4339-8f67-8319defc22c1), after_create {{(pid=104688) _notify_loop /usr/local/lib/python3.8/dist-packages/neutron_lib/callbacks/manager.py:176}}
Oct 20 13:35:40.524063 dv-cinder-862136-1-smb neutron-server[104688]: DEBUG dbcounter [-] [104688] Writing DB stats neutron:SELECT=95,neutron:INSERT=1,neutron:UPDATE=2,neutron:DELETE=2 {{(pid=104688) stat_writer /usr/local/lib/python3.8/dist-packages/dbcounter.py:114}}
Oct 20 13:35:40.535992 dv-cinder-862136-1-smb neutron-server[104689]: DEBUG neutron.api.rpc.handlers.resources_rpc [None req-5fd1f530-13a0-45d8-a207-967a6e7dafad None None] Pushing event updated for resources: {'Port': ['ID=cde9c3a8-085c-4a87-9bfc-2f20ccd0b143,revision_number=2']} {{(pid=104689) push /opt/stack/neutron/neutron/api/rpc/handlers/resources_rpc.py:237}}
Oct 20 13:35:40.550584 dv-cinder-862136-1-smb neutron-server[104688]: DEBUG neutron_lib.callbacks.manager [None req-34323e72-3517-469a-9a1a-04ae59d5eb74 admin admin] Publish callbacks [] for security_group (26380fec-2b3a-458e-a551-53b0c20ae947), precommit_delete {{(pid=104688) _notify_loop /usr/local/lib/python3.8/dist-packages/neutron_lib/callbacks/manager.py:176}}
Oct 20 13:35:40.573595 dv-cinder-862136-1-smb neutron-server[104687]: DEBUG neutron_lib.callbacks.manager [None req-8d7a3c31-e351-4939-9394-b8075191bd45 admin admin] Publish callbacks ['neutron.plugins.ml2.ovo_rpc._ObjectChangeHandler.handle_event-1833854'] for security_group (bd7405e8-13fd-4b31-9ac8-9a0674250f07), after_delete {{(pid=104687) _notify_loop /usr/local/lib/python3.8/dist-packages/neutron_lib/callbacks/manager.py:176}}
Oct 20 13:35:40.576800 dv-cinder-862136-1-smb neutron-server[104687]: DEBUG neutron_lib.callbacks.manager [None req-8d7a3c31-e351-4939-9394-b8075191bd45 admin admin] Publish callbacks [] for security_group (None), before_response {{(pid=104687) _notify_loop /usr/local/lib/python3.8/dist-packages/neutron_lib/callbacks/manager.py:176}}
Oct 20 13:35:40.577940 dv-cinder-862136-1-smb neutron-server[104687]: INFO neutron.wsgi [None req-8d7a3c31-e351-4939-9394-b8075191bd45 admin admin] 10.222.0.36 "DELETE /networking/v2.0/security-groups/bd7405e8-13fd-4b31-9ac8-9a0674250f07 HTTP/1.1" status: 204 len: 168 time: 0.5785565
Oct 20 13:35:40.587797 dv-cinder-862136-1-smb neutron-server[104687]: DEBUG neutron_lib.callbacks.manager [None req-16156f55-6774-46c1-b659-5cb049e2c44a admin admin] Publish callbacks [] for router_gateway (5ccb665f-bc92-4fb9-932d-11fc941db288), after_create {{(pid=104687) _notify_loop /usr/local/lib/python3.8/dist-packages/neutron_lib/callbacks/manager.py:176}}
Oct 20 13:35:40.632213 dv-cinder-862136-1-smb neutron-server[104687]: DEBUG neutron.api.rpc.handlers.resources_rpc [None req-8d7a3c31-e351-4939-9394-b8075191bd45 admin admin] Pushing event deleted for resources: {'SecurityGroup': ['ID=bd7405e8-13fd-4b31-9ac8-9a0674250f07,revision_number=None']} {{(pid=104687) push /opt/stack/neutron/neutron/api/rpc/handlers/resources_rpc.py:237}}
Oct 20 13:35:40.729555 dv-cinder-862136-1-smb neutron-server[104688]: DEBUG neutron_lib.callbacks.manager [None req-f0e68c97-f49a-4df3-b008-2d0ecd25940e admin admin] Publish callbacks ['neutron.plugins.ml2.plugin.Ml2Plugin._subnet_delete_after_delete_handler-812599', 'neutron.plugins.ml2.ovo_rpc._ObjectChangeHandler.handle_event-1824266', 'neutron.api.rpc.agentnotifiers.dhcp_rpc_agent_api.DhcpAgentNotifyAPI._native_event_send_dhcp_notification-1590423'] for subnet (92180cad-b540-4503-bda5-d54b1199405c), after_delete {{(pid=104688) _notify_loop /usr/local/lib/python3.8/dist-packages/neutron_lib/callbacks/manager.py:176}}
Oct 20 13:35:40.732469 dv-cinder-862136-1-smb neutron-server[104687]: DEBUG neutron.scheduler.l3_agent_scheduler [None req-109d8fcd-c911-448b-addd-3d6b1d4478d3 admin admin] Router 6ff92e50-43c0-41eb-8811-ce1855d24b38 is scheduled to L3 agent 25496b7d-1dbb-470e-afa0-66e6f307e37d with binding_index 1 {{(pid=104687) bind_router /opt/stack/neutron/neutron/scheduler/l3_agent_scheduler.py:209}}
Oct 20 13:35:40.785587 dv-cinder-862136-1-smb neutron-server[104688]: DEBUG neutron.api.rpc.handlers.resources_rpc [None req-f0e68c97-f49a-4df3-b008-2d0ecd25940e admin admin] Pushing event deleted for resources: {'Subnet': ['ID=92180cad-b540-4503-bda5-d54b1199405c,revision_number=None']} {{(pid=104688) push /opt/stack/neutron/neutron/api/rpc/handlers/resources_rpc.py:237}}
Oct 20 13:35:40.796688 dv-cinder-862136-1-smb neutron-server[104688]: DEBUG neutron_lib.callbacks.manager [None req-34323e72-3517-469a-9a1a-04ae59d5eb74 admin admin] Publish callbacks ['neutron.plugins.ml2.ovo_rpc._ObjectChangeHandler.handle_event-1833854'] for security_group (26380fec-2b3a-458e-a551-53b0c20ae947), after_delete {{(pid=104688) _notify_loop /usr/local/lib/python3.8/dist-packages/neutron_lib/callbacks/manager.py:176}}
Oct 20 13:35:40.806567 dv-cinder-862136-1-smb neutron-server[104688]: DEBUG neutron_lib.callbacks.manager [None req-34323e72-3517-469a-9a1a-04ae59d5eb74 admin admin] Publish callbacks [] for security_group (None), before_response {{(pid=104688) _notify_loop /usr/local/lib/python3.8/dist-packages/neutron_lib/callbacks/manager.py:176}}
Oct 20 13:35:40.807907 dv-cinder-862136-1-smb neutron-server[104688]: INFO neutron.wsgi [None req-34323e72-3517-469a-9a1a-04ae59d5eb74 admin admin] 10.222.0.36 "DELETE /networking/v2.0/security-groups/26380fec-2b3a-458e-a551-53b0c20ae947 HTTP/1.1" status: 204 len: 168 time: 0.7132635
Oct 20 13:35:40.811645 dv-cinder-862136-1-smb neutron-server[104688]: DEBUG neutron_lib.callbacks.manager [None req-f0e68c97-f49a-4df3-b008-2d0ecd25940e admin admin] Publish callbacks [] for subnet (None), before_response {{(pid=104688) _notify_loop /usr/local/lib/python3.8/dist-packages/neutron_lib/callbacks/manager.py:176}}
Oct 20 13:35:40.825659 dv-cinder-862136-1-smb neutron-server[104688]: INFO neutron.wsgi [None req-f0e68c97-f49a-4df3-b008-2d0ecd25940e admin admin] 10.222.0.36 "DELETE /networking/v2.0/subnets/92180cad-b540-4503-bda5-d54b1199405c HTTP/1.1" status: 204 len: 168 time: 0.8068140
Oct 20 13:35:40.825659 dv-cinder-862136-1-smb neutron-server[104688]: DEBUG neutron.wsgi [-] (104688) accepted ('10.222.0.36', 42028) {{(pid=104688) server /usr/local/lib/python3.8/dist-packages/eventlet/wsgi.py:1004}}
Oct 20 13:35:41.017291 dv-cinder-862136-1-smb neutron-server[104687]: DEBUG dbcounter [-] [104687] Writing DB stats neutron:SELECT=96,neutron:UPDATE=1,neutron:DELETE=2,neutron:INSERT=1 {{(pid=104687) stat_writer /usr/local/lib/python3.8/dist-packages/dbcounter.py:114}}
Oct 20 13:35:41.148484 dv-cinder-862136-1-smb neutron-server[104688]: DEBUG neutron.api.rpc.handlers.resources_rpc [None req-34323e72-3517-469a-9a1a-04ae59d5eb74 admin admin] Pushing event deleted for resources: {'SecurityGroup': ['ID=26380fec-2b3a-458e-a551-53b0c20ae947,revision_number=None']} {{(pid=104688) push /opt/stack/neutron/neutron/api/rpc/handlers/resources_rpc.py:237}}
Oct 20 13:35:41.150645 dv-cinder-862136-1-smb neutron-server[104687]: DEBUG dbcounter [-] [104687] Writing DB stats neutron:SELECT=96,neutron:UPDATE=1,neutron:INSERT=1,neutron:DELETE=2 {{(pid=104687) stat_writer /usr/local/lib/python3.8/dist-packages/dbcounter.py:114}}
Oct 20 13:35:41.180894 dv-cinder-862136-1-smb neutron-server[104688]: DEBUG neutron_lib.callbacks.manager [None req-36b59bdf-ed17-4301-bd5d-dc409a8132b6 admin admin] Publish callbacks ['neutron.plugins.ml2.plugin.External_net_db_mixin._before_network_delete_handler-632638'] for network (5a7b60f7-5490-4c18-91e3-ed77daf383b4), before_delete {{(pid=104688) _notify_loop /usr/local/lib/python3.8/dist-packages/neutron_lib/callbacks/manager.py:176}}
Oct 20 13:35:41.189597 dv-cinder-862136-1-smb neutron-server[104687]: DEBUG neutron.api.rpc.agentnotifiers.l3_rpc_agent_api [None req-109d8fcd-c911-448b-addd-3d6b1d4478d3 admin admin] Notify agent at l3_agent.dv-cinder-862136-1-smb the message routers_updated {{(pid=104687) _agent_notification /opt/stack/neutron/neutron/api/rpc/agentnotifiers/l3_rpc_agent_api.py:65}}
Oct 20 13:35:41.205042 dv-cinder-862136-1-smb neutron-server[104690]: DEBUG neutron.api.rpc.handlers.l3_rpc [None req-fc7a4bcb-5dba-4e5a-b82d-56c7e168ed4c None None] Sync routers for ids ['6ff92e50-43c0-41eb-8811-ce1855d24b38'] in dv-cinder-862136-1-smb {{(pid=104690) sync_routers /opt/stack/neutron/neutron/api/rpc/handlers/l3_rpc.py:125}}
Oct 20 13:35:41.221613 dv-cinder-862136-1-smb neutron-server[104687]: DEBUG neutron_lib.callbacks.manager [None req-109d8fcd-c911-448b-addd-3d6b1d4478d3 admin admin] Publish callbacks [] for router (None), before_response {{(pid=104687) _notify_loop /usr/local/lib/python3.8/dist-packages/neutron_lib/callbacks/manager.py:176}}
Oct 20 13:35:41.225655 dv-cinder-862136-1-smb neutron-server[104687]: INFO neutron.wsgi [None req-109d8fcd-c911-448b-addd-3d6b1d4478d3 admin admin] 10.222.0.36 "POST /networking/v2.0/routers HTTP/1.1" status: 201 len: 922 time: 6.6769748
Oct 20 13:35:41.225655 dv-cinder-862136-1-smb neutron-server[104687]: DEBUG neutron.wsgi [-] (104687) accepted ('10.222.0.36', 42054) {{(pid=104687) server /usr/local/lib/python3.8/dist-packages/eventlet/wsgi.py:1004}}
Oct 20 13:35:41.234216 dv-cinder-862136-1-smb neutron-server[104687]: DEBUG neutron_lib.callbacks.manager [None req-16156f55-6774-46c1-b659-5cb049e2c44a admin admin] Publish callbacks ['neutron.services.l3_router.l3_router_plugin.L3_HA_NAT_db_mixin._after_router_create-1797579', 'neutron.services.l3_router.l3_router_plugin.DVRResourceOperationHandler._create_snat_interfaces_after_change-1776926'] for router (5ccb665f-bc92-4fb9-932d-11fc941db288), after_create {{(pid=104687) _notify_loop /usr/local/lib/python3.8/dist-packages/neutron_lib/callbacks/manager.py:176}}
Oct 20 13:35:41.242198 dv-cinder-862136-1-smb neutron-server[104690]: DEBUG neutron.db.l3_dvrscheduler_db [None req-fc7a4bcb-5dba-4e5a-b82d-56c7e168ed4c None None] Routers {'6ff92e50-43c0-41eb-8811-ce1855d24b38'} bound to L3 agent in host dv-cinder-862136-1-smb {{(pid=104690) _get_router_ids_for_agent /opt/stack/neutron/neutron/db/l3_dvrscheduler_db.py:426}}
Oct 20 13:35:41.242883 dv-cinder-862136-1-smb neutron-server[104690]: DEBUG neutron.db.l3_hamode_db [None req-fc7a4bcb-5dba-4e5a-b82d-56c7e168ed4c None None] neutron.services.l3_router.l3_router_plugin.L3RouterPlugin method get_ha_sync_data_for_host called with arguments (, 'dv-cinder-862136-1-smb', Agent(admin_state_up=True,agent_type='L3 agent',availability_zone='nova',binary='neutron-l3-agent',configurations={"agent_mode": "legacy", "ex_gw_ports": 1, "extensions": [], "floating_ips": 0, "handle_internal_only_routers": true, "interface_driver": "openvswitch", "interfaces": 1, "log_agent_heartbeats": false, "routers": 1},created_at=2022-10-20T13:27:25Z,description=,heartbeat_timestamp=2022-10-20T13:35:25Z,host='dv-cinder-862136-1-smb',id=25496b7d-1dbb-470e-afa0-66e6f307e37d,load=0,resource_versions=,resources_synced=,started_at=2022-10-20T13:27:25Z,topic='l3_agent')) {'router_ids': ['6ff92e50-43c0-41eb-8811-ce1855d24b38'], 'active': True} {{(pid=104690) wrapper /usr/local/lib/python3.8/dist-packages/oslo_log/helpers.py:65}}
Oct 20 13:35:41.533555 dv-cinder-862136-1-smb neutron-server[104688]: DEBUG neutron_lib.callbacks.manager [None req-36b59bdf-ed17-4301-bd5d-dc409a8132b6 admin admin] Publish callbacks ['neutron.plugins.ml2.plugin.Ml2Plugin._network_delete_precommit_handler-812644', 'neutron.services.segments.db._delete_segments_for_network-8765702478403'] for network (5a7b60f7-5490-4c18-91e3-ed77daf383b4), precommit_delete {{(pid=104688) _notify_loop /usr/local/lib/python3.8/dist-packages/neutron_lib/callbacks/manager.py:176}}
Oct 20 13:35:41.547982 dv-cinder-862136-1-smb neutron-server[104688]: DEBUG neutron.scheduler.l3_agent_scheduler [None req-19ac2f7d-562a-4baf-a941-e1d8fdf01b48 admin admin] Router 54ff902c-cbcd-4339-8f67-8319defc22c1 is scheduled to L3 agent 25496b7d-1dbb-470e-afa0-66e6f307e37d with binding_index 1 {{(pid=104688) bind_router /opt/stack/neutron/neutron/scheduler/l3_agent_scheduler.py:209}}
Oct 20 13:35:41.586064 dv-cinder-862136-1-smb neutron-server[104687]: DEBUG neutron.scheduler.l3_agent_scheduler [None req-16156f55-6774-46c1-b659-5cb049e2c44a admin admin] Router 5ccb665f-bc92-4fb9-932d-11fc941db288 is scheduled to L3 agent 25496b7d-1dbb-470e-afa0-66e6f307e37d with binding_index 1 {{(pid=104687) bind_router /opt/stack/neutron/neutron/scheduler/l3_agent_scheduler.py:209}}
Oct 20 13:35:41.614321 dv-cinder-862136-1-smb neutron-server[104688]: DEBUG neutron_lib.callbacks.manager [None req-36b59bdf-ed17-4301-bd5d-dc409a8132b6 admin admin] Subscribe: > segment before_delete 55550000 {{(pid=104688) subscribe /usr/local/lib/python3.8/dist-packages/neutron_lib/callbacks/manager.py:45}}
Oct 20 13:35:41.615605 dv-cinder-862136-1-smb neutron-server[104688]: DEBUG neutron_lib.callbacks.manager [None req-36b59bdf-ed17-4301-bd5d-dc409a8132b6 admin admin] Subscribe: > subnet precommit_delete_associations 55550000 {{(pid=104688) subscribe /usr/local/lib/python3.8/dist-packages/neutron_lib/callbacks/manager.py:45}}
Oct 20 13:35:41.617759 dv-cinder-862136-1-smb neutron-server[104688]: DEBUG neutron_lib.callbacks.manager [None req-36b59bdf-ed17-4301-bd5d-dc409a8132b6 admin admin] Subscribe: > segment_host_mapping after_create 55550000 {{(pid=104688) subscribe /usr/local/lib/python3.8/dist-packages/neutron_lib/callbacks/manager.py:45}}
Oct 20 13:35:41.619517 dv-cinder-862136-1-smb neutron-server[104688]: DEBUG neutron_lib.callbacks.manager [None req-36b59bdf-ed17-4301-bd5d-dc409a8132b6 admin admin] Subscribe: > port after_create 55550000 {{(pid=104688) subscribe /usr/local/lib/python3.8/dist-packages/neutron_lib/callbacks/manager.py:45}}
Oct 20 13:35:41.620124 dv-cinder-862136-1-smb neutron-server[104688]: DEBUG neutron_lib.callbacks.manager [None req-36b59bdf-ed17-4301-bd5d-dc409a8132b6 admin admin] Subscribe: > port after_delete 55550000 {{(pid=104688) subscribe /usr/local/lib/python3.8/dist-packages/neutron_lib/callbacks/manager.py:45}}
Oct 20 13:35:41.623724 dv-cinder-862136-1-smb neutron-server[104688]: DEBUG neutron_lib.callbacks.manager [None req-36b59bdf-ed17-4301-bd5d-dc409a8132b6 admin admin] Subscribe: > port after_update 55550000 {{(pid=104688) subscribe /usr/local/lib/python3.8/dist-packages/neutron_lib/callbacks/manager.py:45}}
Oct 20 13:35:41.630989 dv-cinder-862136-1-smb neutron-server[104688]: DEBUG neutron_lib.callbacks.manager [None req-36b59bdf-ed17-4301-bd5d-dc409a8132b6 admin admin] Subscribe: > segment after_delete 55550000 {{(pid=104688) subscribe /usr/local/lib/python3.8/dist-packages/neutron_lib/callbacks/manager.py:45}}
Oct 20 13:35:41.631686 dv-cinder-862136-1-smb neutron-server[104688]: DEBUG neutron_lib.callbacks.manager [None req-36b59bdf-ed17-4301-bd5d-dc409a8132b6 admin admin] Subscribe: > subnet after_create 55550000 {{(pid=104688) subscribe /usr/local/lib/python3.8/dist-packages/neutron_lib/callbacks/manager.py:45}}
Oct 20 13:35:41.633245 dv-cinder-862136-1-smb neutron-server[104688]: DEBUG neutron_lib.callbacks.manager [None req-36b59bdf-ed17-4301-bd5d-dc409a8132b6 admin admin] Subscribe: > subnet after_delete 55550000 {{(pid=104688) subscribe /usr/local/lib/python3.8/dist-packages/neutron_lib/callbacks/manager.py:45}}
Oct 20 13:35:41.635059 dv-cinder-862136-1-smb neutron-server[104688]: DEBUG neutron_lib.callbacks.manager [None req-36b59bdf-ed17-4301-bd5d-dc409a8132b6 admin admin] Subscribe: > subnet after_update 55550000 {{(pid=104688) subscribe /usr/local/lib/python3.8/dist-packages/neutron_lib/callbacks/manager.py:45}}
Oct 20 13:35:41.702339 dv-cinder-862136-1-smb neutron-server[104689]: DEBUG neutron.plugins.ml2.rpc [None req-36f10099-1727-4376-a086-5b1e310ffa0b None None] Device 8252b172-6d5e-4352-aaba-b32fdd4e7eae up at agent ovs-agent-dv-cinder-862136-1-smb {{(pid=104689) update_device_up /opt/stack/neutron/neutron/plugins/ml2/rpc.py:296}}
Oct 20 13:35:41.703400 dv-cinder-862136-1-smb neutron-server[104690]: DEBUG neutron.db.l3_dvr_db [None req-fc7a4bcb-5dba-4e5a-b82d-56c7e168ed4c None None] Set router 6ff92e50-43c0-41eb-8811-ce1855d24b38 gateway port host: dv-cinder-862136-1-smb {{(pid=104690) _build_routers_list /opt/stack/neutron/neutron/db/l3_dvr_db.py:907}}
Oct 20 13:35:41.834368 dv-cinder-862136-1-smb neutron-server[104689]: DEBUG neutron.db.provisioning_blocks [None req-36f10099-1727-4376-a086-5b1e310ffa0b None None] Provisioning complete for port 8252b172-6d5e-4352-aaba-b32fdd4e7eae triggered by entity L2. {{(pid=104689) provisioning_complete /opt/stack/neutron/neutron/db/provisioning_blocks.py:144}}
Oct 20 13:35:41.836721 dv-cinder-862136-1-smb neutron-server[104689]: DEBUG neutron_lib.callbacks.manager [None req-36f10099-1727-4376-a086-5b1e310ffa0b None None] Publish callbacks ['neutron.plugins.ml2.plugin.Ml2Plugin._port_provisioned-813563'] for port (8252b172-6d5e-4352-aaba-b32fdd4e7eae), provisioning_complete {{(pid=104689) _notify_loop /usr/local/lib/python3.8/dist-packages/neutron_lib/callbacks/manager.py:176}}
Oct 20 13:35:41.837223 dv-cinder-862136-1-smb neutron-server[104689]: INFO neutron.plugins.ml2.plugin [None req-36f10099-1727-4376-a086-5b1e310ffa0b None None] Attempt 1 to provision port 8252b172-6d5e-4352-aaba-b32fdd4e7eae
Oct 20 13:35:42.048282 dv-cinder-862136-1-smb neutron-server[104690]: DEBUG neutron.db.l3_hamode_db [None req-fc7a4bcb-5dba-4e5a-b82d-56c7e168ed4c None None] neutron.services.l3_router.l3_router_plugin.L3RouterPlugin method _process_sync_ha_data called with arguments (, [{'id': '6ff92e50-43c0-41eb-8811-ce1855d24b38', 'name': 'tempest-AttachVolumeTestJSON-1830343180-router', 'tenant_id': '066aae5e3d3f4e6fbc2e750a2248a7fb', 'admin_state_up': True, 'status': 'ACTIVE', 'external_gateway_info': {'network_id': 'c173a961-676c-4a29-8039-7f46a62b7300', 'external_fixed_ips': [{'subnet_id': '979aa87d-e635-48cc-9328-f85d190949dd', 'ip_address': '172.28.2.57'}], 'enable_snat': True}, 'gw_port_id': '2b99c7f6-488a-46c0-83c4-64e575ca1ed8', 'description': '', 'availability_zones': ['nova'], 'distributed': False, 'ha': False, 'ha_vr_id': 0, 'availability_zone_hints': [], 'routes': [], 'flavor_id': None, 'tags': [], 'created_at': '2022-10-20T13:35:34Z', 'updated_at': '2022-10-20T13:35:38Z', 'revision_number': 3, 'project_id': '066aae5e3d3f4e6fbc2e750a2248a7fb', 'gw_port': {'id': '2b99c7f6-488a-46c0-83c4-64e575ca1ed8', 'name': '', 'network_id': 'c173a961-676c-4a29-8039-7f46a62b7300', 'tenant_id': '', 'mac_address': 'fa:16:3e:b0:f8:18', 'admin_state_up': True, 'status': 'DOWN', 'device_id': '6ff92e50-43c0-41eb-8811-ce1855d24b38', 'device_owner': 'network:router_gateway', 'standard_attr_id': 67, 'fixed_ips': [{'subnet_id': '979aa87d-e635-48cc-9328-f85d190949dd', 'ip_address': '172.28.2.57', 'prefixlen': 24}], 'allowed_address_pairs': [], 'extra_dhcp_opts': [], 'security_groups': [], 'description': '', 'binding:vnic_type': 'normal', 'binding:profile': {}, 'binding:host_id': '', 'binding:vif_type': 'unbound', 'binding:vif_details': {}, 'port_security_enabled': False, 'tags': [], 'created_at': '2022-10-20T13:35:36Z', 'updated_at': '2022-10-20T13:35:37Z', 'revision_number': 1, 'project_id': '', 'subnets': [{'id': '979aa87d-e635-48cc-9328-f85d190949dd', 'cidr': '172.28.2.0/24', 'gateway_ip': '172.28.2.1', 'dns_nameservers': [], 'ipv6_ra_mode': None, 'subnetpool_id': None}], 'extra_subnets': [], 'address_scopes': {4: None, 6: None}, 'mtu': 1500}, 'enable_snat': True, 'gw_port_host': 'dv-cinder-862136-1-smb'}], 'dv-cinder-862136-1-smb', False) {} {{(pid=104690) wrapper /usr/local/lib/python3.8/dist-packages/oslo_log/helpers.py:65}}
Oct 20 13:35:42.068410 dv-cinder-862136-1-smb neutron-server[104689]: DEBUG dbcounter [-] [104689] Writing DB stats neutron:SELECT=97,neutron:UPDATE=3 {{(pid=104689) stat_writer /usr/local/lib/python3.8/dist-packages/dbcounter.py:114}}
Oct 20 13:35:42.071461 dv-cinder-862136-1-smb neutron-server[104689]: DEBUG neutron.plugins.ml2.plugin [None req-36f10099-1727-4376-a086-5b1e310ffa0b None None] Current status of the port 8252b172-6d5e-4352-aaba-b32fdd4e7eae is: ACTIVE; New status is: ACTIVE {{(pid=104689) _update_individual_port_db_status /opt/stack/neutron/neutron/plugins/ml2/plugin.py:2333}}
Oct 20 13:35:42.072478 dv-cinder-862136-1-smb neutron-server[104689]: DEBUG neutron.plugins.ml2.rpc [None req-36f10099-1727-4376-a086-5b1e310ffa0b None None] Device cde9c3a8-085c-4a87-9bfc-2f20ccd0b143 up at agent ovs-agent-dv-cinder-862136-1-smb {{(pid=104689) update_device_up /opt/stack/neutron/neutron/plugins/ml2/rpc.py:296}}
Oct 20 13:35:42.140135 dv-cinder-862136-1-smb neutron-server[104690]: DEBUG neutron.api.rpc.handlers.l3_rpc [None req-fc7a4bcb-5dba-4e5a-b82d-56c7e168ed4c None None] Checking router: 6ff92e50-43c0-41eb-8811-ce1855d24b38 for host: dv-cinder-862136-1-smb {{(pid=104690) _ensure_host_set_on_ports /opt/stack/neutron/neutron/api/rpc/handlers/l3_rpc.py:155}}
Oct 20 13:35:42.140488 dv-cinder-862136-1-smb neutron-server[104690]: DEBUG neutron.api.rpc.handlers.l3_rpc [None req-fc7a4bcb-5dba-4e5a-b82d-56c7e168ed4c None None] Updating router 6ff92e50-43c0-41eb-8811-ce1855d24b38 port 2b99c7f6-488a-46c0-83c4-64e575ca1ed8 binding host dv-cinder-862136-1-smb {{(pid=104690) _ensure_host_set_on_port /opt/stack/neutron/neutron/api/rpc/handlers/l3_rpc.py:205}}
Oct 20 13:35:42.157661 dv-cinder-862136-1-smb neutron-server[104687]: DEBUG neutron.wsgi [-] (104687) accepted ('10.222.0.36', 42064) {{(pid=104687) server /usr/local/lib/python3.8/dist-packages/eventlet/wsgi.py:1004}}
Oct 20 13:35:42.158933 dv-cinder-862136-1-smb neutron-server[104687]: DEBUG neutron.wsgi [-] (104687) accepted ('10.222.0.36', 42066) {{(pid=104687) server /usr/local/lib/python3.8/dist-packages/eventlet/wsgi.py:1004}}
Oct 20 13:35:42.219149 dv-cinder-862136-1-smb neutron-server[104689]: DEBUG neutron.db.provisioning_blocks [None req-36f10099-1727-4376-a086-5b1e310ffa0b None None] Provisioning complete for port cde9c3a8-085c-4a87-9bfc-2f20ccd0b143 triggered by entity L2. {{(pid=104689) provisioning_complete /opt/stack/neutron/neutron/db/provisioning_blocks.py:144}}
Oct 20 13:35:42.219540 dv-cinder-862136-1-smb neutron-server[104689]: DEBUG neutron_lib.callbacks.manager [None req-36f10099-1727-4376-a086-5b1e310ffa0b None None] Publish callbacks ['neutron.plugins.ml2.plugin.Ml2Plugin._port_provisioned-813563'] for port (cde9c3a8-085c-4a87-9bfc-2f20ccd0b143), provisioning_complete {{(pid=104689) _notify_loop /usr/local/lib/python3.8/dist-packages/neutron_lib/callbacks/manager.py:176}}
Oct 20 13:35:42.219961 dv-cinder-862136-1-smb neutron-server[104689]: INFO neutron.plugins.ml2.plugin [None req-36f10099-1727-4376-a086-5b1e310ffa0b None None] Attempt 1 to provision port cde9c3a8-085c-4a87-9bfc-2f20ccd0b143
Oct 20 13:35:42.228003 dv-cinder-862136-1-smb neutron-server[104690]: DEBUG neutron_lib.callbacks.manager [None req-fc7a4bcb-5dba-4e5a-b82d-56c7e168ed4c None None] Publish callbacks ['neutron.plugins.ml2.plugin.SecurityGroupDbMixin._ensure_default_security_group_handler-757359'] for port (2b99c7f6-488a-46c0-83c4-64e575ca1ed8), before_update {{(pid=104690) _notify_loop /usr/local/lib/python3.8/dist-packages/neutron_lib/callbacks/manager.py:176}}
Oct 20 13:35:42.281577 dv-cinder-862136-1-smb neutron-server[104688]: DEBUG neutron_lib.callbacks.manager [None req-36b59bdf-ed17-4301-bd5d-dc409a8132b6 admin admin] Subscribe: > subnet after_create 55550000 {{(pid=104688) subscribe /usr/local/lib/python3.8/dist-packages/neutron_lib/callbacks/manager.py:45}}
Oct 20 13:35:42.282098 dv-cinder-862136-1-smb neutron-server[104688]: DEBUG neutron_lib.callbacks.manager [None req-36b59bdf-ed17-4301-bd5d-dc409a8132b6 admin admin] Subscribe: > subnet after_delete 55550000 {{(pid=104688) subscribe /usr/local/lib/python3.8/dist-packages/neutron_lib/callbacks/manager.py:45}}
Oct 20 13:35:42.282306 dv-cinder-862136-1-smb neutron-server[104688]: DEBUG neutron_lib.callbacks.manager [None req-36b59bdf-ed17-4301-bd5d-dc409a8132b6 admin admin] Subscribe: > subnet before_create 55550000 {{(pid=104688) subscribe /usr/local/lib/python3.8/dist-packages/neutron_lib/callbacks/manager.py:45}}
Oct 20 13:35:42.282641 dv-cinder-862136-1-smb neutron-server[104688]: DEBUG neutron_lib.callbacks.manager [None req-36b59bdf-ed17-4301-bd5d-dc409a8132b6 admin admin] Subscribe: > subnet before_update 55550000 {{(pid=104688) subscribe /usr/local/lib/python3.8/dist-packages/neutron_lib/callbacks/manager.py:45}}
Oct 20 13:35:42.282927 dv-cinder-862136-1-smb neutron-server[104687]: DEBUG neutron.api.rpc.agentnotifiers.l3_rpc_agent_api [None req-16156f55-6774-46c1-b659-5cb049e2c44a admin admin] Notify agent at l3_agent.dv-cinder-862136-1-smb the message routers_updated {{(pid=104687) _agent_notification /opt/stack/neutron/neutron/api/rpc/agentnotifiers/l3_rpc_agent_api.py:65}}
Oct 20 13:35:42.300482 dv-cinder-862136-1-smb neutron-server[104688]: DEBUG neutron.services.segments.db [None req-36b59bdf-ed17-4301-bd5d-dc409a8132b6 admin admin] neutron.services.segments.plugin.Plugin method get_segments called with arguments (,) {'filters': {'network_id': ['5a7b60f7-5490-4c18-91e3-ed77daf383b4']}} {{(pid=104688) wrapper /usr/local/lib/python3.8/dist-packages/oslo_log/helpers.py:65}}
Oct 20 13:35:42.307045 dv-cinder-862136-1-smb neutron-server[104689]: DEBUG neutron.api.rpc.handlers.l3_rpc [None req-ca71dfa8-9196-47be-9e04-a469cf314b5f None None] Sync routers for ids ['5ccb665f-bc92-4fb9-932d-11fc941db288'] in dv-cinder-862136-1-smb {{(pid=104689) sync_routers /opt/stack/neutron/neutron/api/rpc/handlers/l3_rpc.py:125}}
Oct 20 13:35:42.359459 dv-cinder-862136-1-smb neutron-server[104687]: DEBUG neutron_lib.callbacks.manager [None req-16156f55-6774-46c1-b659-5cb049e2c44a admin admin] Publish callbacks [] for router (None), before_response {{(pid=104687) _notify_loop /usr/local/lib/python3.8/dist-packages/neutron_lib/callbacks/manager.py:176}}
Oct 20 13:35:42.360970 dv-cinder-862136-1-smb neutron-server[104687]: INFO neutron.wsgi [None req-16156f55-6774-46c1-b659-5cb049e2c44a admin admin] 10.222.0.36 "POST /networking/v2.0/routers HTTP/1.1" status: 201 len: 931 time: 5.6380496
Oct 20 13:35:42.361914 dv-cinder-862136-1-smb neutron-server[104687]: DEBUG neutron_lib.callbacks.manager [None req-0d1568f4-1a21-4e7b-bff6-b971c2ae967f admin admin] Publish callbacks [] for security_group (None), before_create {{(pid=104687) _notify_loop /usr/local/lib/python3.8/dist-packages/neutron_lib/callbacks/manager.py:176}}
Oct 20 13:35:42.365631 dv-cinder-862136-1-smb neutron-server[104688]: DEBUG neutron.services.segments.db [None req-36b59bdf-ed17-4301-bd5d-dc409a8132b6 admin admin] neutron.services.segments.plugin.Plugin method delete_segment called with arguments (, '865ccb8c-88ea-41c3-9793-6af59f1bb12d') {'for_net_delete': True} {{(pid=104688) wrapper /usr/local/lib/python3.8/dist-packages/oslo_log/helpers.py:65}}
Oct 20 13:35:42.365939 dv-cinder-862136-1-smb neutron-server[104688]: DEBUG neutron.services.segments.db [None req-36b59bdf-ed17-4301-bd5d-dc409a8132b6 admin admin] neutron.services.segments.plugin.Plugin method get_segment called with arguments (, '865ccb8c-88ea-41c3-9793-6af59f1bb12d') {} {{(pid=104688) wrapper /usr/local/lib/python3.8/dist-packages/oslo_log/helpers.py:65}}
Oct 20 13:35:42.375989 dv-cinder-862136-1-smb neutron-server[104687]: DEBUG neutron.wsgi [-] (104687) accepted ('10.222.0.36', 42076) {{(pid=104687) server /usr/local/lib/python3.8/dist-packages/eventlet/wsgi.py:1004}}
Oct 20 13:35:42.401936 dv-cinder-862136-1-smb neutron-server[104689]: DEBUG neutron.api.rpc.handlers.dhcp_rpc [None req-84d91e26-daf6-42d9-81f8-7dbfe01d3fc7 None None] Network 7f9b6aba-13f0-4331-b25f-ba063cd203cc requested from dv-cinder-862136-1-smb {{(pid=104689) get_network_info /opt/stack/neutron/neutron/api/rpc/handlers/dhcp_rpc.py:193}}
Oct 20 13:35:42.471287 dv-cinder-862136-1-smb neutron-server[104689]: DEBUG neutron.db.l3_dvrscheduler_db [None req-ca71dfa8-9196-47be-9e04-a469cf314b5f None None] Routers {'5ccb665f-bc92-4fb9-932d-11fc941db288'} bound to L3 agent in host dv-cinder-862136-1-smb {{(pid=104689) _get_router_ids_for_agent /opt/stack/neutron/neutron/db/l3_dvrscheduler_db.py:426}}
Oct 20 13:35:42.479702 dv-cinder-862136-1-smb neutron-server[104689]: DEBUG neutron.db.l3_hamode_db [None req-ca71dfa8-9196-47be-9e04-a469cf314b5f None None] neutron.services.l3_router.l3_router_plugin.L3RouterPlugin method get_ha_sync_data_for_host called with arguments (, 'dv-cinder-862136-1-smb', Agent(admin_state_up=True,agent_type='L3 agent',availability_zone='nova',binary='neutron-l3-agent',configurations={"agent_mode": "legacy", "ex_gw_ports": 1, "extensions": [], "floating_ips": 0, "handle_internal_only_routers": true, "interface_driver": "openvswitch", "interfaces": 1, "log_agent_heartbeats": false, "routers": 1},created_at=2022-10-20T13:27:25Z,description=,heartbeat_timestamp=2022-10-20T13:35:25Z,host='dv-cinder-862136-1-smb',id=25496b7d-1dbb-470e-afa0-66e6f307e37d,load=0,resource_versions=,resources_synced=,started_at=2022-10-20T13:27:25Z,topic='l3_agent')) {'router_ids': ['5ccb665f-bc92-4fb9-932d-11fc941db288'], 'active': True} {{(pid=104689) wrapper /usr/local/lib/python3.8/dist-packages/oslo_log/helpers.py:65}}
Oct 20 13:35:42.596080 dv-cinder-862136-1-smb neutron-server[104687]: DEBUG neutron_lib.callbacks.manager [None req-3ca8a485-461c-4744-a70c-d3e91a904f0e admin admin] Publish callbacks [] for security_group (None), before_create {{(pid=104687) _notify_loop /usr/local/lib/python3.8/dist-packages/neutron_lib/callbacks/manager.py:176}}
Oct 20 13:35:42.607204 dv-cinder-862136-1-smb neutron-server[104687]: DEBUG dbcounter [-] [104687] Writing DB stats neutron:SELECT=95,neutron:DELETE=4,neutron:INSERT=1 {{(pid=104687) stat_writer /usr/local/lib/python3.8/dist-packages/dbcounter.py:114}}
Oct 20 13:35:42.612413 dv-cinder-862136-1-smb neutron-server[104688]: DEBUG neutron_lib.callbacks.manager [None req-36b59bdf-ed17-4301-bd5d-dc409a8132b6 admin admin] Publish callbacks ['neutron.plugins.ml2.db._prevent_segment_delete_with_port_bound-8765702562039', 'neutron.services.segments.plugin.Plugin._prevent_segment_delete_with_subnet_associated-15664982'] for segment (865ccb8c-88ea-41c3-9793-6af59f1bb12d), before_delete {{(pid=104688) _notify_loop /usr/local/lib/python3.8/dist-packages/neutron_lib/callbacks/manager.py:176}}
Oct 20 13:35:42.691339 dv-cinder-862136-1-smb neutron-server[104688]: DEBUG neutron_lib.callbacks.manager [None req-36b59bdf-ed17-4301-bd5d-dc409a8132b6 admin admin] Publish callbacks ['neutron.plugins.ml2.plugin.Ml2Plugin._handle_segment_change-610800'] for segment (865ccb8c-88ea-41c3-9793-6af59f1bb12d), precommit_delete {{(pid=104688) _notify_loop /usr/local/lib/python3.8/dist-packages/neutron_lib/callbacks/manager.py:176}}
Oct 20 13:35:42.742172 dv-cinder-862136-1-smb neutron-server[104688]: DEBUG neutron.api.rpc.agentnotifiers.l3_rpc_agent_api [None req-19ac2f7d-562a-4baf-a941-e1d8fdf01b48 admin admin] Notify agent at l3_agent.dv-cinder-862136-1-smb the message routers_updated {{(pid=104688) _agent_notification /opt/stack/neutron/neutron/api/rpc/agentnotifiers/l3_rpc_agent_api.py:65}}
Oct 20 13:35:42.749843 dv-cinder-862136-1-smb neutron-server[104688]: DEBUG neutron.plugins.ml2.drivers.type_vlan [None req-36b59bdf-ed17-4301-bd5d-dc409a8132b6 admin admin] Releasing vlan 326 on physical network physnet1 to pool {{(pid=104688) release_segment /opt/stack/neutron/neutron/plugins/ml2/drivers/type_vlan.py:304}}
Oct 20 13:35:42.750414 dv-cinder-862136-1-smb neutron-server[104688]: DEBUG neutron_lib.callbacks.manager [None req-36b59bdf-ed17-4301-bd5d-dc409a8132b6 admin admin] Publish callbacks ['neutron.plugins.ml2.plugin.Ml2Plugin._handle_segment_change-610800', 'neutron.services.segments.plugin.NovaSegmentNotifier._notify_segment_deleted-1371924'] for segment (865ccb8c-88ea-41c3-9793-6af59f1bb12d), after_delete {{(pid=104688) _notify_loop /usr/local/lib/python3.8/dist-packages/neutron_lib/callbacks/manager.py:176}}
Oct 20 13:35:42.834547 dv-cinder-862136-1-smb neutron-server[104689]: DEBUG neutron.db.l3_dvr_db [None req-ca71dfa8-9196-47be-9e04-a469cf314b5f None None] Set router 5ccb665f-bc92-4fb9-932d-11fc941db288 gateway port host: dv-cinder-862136-1-smb {{(pid=104689) _build_routers_list /opt/stack/neutron/neutron/db/l3_dvr_db.py:907}}
Oct 20 13:35:42.882576 dv-cinder-862136-1-smb neutron-server[104690]: DEBUG neutron_lib.callbacks.manager [None req-fc7a4bcb-5dba-4e5a-b82d-56c7e168ed4c None None] Publish callbacks [] for port (2b99c7f6-488a-46c0-83c4-64e575ca1ed8), precommit_update {{(pid=104690) _notify_loop /usr/local/lib/python3.8/dist-packages/neutron_lib/callbacks/manager.py:176}}
Oct 20 13:35:42.897368 dv-cinder-862136-1-smb neutron-server[104690]: DEBUG neutron.api.rpc.handlers.l3_rpc [None req-79d50b09-80ea-4921-8a03-6d390157bba6 None None] Sync routers for ids ['54ff902c-cbcd-4339-8f67-8319defc22c1'] in dv-cinder-862136-1-smb {{(pid=104690) sync_routers /opt/stack/neutron/neutron/api/rpc/handlers/l3_rpc.py:125}}
Oct 20 13:35:42.919963 dv-cinder-862136-1-smb neutron-server[104690]: DEBUG neutron_lib.callbacks.manager [None req-fc7a4bcb-5dba-4e5a-b82d-56c7e168ed4c None None] Publish callbacks ['neutron.plugins.ml2.plugin.SecurityGroupServerNotifierRpcMixin._notify_sg_on_port_change-757422', 'neutron.plugins.ml2.ovo_rpc._ObjectChangeHandler.handle_event-512894', 'neutron.api.rpc.agentnotifiers.dhcp_rpc_agent_api.DhcpAgentNotifyAPI._native_event_send_dhcp_notification-1590423', 'neutron.db.l3_db.L3RpcNotifierMixin._notify_gateway_port_ip_changed-8765702518658', 'neutron.db.l3_dvrscheduler_db._notify_l3_agent_port_update-8765702028647', 'neutron.db.l3_hascheduler_db._notify_l3_agent_ha_port_update-8765702028665'] for port (2b99c7f6-488a-46c0-83c4-64e575ca1ed8), after_update {{(pid=104690) _notify_loop /usr/local/lib/python3.8/dist-packages/neutron_lib/callbacks/manager.py:176}}
Oct 20 13:35:42.951573 dv-cinder-862136-1-smb neutron-server[104690]: DEBUG dbcounter [-] [104690] Writing DB stats neutron:SELECT=97,neutron:UPDATE=3 {{(pid=104690) stat_writer /usr/local/lib/python3.8/dist-packages/dbcounter.py:114}}
Oct 20 13:35:42.952989 dv-cinder-862136-1-smb neutron-server[104690]: DEBUG neutron.db.l3_dvrscheduler_db [None req-79d50b09-80ea-4921-8a03-6d390157bba6 None None] Routers {'54ff902c-cbcd-4339-8f67-8319defc22c1'} bound to L3 agent in host dv-cinder-862136-1-smb {{(pid=104690) _get_router_ids_for_agent /opt/stack/neutron/neutron/db/l3_dvrscheduler_db.py:426}}
Oct 20 13:35:42.953624 dv-cinder-862136-1-smb neutron-server[104690]: DEBUG neutron.db.l3_hamode_db [None req-79d50b09-80ea-4921-8a03-6d390157bba6 None None] neutron.services.l3_router.l3_router_plugin.L3RouterPlugin method get_ha_sync_data_for_host called with arguments (, 'dv-cinder-862136-1-smb', Agent(admin_state_up=True,agent_type='L3 agent',availability_zone='nova',binary='neutron-l3-agent',configurations={"agent_mode": "legacy", "ex_gw_ports": 1, "extensions": [], "floating_ips": 0, "handle_internal_only_routers": true, "interface_driver": "openvswitch", "interfaces": 1, "log_agent_heartbeats": false, "routers": 1},created_at=2022-10-20T13:27:25Z,description=,heartbeat_timestamp=2022-10-20T13:35:25Z,host='dv-cinder-862136-1-smb',id=25496b7d-1dbb-470e-afa0-66e6f307e37d,load=0,resource_versions=,resources_synced=,started_at=2022-10-20T13:27:25Z,topic='l3_agent')) {'router_ids': ['54ff902c-cbcd-4339-8f67-8319defc22c1'], 'active': True} {{(pid=104690) wrapper /usr/local/lib/python3.8/dist-packages/oslo_log/helpers.py:65}}
Oct 20 13:35:42.976244 dv-cinder-862136-1-smb neutron-server[104688]: DEBUG neutron_lib.callbacks.manager [None req-36b59bdf-ed17-4301-bd5d-dc409a8132b6 admin admin] Publish callbacks ['neutron.plugins.ml2.plugin.Ml2Plugin._network_delete_after_delete_handler-812637', 'neutron.plugins.ml2.ovo_rpc._ObjectChangeHandler.handle_event-1824419', 'neutron.api.rpc.agentnotifiers.dhcp_rpc_agent_api.DhcpAgentNotifyAPI._native_event_send_dhcp_notification-1590423', 'neutron.services.l3_router.l3_router_plugin.DVRResourceOperationHandler.delete_fip_namespaces_for_ext_net-1797132'] for network (5a7b60f7-5490-4c18-91e3-ed77daf383b4), after_delete {{(pid=104688) _notify_loop /usr/local/lib/python3.8/dist-packages/neutron_lib/callbacks/manager.py:176}}
Oct 20 13:35:42.982560 dv-cinder-862136-1-smb neutron-server[104688]: DEBUG neutron_lib.callbacks.manager [None req-19ac2f7d-562a-4baf-a941-e1d8fdf01b48 admin admin] Publish callbacks [] for router (None), before_response {{(pid=104688) _notify_loop /usr/local/lib/python3.8/dist-packages/neutron_lib/callbacks/manager.py:176}}
Oct 20 13:35:42.984014 dv-cinder-862136-1-smb neutron-server[104688]: INFO neutron.wsgi [None req-19ac2f7d-562a-4baf-a941-e1d8fdf01b48 admin admin] 10.222.0.36 "POST /networking/v2.0/routers HTTP/1.1" status: 201 len: 924 time: 7.2274802
