Oct 23 00:08:44.383867 dv-cinder-861566-5-smb devstack@c-api.service[111688]: INFO cinder.volume.api [None req-de7a7d3a-a1a7-4f1e-a2ac-a8b69c3a02ab tempest-VolumesSnapshotNegativeTestJSON-2052465396 tempest-VolumesSnapshotNegativeTestJSON-2052465396-project] Availability Zones retrieved successfully.
Oct 23 00:08:44.397943 dv-cinder-861566-5-smb devstack@c-api.service[111687]: INFO cinder.api.openstack.wsgi [None req-c2c5b55b-6421-45b8-ad9f-c41835304b78 tempest-VolumeTypesTest-318124144 tempest-VolumeTypesTest-318124144-project-admin] http://10.222.0.20/volume/v3/8d1ddc8139834a1ca7bb165ad188e03a/types/40f2c50a-b784-43a2-8915-463208ee493c/encryption/cipher returned with HTTP 200
Oct 23 00:08:44.403911 dv-cinder-861566-5-smb devstack@c-api.service[111687]: [pid: 111687|app: 0|req: 78/140] 10.222.0.20 () {58 vars in 1373 bytes} [Sun Oct 23 00:08:44 2022] GET /volume/v3/8d1ddc8139834a1ca7bb165ad188e03a/types/40f2c50a-b784-43a2-8915-463208ee493c/encryption/cipher => generated 29 bytes in 27 msecs (HTTP/1.1 200) 7 headers in 284 bytes (2 switches on core 0)
Oct 23 00:08:44.404068 dv-cinder-861566-5-smb devstack@c-api.service[111688]: DEBUG cinder.volume.api [None req-de7a7d3a-a1a7-4f1e-a2ac-a8b69c3a02ab tempest-VolumesSnapshotNegativeTestJSON-2052465396 tempest-VolumesSnapshotNegativeTestJSON-2052465396-project] Flow 'volume_create_api' (fdf47dfd-4bda-4c8a-a34e-475ccab2df29) transitioned into state 'RUNNING' from state 'PENDING' {{(pid=111688) _flow_receiver /usr/local/lib/python3.8/dist-packages/taskflow/listeners/logging.py:141}}
Oct 23 00:08:44.404068 dv-cinder-861566-5-smb devstack@c-api.service[111688]: DEBUG cinder.volume.api [None req-de7a7d3a-a1a7-4f1e-a2ac-a8b69c3a02ab tempest-VolumesSnapshotNegativeTestJSON-2052465396 tempest-VolumesSnapshotNegativeTestJSON-2052465396-project] Task 'cinder.volume.flows.api.create_volume.ExtractVolumeRequestTask;volume:create' (ff6ba58a-8853-4597-981f-d263975ec371) transitioned into state 'RUNNING' from state 'PENDING' {{(pid=111688) _task_receiver /usr/local/lib/python3.8/dist-packages/taskflow/listeners/logging.py:190}}
Oct 23 00:08:44.406244 dv-cinder-861566-5-smb devstack@c-api.service[111688]: DEBUG cinder.volume.flows.api.create_volume [None req-de7a7d3a-a1a7-4f1e-a2ac-a8b69c3a02ab tempest-VolumesSnapshotNegativeTestJSON-2052465396 tempest-VolumesSnapshotNegativeTestJSON-2052465396-project] Validating volume size '2' using validate_int {{(pid=111688) _extract_size /opt/stack/cinder/cinder/volume/flows/api/create_volume.py:228}}
Oct 23 00:08:44.406614 dv-cinder-861566-5-smb devstack@c-api.service[111687]: DEBUG cinder.api.middleware.request_id [None req-7f6bc610-3f88-4985-b6b5-3773fd5b660b None None] RequestId filter calling following filter/app {{(pid=111687) _context_setter /opt/stack/cinder/cinder/api/middleware/request_id.py:62}}
Oct 23 00:08:44.413489 dv-cinder-861566-5-smb devstack@c-api.service[111687]: INFO cinder.api.openstack.wsgi [None req-7f6bc610-3f88-4985-b6b5-3773fd5b660b tempest-VolumeTypesTest-318124144 tempest-VolumeTypesTest-318124144-project-admin] DELETE http://10.222.0.20/volume/v3/8d1ddc8139834a1ca7bb165ad188e03a/types/40f2c50a-b784-43a2-8915-463208ee493c/encryption/provider
Oct 23 00:08:44.413943 dv-cinder-861566-5-smb devstack@c-api.service[111687]: DEBUG cinder.api.openstack.wsgi [None req-7f6bc610-3f88-4985-b6b5-3773fd5b660b tempest-VolumeTypesTest-318124144 tempest-VolumeTypesTest-318124144-project-admin] Empty body provided in request {{(pid=111687) get_body /opt/stack/cinder/cinder/api/openstack/wsgi.py:715}}
Oct 23 00:08:44.414513 dv-cinder-861566-5-smb devstack@c-api.service[111687]: DEBUG cinder.api.openstack.wsgi [None req-7f6bc610-3f88-4985-b6b5-3773fd5b660b tempest-VolumeTypesTest-318124144 tempest-VolumeTypesTest-318124144-project-admin] Calling method 'delete' {{(pid=111687) _process_stack /opt/stack/cinder/cinder/api/openstack/wsgi.py:868}}
Oct 23 00:08:44.442483 dv-cinder-861566-5-smb devstack@c-api.service[111687]: INFO cinder.api.openstack.wsgi [None req-7f6bc610-3f88-4985-b6b5-3773fd5b660b tempest-VolumeTypesTest-318124144 tempest-VolumeTypesTest-318124144-project-admin] http://10.222.0.20/volume/v3/8d1ddc8139834a1ca7bb165ad188e03a/types/40f2c50a-b784-43a2-8915-463208ee493c/encryption/provider returned with HTTP 202
Oct 23 00:08:44.443625 dv-cinder-861566-5-smb devstack@c-api.service[111687]: [pid: 111687|app: 0|req: 79/141] 10.222.0.20 () {58 vars in 1382 bytes} [Sun Oct 23 00:08:44 2022] DELETE /volume/v3/8d1ddc8139834a1ca7bb165ad188e03a/types/40f2c50a-b784-43a2-8915-463208ee493c/encryption/provider => generated 0 bytes in 39 msecs (HTTP/1.1 202) 6 headers in 233 bytes (1 switches on core 0)
Oct 23 00:08:44.448542 dv-cinder-861566-5-smb devstack@c-api.service[111687]: DEBUG cinder.api.middleware.request_id [None req-f9b53075-aa62-4f4a-b0a4-c97816750318 None None] RequestId filter calling following filter/app {{(pid=111687) _context_setter /opt/stack/cinder/cinder/api/middleware/request_id.py:62}}
Oct 23 00:08:44.449556 dv-cinder-861566-5-smb devstack@c-api.service[111688]: DEBUG cinder.volume.api [None req-de7a7d3a-a1a7-4f1e-a2ac-a8b69c3a02ab tempest-VolumesSnapshotNegativeTestJSON-2052465396 tempest-VolumesSnapshotNegativeTestJSON-2052465396-project] Task 'cinder.volume.flows.api.create_volume.ExtractVolumeRequestTask;volume:create' (ff6ba58a-8853-4597-981f-d263975ec371) transitioned into state 'SUCCESS' from state 'RUNNING' with result '{'size': 2, 'snapshot_id': None, 'source_volid': None, 'volume_type': VolumeType(created_at=2022-10-22T23:58:15Z,deleted=False,deleted_at=None,description='Default Volume Type',extra_specs={},id=c0549152-abad-4994-b375-35401f45f5a5,is_public=True,name='__DEFAULT__',projects=[],qos_specs=,qos_specs_id=None,updated_at=2022-10-22T23:58:15Z), 'volume_type_id': 'c0549152-abad-4994-b375-35401f45f5a5', 'encryption_key_id': None, 'qos_specs': None, 'consistencygroup_id': None, 'cgsnapshot_id': None, 'group_id': None, 'replication_status': 'disabled', 'refresh_az': False, 'backup_id': None, 'multiattach': False, 'availability_zones': ['nova']}' {{(pid=111688) _task_receiver /usr/local/lib/python3.8/dist-packages/taskflow/listeners/logging.py:178}}
Oct 23 00:08:44.451811 dv-cinder-861566-5-smb devstack@c-api.service[111688]: DEBUG cinder.volume.api [None req-de7a7d3a-a1a7-4f1e-a2ac-a8b69c3a02ab tempest-VolumesSnapshotNegativeTestJSON-2052465396 tempest-VolumesSnapshotNegativeTestJSON-2052465396-project] Task 'cinder.volume.flows.api.create_volume.QuotaReserveTask;volume:create' (eb64ebae-4e20-4735-95d6-315e331a03cf) transitioned into state 'RUNNING' from state 'PENDING' {{(pid=111688) _task_receiver /usr/local/lib/python3.8/dist-packages/taskflow/listeners/logging.py:190}}
Oct 23 00:08:44.454016 dv-cinder-861566-5-smb devstack@c-api.service[111687]: INFO cinder.api.openstack.wsgi [None req-f9b53075-aa62-4f4a-b0a4-c97816750318 tempest-VolumeTypesTest-318124144 tempest-VolumeTypesTest-318124144-project-admin] GET http://10.222.0.20/volume/v3/8d1ddc8139834a1ca7bb165ad188e03a/types/40f2c50a-b784-43a2-8915-463208ee493c/encryption
Oct 23 00:08:44.454477 dv-cinder-861566-5-smb devstack@c-api.service[111687]: DEBUG cinder.api.openstack.wsgi [None req-f9b53075-aa62-4f4a-b0a4-c97816750318 tempest-VolumeTypesTest-318124144 tempest-VolumeTypesTest-318124144-project-admin] Empty body provided in request {{(pid=111687) get_body /opt/stack/cinder/cinder/api/openstack/wsgi.py:715}}
Oct 23 00:08:44.455497 dv-cinder-861566-5-smb devstack@c-api.service[111687]: DEBUG cinder.api.openstack.wsgi [None req-f9b53075-aa62-4f4a-b0a4-c97816750318 tempest-VolumeTypesTest-318124144 tempest-VolumeTypesTest-318124144-project-admin] Calling method 'index' {{(pid=111687) _process_stack /opt/stack/cinder/cinder/api/openstack/wsgi.py:868}}
Oct 23 00:08:44.463882 dv-cinder-861566-5-smb devstack@c-api.service[111687]: DEBUG dbcounter [-] [111687] Writing DB stats cinder:SELECT=83,cinder:UPDATE=11,cinder:INSERT=6 {{(pid=111687) stat_writer /usr/local/lib/python3.8/dist-packages/dbcounter.py:114}}
Oct 23 00:08:44.467787 dv-cinder-861566-5-smb devstack@c-api.service[111687]: INFO cinder.api.openstack.wsgi [None req-f9b53075-aa62-4f4a-b0a4-c97816750318 tempest-VolumeTypesTest-318124144 tempest-VolumeTypesTest-318124144-project-admin] http://10.222.0.20/volume/v3/8d1ddc8139834a1ca7bb165ad188e03a/types/40f2c50a-b784-43a2-8915-463208ee493c/encryption returned with HTTP 200
Oct 23 00:08:44.475509 dv-cinder-861566-5-smb devstack@c-api.service[111687]: [pid: 111687|app: 0|req: 80/142] 10.222.0.20 () {58 vars in 1352 bytes} [Sun Oct 23 00:08:44 2022] GET /volume/v3/8d1ddc8139834a1ca7bb165ad188e03a/types/40f2c50a-b784-43a2-8915-463208ee493c/encryption => generated 2 bytes in 21 msecs (HTTP/1.1 200) 7 headers in 283 bytes (2 switches on core 0)
Oct 23 00:08:44.477186 dv-cinder-861566-5-smb devstack@c-api.service[111687]: DEBUG cinder.api.middleware.request_id [None req-80afa320-78c6-4641-bec2-7482210f5ced None None] RequestId filter calling following filter/app {{(pid=111687) _context_setter /opt/stack/cinder/cinder/api/middleware/request_id.py:62}}
Oct 23 00:08:44.482173 dv-cinder-861566-5-smb devstack@c-api.service[111687]: INFO cinder.api.openstack.wsgi [None req-80afa320-78c6-4641-bec2-7482210f5ced tempest-VolumeTypesTest-318124144 tempest-VolumeTypesTest-318124144-project-admin] GET http://10.222.0.20/volume/v3/8d1ddc8139834a1ca7bb165ad188e03a/types/40f2c50a-b784-43a2-8915-463208ee493c/encryption
Oct 23 00:08:44.482626 dv-cinder-861566-5-smb devstack@c-api.service[111687]: DEBUG cinder.api.openstack.wsgi [None req-80afa320-78c6-4641-bec2-7482210f5ced tempest-VolumeTypesTest-318124144 tempest-VolumeTypesTest-318124144-project-admin] Empty body provided in request {{(pid=111687) get_body /opt/stack/cinder/cinder/api/openstack/wsgi.py:715}}
Oct 23 00:08:44.483114 dv-cinder-861566-5-smb devstack@c-api.service[111687]: DEBUG cinder.api.openstack.wsgi [None req-80afa320-78c6-4641-bec2-7482210f5ced tempest-VolumeTypesTest-318124144 tempest-VolumeTypesTest-318124144-project-admin] Calling method 'index' {{(pid=111687) _process_stack /opt/stack/cinder/cinder/api/openstack/wsgi.py:868}}
Oct 23 00:08:44.489552 dv-cinder-861566-5-smb devstack@c-api.service[111688]: DEBUG dbcounter [-] [111688] Writing DB stats cinder:SELECT=90,cinder:INSERT=6,cinder:UPDATE=4 {{(pid=111688) stat_writer /usr/local/lib/python3.8/dist-packages/dbcounter.py:114}}
Oct 23 00:08:44.496665 dv-cinder-861566-5-smb devstack@c-api.service[111687]: INFO cinder.api.openstack.wsgi [None req-80afa320-78c6-4641-bec2-7482210f5ced tempest-VolumeTypesTest-318124144 tempest-VolumeTypesTest-318124144-project-admin] http://10.222.0.20/volume/v3/8d1ddc8139834a1ca7bb165ad188e03a/types/40f2c50a-b784-43a2-8915-463208ee493c/encryption returned with HTTP 200
Oct 23 00:08:44.505276 dv-cinder-861566-5-smb devstack@c-api.service[111687]: [pid: 111687|app: 0|req: 81/143] 10.222.0.20 () {58 vars in 1352 bytes} [Sun Oct 23 00:08:44 2022] GET /volume/v3/8d1ddc8139834a1ca7bb165ad188e03a/types/40f2c50a-b784-43a2-8915-463208ee493c/encryption => generated 2 bytes in 21 msecs (HTTP/1.1 200) 7 headers in 283 bytes (2 switches on core 0)
Oct 23 00:08:44.507344 dv-cinder-861566-5-smb devstack@c-api.service[111687]: DEBUG cinder.api.middleware.request_id [None req-97f19c46-c58e-432d-954f-35a30c852b8d None None] RequestId filter calling following filter/app {{(pid=111687) _context_setter /opt/stack/cinder/cinder/api/middleware/request_id.py:62}}
Oct 23 00:08:44.511724 dv-cinder-861566-5-smb devstack@c-api.service[111687]: INFO cinder.api.openstack.wsgi [None req-97f19c46-c58e-432d-954f-35a30c852b8d tempest-VolumeTypesTest-318124144 tempest-VolumeTypesTest-318124144-project-admin] GET http://10.222.0.20/volume/v3/8d1ddc8139834a1ca7bb165ad188e03a/types
Oct 23 00:08:44.512174 dv-cinder-861566-5-smb devstack@c-api.service[111687]: DEBUG cinder.api.openstack.wsgi [None req-97f19c46-c58e-432d-954f-35a30c852b8d tempest-VolumeTypesTest-318124144 tempest-VolumeTypesTest-318124144-project-admin] Empty body provided in request {{(pid=111687) get_body /opt/stack/cinder/cinder/api/openstack/wsgi.py:715}}
Oct 23 00:08:44.512630 dv-cinder-861566-5-smb devstack@c-api.service[111687]: DEBUG cinder.api.openstack.wsgi [None req-97f19c46-c58e-432d-954f-35a30c852b8d tempest-VolumeTypesTest-318124144 tempest-VolumeTypesTest-318124144-project-admin] Calling method 'index' {{(pid=111687) _process_stack /opt/stack/cinder/cinder/api/openstack/wsgi.py:868}}
Oct 23 00:08:44.556474 dv-cinder-861566-5-smb devstack@c-api.service[111687]: INFO cinder.api.openstack.wsgi [None req-97f19c46-c58e-432d-954f-35a30c852b8d tempest-VolumeTypesTest-318124144 tempest-VolumeTypesTest-318124144-project-admin] http://10.222.0.20/volume/v3/8d1ddc8139834a1ca7bb165ad188e03a/types returned with HTTP 200
Oct 23 00:08:44.557945 dv-cinder-861566-5-smb devstack@c-api.service[111687]: [pid: 111687|app: 0|req: 82/144] 10.222.0.20 () {58 vars in 1208 bytes} [Sun Oct 23 00:08:44 2022] GET /volume/v3/8d1ddc8139834a1ca7bb165ad188e03a/types => generated 2037 bytes in 52 msecs (HTTP/1.1 200) 7 headers in 286 bytes (1 switches on core 0)
Oct 23 00:08:44.568035 dv-cinder-861566-5-smb devstack@c-api.service[111687]: DEBUG cinder.api.middleware.request_id [None req-e6017344-1826-4a29-b71a-c3b5e559776f None None] RequestId filter calling following filter/app {{(pid=111687) _context_setter /opt/stack/cinder/cinder/api/middleware/request_id.py:62}}
Oct 23 00:08:44.572639 dv-cinder-861566-5-smb devstack@c-api.service[111687]: INFO cinder.api.openstack.wsgi [None req-e6017344-1826-4a29-b71a-c3b5e559776f tempest-VolumeTypesTest-318124144 tempest-VolumeTypesTest-318124144-project-admin] POST http://10.222.0.20/volume/v3/8d1ddc8139834a1ca7bb165ad188e03a/types
Oct 23 00:08:44.573568 dv-cinder-861566-5-smb devstack@c-api.service[111687]: DEBUG cinder.api.openstack.wsgi [None req-e6017344-1826-4a29-b71a-c3b5e559776f tempest-VolumeTypesTest-318124144 tempest-VolumeTypesTest-318124144-project-admin] Action: 'create', calling method: _create, body: {"volume_type": {"name": "tempest-VolumeTypesTest-volume-type-1393931638"}} {{(pid=111687) _process_stack /opt/stack/cinder/cinder/api/openstack/wsgi.py:866}}
Oct 23 00:08:44.600427 dv-cinder-861566-5-smb devstack@c-api.service[111688]: DEBUG cinder.quota [None req-de7a7d3a-a1a7-4f1e-a2ac-a8b69c3a02ab tempest-VolumesSnapshotNegativeTestJSON-2052465396 tempest-VolumesSnapshotNegativeTestJSON-2052465396-project] Created reservations ['707cc77b-5264-4bc2-9290-d0a2baf6211d', '92864936-3a5d-4354-a7ba-60fa2b3ab3e3', 'dcc02793-ae33-4121-a95e-939cb4ee0500', '95d37201-74ff-4879-80a3-f4ac4daa7618'] {{(pid=111688) reserve /opt/stack/cinder/cinder/quota.py:755}}
Oct 23 00:08:44.605931 dv-cinder-861566-5-smb devstack@c-api.service[111688]: DEBUG cinder.volume.api [None req-de7a7d3a-a1a7-4f1e-a2ac-a8b69c3a02ab tempest-VolumesSnapshotNegativeTestJSON-2052465396 tempest-VolumesSnapshotNegativeTestJSON-2052465396-project] Task 'cinder.volume.flows.api.create_volume.QuotaReserveTask;volume:create' (eb64ebae-4e20-4735-95d6-315e331a03cf) transitioned into state 'SUCCESS' from state 'RUNNING' with result '{'reservations': ['707cc77b-5264-4bc2-9290-d0a2baf6211d', '92864936-3a5d-4354-a7ba-60fa2b3ab3e3', 'dcc02793-ae33-4121-a95e-939cb4ee0500', '95d37201-74ff-4879-80a3-f4ac4daa7618']}' {{(pid=111688) _task_receiver /usr/local/lib/python3.8/dist-packages/taskflow/listeners/logging.py:178}}
Oct 23 00:08:44.609641 dv-cinder-861566-5-smb devstack@c-api.service[111688]: DEBUG cinder.volume.api [None req-de7a7d3a-a1a7-4f1e-a2ac-a8b69c3a02ab tempest-VolumesSnapshotNegativeTestJSON-2052465396 tempest-VolumesSnapshotNegativeTestJSON-2052465396-project] Task 'cinder.volume.flows.api.create_volume.EntryCreateTask;volume:create' (ca9153ae-3b5a-45e7-8a98-d9a68a94f4ec) transitioned into state 'RUNNING' from state 'PENDING' {{(pid=111688) _task_receiver /usr/local/lib/python3.8/dist-packages/taskflow/listeners/logging.py:190}}
Oct 23 00:08:44.611430 dv-cinder-861566-5-smb devstack@c-api.service[111687]: INFO cinder.api.openstack.wsgi [None req-e6017344-1826-4a29-b71a-c3b5e559776f tempest-VolumeTypesTest-318124144 tempest-VolumeTypesTest-318124144-project-admin] http://10.222.0.20/volume/v3/8d1ddc8139834a1ca7bb165ad188e03a/types returned with HTTP 200
Oct 23 00:08:44.612158 dv-cinder-861566-5-smb devstack@c-api.service[111687]: [pid: 111687|app: 0|req: 83/145] 10.222.0.20 () {60 vars in 1229 bytes} [Sun Oct 23 00:08:44 2022] POST /volume/v3/8d1ddc8139834a1ca7bb165ad188e03a/types => generated 221 bytes in 45 msecs (HTTP/1.1 200) 7 headers in 285 bytes (2 switches on core 0)
Oct 23 00:08:44.619665 dv-cinder-861566-5-smb devstack@c-api.service[111687]: DEBUG cinder.api.middleware.request_id [None req-ecd81938-2aaf-49e0-bec3-a5b4310594c9 None None] RequestId filter calling following filter/app {{(pid=111687) _context_setter /opt/stack/cinder/cinder/api/middleware/request_id.py:62}}
Oct 23 00:08:44.624126 dv-cinder-861566-5-smb devstack@c-api.service[111687]: INFO cinder.api.openstack.wsgi [None req-ecd81938-2aaf-49e0-bec3-a5b4310594c9 tempest-VolumeTypesTest-318124144 tempest-VolumeTypesTest-318124144-project-admin] PUT http://10.222.0.20/volume/v3/8d1ddc8139834a1ca7bb165ad188e03a/types/fcb10fbf-7e6f-4be6-a62b-a28261e3c797
Oct 23 00:08:44.624927 dv-cinder-861566-5-smb devstack@c-api.service[111687]: DEBUG cinder.api.openstack.wsgi [None req-ecd81938-2aaf-49e0-bec3-a5b4310594c9 tempest-VolumeTypesTest-318124144 tempest-VolumeTypesTest-318124144-project-admin] Action: 'update', calling method: _update, body: {"volume_type": {"name": "tempest-volume-type-1590513427", "description": "tempest-volume-type-description-1577524419", "is_public": false}} {{(pid=111687) _process_stack /opt/stack/cinder/cinder/api/openstack/wsgi.py:866}}
Oct 23 00:08:44.649665 dv-cinder-861566-5-smb devstack@c-api.service[111688]: DEBUG cinder.volume.api [None req-de7a7d3a-a1a7-4f1e-a2ac-a8b69c3a02ab tempest-VolumesSnapshotNegativeTestJSON-2052465396 tempest-VolumesSnapshotNegativeTestJSON-2052465396-project] Task 'cinder.volume.flows.api.create_volume.EntryCreateTask;volume:create' (ca9153ae-3b5a-45e7-8a98-d9a68a94f4ec) transitioned into state 'SUCCESS' from state 'RUNNING' with result '{'volume_id': '91c105a5-4a5c-49d1-98ba-6eb3312b2873', 'volume_properties': VolumeProperties(attach_status='detached',availability_zone='nova',cgsnapshot_id=None,consistencygroup_id=None,display_description=None,display_name='tempest-VolumesSnapshotNegativeTestJSON-Volume-1041132915',encryption_key_id=None,group_id=None,group_type_id=,metadata={},multiattach=False,project_id='f7115ce68dd2403a9bde6f43c21c532f',qos_specs=None,replication_status=,reservations=['707cc77b-5264-4bc2-9290-d0a2baf6211d','92864936-3a5d-4354-a7ba-60fa2b3ab3e3','dcc02793-ae33-4121-a95e-939cb4ee0500','95d37201-74ff-4879-80a3-f4ac4daa7618'],size=2,snapshot_id=None,source_replicaid=,source_volid=None,status='creating',user_id='c3917d33179b438d81511e0d73d8a176',volume_type_id=c0549152-abad-4994-b375-35401f45f5a5), 'volume': Volume(_name_id=None,admin_metadata=,attach_status='detached',availability_zone='nova',bootable=False,cluster=,cluster_name=None,consistencygroup=,consistencygroup_id=None,created_at=2022-10-23T00:08:44Z,deleted=False,deleted_at=None,display_description=None,display_name='tempest-VolumesSnapshotNegativeTestJSON-Volume-1041132915',ec2_id=None,encryption_key_id=None,glance_metadata=,group=,group_id=None,host=None,id=91c105a5-4a5c-49d1-98ba-6eb3312b2873,launched_at=None,metadata={},migration_status=None,multiattach=False,previous_status=None,project_id='f7115ce68dd2403a9bde6f43c21c532f',provider_auth=None,provider_geometry=None,provider_id=None,provider_location=None,replication_driver_data=None,replication_extended_status=None,replication_status=None,scheduled_at=None,service_uuid=None,shared_targets=True,size=2,snapshot_id=None,snapshots=,source_volid=None,status='creating',terminated_at=None,updated_at=None,use_quota=True,user_id='c3917d33179b438d81511e0d73d8a176',volume_attachment=VolumeAttachmentList,volume_type=VolumeType(c0549152-abad-4994-b375-35401f45f5a5),volume_type_id=c0549152-abad-4994-b375-35401f45f5a5)}' {{(pid=111688) _task_receiver /usr/local/lib/python3.8/dist-packages/taskflow/listeners/logging.py:178}}
Oct 23 00:08:44.653318 dv-cinder-861566-5-smb devstack@c-api.service[111688]: DEBUG cinder.volume.api [None req-de7a7d3a-a1a7-4f1e-a2ac-a8b69c3a02ab tempest-VolumesSnapshotNegativeTestJSON-2052465396 tempest-VolumesSnapshotNegativeTestJSON-2052465396-project] Task 'cinder.volume.flows.api.create_volume.QuotaCommitTask;volume:create' (0368898e-d877-4fd2-9a99-620632492fc2) transitioned into state 'RUNNING' from state 'PENDING' {{(pid=111688) _task_receiver /usr/local/lib/python3.8/dist-packages/taskflow/listeners/logging.py:190}}
Oct 23 00:08:44.718198 dv-cinder-861566-5-smb devstack@c-api.service[111688]: DEBUG cinder.volume.api [None req-de7a7d3a-a1a7-4f1e-a2ac-a8b69c3a02ab tempest-VolumesSnapshotNegativeTestJSON-2052465396 tempest-VolumesSnapshotNegativeTestJSON-2052465396-project] Task 'cinder.volume.flows.api.create_volume.QuotaCommitTask;volume:create' (0368898e-d877-4fd2-9a99-620632492fc2) transitioned into state 'SUCCESS' from state 'RUNNING' with result '{'volume_properties': VolumeProperties(attach_status='detached',availability_zone='nova',cgsnapshot_id=None,consistencygroup_id=None,display_description=None,display_name='tempest-VolumesSnapshotNegativeTestJSON-Volume-1041132915',encryption_key_id=None,group_id=None,group_type_id=,metadata={},multiattach=False,project_id='f7115ce68dd2403a9bde6f43c21c532f',qos_specs=None,replication_status=,reservations=['707cc77b-5264-4bc2-9290-d0a2baf6211d','92864936-3a5d-4354-a7ba-60fa2b3ab3e3','dcc02793-ae33-4121-a95e-939cb4ee0500','95d37201-74ff-4879-80a3-f4ac4daa7618'],size=2,snapshot_id=None,source_replicaid=,source_volid=None,status='creating',user_id='c3917d33179b438d81511e0d73d8a176',volume_type_id=c0549152-abad-4994-b375-35401f45f5a5)}' {{(pid=111688) _task_receiver /usr/local/lib/python3.8/dist-packages/taskflow/listeners/logging.py:178}}
Oct 23 00:08:44.720272 dv-cinder-861566-5-smb devstack@c-api.service[111688]: DEBUG cinder.volume.api [None req-de7a7d3a-a1a7-4f1e-a2ac-a8b69c3a02ab tempest-VolumesSnapshotNegativeTestJSON-2052465396 tempest-VolumesSnapshotNegativeTestJSON-2052465396-project] Task 'cinder.volume.flows.api.create_volume.VolumeCastTask;volume:create' (7bf7455b-46b3-4b25-8005-e33110e47496) transitioned into state 'RUNNING' from state 'PENDING' {{(pid=111688) _task_receiver /usr/local/lib/python3.8/dist-packages/taskflow/listeners/logging.py:190}}
Oct 23 00:08:44.755113 dv-cinder-861566-5-smb devstack@c-api.service[111688]: DEBUG cinder.volume.api [None req-de7a7d3a-a1a7-4f1e-a2ac-a8b69c3a02ab tempest-VolumesSnapshotNegativeTestJSON-2052465396 tempest-VolumesSnapshotNegativeTestJSON-2052465396-project] Task 'cinder.volume.flows.api.create_volume.VolumeCastTask;volume:create' (7bf7455b-46b3-4b25-8005-e33110e47496) transitioned into state 'SUCCESS' from state 'RUNNING' with result 'None' {{(pid=111688) _task_receiver /usr/local/lib/python3.8/dist-packages/taskflow/listeners/logging.py:178}}
Oct 23 00:08:44.758377 dv-cinder-861566-5-smb devstack@c-api.service[111688]: DEBUG cinder.volume.api [None req-de7a7d3a-a1a7-4f1e-a2ac-a8b69c3a02ab tempest-VolumesSnapshotNegativeTestJSON-2052465396 tempest-VolumesSnapshotNegativeTestJSON-2052465396-project] Flow 'volume_create_api' (fdf47dfd-4bda-4c8a-a34e-475ccab2df29) transitioned into state 'SUCCESS' from state 'RUNNING' {{(pid=111688) _flow_receiver /usr/local/lib/python3.8/dist-packages/taskflow/listeners/logging.py:141}}
Oct 23 00:08:44.759192 dv-cinder-861566-5-smb devstack@c-api.service[111688]: INFO cinder.volume.api [None req-de7a7d3a-a1a7-4f1e-a2ac-a8b69c3a02ab tempest-VolumesSnapshotNegativeTestJSON-2052465396 tempest-VolumesSnapshotNegativeTestJSON-2052465396-project] Create volume request issued successfully.
Oct 23 00:08:44.760570 dv-cinder-861566-5-smb devstack@c-api.service[111688]: INFO cinder.api.openstack.wsgi [None req-de7a7d3a-a1a7-4f1e-a2ac-a8b69c3a02ab tempest-VolumesSnapshotNegativeTestJSON-2052465396 tempest-VolumesSnapshotNegativeTestJSON-2052465396-project] http://10.222.0.20/volume/v3/f7115ce68dd2403a9bde6f43c21c532f/volumes returned with HTTP 202
Oct 23 00:08:44.761533 dv-cinder-861566-5-smb devstack@c-api.service[111688]: [pid: 111688|app: 0|req: 63/146] 10.222.0.20 () {60 vars in 1235 bytes} [Sun Oct 23 00:08:44 2022] POST /volume/v3/f7115ce68dd2403a9bde6f43c21c532f/volumes => generated 831 bytes in 405 msecs (HTTP/1.1 202) 7 headers in 291 bytes (1 switches on core 0)
Oct 23 00:08:44.776181 dv-cinder-861566-5-smb devstack@c-api.service[111687]: INFO cinder.api.openstack.wsgi [None req-ecd81938-2aaf-49e0-bec3-a5b4310594c9 tempest-VolumeTypesTest-318124144 tempest-VolumeTypesTest-318124144-project-admin] http://10.222.0.20/volume/v3/8d1ddc8139834a1ca7bb165ad188e03a/types/fcb10fbf-7e6f-4be6-a62b-a28261e3c797 returned with HTTP 200
Oct 23 00:08:44.778723 dv-cinder-861566-5-smb devstack@c-api.service[111687]: [pid: 111687|app: 0|req: 84/147] 10.222.0.20 () {60 vars in 1340 bytes} [Sun Oct 23 00:08:44 2022] PUT /volume/v3/8d1ddc8139834a1ca7bb165ad188e03a/types/fcb10fbf-7e6f-4be6-a62b-a28261e3c797 => generated 205 bytes in 160 msecs (HTTP/1.1 200) 7 headers in 285 bytes (1 switches on core 0)
Oct 23 00:08:44.786779 dv-cinder-861566-5-smb devstack@c-api.service[111687]: DEBUG cinder.api.middleware.request_id [None req-db7725f4-bbed-4994-9c29-25d8879fffb1 None None] RequestId filter calling following filter/app {{(pid=111687) _context_setter /opt/stack/cinder/cinder/api/middleware/request_id.py:62}}
Oct 23 00:08:44.789219 dv-cinder-861566-5-smb devstack@c-api.service[111688]: DEBUG cinder.api.middleware.request_id [None req-77d90c25-594c-43f6-8d11-b64aab455431 None None] RequestId filter calling following filter/app {{(pid=111688) _context_setter /opt/stack/cinder/cinder/api/middleware/request_id.py:62}}
Oct 23 00:08:44.799941 dv-cinder-861566-5-smb devstack@c-api.service[111687]: INFO cinder.api.openstack.wsgi [None req-db7725f4-bbed-4994-9c29-25d8879fffb1 tempest-VolumeTypesTest-318124144 tempest-VolumeTypesTest-318124144-project-admin] GET http://10.222.0.20/volume/v3/8d1ddc8139834a1ca7bb165ad188e03a/types/fcb10fbf-7e6f-4be6-a62b-a28261e3c797
Oct 23 00:08:44.800779 dv-cinder-861566-5-smb devstack@c-api.service[111687]: DEBUG cinder.api.openstack.wsgi [None req-db7725f4-bbed-4994-9c29-25d8879fffb1 tempest-VolumeTypesTest-318124144 tempest-VolumeTypesTest-318124144-project-admin] Empty body provided in request {{(pid=111687) get_body /opt/stack/cinder/cinder/api/openstack/wsgi.py:715}}
Oct 23 00:08:44.803715 dv-cinder-861566-5-smb devstack@c-api.service[111687]: DEBUG cinder.api.openstack.wsgi [None req-db7725f4-bbed-4994-9c29-25d8879fffb1 tempest-VolumeTypesTest-318124144 tempest-VolumeTypesTest-318124144-project-admin] Calling method 'show' {{(pid=111687) _process_stack /opt/stack/cinder/cinder/api/openstack/wsgi.py:868}}
Oct 23 00:08:44.813800 dv-cinder-861566-5-smb devstack@c-api.service[111688]: INFO cinder.api.openstack.wsgi [None req-77d90c25-594c-43f6-8d11-b64aab455431 tempest-VolumesSnapshotNegativeTestJSON-2052465396 tempest-VolumesSnapshotNegativeTestJSON-2052465396-project] GET http://10.222.0.20/volume/v3/f7115ce68dd2403a9bde6f43c21c532f/volumes/91c105a5-4a5c-49d1-98ba-6eb3312b2873
Oct 23 00:08:44.815458 dv-cinder-861566-5-smb devstack@c-api.service[111688]: DEBUG cinder.api.openstack.wsgi [None req-77d90c25-594c-43f6-8d11-b64aab455431 tempest-VolumesSnapshotNegativeTestJSON-2052465396 tempest-VolumesSnapshotNegativeTestJSON-2052465396-project] Empty body provided in request {{(pid=111688) get_body /opt/stack/cinder/cinder/api/openstack/wsgi.py:715}}
Oct 23 00:08:44.816000 dv-cinder-861566-5-smb devstack@c-api.service[111688]: DEBUG cinder.api.openstack.wsgi [None req-77d90c25-594c-43f6-8d11-b64aab455431 tempest-VolumesSnapshotNegativeTestJSON-2052465396 tempest-VolumesSnapshotNegativeTestJSON-2052465396-project] Calling method 'show' {{(pid=111688) _process_stack /opt/stack/cinder/cinder/api/openstack/wsgi.py:868}}
Oct 23 00:08:44.855991 dv-cinder-861566-5-smb devstack@c-api.service[111688]: /usr/local/lib/python3.8/dist-packages/oslo_context/context.py:100: DeprecationWarning: Policy enforcement is depending on the value of is_admin. This key is deprecated. Please update your policy file to use the standard policy values.
Oct 23 00:08:44.855991 dv-cinder-861566-5-smb devstack@c-api.service[111688]: warnings.warn('Policy enforcement is depending on the value of '
Oct 23 00:08:44.866698 dv-cinder-861566-5-smb devstack@c-api.service[111687]: INFO cinder.api.openstack.wsgi [None req-db7725f4-bbed-4994-9c29-25d8879fffb1 tempest-VolumeTypesTest-318124144 tempest-VolumeTypesTest-318124144-project-admin] http://10.222.0.20/volume/v3/8d1ddc8139834a1ca7bb165ad188e03a/types/fcb10fbf-7e6f-4be6-a62b-a28261e3c797 returned with HTTP 200
Oct 23 00:08:44.867528 dv-cinder-861566-5-smb devstack@c-api.service[111687]: [pid: 111687|app: 0|req: 85/148] 10.222.0.20 () {58 vars in 1319 bytes} [Sun Oct 23 00:08:44 2022] GET /volume/v3/8d1ddc8139834a1ca7bb165ad188e03a/types/fcb10fbf-7e6f-4be6-a62b-a28261e3c797 => generated 269 bytes in 82 msecs (HTTP/1.1 200) 7 headers in 285 bytes (1 switches on core 0)
Oct 23 00:08:44.874712 dv-cinder-861566-5-smb devstack@c-api.service[111688]: INFO cinder.volume.api [None req-77d90c25-594c-43f6-8d11-b64aab455431 tempest-VolumesSnapshotNegativeTestJSON-2052465396 tempest-VolumesSnapshotNegativeTestJSON-2052465396-project] Volume info retrieved successfully.
Oct 23 00:08:44.874828 dv-cinder-861566-5-smb devstack@c-api.service[111687]: DEBUG cinder.api.middleware.request_id [None req-eaff7a49-b7de-4b59-b848-12117a5fc269 None None] RequestId filter calling following filter/app {{(pid=111687) _context_setter /opt/stack/cinder/cinder/api/middleware/request_id.py:62}}
Oct 23 00:08:44.880414 dv-cinder-861566-5-smb devstack@c-api.service[111687]: INFO cinder.api.openstack.wsgi [None req-eaff7a49-b7de-4b59-b848-12117a5fc269 tempest-GroupSnapshotsTest-258516230 tempest-GroupSnapshotsTest-258516230-project] GET http://10.222.0.20/volume/v3/3f3c9bf0f5464419a57be8ea9fcfe91a/groups/fb6660ae-3567-4ff3-ad74-e9be40e80f4d
Oct 23 00:08:44.881276 dv-cinder-861566-5-smb devstack@c-api.service[111687]: DEBUG cinder.api.openstack.wsgi [None req-eaff7a49-b7de-4b59-b848-12117a5fc269 tempest-GroupSnapshotsTest-258516230 tempest-GroupSnapshotsTest-258516230-project] Empty body provided in request {{(pid=111687) get_body /opt/stack/cinder/cinder/api/openstack/wsgi.py:715}}
Oct 23 00:08:44.881276 dv-cinder-861566-5-smb devstack@c-api.service[111687]: DEBUG cinder.api.openstack.wsgi [None req-eaff7a49-b7de-4b59-b848-12117a5fc269 tempest-GroupSnapshotsTest-258516230 tempest-GroupSnapshotsTest-258516230-project] Calling method 'version_select' {{(pid=111687) _process_stack /opt/stack/cinder/cinder/api/openstack/wsgi.py:868}}
Oct 23 00:08:44.881451 dv-cinder-861566-5-smb devstack@c-api.service[111687]: DEBUG cinder.api.v3.groups [None req-eaff7a49-b7de-4b59-b848-12117a5fc269 tempest-GroupSnapshotsTest-258516230 tempest-GroupSnapshotsTest-258516230-project] show called for member fb6660ae-3567-4ff3-ad74-e9be40e80f4d {{(pid=111687) show /opt/stack/cinder/cinder/api/v3/groups.py:58}}
Oct 23 00:08:44.890209 dv-cinder-861566-5-smb devstack@c-api.service[111687]: /usr/local/lib/python3.8/dist-packages/oslo_context/context.py:100: DeprecationWarning: Policy enforcement is depending on the value of is_admin. This key is deprecated. Please update your policy file to use the standard policy values.
Oct 23 00:08:44.890209 dv-cinder-861566-5-smb devstack@c-api.service[111687]: warnings.warn('Policy enforcement is depending on the value of '
Oct 23 00:08:44.911042 dv-cinder-861566-5-smb devstack@c-api.service[111687]: INFO cinder.api.openstack.wsgi [None req-eaff7a49-b7de-4b59-b848-12117a5fc269 tempest-GroupSnapshotsTest-258516230 tempest-GroupSnapshotsTest-258516230-project] http://10.222.0.20/volume/v3/3f3c9bf0f5464419a57be8ea9fcfe91a/groups/fb6660ae-3567-4ff3-ad74-e9be40e80f4d returned with HTTP 200
Oct 23 00:08:44.911910 dv-cinder-861566-5-smb devstack@c-api.service[111687]: [pid: 111687|app: 0|req: 86/149] 10.222.0.20 () {60 vars in 1363 bytes} [Sun Oct 23 00:08:44 2022] GET /volume/v3/3f3c9bf0f5464419a57be8ea9fcfe91a/groups/fb6660ae-3567-4ff3-ad74-e9be40e80f4d => generated 393 bytes in 44 msecs (HTTP/1.1 200) 7 headers in 286 bytes (1 switches on core 0)
Oct 23 00:08:44.919636 dv-cinder-861566-5-smb devstack@c-api.service[111688]: INFO cinder.api.openstack.wsgi [None req-77d90c25-594c-43f6-8d11-b64aab455431 tempest-VolumesSnapshotNegativeTestJSON-2052465396 tempest-VolumesSnapshotNegativeTestJSON-2052465396-project] http://10.222.0.20/volume/v3/f7115ce68dd2403a9bde6f43c21c532f/volumes/91c105a5-4a5c-49d1-98ba-6eb3312b2873 returned with HTTP 200
Oct 23 00:08:44.924196 dv-cinder-861566-5-smb devstack@c-api.service[111688]: [pid: 111688|app: 0|req: 64/150] 10.222.0.20 () {58 vars in 1325 bytes} [Sun Oct 23 00:08:44 2022] GET /volume/v3/f7115ce68dd2403a9bde6f43c21c532f/volumes/91c105a5-4a5c-49d1-98ba-6eb3312b2873 => generated 899 bytes in 137 msecs (HTTP/1.1 200) 7 headers in 285 bytes (1 switches on core 0)
Oct 23 00:08:44.924374 dv-cinder-861566-5-smb devstack@c-api.service[111687]: DEBUG cinder.api.middleware.request_id [None req-b3f49e00-6f93-4b0e-8420-b99647a61b4b None None] RequestId filter calling following filter/app {{(pid=111687) _context_setter /opt/stack/cinder/cinder/api/middleware/request_id.py:62}}
Oct 23 00:08:44.927113 dv-cinder-861566-5-smb devstack@c-api.service[111687]: INFO cinder.api.openstack.wsgi [None req-b3f49e00-6f93-4b0e-8420-b99647a61b4b tempest-VolumeTypesTest-318124144 tempest-VolumeTypesTest-318124144-project-admin] DELETE http://10.222.0.20/volume/v3/8d1ddc8139834a1ca7bb165ad188e03a/types/fcb10fbf-7e6f-4be6-a62b-a28261e3c797
Oct 23 00:08:44.927565 dv-cinder-861566-5-smb devstack@c-api.service[111687]: DEBUG cinder.api.openstack.wsgi [None req-b3f49e00-6f93-4b0e-8420-b99647a61b4b tempest-VolumeTypesTest-318124144 tempest-VolumeTypesTest-318124144-project-admin] Empty body provided in request {{(pid=111687) get_body /opt/stack/cinder/cinder/api/openstack/wsgi.py:715}}
Oct 23 00:08:44.928047 dv-cinder-861566-5-smb devstack@c-api.service[111687]: DEBUG cinder.api.openstack.wsgi [None req-b3f49e00-6f93-4b0e-8420-b99647a61b4b tempest-VolumeTypesTest-318124144 tempest-VolumeTypesTest-318124144-project-admin] Calling method '_delete' {{(pid=111687) _process_stack /opt/stack/cinder/cinder/api/openstack/wsgi.py:868}}
Oct 23 00:08:44.928749 dv-cinder-861566-5-smb devstack@c-api.service[111687]: /usr/local/lib/python3.8/dist-packages/oslo_context/context.py:100: DeprecationWarning: Policy enforcement is depending on the value of is_admin. This key is deprecated. Please update your policy file to use the standard policy values.
Oct 23 00:08:44.928749 dv-cinder-861566-5-smb devstack@c-api.service[111687]: warnings.warn('Policy enforcement is depending on the value of '
Oct 23 00:08:44.942600 dv-cinder-861566-5-smb devstack@c-api.service[111688]: DEBUG cinder.api.middleware.request_id [None req-c19ea44d-9afc-41a3-a161-50bbf1c9bed8 None None] RequestId filter calling following filter/app {{(pid=111688) _context_setter /opt/stack/cinder/cinder/api/middleware/request_id.py:62}}
Oct 23 00:08:44.950648 dv-cinder-861566-5-smb devstack@c-api.service[111688]: INFO cinder.api.openstack.wsgi [None req-c19ea44d-9afc-41a3-a161-50bbf1c9bed8 tempest-GroupSnapshotsTest-258516230 tempest-GroupSnapshotsTest-258516230-project] PUT http://10.222.0.20/volume/v3/3f3c9bf0f5464419a57be8ea9fcfe91a/groups/fb6660ae-3567-4ff3-ad74-e9be40e80f4d
Oct 23 00:08:44.950648 dv-cinder-861566-5-smb devstack@c-api.service[111688]: DEBUG cinder.api.openstack.wsgi [None req-c19ea44d-9afc-41a3-a161-50bbf1c9bed8 tempest-GroupSnapshotsTest-258516230 tempest-GroupSnapshotsTest-258516230-project] Action: 'update', calling method: version_select, body: {"group": {"add_volumes": "ea7481c1-57cc-4522-98b0-067fe4dd49d3"}} {{(pid=111688) _process_stack /opt/stack/cinder/cinder/api/openstack/wsgi.py:866}}
Oct 23 00:08:44.993187 dv-cinder-861566-5-smb devstack@c-api.service[111688]: DEBUG cinder.api.v3.groups [None req-c19ea44d-9afc-41a3-a161-50bbf1c9bed8 tempest-GroupSnapshotsTest-258516230 tempest-GroupSnapshotsTest-258516230-project] Update called for group fb6660ae-3567-4ff3-ad74-e9be40e80f4d. {{(pid=111688) update /opt/stack/cinder/cinder/api/v3/groups.py:302}}
Oct 23 00:08:44.993305 dv-cinder-861566-5-smb devstack@c-api.service[111687]: INFO cinder.api.openstack.wsgi [None req-b3f49e00-6f93-4b0e-8420-b99647a61b4b tempest-VolumeTypesTest-318124144 tempest-VolumeTypesTest-318124144-project-admin] http://10.222.0.20/volume/v3/8d1ddc8139834a1ca7bb165ad188e03a/types/fcb10fbf-7e6f-4be6-a62b-a28261e3c797 returned with HTTP 202
Oct 23 00:08:44.994921 dv-cinder-861566-5-smb devstack@c-api.service[111687]: [pid: 111687|app: 0|req: 87/151] 10.222.0.20 () {58 vars in 1322 bytes} [Sun Oct 23 00:08:44 2022] DELETE /volume/v3/8d1ddc8139834a1ca7bb165ad188e03a/types/fcb10fbf-7e6f-4be6-a62b-a28261e3c797 => generated 0 bytes in 82 msecs (HTTP/1.1 202) 6 headers in 233 bytes (1 switches on core 0)
Oct 23 00:08:44.995151 dv-cinder-861566-5-smb devstack@c-api.service[111688]: INFO cinder.api.v3.groups [None req-c19ea44d-9afc-41a3-a161-50bbf1c9bed8 tempest-GroupSnapshotsTest-258516230 tempest-GroupSnapshotsTest-258516230-project] Updating group fb6660ae-3567-4ff3-ad74-e9be40e80f4d with name None description: None add_volumes: ea7481c1-57cc-4522-98b0-067fe4dd49d3 remove_volumes: None.
Oct 23 00:08:45.006659 dv-cinder-861566-5-smb devstack@c-api.service[111687]: DEBUG cinder.api.middleware.request_id [None req-39e3d5c4-0b6a-4b11-b857-8357da010080 None None] RequestId filter calling following filter/app {{(pid=111687) _context_setter /opt/stack/cinder/cinder/api/middleware/request_id.py:62}}
Oct 23 00:08:45.011805 dv-cinder-861566-5-smb devstack@c-api.service[111687]: INFO cinder.api.openstack.wsgi [None req-39e3d5c4-0b6a-4b11-b857-8357da010080 tempest-VolumeTypesTest-318124144 tempest-VolumeTypesTest-318124144-project-admin] GET http://10.222.0.20/volume/v3/8d1ddc8139834a1ca7bb165ad188e03a/types/fcb10fbf-7e6f-4be6-a62b-a28261e3c797
Oct 23 00:08:45.013848 dv-cinder-861566-5-smb devstack@c-api.service[111687]: DEBUG cinder.api.openstack.wsgi [None req-39e3d5c4-0b6a-4b11-b857-8357da010080 tempest-VolumeTypesTest-318124144 tempest-VolumeTypesTest-318124144-project-admin] Empty body provided in request {{(pid=111687) get_body /opt/stack/cinder/cinder/api/openstack/wsgi.py:715}}
Oct 23 00:08:45.014042 dv-cinder-861566-5-smb devstack@c-api.service[111687]: DEBUG cinder.api.openstack.wsgi [None req-39e3d5c4-0b6a-4b11-b857-8357da010080 tempest-VolumeTypesTest-318124144 tempest-VolumeTypesTest-318124144-project-admin] Calling method 'show' {{(pid=111687) _process_stack /opt/stack/cinder/cinder/api/openstack/wsgi.py:868}}
Oct 23 00:08:45.020619 dv-cinder-861566-5-smb devstack@c-api.service[111688]: /usr/local/lib/python3.8/dist-packages/oslo_context/context.py:100: DeprecationWarning: Policy enforcement is depending on the value of is_admin. This key is deprecated. Please update your policy file to use the standard policy values.
Oct 23 00:08:45.020619 dv-cinder-861566-5-smb devstack@c-api.service[111688]: warnings.warn('Policy enforcement is depending on the value of '
Oct 23 00:08:45.030646 dv-cinder-861566-5-smb devstack@c-api.service[111687]: INFO cinder.api.openstack.wsgi [None req-39e3d5c4-0b6a-4b11-b857-8357da010080 tempest-VolumeTypesTest-318124144 tempest-VolumeTypesTest-318124144-project-admin] http://10.222.0.20/volume/v3/8d1ddc8139834a1ca7bb165ad188e03a/types/fcb10fbf-7e6f-4be6-a62b-a28261e3c797 returned with HTTP 404
Oct 23 00:08:45.032698 dv-cinder-861566-5-smb devstack@c-api.service[111687]: [pid: 111687|app: 0|req: 88/152] 10.222.0.20 () {58 vars in 1319 bytes} [Sun Oct 23 00:08:45 2022] GET /volume/v3/8d1ddc8139834a1ca7bb165ad188e03a/types/fcb10fbf-7e6f-4be6-a62b-a28261e3c797 => generated 114 bytes in 28 msecs (HTTP/1.1 404) 7 headers in 292 bytes (1 switches on core 0)
Oct 23 00:08:45.037099 dv-cinder-861566-5-smb devstack@c-api.service[111687]: DEBUG cinder.api.middleware.request_id [None req-e78f7880-a17c-4210-b732-3ab606e188da None None] RequestId filter calling following filter/app {{(pid=111687) _context_setter /opt/stack/cinder/cinder/api/middleware/request_id.py:62}}
Oct 23 00:08:45.047699 dv-cinder-861566-5-smb devstack@c-api.service[111687]: INFO cinder.api.openstack.wsgi [None req-e78f7880-a17c-4210-b732-3ab606e188da tempest-VolumeTypesTest-318124144 tempest-VolumeTypesTest-318124144-project-admin] DELETE http://10.222.0.20/volume/v3/8d1ddc8139834a1ca7bb165ad188e03a/types/40f2c50a-b784-43a2-8915-463208ee493c
Oct 23 00:08:45.048839 dv-cinder-861566-5-smb devstack@c-api.service[111687]: DEBUG cinder.api.openstack.wsgi [None req-e78f7880-a17c-4210-b732-3ab606e188da tempest-VolumeTypesTest-318124144 tempest-VolumeTypesTest-318124144-project-admin] Empty body provided in request {{(pid=111687) get_body /opt/stack/cinder/cinder/api/openstack/wsgi.py:715}}
Oct 23 00:08:45.049389 dv-cinder-861566-5-smb devstack@c-api.service[111687]: DEBUG cinder.api.openstack.wsgi [None req-e78f7880-a17c-4210-b732-3ab606e188da tempest-VolumeTypesTest-318124144 tempest-VolumeTypesTest-318124144-project-admin] Calling method '_delete' {{(pid=111687) _process_stack /opt/stack/cinder/cinder/api/openstack/wsgi.py:868}}
Oct 23 00:08:45.148119 dv-cinder-861566-5-smb devstack@c-api.service[111687]: INFO cinder.api.openstack.wsgi [None req-e78f7880-a17c-4210-b732-3ab606e188da tempest-VolumeTypesTest-318124144 tempest-VolumeTypesTest-318124144-project-admin] http://10.222.0.20/volume/v3/8d1ddc8139834a1ca7bb165ad188e03a/types/40f2c50a-b784-43a2-8915-463208ee493c returned with HTTP 202
Oct 23 00:08:45.151427 dv-cinder-861566-5-smb devstack@c-api.service[111687]: [pid: 111687|app: 0|req: 89/153] 10.222.0.20 () {58 vars in 1322 bytes} [Sun Oct 23 00:08:45 2022] DELETE /volume/v3/8d1ddc8139834a1ca7bb165ad188e03a/types/40f2c50a-b784-43a2-8915-463208ee493c => generated 0 bytes in 114 msecs (HTTP/1.1 202) 6 headers in 233 bytes (1 switches on core 0)
Oct 23 00:08:45.156661 dv-cinder-861566-5-smb devstack@c-api.service[111687]: DEBUG cinder.api.middleware.request_id [None req-20d0fc87-a372-47f9-94fb-d0f322997a8e None None] RequestId filter calling following filter/app {{(pid=111687) _context_setter /opt/stack/cinder/cinder/api/middleware/request_id.py:62}}
Oct 23 00:08:45.162632 dv-cinder-861566-5-smb devstack@c-api.service[111687]: INFO cinder.api.openstack.wsgi [None req-20d0fc87-a372-47f9-94fb-d0f322997a8e tempest-VolumeTypesTest-318124144 tempest-VolumeTypesTest-318124144-project-admin] GET http://10.222.0.20/volume/v3/8d1ddc8139834a1ca7bb165ad188e03a/types/40f2c50a-b784-43a2-8915-463208ee493c
Oct 23 00:08:45.163195 dv-cinder-861566-5-smb devstack@c-api.service[111687]: DEBUG cinder.api.openstack.wsgi [None req-20d0fc87-a372-47f9-94fb-d0f322997a8e tempest-VolumeTypesTest-318124144 tempest-VolumeTypesTest-318124144-project-admin] Empty body provided in request {{(pid=111687) get_body /opt/stack/cinder/cinder/api/openstack/wsgi.py:715}}
Oct 23 00:08:45.164341 dv-cinder-861566-5-smb devstack@c-api.service[111687]: DEBUG cinder.api.openstack.wsgi [None req-20d0fc87-a372-47f9-94fb-d0f322997a8e tempest-VolumeTypesTest-318124144 tempest-VolumeTypesTest-318124144-project-admin] Calling method 'show' {{(pid=111687) _process_stack /opt/stack/cinder/cinder/api/openstack/wsgi.py:868}}
Oct 23 00:08:45.173411 dv-cinder-861566-5-smb devstack@c-api.service[111688]: INFO cinder.api.openstack.wsgi [None req-c19ea44d-9afc-41a3-a161-50bbf1c9bed8 tempest-GroupSnapshotsTest-258516230 tempest-GroupSnapshotsTest-258516230-project] http://10.222.0.20/volume/v3/3f3c9bf0f5464419a57be8ea9fcfe91a/groups/fb6660ae-3567-4ff3-ad74-e9be40e80f4d returned with HTTP 202
Oct 23 00:08:45.174059 dv-cinder-861566-5-smb devstack@c-api.service[111687]: INFO cinder.api.openstack.wsgi [None req-20d0fc87-a372-47f9-94fb-d0f322997a8e tempest-VolumeTypesTest-318124144 tempest-VolumeTypesTest-318124144-project-admin] http://10.222.0.20/volume/v3/8d1ddc8139834a1ca7bb165ad188e03a/types/40f2c50a-b784-43a2-8915-463208ee493c returned with HTTP 404
Oct 23 00:08:45.177906 dv-cinder-861566-5-smb devstack@c-api.service[111687]: [pid: 111687|app: 0|req: 90/154] 10.222.0.20 () {58 vars in 1319 bytes} [Sun Oct 23 00:08:45 2022] GET /volume/v3/8d1ddc8139834a1ca7bb165ad188e03a/types/40f2c50a-b784-43a2-8915-463208ee493c => generated 114 bytes in 21 msecs (HTTP/1.1 404) 7 headers in 292 bytes (1 switches on core 0)
Oct 23 00:08:45.180481 dv-cinder-861566-5-smb devstack@c-api.service[111687]: DEBUG cinder.api.middleware.request_id [None req-cd6c9443-aa9d-4a34-8f7c-c70132ec6a50 None None] RequestId filter calling following filter/app {{(pid=111687) _context_setter /opt/stack/cinder/cinder/api/middleware/request_id.py:62}}
Oct 23 00:08:45.185318 dv-cinder-861566-5-smb devstack@c-api.service[111687]: INFO cinder.api.openstack.wsgi [None req-cd6c9443-aa9d-4a34-8f7c-c70132ec6a50 tempest-VolumeTypesTest-318124144 tempest-VolumeTypesTest-318124144-project-admin] DELETE http://10.222.0.20/volume/v3/8d1ddc8139834a1ca7bb165ad188e03a/types/68915610-e2a5-4793-b72f-6adc151ecb30
Oct 23 00:08:45.185885 dv-cinder-861566-5-smb devstack@c-api.service[111687]: DEBUG cinder.api.openstack.wsgi [None req-cd6c9443-aa9d-4a34-8f7c-c70132ec6a50 tempest-VolumeTypesTest-318124144 tempest-VolumeTypesTest-318124144-project-admin] Empty body provided in request {{(pid=111687) get_body /opt/stack/cinder/cinder/api/openstack/wsgi.py:715}}
Oct 23 00:08:45.186421 dv-cinder-861566-5-smb devstack@c-api.service[111687]: DEBUG cinder.api.openstack.wsgi [None req-cd6c9443-aa9d-4a34-8f7c-c70132ec6a50 tempest-VolumeTypesTest-318124144 tempest-VolumeTypesTest-318124144-project-admin] Calling method '_delete' {{(pid=111687) _process_stack /opt/stack/cinder/cinder/api/openstack/wsgi.py:868}}
Oct 23 00:08:45.191125 dv-cinder-861566-5-smb devstack@c-api.service[111688]: [pid: 111688|app: 0|req: 65/155] 10.222.0.20 () {62 vars in 1383 bytes} [Sun Oct 23 00:08:44 2022] PUT /volume/v3/3f3c9bf0f5464419a57be8ea9fcfe91a/groups/fb6660ae-3567-4ff3-ad74-e9be40e80f4d => generated 0 bytes in 268 msecs (HTTP/1.1 202) 6 headers in 234 bytes (1 switches on core 0)
Oct 23 00:08:45.194620 dv-cinder-861566-5-smb devstack@c-api.service[111688]: DEBUG cinder.api.middleware.request_id [None req-23ce8f88-5fce-422d-8c91-6d5adae46f55 None None] RequestId filter calling following filter/app {{(pid=111688) _context_setter /opt/stack/cinder/cinder/api/middleware/request_id.py:62}}
Oct 23 00:08:45.209738 dv-cinder-861566-5-smb devstack@c-api.service[111688]: INFO cinder.api.openstack.wsgi [None req-23ce8f88-5fce-422d-8c91-6d5adae46f55 tempest-GroupSnapshotsTest-258516230 tempest-GroupSnapshotsTest-258516230-project] GET http://10.222.0.20/volume/v3/3f3c9bf0f5464419a57be8ea9fcfe91a/groups/fb6660ae-3567-4ff3-ad74-e9be40e80f4d
Oct 23 00:08:45.212544 dv-cinder-861566-5-smb devstack@c-api.service[111688]: DEBUG cinder.api.openstack.wsgi [None req-23ce8f88-5fce-422d-8c91-6d5adae46f55 tempest-GroupSnapshotsTest-258516230 tempest-GroupSnapshotsTest-258516230-project] Empty body provided in request {{(pid=111688) get_body /opt/stack/cinder/cinder/api/openstack/wsgi.py:715}}
Oct 23 00:08:45.213205 dv-cinder-861566-5-smb devstack@c-api.service[111688]: DEBUG cinder.api.openstack.wsgi [None req-23ce8f88-5fce-422d-8c91-6d5adae46f55 tempest-GroupSnapshotsTest-258516230 tempest-GroupSnapshotsTest-258516230-project] Calling method 'version_select' {{(pid=111688) _process_stack /opt/stack/cinder/cinder/api/openstack/wsgi.py:868}}
Oct 23 00:08:45.214321 dv-cinder-861566-5-smb devstack@c-api.service[111688]: DEBUG cinder.api.v3.groups [None req-23ce8f88-5fce-422d-8c91-6d5adae46f55 tempest-GroupSnapshotsTest-258516230 tempest-GroupSnapshotsTest-258516230-project] show called for member fb6660ae-3567-4ff3-ad74-e9be40e80f4d {{(pid=111688) show /opt/stack/cinder/cinder/api/v3/groups.py:58}}
Oct 23 00:08:45.223614 dv-cinder-861566-5-smb devstack@c-api.service[111688]: /usr/local/lib/python3.8/dist-packages/oslo_context/context.py:100: DeprecationWarning: Policy enforcement is depending on the value of is_admin. This key is deprecated. Please update your policy file to use the standard policy values.
Oct 23 00:08:45.223614 dv-cinder-861566-5-smb devstack@c-api.service[111688]: warnings.warn('Policy enforcement is depending on the value of '
Oct 23 00:08:45.262793 dv-cinder-861566-5-smb devstack@c-api.service[111688]: INFO cinder.api.openstack.wsgi [None req-23ce8f88-5fce-422d-8c91-6d5adae46f55 tempest-GroupSnapshotsTest-258516230 tempest-GroupSnapshotsTest-258516230-project] http://10.222.0.20/volume/v3/3f3c9bf0f5464419a57be8ea9fcfe91a/groups/fb6660ae-3567-4ff3-ad74-e9be40e80f4d returned with HTTP 200
Oct 23 00:08:45.271292 dv-cinder-861566-5-smb devstack@c-api.service[111688]: [pid: 111688|app: 0|req: 66/156] 10.222.0.20 () {60 vars in 1363 bytes} [Sun Oct 23 00:08:45 2022] GET /volume/v3/3f3c9bf0f5464419a57be8ea9fcfe91a/groups/fb6660ae-3567-4ff3-ad74-e9be40e80f4d => generated 392 bytes in 72 msecs (HTTP/1.1 200) 7 headers in 286 bytes (1 switches on core 0)
Oct 23 00:08:45.279654 dv-cinder-861566-5-smb devstack@c-api.service[111687]: INFO cinder.api.openstack.wsgi [None req-cd6c9443-aa9d-4a34-8f7c-c70132ec6a50 tempest-VolumeTypesTest-318124144 tempest-VolumeTypesTest-318124144-project-admin] http://10.222.0.20/volume/v3/8d1ddc8139834a1ca7bb165ad188e03a/types/68915610-e2a5-4793-b72f-6adc151ecb30 returned with HTTP 202
