Oct 23 00:09:27.997619 dv-cinder-861566-5-smb devstack@c-api.service[111687]: DEBUG oslo_db.sqlalchemy.engines [None req-1447b038-ab73-43ab-a075-6a09a7d0ffd5 tempest-GroupsTest-292290764 tempest-GroupsTest-292290764-project] MySQL server mode set to STRICT_TRANS_TABLES,STRICT_ALL_TABLES,NO_ZERO_IN_DATE,NO_ZERO_DATE,ERROR_FOR_DIVISION_BY_ZERO,TRADITIONAL,NO_ENGINE_SUBSTITUTION {{(pid=111687) _check_effective_sql_mode /usr/local/lib/python3.8/dist-packages/oslo_db/sqlalchemy/engines.py:326}}
Oct 23 00:09:28.004420 dv-cinder-861566-5-smb devstack@c-api.service[111687]: /usr/local/lib/python3.8/dist-packages/oslo_context/context.py:100: DeprecationWarning: Policy enforcement is depending on the value of is_admin. This key is deprecated. Please update your policy file to use the standard policy values.
Oct 23 00:09:28.004420 dv-cinder-861566-5-smb devstack@c-api.service[111687]: warnings.warn('Policy enforcement is depending on the value of '
Oct 23 00:09:28.006427 dv-cinder-861566-5-smb devstack@c-api.service[111688]: DEBUG cinder.api.middleware.request_id [None req-143ab118-cf9c-4305-8959-f1dee4a22ce4 None None] RequestId filter calling following filter/app {{(pid=111688) _context_setter /opt/stack/cinder/cinder/api/middleware/request_id.py:62}}
Oct 23 00:09:28.010360 dv-cinder-861566-5-smb devstack@c-api.service[111688]: INFO cinder.api.openstack.wsgi [None req-143ab118-cf9c-4305-8959-f1dee4a22ce4 tempest-VolumesTransfersV357Test-2047736288 tempest-VolumesTransfersV357Test-2047736288-project-admin] GET http://10.222.0.20/volume/v3/58c15e640d794c309e94aab69ef492af/volumes/8f1949a1-fb30-469e-8ed0-6dc6d3363617
Oct 23 00:09:28.016010 dv-cinder-861566-5-smb devstack@c-api.service[111688]: DEBUG cinder.api.openstack.wsgi [None req-143ab118-cf9c-4305-8959-f1dee4a22ce4 tempest-VolumesTransfersV357Test-2047736288 tempest-VolumesTransfersV357Test-2047736288-project-admin] Empty body provided in request {{(pid=111688) get_body /opt/stack/cinder/cinder/api/openstack/wsgi.py:715}}
Oct 23 00:09:28.016537 dv-cinder-861566-5-smb devstack@c-api.service[111688]: DEBUG cinder.api.openstack.wsgi [None req-143ab118-cf9c-4305-8959-f1dee4a22ce4 tempest-VolumesTransfersV357Test-2047736288 tempest-VolumesTransfersV357Test-2047736288-project-admin] Calling method 'show' {{(pid=111688) _process_stack /opt/stack/cinder/cinder/api/openstack/wsgi.py:868}}
Oct 23 00:09:28.025493 dv-cinder-861566-5-smb devstack@c-api.service[111687]: INFO cinder.api.openstack.wsgi [None req-1447b038-ab73-43ab-a075-6a09a7d0ffd5 tempest-GroupsTest-292290764 tempest-GroupsTest-292290764-project] http://10.222.0.20/volume/v3/4f298fb973aa4069aa84adc2c11fa2c2/volumes/b9fe15b0-e141-41c6-89b1-ab02b3e18eea returned with HTTP 200
Oct 23 00:09:28.025493 dv-cinder-861566-5-smb devstack@c-api.service[111687]: [pid: 111687|app: 0|req: 194/366] 10.222.0.20 () {60 vars in 1366 bytes} [Sun Oct 23 00:09:27 2022] GET /volume/v3/4f298fb973aa4069aa84adc2c11fa2c2/volumes/b9fe15b0-e141-41c6-89b1-ab02b3e18eea => generated 972 bytes in 67 msecs (HTTP/1.1 200) 7 headers in 286 bytes (1 switches on core 0)
Oct 23 00:09:28.034619 dv-cinder-861566-5-smb devstack@c-api.service[111688]: INFO cinder.api.openstack.wsgi [None req-143ab118-cf9c-4305-8959-f1dee4a22ce4 tempest-VolumesTransfersV357Test-2047736288 tempest-VolumesTransfersV357Test-2047736288-project-admin] http://10.222.0.20/volume/v3/58c15e640d794c309e94aab69ef492af/volumes/8f1949a1-fb30-469e-8ed0-6dc6d3363617 returned with HTTP 404
Oct 23 00:09:28.036534 dv-cinder-861566-5-smb devstack@c-api.service[111688]: [pid: 111688|app: 0|req: 173/367] 10.222.0.20 () {60 vars in 1366 bytes} [Sun Oct 23 00:09:28 2022] GET /volume/v3/58c15e640d794c309e94aab69ef492af/volumes/8f1949a1-fb30-469e-8ed0-6dc6d3363617 => generated 109 bytes in 31 msecs (HTTP/1.1 404) 7 headers in 293 bytes (1 switches on core 0)
Oct 23 00:09:28.043505 dv-cinder-861566-5-smb devstack@c-api.service[111687]: DEBUG cinder.api.middleware.request_id [None req-32194790-c0d0-452b-a7c6-0a3afb8200e5 None None] RequestId filter calling following filter/app {{(pid=111687) _context_setter /opt/stack/cinder/cinder/api/middleware/request_id.py:62}}
Oct 23 00:09:28.045535 dv-cinder-861566-5-smb devstack@c-api.service[111688]: DEBUG cinder.api.middleware.request_id [None req-c62ed6be-965b-484e-9b17-6fe926ab3bf1 None None] RequestId filter calling following filter/app {{(pid=111688) _context_setter /opt/stack/cinder/cinder/api/middleware/request_id.py:62}}
Oct 23 00:09:28.048644 dv-cinder-861566-5-smb devstack@c-api.service[111687]: INFO cinder.api.openstack.wsgi [None req-32194790-c0d0-452b-a7c6-0a3afb8200e5 tempest-GroupsTest-292290764 tempest-GroupsTest-292290764-project] GET http://10.222.0.20/volume/v3/4f298fb973aa4069aa84adc2c11fa2c2/groups/03313583-a080-40ad-b578-0e4641a3f043
Oct 23 00:09:28.049144 dv-cinder-861566-5-smb devstack@c-api.service[111687]: DEBUG cinder.api.openstack.wsgi [None req-32194790-c0d0-452b-a7c6-0a3afb8200e5 tempest-GroupsTest-292290764 tempest-GroupsTest-292290764-project] Empty body provided in request {{(pid=111687) get_body /opt/stack/cinder/cinder/api/openstack/wsgi.py:715}}
Oct 23 00:09:28.049592 dv-cinder-861566-5-smb devstack@c-api.service[111687]: DEBUG cinder.api.openstack.wsgi [None req-32194790-c0d0-452b-a7c6-0a3afb8200e5 tempest-GroupsTest-292290764 tempest-GroupsTest-292290764-project] Calling method 'version_select' {{(pid=111687) _process_stack /opt/stack/cinder/cinder/api/openstack/wsgi.py:868}}
Oct 23 00:09:28.049930 dv-cinder-861566-5-smb devstack@c-api.service[111687]: DEBUG cinder.api.v3.groups [None req-32194790-c0d0-452b-a7c6-0a3afb8200e5 tempest-GroupsTest-292290764 tempest-GroupsTest-292290764-project] show called for member 03313583-a080-40ad-b578-0e4641a3f043 {{(pid=111687) show /opt/stack/cinder/cinder/api/v3/groups.py:58}}
Oct 23 00:09:28.050211 dv-cinder-861566-5-smb devstack@c-api.service[111688]: INFO cinder.api.openstack.wsgi [None req-c62ed6be-965b-484e-9b17-6fe926ab3bf1 tempest-VolumesTransfersV357Test-1764977769 tempest-VolumesTransfersV357Test-1764977769-project] DELETE http://10.222.0.20/volume/v3/30277d14a256432d8cb2385cc0cdec10/volumes/8f1949a1-fb30-469e-8ed0-6dc6d3363617
Oct 23 00:09:28.050713 dv-cinder-861566-5-smb devstack@c-api.service[111688]: DEBUG cinder.api.openstack.wsgi [None req-c62ed6be-965b-484e-9b17-6fe926ab3bf1 tempest-VolumesTransfersV357Test-1764977769 tempest-VolumesTransfersV357Test-1764977769-project] Empty body provided in request {{(pid=111688) get_body /opt/stack/cinder/cinder/api/openstack/wsgi.py:715}}
Oct 23 00:09:28.051195 dv-cinder-861566-5-smb devstack@c-api.service[111688]: DEBUG cinder.api.openstack.wsgi [None req-c62ed6be-965b-484e-9b17-6fe926ab3bf1 tempest-VolumesTransfersV357Test-1764977769 tempest-VolumesTransfersV357Test-1764977769-project] Calling method 'delete' {{(pid=111688) _process_stack /opt/stack/cinder/cinder/api/openstack/wsgi.py:868}}
Oct 23 00:09:28.051613 dv-cinder-861566-5-smb devstack@c-api.service[111688]: INFO cinder.api.v3.volumes [None req-c62ed6be-965b-484e-9b17-6fe926ab3bf1 tempest-VolumesTransfersV357Test-1764977769 tempest-VolumesTransfersV357Test-1764977769-project] Delete volume with id: 8f1949a1-fb30-469e-8ed0-6dc6d3363617
Oct 23 00:09:28.064745 dv-cinder-861566-5-smb devstack@c-api.service[111688]: INFO cinder.api.openstack.wsgi [None req-c62ed6be-965b-484e-9b17-6fe926ab3bf1 tempest-VolumesTransfersV357Test-1764977769 tempest-VolumesTransfersV357Test-1764977769-project] http://10.222.0.20/volume/v3/30277d14a256432d8cb2385cc0cdec10/volumes/8f1949a1-fb30-469e-8ed0-6dc6d3363617 returned with HTTP 404
Oct 23 00:09:28.066448 dv-cinder-861566-5-smb devstack@c-api.service[111688]: [pid: 111688|app: 0|req: 174/368] 10.222.0.20 () {60 vars in 1369 bytes} [Sun Oct 23 00:09:28 2022] DELETE /volume/v3/30277d14a256432d8cb2385cc0cdec10/volumes/8f1949a1-fb30-469e-8ed0-6dc6d3363617 => generated 109 bytes in 22 msecs (HTTP/1.1 404) 7 headers in 293 bytes (1 switches on core 0)
Oct 23 00:09:28.070899 dv-cinder-861566-5-smb devstack@c-api.service[111688]: DEBUG cinder.api.middleware.request_id [None req-dcfd2ea2-79d6-4897-b568-b9b5d0a9b53a None None] RequestId filter calling following filter/app {{(pid=111688) _context_setter /opt/stack/cinder/cinder/api/middleware/request_id.py:62}}
Oct 23 00:09:28.071528 dv-cinder-861566-5-smb devstack@c-api.service[111687]: /usr/local/lib/python3.8/dist-packages/oslo_context/context.py:100: DeprecationWarning: Policy enforcement is depending on the value of is_admin. This key is deprecated. Please update your policy file to use the standard policy values.
Oct 23 00:09:28.071528 dv-cinder-861566-5-smb devstack@c-api.service[111687]: warnings.warn('Policy enforcement is depending on the value of '
Oct 23 00:09:28.074493 dv-cinder-861566-5-smb devstack@c-api.service[111688]: INFO cinder.api.openstack.wsgi [None req-dcfd2ea2-79d6-4897-b568-b9b5d0a9b53a tempest-VolumesTransfersV357Test-1764977769 tempest-VolumesTransfersV357Test-1764977769-project] DELETE http://10.222.0.20/volume/v3/30277d14a256432d8cb2385cc0cdec10/volumes/83238d8a-ba4e-4205-b4e3-fc972edd457b
Oct 23 00:09:28.074981 dv-cinder-861566-5-smb devstack@c-api.service[111688]: DEBUG cinder.api.openstack.wsgi [None req-dcfd2ea2-79d6-4897-b568-b9b5d0a9b53a tempest-VolumesTransfersV357Test-1764977769 tempest-VolumesTransfersV357Test-1764977769-project] Empty body provided in request {{(pid=111688) get_body /opt/stack/cinder/cinder/api/openstack/wsgi.py:715}}
Oct 23 00:09:28.075919 dv-cinder-861566-5-smb devstack@c-api.service[111688]: DEBUG cinder.api.openstack.wsgi [None req-dcfd2ea2-79d6-4897-b568-b9b5d0a9b53a tempest-VolumesTransfersV357Test-1764977769 tempest-VolumesTransfersV357Test-1764977769-project] Calling method 'delete' {{(pid=111688) _process_stack /opt/stack/cinder/cinder/api/openstack/wsgi.py:868}}
Oct 23 00:09:28.076333 dv-cinder-861566-5-smb devstack@c-api.service[111688]: INFO cinder.api.v3.volumes [None req-dcfd2ea2-79d6-4897-b568-b9b5d0a9b53a tempest-VolumesTransfersV357Test-1764977769 tempest-VolumesTransfersV357Test-1764977769-project] Delete volume with id: 83238d8a-ba4e-4205-b4e3-fc972edd457b
Oct 23 00:09:28.088528 dv-cinder-861566-5-smb devstack@c-api.service[111688]: INFO cinder.api.openstack.wsgi [None req-dcfd2ea2-79d6-4897-b568-b9b5d0a9b53a tempest-VolumesTransfersV357Test-1764977769 tempest-VolumesTransfersV357Test-1764977769-project] http://10.222.0.20/volume/v3/30277d14a256432d8cb2385cc0cdec10/volumes/83238d8a-ba4e-4205-b4e3-fc972edd457b returned with HTTP 404
Oct 23 00:09:28.089227 dv-cinder-861566-5-smb devstack@c-api.service[111687]: INFO cinder.api.openstack.wsgi [None req-32194790-c0d0-452b-a7c6-0a3afb8200e5 tempest-GroupsTest-292290764 tempest-GroupsTest-292290764-project] http://10.222.0.20/volume/v3/4f298fb973aa4069aa84adc2c11fa2c2/groups/03313583-a080-40ad-b578-0e4641a3f043 returned with HTTP 200
Oct 23 00:09:28.099491 dv-cinder-861566-5-smb devstack@c-api.service[111688]: [pid: 111688|app: 0|req: 175/369] 10.222.0.20 () {60 vars in 1369 bytes} [Sun Oct 23 00:09:28 2022] DELETE /volume/v3/30277d14a256432d8cb2385cc0cdec10/volumes/83238d8a-ba4e-4205-b4e3-fc972edd457b => generated 109 bytes in 20 msecs (HTTP/1.1 404) 7 headers in 293 bytes (1 switches on core 0)
Oct 23 00:09:28.100549 dv-cinder-861566-5-smb devstack@c-api.service[111687]: [pid: 111687|app: 0|req: 195/370] 10.222.0.20 () {60 vars in 1363 bytes} [Sun Oct 23 00:09:28 2022] GET /volume/v3/4f298fb973aa4069aa84adc2c11fa2c2/groups/03313583-a080-40ad-b578-0e4641a3f043 => generated 323 bytes in 49 msecs (HTTP/1.1 200) 7 headers in 286 bytes (1 switches on core 0)
Oct 23 00:09:28.124932 dv-cinder-861566-5-smb devstack@c-api.service[111688]: DEBUG cinder.api.middleware.request_id [None req-363adc7b-a101-44b2-b6fe-a93055ef5899 None None] RequestId filter calling following filter/app {{(pid=111688) _context_setter /opt/stack/cinder/cinder/api/middleware/request_id.py:62}}
Oct 23 00:09:28.130383 dv-cinder-861566-5-smb devstack@c-api.service[111688]: INFO cinder.api.openstack.wsgi [None req-363adc7b-a101-44b2-b6fe-a93055ef5899 tempest-GroupsTest-292290764 tempest-GroupsTest-292290764-project] GET http://10.222.0.20/volume/v3/4f298fb973aa4069aa84adc2c11fa2c2/groups/00d51ef7-e23d-4e86-bf48-dcf2e002475d
Oct 23 00:09:28.130906 dv-cinder-861566-5-smb devstack@c-api.service[111688]: DEBUG cinder.api.openstack.wsgi [None req-363adc7b-a101-44b2-b6fe-a93055ef5899 tempest-GroupsTest-292290764 tempest-GroupsTest-292290764-project] Empty body provided in request {{(pid=111688) get_body /opt/stack/cinder/cinder/api/openstack/wsgi.py:715}}
Oct 23 00:09:28.131447 dv-cinder-861566-5-smb devstack@c-api.service[111688]: DEBUG cinder.api.openstack.wsgi [None req-363adc7b-a101-44b2-b6fe-a93055ef5899 tempest-GroupsTest-292290764 tempest-GroupsTest-292290764-project] Calling method 'version_select' {{(pid=111688) _process_stack /opt/stack/cinder/cinder/api/openstack/wsgi.py:868}}
Oct 23 00:09:28.138039 dv-cinder-861566-5-smb devstack@c-api.service[111688]: DEBUG cinder.api.v3.groups [None req-363adc7b-a101-44b2-b6fe-a93055ef5899 tempest-GroupsTest-292290764 tempest-GroupsTest-292290764-project] show called for member 00d51ef7-e23d-4e86-bf48-dcf2e002475d {{(pid=111688) show /opt/stack/cinder/cinder/api/v3/groups.py:58}}
Oct 23 00:09:28.138239 dv-cinder-861566-5-smb devstack@c-api.service[111687]: DEBUG cinder.api.middleware.request_id [None req-ab0b0c12-4bb4-404f-8404-18c901d2a23e None None] RequestId filter calling following filter/app {{(pid=111687) _context_setter /opt/stack/cinder/cinder/api/middleware/request_id.py:62}}
Oct 23 00:09:28.140957 dv-cinder-861566-5-smb devstack@c-api.service[111687]: INFO cinder.api.openstack.wsgi [None req-ab0b0c12-4bb4-404f-8404-18c901d2a23e tempest-VolumesTransfersTest-687420658 tempest-VolumesTransfersTest-687420658-project-admin] GET http://10.222.0.20/volume/v3/501e877545b64843b022fa28cfa97a4e/volumes/f0545ec2-fc5b-486f-a188-ed9ccc53e10a
Oct 23 00:09:28.142053 dv-cinder-861566-5-smb devstack@c-api.service[111687]: DEBUG cinder.api.openstack.wsgi [None req-ab0b0c12-4bb4-404f-8404-18c901d2a23e tempest-VolumesTransfersTest-687420658 tempest-VolumesTransfersTest-687420658-project-admin] Empty body provided in request {{(pid=111687) get_body /opt/stack/cinder/cinder/api/openstack/wsgi.py:715}}
Oct 23 00:09:28.142508 dv-cinder-861566-5-smb devstack@c-api.service[111687]: DEBUG cinder.api.openstack.wsgi [None req-ab0b0c12-4bb4-404f-8404-18c901d2a23e tempest-VolumesTransfersTest-687420658 tempest-VolumesTransfersTest-687420658-project-admin] Calling method 'show' {{(pid=111687) _process_stack /opt/stack/cinder/cinder/api/openstack/wsgi.py:868}}
Oct 23 00:09:28.144028 dv-cinder-861566-5-smb devstack@c-api.service[111688]: /usr/local/lib/python3.8/dist-packages/oslo_context/context.py:100: DeprecationWarning: Policy enforcement is depending on the value of is_admin. This key is deprecated. Please update your policy file to use the standard policy values.
Oct 23 00:09:28.144028 dv-cinder-861566-5-smb devstack@c-api.service[111688]: warnings.warn('Policy enforcement is depending on the value of '
Oct 23 00:09:28.154205 dv-cinder-861566-5-smb devstack@c-api.service[111687]: INFO cinder.api.openstack.wsgi [None req-ab0b0c12-4bb4-404f-8404-18c901d2a23e tempest-VolumesTransfersTest-687420658 tempest-VolumesTransfersTest-687420658-project-admin] http://10.222.0.20/volume/v3/501e877545b64843b022fa28cfa97a4e/volumes/f0545ec2-fc5b-486f-a188-ed9ccc53e10a returned with HTTP 404
Oct 23 00:09:28.155400 dv-cinder-861566-5-smb devstack@c-api.service[111687]: [pid: 111687|app: 0|req: 196/371] 10.222.0.20 () {58 vars in 1325 bytes} [Sun Oct 23 00:09:28 2022] GET /volume/v3/501e877545b64843b022fa28cfa97a4e/volumes/f0545ec2-fc5b-486f-a188-ed9ccc53e10a => generated 109 bytes in 19 msecs (HTTP/1.1 404) 7 headers in 292 bytes (2 switches on core 0)
Oct 23 00:09:28.161019 dv-cinder-861566-5-smb devstack@c-api.service[111687]: DEBUG cinder.api.middleware.request_id [None req-495fce51-41a9-4fdb-ba87-0ab849f99bd9 None None] RequestId filter calling following filter/app {{(pid=111687) _context_setter /opt/stack/cinder/cinder/api/middleware/request_id.py:62}}
Oct 23 00:09:28.164637 dv-cinder-861566-5-smb devstack@c-api.service[111687]: INFO cinder.api.openstack.wsgi [None req-495fce51-41a9-4fdb-ba87-0ab849f99bd9 tempest-VolumesTransfersTest-655936038 tempest-VolumesTransfersTest-655936038-project] POST http://10.222.0.20/volume/v3/b1cd501cbe3444be84f9c56380ae3f20/volumes
Oct 23 00:09:28.165409 dv-cinder-861566-5-smb devstack@c-api.service[111687]: DEBUG cinder.api.openstack.wsgi [None req-495fce51-41a9-4fdb-ba87-0ab849f99bd9 tempest-VolumesTransfersTest-655936038 tempest-VolumesTransfersTest-655936038-project] Action: 'create', calling method: create, body: {"volume": {"size": 1, "name": "tempest-VolumesTransfersTest-Volume-1022210402"}} {{(pid=111687) _process_stack /opt/stack/cinder/cinder/api/openstack/wsgi.py:866}}
Oct 23 00:09:28.167419 dv-cinder-861566-5-smb devstack@c-api.service[111688]: INFO cinder.api.openstack.wsgi [None req-363adc7b-a101-44b2-b6fe-a93055ef5899 tempest-GroupsTest-292290764 tempest-GroupsTest-292290764-project] http://10.222.0.20/volume/v3/4f298fb973aa4069aa84adc2c11fa2c2/groups/00d51ef7-e23d-4e86-bf48-dcf2e002475d returned with HTTP 200
Oct 23 00:09:28.168085 dv-cinder-861566-5-smb devstack@c-api.service[111687]: DEBUG cinder.api.v3.volumes [None req-495fce51-41a9-4fdb-ba87-0ab849f99bd9 tempest-VolumesTransfersTest-655936038 tempest-VolumesTransfersTest-655936038-project] Create volume request body: {'volume': {'size': 1, 'name': 'tempest-VolumesTransfersTest-Volume-1022210402'}} {{(pid=111687) create /opt/stack/cinder/cinder/api/v3/volumes.py:298}}
Oct 23 00:09:28.168477 dv-cinder-861566-5-smb devstack@c-api.service[111687]: INFO cinder.api.v3.volumes [None req-495fce51-41a9-4fdb-ba87-0ab849f99bd9 tempest-VolumesTransfersTest-655936038 tempest-VolumesTransfersTest-655936038-project] Create volume of 1 GB
Oct 23 00:09:28.168654 dv-cinder-861566-5-smb devstack@c-api.service[111688]: [pid: 111688|app: 0|req: 176/372] 10.222.0.20 () {60 vars in 1363 bytes} [Sun Oct 23 00:09:28 2022] GET /volume/v3/4f298fb973aa4069aa84adc2c11fa2c2/groups/00d51ef7-e23d-4e86-bf48-dcf2e002475d => generated 323 bytes in 45 msecs (HTTP/1.1 200) 7 headers in 286 bytes (1 switches on core 0)
Oct 23 00:09:28.169338 dv-cinder-861566-5-smb devstack@c-api.service[111687]: /usr/local/lib/python3.8/dist-packages/oslo_context/context.py:100: DeprecationWarning: Policy enforcement is depending on the value of is_admin. This key is deprecated. Please update your policy file to use the standard policy values.
Oct 23 00:09:28.169338 dv-cinder-861566-5-smb devstack@c-api.service[111687]: warnings.warn('Policy enforcement is depending on the value of '
Oct 23 00:09:28.178639 dv-cinder-861566-5-smb devstack@c-api.service[111688]: DEBUG cinder.api.middleware.request_id [None req-caf9de65-9bb7-436f-b5b6-036f9249fc68 None None] RequestId filter calling following filter/app {{(pid=111688) _context_setter /opt/stack/cinder/cinder/api/middleware/request_id.py:62}}
Oct 23 00:09:28.180358 dv-cinder-861566-5-smb devstack@c-api.service[111687]: INFO cinder.volume.api [None req-495fce51-41a9-4fdb-ba87-0ab849f99bd9 tempest-VolumesTransfersTest-655936038 tempest-VolumesTransfersTest-655936038-project] Availability Zones retrieved successfully.
Oct 23 00:09:28.182999 dv-cinder-861566-5-smb devstack@c-api.service[111688]: INFO cinder.api.openstack.wsgi [None req-caf9de65-9bb7-436f-b5b6-036f9249fc68 tempest-GroupsTest-292290764 tempest-GroupsTest-292290764-project] GET http://10.222.0.20/volume/v3/4f298fb973aa4069aa84adc2c11fa2c2/groups/detail
Oct 23 00:09:28.183636 dv-cinder-861566-5-smb devstack@c-api.service[111688]: DEBUG cinder.api.openstack.wsgi [None req-caf9de65-9bb7-436f-b5b6-036f9249fc68 tempest-GroupsTest-292290764 tempest-GroupsTest-292290764-project] Empty body provided in request {{(pid=111688) get_body /opt/stack/cinder/cinder/api/openstack/wsgi.py:715}}
Oct 23 00:09:28.183968 dv-cinder-861566-5-smb devstack@c-api.service[111688]: DEBUG cinder.api.openstack.wsgi [None req-caf9de65-9bb7-436f-b5b6-036f9249fc68 tempest-GroupsTest-292290764 tempest-GroupsTest-292290764-project] Calling method 'version_select' {{(pid=111688) _process_stack /opt/stack/cinder/cinder/api/openstack/wsgi.py:868}}
Oct 23 00:09:28.188527 dv-cinder-861566-5-smb devstack@c-api.service[111688]: /usr/local/lib/python3.8/dist-packages/oslo_context/context.py:100: DeprecationWarning: Policy enforcement is depending on the value of is_admin. This key is deprecated. Please update your policy file to use the standard policy values.
Oct 23 00:09:28.188527 dv-cinder-861566-5-smb devstack@c-api.service[111688]: warnings.warn('Policy enforcement is depending on the value of '
Oct 23 00:09:28.212734 dv-cinder-861566-5-smb devstack@c-api.service[111687]: DEBUG cinder.volume.api [None req-495fce51-41a9-4fdb-ba87-0ab849f99bd9 tempest-VolumesTransfersTest-655936038 tempest-VolumesTransfersTest-655936038-project] Flow 'volume_create_api' (4175b4d2-bbf1-4977-b516-8faae98e85f8) transitioned into state 'RUNNING' from state 'PENDING' {{(pid=111687) _flow_receiver /usr/local/lib/python3.8/dist-packages/taskflow/listeners/logging.py:141}}
Oct 23 00:09:28.224054 dv-cinder-861566-5-smb devstack@c-api.service[111687]: DEBUG cinder.volume.api [None req-495fce51-41a9-4fdb-ba87-0ab849f99bd9 tempest-VolumesTransfersTest-655936038 tempest-VolumesTransfersTest-655936038-project] Task 'cinder.volume.flows.api.create_volume.ExtractVolumeRequestTask;volume:create' (ddc3dcc9-8db6-4b5b-99ab-bfda3ebe4dd2) transitioned into state 'RUNNING' from state 'PENDING' {{(pid=111687) _task_receiver /usr/local/lib/python3.8/dist-packages/taskflow/listeners/logging.py:190}}
Oct 23 00:09:28.231619 dv-cinder-861566-5-smb devstack@c-api.service[111687]: DEBUG cinder.volume.flows.api.create_volume [None req-495fce51-41a9-4fdb-ba87-0ab849f99bd9 tempest-VolumesTransfersTest-655936038 tempest-VolumesTransfersTest-655936038-project] Validating volume size '1' using validate_int {{(pid=111687) _extract_size /opt/stack/cinder/cinder/volume/flows/api/create_volume.py:228}}
Oct 23 00:09:28.260278 dv-cinder-861566-5-smb devstack@c-api.service[111688]: INFO cinder.api.openstack.wsgi [None req-caf9de65-9bb7-436f-b5b6-036f9249fc68 tempest-GroupsTest-292290764 tempest-GroupsTest-292290764-project] http://10.222.0.20/volume/v3/4f298fb973aa4069aa84adc2c11fa2c2/groups/detail returned with HTTP 200
Oct 23 00:09:28.263522 dv-cinder-861566-5-smb devstack@c-api.service[111688]: [pid: 111688|app: 0|req: 177/373] 10.222.0.20 () {60 vars in 1273 bytes} [Sun Oct 23 00:09:28 2022] GET /volume/v3/4f298fb973aa4069aa84adc2c11fa2c2/groups/detail => generated 640 bytes in 87 msecs (HTTP/1.1 200) 7 headers in 286 bytes (2 switches on core 0)
Oct 23 00:09:28.274236 dv-cinder-861566-5-smb devstack@c-api.service[111688]: DEBUG cinder.api.middleware.request_id [None req-10f99db6-d956-478f-ad70-c0a6bb80fa13 None None] RequestId filter calling following filter/app {{(pid=111688) _context_setter /opt/stack/cinder/cinder/api/middleware/request_id.py:62}}
Oct 23 00:09:28.280390 dv-cinder-861566-5-smb devstack@c-api.service[111688]: INFO cinder.api.openstack.wsgi [None req-10f99db6-d956-478f-ad70-c0a6bb80fa13 tempest-GroupsTest-292290764 tempest-GroupsTest-292290764-project] GET http://10.222.0.20/volume/v3/4f298fb973aa4069aa84adc2c11fa2c2/volumes/detail
Oct 23 00:09:28.284668 dv-cinder-861566-5-smb devstack@c-api.service[111688]: DEBUG cinder.api.openstack.wsgi [None req-10f99db6-d956-478f-ad70-c0a6bb80fa13 tempest-GroupsTest-292290764 tempest-GroupsTest-292290764-project] Empty body provided in request {{(pid=111688) get_body /opt/stack/cinder/cinder/api/openstack/wsgi.py:715}}
Oct 23 00:09:28.287481 dv-cinder-861566-5-smb devstack@c-api.service[111688]: DEBUG cinder.api.openstack.wsgi [None req-10f99db6-d956-478f-ad70-c0a6bb80fa13 tempest-GroupsTest-292290764 tempest-GroupsTest-292290764-project] Calling method 'detail' {{(pid=111688) _process_stack /opt/stack/cinder/cinder/api/openstack/wsgi.py:868}}
Oct 23 00:09:28.288879 dv-cinder-861566-5-smb devstack@c-api.service[111688]: DEBUG cinder.api.api_utils [None req-10f99db6-d956-478f-ad70-c0a6bb80fa13 tempest-GroupsTest-292290764 tempest-GroupsTest-292290764-project] Removing options '' from query. {{(pid=111688) remove_invalid_filter_options /opt/stack/cinder/cinder/api/api_utils.py:83}}
Oct 23 00:09:28.293412 dv-cinder-861566-5-smb devstack@c-api.service[111688]: /usr/local/lib/python3.8/dist-packages/oslo_context/context.py:100: DeprecationWarning: Policy enforcement is depending on the value of is_admin. This key is deprecated. Please update your policy file to use the standard policy values.
Oct 23 00:09:28.293412 dv-cinder-861566-5-smb devstack@c-api.service[111688]: warnings.warn('Policy enforcement is depending on the value of '
Oct 23 00:09:28.294278 dv-cinder-861566-5-smb devstack@c-api.service[111688]: DEBUG cinder.volume.api [None req-10f99db6-d956-478f-ad70-c0a6bb80fa13 tempest-GroupsTest-292290764 tempest-GroupsTest-292290764-project] Searching by: MultiDict([('no_migration_targets', True)]). {{(pid=111688) get_all /opt/stack/cinder/cinder/volume/api.py:664}}
Oct 23 00:09:28.329849 dv-cinder-861566-5-smb devstack@c-api.service[111687]: DEBUG cinder.volume.api [None req-495fce51-41a9-4fdb-ba87-0ab849f99bd9 tempest-VolumesTransfersTest-655936038 tempest-VolumesTransfersTest-655936038-project] Task 'cinder.volume.flows.api.create_volume.ExtractVolumeRequestTask;volume:create' (ddc3dcc9-8db6-4b5b-99ab-bfda3ebe4dd2) transitioned into state 'SUCCESS' from state 'RUNNING' with result '{'size': 1, 'snapshot_id': None, 'source_volid': None, 'volume_type': VolumeType(created_at=2022-10-22T23:58:15Z,deleted=False,deleted_at=None,description='Default Volume Type',extra_specs={},id=c0549152-abad-4994-b375-35401f45f5a5,is_public=True,name='__DEFAULT__',projects=[],qos_specs=,qos_specs_id=None,updated_at=2022-10-22T23:58:15Z), 'volume_type_id': 'c0549152-abad-4994-b375-35401f45f5a5', 'encryption_key_id': None, 'qos_specs': None, 'consistencygroup_id': None, 'cgsnapshot_id': None, 'group_id': None, 'replication_status': 'disabled', 'refresh_az': False, 'backup_id': None, 'multiattach': False, 'availability_zones': ['nova']}' {{(pid=111687) _task_receiver /usr/local/lib/python3.8/dist-packages/taskflow/listeners/logging.py:178}}
Oct 23 00:09:28.339065 dv-cinder-861566-5-smb devstack@c-api.service[111687]: DEBUG cinder.volume.api [None req-495fce51-41a9-4fdb-ba87-0ab849f99bd9 tempest-VolumesTransfersTest-655936038 tempest-VolumesTransfersTest-655936038-project] Task 'cinder.volume.flows.api.create_volume.QuotaReserveTask;volume:create' (d25b31f3-4f04-437f-8879-49acf32ec91c) transitioned into state 'RUNNING' from state 'PENDING' {{(pid=111687) _task_receiver /usr/local/lib/python3.8/dist-packages/taskflow/listeners/logging.py:190}}
Oct 23 00:09:28.349417 dv-cinder-861566-5-smb devstack@c-api.service[111688]: INFO cinder.volume.api [None req-10f99db6-d956-478f-ad70-c0a6bb80fa13 tempest-GroupsTest-292290764 tempest-GroupsTest-292290764-project] Get all volumes completed successfully.
Oct 23 00:09:28.352513 dv-cinder-861566-5-smb devstack@c-api.service[111688]: WARNING stevedore.named [None req-10f99db6-d956-478f-ad70-c0a6bb80fa13 tempest-GroupsTest-292290764 tempest-GroupsTest-292290764-project] Could not load cinder.keymgr.conf_key_mgr.ConfKeyManager
Oct 23 00:09:28.353145 dv-cinder-861566-5-smb devstack@c-api.service[111688]: WARNING castellan.key_manager [None req-10f99db6-d956-478f-ad70-c0a6bb80fa13 tempest-GroupsTest-292290764 tempest-GroupsTest-292290764-project] Deprecation Warning : cinder.keymgr.conf_key_mgr.ConfKeyManager is not a stevedore based driver, trying to load it as a class: stevedore.exception.NoMatches: No 'castellan.drivers' driver found, looking for 'cinder.keymgr.conf_key_mgr.ConfKeyManager'
Oct 23 00:09:28.362265 dv-cinder-861566-5-smb devstack@c-api.service[111688]: DEBUG oslo_db.sqlalchemy.engines [None req-10f99db6-d956-478f-ad70-c0a6bb80fa13 tempest-GroupsTest-292290764 tempest-GroupsTest-292290764-project] MySQL server mode set to STRICT_TRANS_TABLES,STRICT_ALL_TABLES,NO_ZERO_IN_DATE,NO_ZERO_DATE,ERROR_FOR_DIVISION_BY_ZERO,TRADITIONAL,NO_ENGINE_SUBSTITUTION {{(pid=111688) _check_effective_sql_mode /usr/local/lib/python3.8/dist-packages/oslo_db/sqlalchemy/engines.py:326}}
Oct 23 00:09:28.375265 dv-cinder-861566-5-smb devstack@c-api.service[111688]: /usr/local/lib/python3.8/dist-packages/oslo_context/context.py:100: DeprecationWarning: Policy enforcement is depending on the value of is_admin. This key is deprecated. Please update your policy file to use the standard policy values.
Oct 23 00:09:28.375265 dv-cinder-861566-5-smb devstack@c-api.service[111688]: warnings.warn('Policy enforcement is depending on the value of '
Oct 23 00:09:28.419008 dv-cinder-861566-5-smb devstack@c-api.service[111688]: INFO cinder.api.openstack.wsgi [None req-10f99db6-d956-478f-ad70-c0a6bb80fa13 tempest-GroupsTest-292290764 tempest-GroupsTest-292290764-project] http://10.222.0.20/volume/v3/4f298fb973aa4069aa84adc2c11fa2c2/volumes/detail returned with HTTP 200
Oct 23 00:09:28.420402 dv-cinder-861566-5-smb devstack@c-api.service[111688]: [pid: 111688|app: 0|req: 178/374] 10.222.0.20 () {60 vars in 1276 bytes} [Sun Oct 23 00:09:28 2022] GET /volume/v3/4f298fb973aa4069aa84adc2c11fa2c2/volumes/detail => generated 975 bytes in 147 msecs (HTTP/1.1 200) 7 headers in 286 bytes (1 switches on core 0)
Oct 23 00:09:28.443442 dv-cinder-861566-5-smb devstack@c-api.service[111688]: DEBUG cinder.api.middleware.request_id [None req-c45168ee-6987-4ef6-b3e0-7d5023eba25c None None] RequestId filter calling following filter/app {{(pid=111688) _context_setter /opt/stack/cinder/cinder/api/middleware/request_id.py:62}}
Oct 23 00:09:28.447394 dv-cinder-861566-5-smb devstack@c-api.service[111688]: INFO cinder.api.openstack.wsgi [None req-c45168ee-6987-4ef6-b3e0-7d5023eba25c tempest-GroupsTest-292290764 tempest-GroupsTest-292290764-project] GET http://10.222.0.20/volume/v3/4f298fb973aa4069aa84adc2c11fa2c2/volumes/detail
Oct 23 00:09:28.447876 dv-cinder-861566-5-smb devstack@c-api.service[111688]: DEBUG cinder.api.openstack.wsgi [None req-c45168ee-6987-4ef6-b3e0-7d5023eba25c tempest-GroupsTest-292290764 tempest-GroupsTest-292290764-project] Empty body provided in request {{(pid=111688) get_body /opt/stack/cinder/cinder/api/openstack/wsgi.py:715}}
Oct 23 00:09:28.448340 dv-cinder-861566-5-smb devstack@c-api.service[111688]: DEBUG cinder.api.openstack.wsgi [None req-c45168ee-6987-4ef6-b3e0-7d5023eba25c tempest-GroupsTest-292290764 tempest-GroupsTest-292290764-project] Calling method 'detail' {{(pid=111688) _process_stack /opt/stack/cinder/cinder/api/openstack/wsgi.py:868}}
Oct 23 00:09:28.448898 dv-cinder-861566-5-smb devstack@c-api.service[111688]: DEBUG cinder.api.api_utils [None req-c45168ee-6987-4ef6-b3e0-7d5023eba25c tempest-GroupsTest-292290764 tempest-GroupsTest-292290764-project] Removing options '' from query. {{(pid=111688) remove_invalid_filter_options /opt/stack/cinder/cinder/api/api_utils.py:83}}
Oct 23 00:09:28.450592 dv-cinder-861566-5-smb devstack@c-api.service[111688]: DEBUG cinder.volume.api [None req-c45168ee-6987-4ef6-b3e0-7d5023eba25c tempest-GroupsTest-292290764 tempest-GroupsTest-292290764-project] Searching by: MultiDict([('no_migration_targets', True)]). {{(pid=111688) get_all /opt/stack/cinder/cinder/volume/api.py:664}}
Oct 23 00:09:28.489627 dv-cinder-861566-5-smb devstack@c-api.service[111687]: DEBUG dbcounter [-] [111687] Writing DB stats cinder:SELECT=90,cinder:UPDATE=5,cinder:INSERT=5 {{(pid=111687) stat_writer /usr/local/lib/python3.8/dist-packages/dbcounter.py:114}}
Oct 23 00:09:28.508857 dv-cinder-861566-5-smb devstack@c-api.service[111687]: DEBUG cinder.quota [None req-495fce51-41a9-4fdb-ba87-0ab849f99bd9 tempest-VolumesTransfersTest-655936038 tempest-VolumesTransfersTest-655936038-project] Created reservations ['e742d925-e512-4685-a0dc-f9699c3c558e', 'dfc41793-9364-46a0-a66b-d4e67a51d743', 'a5e3f19b-1780-49a4-9f34-e446991c754f', '579e502d-0a40-4c40-892d-44d45d819d20'] {{(pid=111687) reserve /opt/stack/cinder/cinder/quota.py:755}}
Oct 23 00:09:28.512948 dv-cinder-861566-5-smb devstack@c-api.service[111687]: DEBUG cinder.volume.api [None req-495fce51-41a9-4fdb-ba87-0ab849f99bd9 tempest-VolumesTransfersTest-655936038 tempest-VolumesTransfersTest-655936038-project] Task 'cinder.volume.flows.api.create_volume.QuotaReserveTask;volume:create' (d25b31f3-4f04-437f-8879-49acf32ec91c) transitioned into state 'SUCCESS' from state 'RUNNING' with result '{'reservations': ['e742d925-e512-4685-a0dc-f9699c3c558e', 'dfc41793-9364-46a0-a66b-d4e67a51d743', 'a5e3f19b-1780-49a4-9f34-e446991c754f', '579e502d-0a40-4c40-892d-44d45d819d20']}' {{(pid=111687) _task_receiver /usr/local/lib/python3.8/dist-packages/taskflow/listeners/logging.py:178}}
Oct 23 00:09:28.526145 dv-cinder-861566-5-smb devstack@c-api.service[111688]: INFO cinder.volume.api [None req-c45168ee-6987-4ef6-b3e0-7d5023eba25c tempest-GroupsTest-292290764 tempest-GroupsTest-292290764-project] Get all volumes completed successfully.
Oct 23 00:09:28.527780 dv-cinder-861566-5-smb devstack@c-api.service[111688]: WARNING stevedore.named [None req-c45168ee-6987-4ef6-b3e0-7d5023eba25c tempest-GroupsTest-292290764 tempest-GroupsTest-292290764-project] Could not load cinder.keymgr.conf_key_mgr.ConfKeyManager
Oct 23 00:09:28.528161 dv-cinder-861566-5-smb devstack@c-api.service[111688]: WARNING castellan.key_manager [None req-c45168ee-6987-4ef6-b3e0-7d5023eba25c tempest-GroupsTest-292290764 tempest-GroupsTest-292290764-project] Deprecation Warning : cinder.keymgr.conf_key_mgr.ConfKeyManager is not a stevedore based driver, trying to load it as a class: stevedore.exception.NoMatches: No 'castellan.drivers' driver found, looking for 'cinder.keymgr.conf_key_mgr.ConfKeyManager'
Oct 23 00:09:28.533627 dv-cinder-861566-5-smb devstack@c-api.service[111687]: DEBUG cinder.volume.api [None req-495fce51-41a9-4fdb-ba87-0ab849f99bd9 tempest-VolumesTransfersTest-655936038 tempest-VolumesTransfersTest-655936038-project] Task 'cinder.volume.flows.api.create_volume.EntryCreateTask;volume:create' (e6a0263f-bcdf-4475-968d-25a4192184f8) transitioned into state 'RUNNING' from state 'PENDING' {{(pid=111687) _task_receiver /usr/local/lib/python3.8/dist-packages/taskflow/listeners/logging.py:190}}
Oct 23 00:09:28.535456 dv-cinder-861566-5-smb devstack@c-api.service[111688]: DEBUG oslo_db.sqlalchemy.engines [None req-c45168ee-6987-4ef6-b3e0-7d5023eba25c tempest-GroupsTest-292290764 tempest-GroupsTest-292290764-project] MySQL server mode set to STRICT_TRANS_TABLES,STRICT_ALL_TABLES,NO_ZERO_IN_DATE,NO_ZERO_DATE,ERROR_FOR_DIVISION_BY_ZERO,TRADITIONAL,NO_ENGINE_SUBSTITUTION {{(pid=111688) _check_effective_sql_mode /usr/local/lib/python3.8/dist-packages/oslo_db/sqlalchemy/engines.py:326}}
Oct 23 00:09:28.546038 dv-cinder-861566-5-smb devstack@c-api.service[111688]: /usr/local/lib/python3.8/dist-packages/oslo_context/context.py:100: DeprecationWarning: Policy enforcement is depending on the value of is_admin. This key is deprecated. Please update your policy file to use the standard policy values.
Oct 23 00:09:28.546038 dv-cinder-861566-5-smb devstack@c-api.service[111688]: warnings.warn('Policy enforcement is depending on the value of '
Oct 23 00:09:28.562009 dv-cinder-861566-5-smb devstack@c-api.service[111687]: DEBUG cinder.volume.api [None req-495fce51-41a9-4fdb-ba87-0ab849f99bd9 tempest-VolumesTransfersTest-655936038 tempest-VolumesTransfersTest-655936038-project] Task 'cinder.volume.flows.api.create_volume.EntryCreateTask;volume:create' (e6a0263f-bcdf-4475-968d-25a4192184f8) transitioned into state 'SUCCESS' from state 'RUNNING' with result '{'volume_id': '0743abe0-d8f3-4b7c-bd36-c44539c2d858', 'volume_properties': VolumeProperties(attach_status='detached',availability_zone='nova',cgsnapshot_id=None,consistencygroup_id=None,display_description=None,display_name='tempest-VolumesTransfersTest-Volume-1022210402',encryption_key_id=None,group_id=None,group_type_id=,metadata={},multiattach=False,project_id='b1cd501cbe3444be84f9c56380ae3f20',qos_specs=None,replication_status=,reservations=['e742d925-e512-4685-a0dc-f9699c3c558e','dfc41793-9364-46a0-a66b-d4e67a51d743','a5e3f19b-1780-49a4-9f34-e446991c754f','579e502d-0a40-4c40-892d-44d45d819d20'],size=1,snapshot_id=None,source_replicaid=,source_volid=None,status='creating',user_id='61758703c8e9496f9d4cc1ed8665cf2a',volume_type_id=c0549152-abad-4994-b375-35401f45f5a5), 'volume': Volume(_name_id=None,admin_metadata=,attach_status='detached',availability_zone='nova',bootable=False,cluster=,cluster_name=None,consistencygroup=,consistencygroup_id=None,created_at=2022-10-23T00:09:28Z,deleted=False,deleted_at=None,display_description=None,display_name='tempest-VolumesTransfersTest-Volume-1022210402',ec2_id=None,encryption_key_id=None,glance_metadata=,group=,group_id=None,host=None,id=0743abe0-d8f3-4b7c-bd36-c44539c2d858,launched_at=None,metadata={},migration_status=None,multiattach=False,previous_status=None,project_id='b1cd501cbe3444be84f9c56380ae3f20',provider_auth=None,provider_geometry=None,provider_id=None,provider_location=None,replication_driver_data=None,replication_extended_status=None,replication_status=None,scheduled_at=None,service_uuid=None,shared_targets=True,size=1,snapshot_id=None,snapshots=,source_volid=None,status='creating',terminated_at=None,updated_at=None,use_quota=True,user_id='61758703c8e9496f9d4cc1ed8665cf2a',volume_attachment=VolumeAttachmentList,volume_type=VolumeType(c0549152-abad-4994-b375-35401f45f5a5),volume_type_id=c0549152-abad-4994-b375-35401f45f5a5)}' {{(pid=111687) _task_receiver /usr/local/lib/python3.8/dist-packages/taskflow/listeners/logging.py:178}}
Oct 23 00:09:28.564441 dv-cinder-861566-5-smb devstack@c-api.service[111687]: DEBUG cinder.volume.api [None req-495fce51-41a9-4fdb-ba87-0ab849f99bd9 tempest-VolumesTransfersTest-655936038 tempest-VolumesTransfersTest-655936038-project] Task 'cinder.volume.flows.api.create_volume.QuotaCommitTask;volume:create' (87c249fe-a919-4d9d-85c1-31c8af3838d1) transitioned into state 'RUNNING' from state 'PENDING' {{(pid=111687) _task_receiver /usr/local/lib/python3.8/dist-packages/taskflow/listeners/logging.py:190}}
Oct 23 00:09:28.571958 dv-cinder-861566-5-smb devstack@c-api.service[111688]: INFO cinder.api.openstack.wsgi [None req-c45168ee-6987-4ef6-b3e0-7d5023eba25c tempest-GroupsTest-292290764 tempest-GroupsTest-292290764-project] http://10.222.0.20/volume/v3/4f298fb973aa4069aa84adc2c11fa2c2/volumes/detail returned with HTTP 200
Oct 23 00:09:28.573115 dv-cinder-861566-5-smb devstack@c-api.service[111688]: [pid: 111688|app: 0|req: 179/375] 10.222.0.20 () {60 vars in 1276 bytes} [Sun Oct 23 00:09:28 2022] GET /volume/v3/4f298fb973aa4069aa84adc2c11fa2c2/volumes/detail => generated 975 bytes in 131 msecs (HTTP/1.1 200) 7 headers in 286 bytes (1 switches on core 0)
Oct 23 00:09:28.591825 dv-cinder-861566-5-smb devstack@c-api.service[111688]: DEBUG cinder.api.middleware.request_id [None req-113a251e-df60-453b-8a63-cd2a4a5bdd28 None None] RequestId filter calling following filter/app {{(pid=111688) _context_setter /opt/stack/cinder/cinder/api/middleware/request_id.py:62}}
Oct 23 00:09:28.597768 dv-cinder-861566-5-smb devstack@c-api.service[111688]: INFO cinder.api.openstack.wsgi [None req-113a251e-df60-453b-8a63-cd2a4a5bdd28 tempest-GroupsTest-292290764 tempest-GroupsTest-292290764-project] POST http://10.222.0.20/volume/v3/4f298fb973aa4069aa84adc2c11fa2c2/groups/03313583-a080-40ad-b578-0e4641a3f043/action
Oct 23 00:09:28.599355 dv-cinder-861566-5-smb devstack@c-api.service[111688]: DEBUG cinder.api.openstack.wsgi [None req-113a251e-df60-453b-8a63-cd2a4a5bdd28 tempest-GroupsTest-292290764 tempest-GroupsTest-292290764-project] Action body: b'{"delete": {"delete-volumes": true}}' {{(pid=111688) get_method /opt/stack/cinder/cinder/api/openstack/wsgi.py:983}}
Oct 23 00:09:28.599871 dv-cinder-861566-5-smb devstack@c-api.service[111688]: DEBUG cinder.api.openstack.wsgi [None req-113a251e-df60-453b-8a63-cd2a4a5bdd28 tempest-GroupsTest-292290764 tempest-GroupsTest-292290764-project] Action: 'action', calling method: delete_group, body: {"delete": {"delete-volumes": true}} {{(pid=111688) _process_stack /opt/stack/cinder/cinder/api/openstack/wsgi.py:866}}
Oct 23 00:09:28.603747 dv-cinder-861566-5-smb devstack@c-api.service[111688]: DEBUG cinder.api.v3.groups [None req-113a251e-df60-453b-8a63-cd2a4a5bdd28 tempest-GroupsTest-292290764 tempest-GroupsTest-292290764-project] delete called for group 03313583-a080-40ad-b578-0e4641a3f043 {{(pid=111688) _delete /opt/stack/cinder/cinder/api/v3/groups.py:117}}
Oct 23 00:09:28.604066 dv-cinder-861566-5-smb devstack@c-api.service[111688]: INFO cinder.api.v3.groups [None req-113a251e-df60-453b-8a63-cd2a4a5bdd28 tempest-GroupsTest-292290764 tempest-GroupsTest-292290764-project] Delete group with id: 03313583-a080-40ad-b578-0e4641a3f043
Oct 23 00:09:28.613583 dv-cinder-861566-5-smb devstack@c-api.service[111688]: /usr/local/lib/python3.8/dist-packages/oslo_context/context.py:100: DeprecationWarning: Policy enforcement is depending on the value of is_admin. This key is deprecated. Please update your policy file to use the standard policy values.
Oct 23 00:09:28.613583 dv-cinder-861566-5-smb devstack@c-api.service[111688]: warnings.warn('Policy enforcement is depending on the value of '
Oct 23 00:09:28.623139 dv-cinder-861566-5-smb devstack@c-api.service[111687]: DEBUG cinder.volume.api [None req-495fce51-41a9-4fdb-ba87-0ab849f99bd9 tempest-VolumesTransfersTest-655936038 tempest-VolumesTransfersTest-655936038-project] Task 'cinder.volume.flows.api.create_volume.QuotaCommitTask;volume:create' (87c249fe-a919-4d9d-85c1-31c8af3838d1) transitioned into state 'SUCCESS' from state 'RUNNING' with result '{'volume_properties': VolumeProperties(attach_status='detached',availability_zone='nova',cgsnapshot_id=None,consistencygroup_id=None,display_description=None,display_name='tempest-VolumesTransfersTest-Volume-1022210402',encryption_key_id=None,group_id=None,group_type_id=,metadata={},multiattach=False,project_id='b1cd501cbe3444be84f9c56380ae3f20',qos_specs=None,replication_status=,reservations=['e742d925-e512-4685-a0dc-f9699c3c558e','dfc41793-9364-46a0-a66b-d4e67a51d743','a5e3f19b-1780-49a4-9f34-e446991c754f','579e502d-0a40-4c40-892d-44d45d819d20'],size=1,snapshot_id=None,source_replicaid=,source_volid=None,status='creating',user_id='61758703c8e9496f9d4cc1ed8665cf2a',volume_type_id=c0549152-abad-4994-b375-35401f45f5a5)}' {{(pid=111687) _task_receiver /usr/local/lib/python3.8/dist-packages/taskflow/listeners/logging.py:178}}
Oct 23 00:09:28.625826 dv-cinder-861566-5-smb devstack@c-api.service[111687]: DEBUG cinder.volume.api [None req-495fce51-41a9-4fdb-ba87-0ab849f99bd9 tempest-VolumesTransfersTest-655936038 tempest-VolumesTransfersTest-655936038-project] Task 'cinder.volume.flows.api.create_volume.VolumeCastTask;volume:create' (a12e3873-65c6-4594-b407-b7a4864a01d0) transitioned into state 'RUNNING' from state 'PENDING' {{(pid=111687) _task_receiver /usr/local/lib/python3.8/dist-packages/taskflow/listeners/logging.py:190}}
Oct 23 00:09:28.650648 dv-cinder-861566-5-smb devstack@c-api.service[111687]: DEBUG cinder.volume.api [None req-495fce51-41a9-4fdb-ba87-0ab849f99bd9 tempest-VolumesTransfersTest-655936038 tempest-VolumesTransfersTest-655936038-project] Task 'cinder.volume.flows.api.create_volume.VolumeCastTask;volume:create' (a12e3873-65c6-4594-b407-b7a4864a01d0) transitioned into state 'SUCCESS' from state 'RUNNING' with result 'None' {{(pid=111687) _task_receiver /usr/local/lib/python3.8/dist-packages/taskflow/listeners/logging.py:178}}
Oct 23 00:09:28.654087 dv-cinder-861566-5-smb devstack@c-api.service[111687]: DEBUG cinder.volume.api [None req-495fce51-41a9-4fdb-ba87-0ab849f99bd9 tempest-VolumesTransfersTest-655936038 tempest-VolumesTransfersTest-655936038-project] Flow 'volume_create_api' (4175b4d2-bbf1-4977-b516-8faae98e85f8) transitioned into state 'SUCCESS' from state 'RUNNING' {{(pid=111687) _flow_receiver /usr/local/lib/python3.8/dist-packages/taskflow/listeners/logging.py:141}}
Oct 23 00:09:28.656245 dv-cinder-861566-5-smb devstack@c-api.service[111687]: INFO cinder.volume.api [None req-495fce51-41a9-4fdb-ba87-0ab849f99bd9 tempest-VolumesTransfersTest-655936038 tempest-VolumesTransfersTest-655936038-project] Create volume request issued successfully.
Oct 23 00:09:28.659416 dv-cinder-861566-5-smb devstack@c-api.service[111687]: INFO cinder.api.openstack.wsgi [None req-495fce51-41a9-4fdb-ba87-0ab849f99bd9 tempest-VolumesTransfersTest-655936038 tempest-VolumesTransfersTest-655936038-project] http://10.222.0.20/volume/v3/b1cd501cbe3444be84f9c56380ae3f20/volumes returned with HTTP 202
Oct 23 00:09:28.663817 dv-cinder-861566-5-smb devstack@c-api.service[111687]: [pid: 111687|app: 0|req: 197/376] 10.222.0.20 () {60 vars in 1235 bytes} [Sun Oct 23 00:09:28 2022] POST /volume/v3/b1cd501cbe3444be84f9c56380ae3f20/volumes => generated 820 bytes in 502 msecs (HTTP/1.1 202) 7 headers in 291 bytes (1 switches on core 0)
Oct 23 00:09:28.681215 dv-cinder-861566-5-smb devstack@c-api.service[111687]: DEBUG cinder.api.middleware.request_id [None req-5dec7e6d-afd0-4da3-a6b5-4a7fdb2513dc None None] RequestId filter calling following filter/app {{(pid=111687) _context_setter /opt/stack/cinder/cinder/api/middleware/request_id.py:62}}
Oct 23 00:09:28.686898 dv-cinder-861566-5-smb devstack@c-api.service[111687]: INFO cinder.api.openstack.wsgi [None req-5dec7e6d-afd0-4da3-a6b5-4a7fdb2513dc tempest-VolumesTransfersTest-655936038 tempest-VolumesTransfersTest-655936038-project] GET http://10.222.0.20/volume/v3/b1cd501cbe3444be84f9c56380ae3f20/volumes/0743abe0-d8f3-4b7c-bd36-c44539c2d858
Oct 23 00:09:28.687562 dv-cinder-861566-5-smb devstack@c-api.service[111687]: DEBUG cinder.api.openstack.wsgi [None req-5dec7e6d-afd0-4da3-a6b5-4a7fdb2513dc tempest-VolumesTransfersTest-655936038 tempest-VolumesTransfersTest-655936038-project] Empty body provided in request {{(pid=111687) get_body /opt/stack/cinder/cinder/api/openstack/wsgi.py:715}}
Oct 23 00:09:28.688745 dv-cinder-861566-5-smb devstack@c-api.service[111687]: DEBUG cinder.api.openstack.wsgi [None req-5dec7e6d-afd0-4da3-a6b5-4a7fdb2513dc tempest-VolumesTransfersTest-655936038 tempest-VolumesTransfersTest-655936038-project] Calling method 'show' {{(pid=111687) _process_stack /opt/stack/cinder/cinder/api/openstack/wsgi.py:868}}
Oct 23 00:09:28.707443 dv-cinder-861566-5-smb devstack@c-api.service[111687]: /usr/local/lib/python3.8/dist-packages/oslo_context/context.py:100: DeprecationWarning: Policy enforcement is depending on the value of is_admin. This key is deprecated. Please update your policy file to use the standard policy values.
Oct 23 00:09:28.707443 dv-cinder-861566-5-smb devstack@c-api.service[111687]: warnings.warn('Policy enforcement is depending on the value of '
Oct 23 00:09:28.711233 dv-cinder-861566-5-smb devstack@c-api.service[111688]: INFO cinder.api.openstack.wsgi [None req-113a251e-df60-453b-8a63-cd2a4a5bdd28 tempest-GroupsTest-292290764 tempest-GroupsTest-292290764-project] http://10.222.0.20/volume/v3/4f298fb973aa4069aa84adc2c11fa2c2/groups/03313583-a080-40ad-b578-0e4641a3f043/action returned with HTTP 202
Oct 23 00:09:28.716318 dv-cinder-861566-5-smb devstack@c-api.service[111688]: [pid: 111688|app: 0|req: 180/377] 10.222.0.20 () {62 vars in 1405 bytes} [Sun Oct 23 00:09:28 2022] POST /volume/v3/4f298fb973aa4069aa84adc2c11fa2c2/groups/03313583-a080-40ad-b578-0e4641a3f043/action => generated 0 bytes in 126 msecs (HTTP/1.1 202) 6 headers in 234 bytes (1 switches on core 0)
Oct 23 00:09:28.718351 dv-cinder-861566-5-smb devstack@c-api.service[111688]: DEBUG cinder.api.middleware.request_id [None req-3a0c0d18-3ef4-4597-862f-936963b22287 None None] RequestId filter calling following filter/app {{(pid=111688) _context_setter /opt/stack/cinder/cinder/api/middleware/request_id.py:62}}
Oct 23 00:09:28.722153 dv-cinder-861566-5-smb devstack@c-api.service[111688]: INFO cinder.api.openstack.wsgi [None req-3a0c0d18-3ef4-4597-862f-936963b22287 tempest-GroupsTest-292290764 tempest-GroupsTest-292290764-project] GET http://10.222.0.20/volume/v3/4f298fb973aa4069aa84adc2c11fa2c2/volumes/b9fe15b0-e141-41c6-89b1-ab02b3e18eea
Oct 23 00:09:28.722652 dv-cinder-861566-5-smb devstack@c-api.service[111688]: DEBUG cinder.api.openstack.wsgi [None req-3a0c0d18-3ef4-4597-862f-936963b22287 tempest-GroupsTest-292290764 tempest-GroupsTest-292290764-project] Empty body provided in request {{(pid=111688) get_body /opt/stack/cinder/cinder/api/openstack/wsgi.py:715}}
Oct 23 00:09:28.723198 dv-cinder-861566-5-smb devstack@c-api.service[111688]: DEBUG cinder.api.openstack.wsgi [None req-3a0c0d18-3ef4-4597-862f-936963b22287 tempest-GroupsTest-292290764 tempest-GroupsTest-292290764-project] Calling method 'show' {{(pid=111688) _process_stack /opt/stack/cinder/cinder/api/openstack/wsgi.py:868}}
Oct 23 00:09:28.724466 dv-cinder-861566-5-smb devstack@c-api.service[111687]: INFO cinder.volume.api [None req-5dec7e6d-afd0-4da3-a6b5-4a7fdb2513dc tempest-VolumesTransfersTest-655936038 tempest-VolumesTransfersTest-655936038-project] Volume info retrieved successfully.
Oct 23 00:09:28.740273 dv-cinder-861566-5-smb devstack@c-api.service[111687]: INFO cinder.api.openstack.wsgi [None req-5dec7e6d-afd0-4da3-a6b5-4a7fdb2513dc tempest-VolumesTransfersTest-655936038 tempest-VolumesTransfersTest-655936038-project] http://10.222.0.20/volume/v3/b1cd501cbe3444be84f9c56380ae3f20/volumes/0743abe0-d8f3-4b7c-bd36-c44539c2d858 returned with HTTP 200
