Oct 17 04:31:50.533939 dv-cinder-861557-1-iscsi devstack@c-api.service[111525]: /usr/local/lib/python3.8/dist-packages/oslo_context/context.py:100: DeprecationWarning: Policy enforcement is depending on the value of is_admin. This key is deprecated. Please update your policy file to use the standard policy values.
Oct 17 04:31:50.533939 dv-cinder-861557-1-iscsi devstack@c-api.service[111525]: warnings.warn('Policy enforcement is depending on the value of '
Oct 17 04:31:50.541045 dv-cinder-861557-1-iscsi devstack@c-api.service[111525]: INFO cinder.volume.api [None req-d177207e-47a9-4fe7-b2a7-11be2cbedb88 tempest-DeleteServersTestJSON-1445104658 tempest-DeleteServersTestJSON-1445104658-project] Volume info retrieved successfully.
Oct 17 04:31:50.552619 dv-cinder-861557-1-iscsi devstack@c-api.service[111525]: INFO cinder.api.openstack.wsgi [None req-d177207e-47a9-4fe7-b2a7-11be2cbedb88 tempest-DeleteServersTestJSON-1445104658 tempest-DeleteServersTestJSON-1445104658-project] http://10.222.0.40/volume/v3/e5eb02a1b40e4b83bc6baf4c3ac1bbbf/volumes/e619b7d8-1c34-4bdb-bf4c-065038941953 returned with HTTP 200
Oct 17 04:31:50.553407 dv-cinder-861557-1-iscsi devstack@c-api.service[111525]: [pid: 111525|app: 0|req: 148/305] 10.222.0.40 () {58 vars in 1325 bytes} [Mon Oct 17 04:31:50 2022] GET /volume/v3/e5eb02a1b40e4b83bc6baf4c3ac1bbbf/volumes/e619b7d8-1c34-4bdb-bf4c-065038941953 => generated 912 bytes in 48 msecs (HTTP/1.1 200) 7 headers in 285 bytes (2 switches on core 0)
Oct 17 04:31:50.563940 dv-cinder-861557-1-iscsi devstack@c-api.service[111526]: DEBUG dbcounter [-] [111526] Writing DB stats cinder:INSERT=11,cinder:SELECT=77,cinder:UPDATE=12 {{(pid=111526) stat_writer /usr/local/lib/python3.8/dist-packages/dbcounter.py:114}}
Oct 17 04:31:50.576088 dv-cinder-861557-1-iscsi devstack@c-api.service[111526]: DEBUG cinder.volume.api [None req-949ee50b-236b-413b-9fd4-60bb4b129e37 tempest-VolumesDeleteCascade-312485059 tempest-VolumesDeleteCascade-312485059-project] Task 'cinder.volume.flows.api.create_volume.ExtractVolumeRequestTask;volume:create' (54c49f08-f3c9-4ef9-9315-98ac894838b7) transitioned into state 'SUCCESS' from state 'RUNNING' with result '{'size': 1, 'snapshot_id': None, 'source_volid': None, 'volume_type': VolumeType(created_at=2022-10-17T04:21:29Z,deleted=False,deleted_at=None,description='Default Volume Type',extra_specs={},id=30a81bd1-32c5-4e7c-8cf0-6d035317e790,is_public=True,name='__DEFAULT__',projects=[],qos_specs=,qos_specs_id=None,updated_at=2022-10-17T04:21:29Z), 'volume_type_id': '30a81bd1-32c5-4e7c-8cf0-6d035317e790', 'encryption_key_id': None, 'qos_specs': None, 'consistencygroup_id': None, 'cgsnapshot_id': None, 'group_id': None, 'replication_status': 'disabled', 'refresh_az': False, 'backup_id': None, 'multiattach': False, 'availability_zones': ['nova']}' {{(pid=111526) _task_receiver /usr/local/lib/python3.8/dist-packages/taskflow/listeners/logging.py:178}}
Oct 17 04:31:50.579306 dv-cinder-861557-1-iscsi devstack@c-api.service[111526]: DEBUG cinder.volume.api [None req-949ee50b-236b-413b-9fd4-60bb4b129e37 tempest-VolumesDeleteCascade-312485059 tempest-VolumesDeleteCascade-312485059-project] Task 'cinder.volume.flows.api.create_volume.QuotaReserveTask;volume:create' (a115ab3a-e24a-4086-8deb-ac153b03a3fe) transitioned into state 'RUNNING' from state 'PENDING' {{(pid=111526) _task_receiver /usr/local/lib/python3.8/dist-packages/taskflow/listeners/logging.py:190}}
Oct 17 04:31:50.679133 dv-cinder-861557-1-iscsi devstack@c-api.service[111526]: DEBUG cinder.quota [None req-949ee50b-236b-413b-9fd4-60bb4b129e37 tempest-VolumesDeleteCascade-312485059 tempest-VolumesDeleteCascade-312485059-project] Created reservations ['6fb1ca57-718b-4ab0-b369-a95d464384fe', 'e5b17098-d62a-4762-945d-ee703e6f7da4', 'b5a5a746-1304-4b37-9ed8-c838d2b4a504', 'debdd98b-ad5e-47da-8389-468bd99938ef'] {{(pid=111526) reserve /opt/stack/cinder/cinder/quota.py:755}}
Oct 17 04:31:50.681365 dv-cinder-861557-1-iscsi devstack@c-api.service[111526]: DEBUG cinder.volume.api [None req-949ee50b-236b-413b-9fd4-60bb4b129e37 tempest-VolumesDeleteCascade-312485059 tempest-VolumesDeleteCascade-312485059-project] Task 'cinder.volume.flows.api.create_volume.QuotaReserveTask;volume:create' (a115ab3a-e24a-4086-8deb-ac153b03a3fe) transitioned into state 'SUCCESS' from state 'RUNNING' with result '{'reservations': ['6fb1ca57-718b-4ab0-b369-a95d464384fe', 'e5b17098-d62a-4762-945d-ee703e6f7da4', 'b5a5a746-1304-4b37-9ed8-c838d2b4a504', 'debdd98b-ad5e-47da-8389-468bd99938ef']}' {{(pid=111526) _task_receiver /usr/local/lib/python3.8/dist-packages/taskflow/listeners/logging.py:178}}
Oct 17 04:31:50.683767 dv-cinder-861557-1-iscsi devstack@c-api.service[111526]: DEBUG cinder.volume.api [None req-949ee50b-236b-413b-9fd4-60bb4b129e37 tempest-VolumesDeleteCascade-312485059 tempest-VolumesDeleteCascade-312485059-project] Task 'cinder.volume.flows.api.create_volume.EntryCreateTask;volume:create' (5d5cdc11-0992-436f-ab71-8853241a31ec) transitioned into state 'RUNNING' from state 'PENDING' {{(pid=111526) _task_receiver /usr/local/lib/python3.8/dist-packages/taskflow/listeners/logging.py:190}}
Oct 17 04:31:50.708295 dv-cinder-861557-1-iscsi devstack@c-api.service[111526]: DEBUG cinder.volume.api [None req-949ee50b-236b-413b-9fd4-60bb4b129e37 tempest-VolumesDeleteCascade-312485059 tempest-VolumesDeleteCascade-312485059-project] Task 'cinder.volume.flows.api.create_volume.EntryCreateTask;volume:create' (5d5cdc11-0992-436f-ab71-8853241a31ec) transitioned into state 'SUCCESS' from state 'RUNNING' with result '{'volume_id': '578dc636-6690-4d2c-87ee-f2672277db7a', 'volume_properties': VolumeProperties(attach_status='detached',availability_zone='nova',cgsnapshot_id=None,consistencygroup_id=None,display_description=None,display_name='tempest-VolumesDeleteCascade-Volume-1157505889',encryption_key_id=None,group_id=None,group_type_id=,metadata={},multiattach=False,project_id='af1c6f0d0fe14fcf9c31719f99824a2b',qos_specs=None,replication_status=,reservations=['6fb1ca57-718b-4ab0-b369-a95d464384fe','e5b17098-d62a-4762-945d-ee703e6f7da4','b5a5a746-1304-4b37-9ed8-c838d2b4a504','debdd98b-ad5e-47da-8389-468bd99938ef'],size=1,snapshot_id=None,source_replicaid=,source_volid=None,status='creating',user_id='29d42994ea40491b86ceaff1fa3fc1fb',volume_type_id=30a81bd1-32c5-4e7c-8cf0-6d035317e790), 'volume': Volume(_name_id=None,admin_metadata=,attach_status='detached',availability_zone='nova',bootable=False,cluster=,cluster_name=None,consistencygroup=,consistencygroup_id=None,created_at=2022-10-17T04:31:50Z,deleted=False,deleted_at=None,display_description=None,display_name='tempest-VolumesDeleteCascade-Volume-1157505889',ec2_id=None,encryption_key_id=None,glance_metadata=,group=,group_id=None,host=None,id=578dc636-6690-4d2c-87ee-f2672277db7a,launched_at=None,metadata={},migration_status=None,multiattach=False,previous_status=None,project_id='af1c6f0d0fe14fcf9c31719f99824a2b',provider_auth=None,provider_geometry=None,provider_id=None,provider_location=None,replication_driver_data=None,replication_extended_status=None,replication_status=None,scheduled_at=None,service_uuid=None,shared_targets=True,size=1,snapshot_id=None,snapshots=,source_volid=None,status='creating',terminated_at=None,updated_at=None,use_quota=True,user_id='29d42994ea40491b86ceaff1fa3fc1fb',volume_attachment=VolumeAttachmentList,volume_type=VolumeType(30a81bd1-32c5-4e7c-8cf0-6d035317e790),volume_type_id=30a81bd1-32c5-4e7c-8cf0-6d035317e790)}' {{(pid=111526) _task_receiver /usr/local/lib/python3.8/dist-packages/taskflow/listeners/logging.py:178}}
Oct 17 04:31:50.710222 dv-cinder-861557-1-iscsi devstack@c-api.service[111526]: DEBUG cinder.volume.api [None req-949ee50b-236b-413b-9fd4-60bb4b129e37 tempest-VolumesDeleteCascade-312485059 tempest-VolumesDeleteCascade-312485059-project] Task 'cinder.volume.flows.api.create_volume.QuotaCommitTask;volume:create' (ac25a0cf-0c49-4d10-a28e-88df4ac25fdd) transitioned into state 'RUNNING' from state 'PENDING' {{(pid=111526) _task_receiver /usr/local/lib/python3.8/dist-packages/taskflow/listeners/logging.py:190}}
Oct 17 04:31:50.739975 dv-cinder-861557-1-iscsi devstack@c-api.service[111526]: DEBUG cinder.volume.api [None req-949ee50b-236b-413b-9fd4-60bb4b129e37 tempest-VolumesDeleteCascade-312485059 tempest-VolumesDeleteCascade-312485059-project] Task 'cinder.volume.flows.api.create_volume.QuotaCommitTask;volume:create' (ac25a0cf-0c49-4d10-a28e-88df4ac25fdd) transitioned into state 'SUCCESS' from state 'RUNNING' with result '{'volume_properties': VolumeProperties(attach_status='detached',availability_zone='nova',cgsnapshot_id=None,consistencygroup_id=None,display_description=None,display_name='tempest-VolumesDeleteCascade-Volume-1157505889',encryption_key_id=None,group_id=None,group_type_id=,metadata={},multiattach=False,project_id='af1c6f0d0fe14fcf9c31719f99824a2b',qos_specs=None,replication_status=,reservations=['6fb1ca57-718b-4ab0-b369-a95d464384fe','e5b17098-d62a-4762-945d-ee703e6f7da4','b5a5a746-1304-4b37-9ed8-c838d2b4a504','debdd98b-ad5e-47da-8389-468bd99938ef'],size=1,snapshot_id=None,source_replicaid=,source_volid=None,status='creating',user_id='29d42994ea40491b86ceaff1fa3fc1fb',volume_type_id=30a81bd1-32c5-4e7c-8cf0-6d035317e790)}' {{(pid=111526) _task_receiver /usr/local/lib/python3.8/dist-packages/taskflow/listeners/logging.py:178}}
Oct 17 04:31:50.743793 dv-cinder-861557-1-iscsi devstack@c-api.service[111526]: DEBUG cinder.volume.api [None req-949ee50b-236b-413b-9fd4-60bb4b129e37 tempest-VolumesDeleteCascade-312485059 tempest-VolumesDeleteCascade-312485059-project] Task 'cinder.volume.flows.api.create_volume.VolumeCastTask;volume:create' (36ce6bd6-f003-4f89-b58a-941a7e42f029) transitioned into state 'RUNNING' from state 'PENDING' {{(pid=111526) _task_receiver /usr/local/lib/python3.8/dist-packages/taskflow/listeners/logging.py:190}}
Oct 17 04:31:50.762997 dv-cinder-861557-1-iscsi devstack@c-api.service[111526]: DEBUG cinder.volume.api [None req-949ee50b-236b-413b-9fd4-60bb4b129e37 tempest-VolumesDeleteCascade-312485059 tempest-VolumesDeleteCascade-312485059-project] Task 'cinder.volume.flows.api.create_volume.VolumeCastTask;volume:create' (36ce6bd6-f003-4f89-b58a-941a7e42f029) transitioned into state 'SUCCESS' from state 'RUNNING' with result 'None' {{(pid=111526) _task_receiver /usr/local/lib/python3.8/dist-packages/taskflow/listeners/logging.py:178}}
Oct 17 04:31:50.765685 dv-cinder-861557-1-iscsi devstack@c-api.service[111526]: DEBUG cinder.volume.api [None req-949ee50b-236b-413b-9fd4-60bb4b129e37 tempest-VolumesDeleteCascade-312485059 tempest-VolumesDeleteCascade-312485059-project] Flow 'volume_create_api' (45c12423-82cc-4122-8d8c-07db7fcc5a20) transitioned into state 'SUCCESS' from state 'RUNNING' {{(pid=111526) _flow_receiver /usr/local/lib/python3.8/dist-packages/taskflow/listeners/logging.py:141}}
Oct 17 04:31:50.766598 dv-cinder-861557-1-iscsi devstack@c-api.service[111526]: INFO cinder.volume.api [None req-949ee50b-236b-413b-9fd4-60bb4b129e37 tempest-VolumesDeleteCascade-312485059 tempest-VolumesDeleteCascade-312485059-project] Create volume request issued successfully.
Oct 17 04:31:50.768033 dv-cinder-861557-1-iscsi devstack@c-api.service[111526]: INFO cinder.api.openstack.wsgi [None req-949ee50b-236b-413b-9fd4-60bb4b129e37 tempest-VolumesDeleteCascade-312485059 tempest-VolumesDeleteCascade-312485059-project] http://10.222.0.40/volume/v3/af1c6f0d0fe14fcf9c31719f99824a2b/volumes returned with HTTP 202
Oct 17 04:31:50.769413 dv-cinder-861557-1-iscsi devstack@c-api.service[111526]: [pid: 111526|app: 0|req: 158/306] 10.222.0.40 () {60 vars in 1235 bytes} [Mon Oct 17 04:31:50 2022] POST /volume/v3/af1c6f0d0fe14fcf9c31719f99824a2b/volumes => generated 820 bytes in 405 msecs (HTTP/1.1 202) 7 headers in 291 bytes (2 switches on core 0)
Oct 17 04:31:50.786880 dv-cinder-861557-1-iscsi devstack@c-api.service[111525]: DEBUG cinder.api.middleware.request_id [None req-58fef071-60ce-4048-9772-3f218d37db77 None None] RequestId filter calling following filter/app {{(pid=111525) _context_setter /opt/stack/cinder/cinder/api/middleware/request_id.py:62}}
Oct 17 04:31:50.791602 dv-cinder-861557-1-iscsi devstack@c-api.service[111525]: INFO cinder.api.openstack.wsgi [None req-58fef071-60ce-4048-9772-3f218d37db77 tempest-VolumesDeleteCascade-312485059 tempest-VolumesDeleteCascade-312485059-project] GET http://10.222.0.40/volume/v3/af1c6f0d0fe14fcf9c31719f99824a2b/volumes/578dc636-6690-4d2c-87ee-f2672277db7a
Oct 17 04:31:50.792165 dv-cinder-861557-1-iscsi devstack@c-api.service[111525]: DEBUG cinder.api.openstack.wsgi [None req-58fef071-60ce-4048-9772-3f218d37db77 tempest-VolumesDeleteCascade-312485059 tempest-VolumesDeleteCascade-312485059-project] Empty body provided in request {{(pid=111525) get_body /opt/stack/cinder/cinder/api/openstack/wsgi.py:715}}
Oct 17 04:31:50.792772 dv-cinder-861557-1-iscsi devstack@c-api.service[111525]: DEBUG cinder.api.openstack.wsgi [None req-58fef071-60ce-4048-9772-3f218d37db77 tempest-VolumesDeleteCascade-312485059 tempest-VolumesDeleteCascade-312485059-project] Calling method 'show' {{(pid=111525) _process_stack /opt/stack/cinder/cinder/api/openstack/wsgi.py:868}}
Oct 17 04:31:50.822739 dv-cinder-861557-1-iscsi devstack@c-api.service[111525]: /usr/local/lib/python3.8/dist-packages/oslo_context/context.py:100: DeprecationWarning: Policy enforcement is depending on the value of is_admin. This key is deprecated. Please update your policy file to use the standard policy values.
Oct 17 04:31:50.822739 dv-cinder-861557-1-iscsi devstack@c-api.service[111525]: warnings.warn('Policy enforcement is depending on the value of '
Oct 17 04:31:50.843141 dv-cinder-861557-1-iscsi devstack@c-api.service[111525]: INFO cinder.volume.api [None req-58fef071-60ce-4048-9772-3f218d37db77 tempest-VolumesDeleteCascade-312485059 tempest-VolumesDeleteCascade-312485059-project] Volume info retrieved successfully.
Oct 17 04:31:50.875100 dv-cinder-861557-1-iscsi devstack@c-api.service[111525]: INFO cinder.api.openstack.wsgi [None req-58fef071-60ce-4048-9772-3f218d37db77 tempest-VolumesDeleteCascade-312485059 tempest-VolumesDeleteCascade-312485059-project] http://10.222.0.40/volume/v3/af1c6f0d0fe14fcf9c31719f99824a2b/volumes/578dc636-6690-4d2c-87ee-f2672277db7a returned with HTTP 200
Oct 17 04:31:50.881604 dv-cinder-861557-1-iscsi devstack@c-api.service[111525]: [pid: 111525|app: 0|req: 149/307] 10.222.0.40 () {58 vars in 1325 bytes} [Mon Oct 17 04:31:50 2022] GET /volume/v3/af1c6f0d0fe14fcf9c31719f99824a2b/volumes/578dc636-6690-4d2c-87ee-f2672277db7a => generated 888 bytes in 97 msecs (HTTP/1.1 200) 7 headers in 285 bytes (1 switches on core 0)
Oct 17 04:31:50.896690 dv-cinder-861557-1-iscsi devstack@c-api.service[111526]: DEBUG cinder.api.middleware.request_id [None req-3f55e536-0d65-4452-823a-a6cd5ff54e48 None None] RequestId filter calling following filter/app {{(pid=111526) _context_setter /opt/stack/cinder/cinder/api/middleware/request_id.py:62}}
Oct 17 04:31:50.899385 dv-cinder-861557-1-iscsi devstack@c-api.service[111526]: INFO cinder.api.openstack.wsgi [None req-3f55e536-0d65-4452-823a-a6cd5ff54e48 None None] GET http://10.222.0.40/volume//
Oct 17 04:31:50.900175 dv-cinder-861557-1-iscsi devstack@c-api.service[111526]: DEBUG cinder.api.openstack.wsgi [None req-3f55e536-0d65-4452-823a-a6cd5ff54e48 None None] Empty body provided in request {{(pid=111526) get_body /opt/stack/cinder/cinder/api/openstack/wsgi.py:715}}
Oct 17 04:31:50.901246 dv-cinder-861557-1-iscsi devstack@c-api.service[111526]: DEBUG cinder.api.openstack.wsgi [None req-3f55e536-0d65-4452-823a-a6cd5ff54e48 None None] Calling method 'all' {{(pid=111526) _process_stack /opt/stack/cinder/cinder/api/openstack/wsgi.py:868}}
Oct 17 04:31:50.902385 dv-cinder-861557-1-iscsi devstack@c-api.service[111526]: INFO cinder.api.openstack.wsgi [None req-3f55e536-0d65-4452-823a-a6cd5ff54e48 None None] http://10.222.0.40/volume// returned with HTTP 300
Oct 17 04:31:50.903821 dv-cinder-861557-1-iscsi devstack@c-api.service[111526]: [pid: 111526|app: 0|req: 159/308] 10.222.0.20 () {56 vars in 1098 bytes} [Mon Oct 17 04:31:50 2022] GET /volume/ => generated 386 bytes in 8 msecs (HTTP/1.1 300) 7 headers in 299 bytes (1 switches on core 0)
Oct 17 04:31:50.972463 dv-cinder-861557-1-iscsi devstack@c-api.service[111525]: DEBUG cinder.api.middleware.request_id [req-3dea6777-78fc-421d-b345-22f5db84a5e6 req-9a4732b9-1ef8-4cf0-bf87-75024a9896dc None None] RequestId filter calling following filter/app {{(pid=111525) _context_setter /opt/stack/cinder/cinder/api/middleware/request_id.py:62}}
Oct 17 04:31:50.975990 dv-cinder-861557-1-iscsi devstack@c-api.service[111525]: INFO cinder.api.openstack.wsgi [req-3dea6777-78fc-421d-b345-22f5db84a5e6 req-9a4732b9-1ef8-4cf0-bf87-75024a9896dc tempest-DeleteServersTestJSON-1445104658 tempest-DeleteServersTestJSON-1445104658-project] GET http://10.222.0.40/volume/v3/e5eb02a1b40e4b83bc6baf4c3ac1bbbf/volumes/e619b7d8-1c34-4bdb-bf4c-065038941953
Oct 17 04:31:50.976648 dv-cinder-861557-1-iscsi devstack@c-api.service[111525]: DEBUG cinder.api.openstack.wsgi [req-3dea6777-78fc-421d-b345-22f5db84a5e6 req-9a4732b9-1ef8-4cf0-bf87-75024a9896dc tempest-DeleteServersTestJSON-1445104658 tempest-DeleteServersTestJSON-1445104658-project] Empty body provided in request {{(pid=111525) get_body /opt/stack/cinder/cinder/api/openstack/wsgi.py:715}}
Oct 17 04:31:50.977270 dv-cinder-861557-1-iscsi devstack@c-api.service[111525]: DEBUG cinder.api.openstack.wsgi [req-3dea6777-78fc-421d-b345-22f5db84a5e6 req-9a4732b9-1ef8-4cf0-bf87-75024a9896dc tempest-DeleteServersTestJSON-1445104658 tempest-DeleteServersTestJSON-1445104658-project] Calling method 'show' {{(pid=111525) _process_stack /opt/stack/cinder/cinder/api/openstack/wsgi.py:868}}
Oct 17 04:31:51.001639 dv-cinder-861557-1-iscsi devstack@c-api.service[111525]: /usr/local/lib/python3.8/dist-packages/oslo_context/context.py:100: DeprecationWarning: Policy enforcement is depending on the value of is_admin. This key is deprecated. Please update your policy file to use the standard policy values.
Oct 17 04:31:51.001639 dv-cinder-861557-1-iscsi devstack@c-api.service[111525]: warnings.warn('Policy enforcement is depending on the value of '
Oct 17 04:31:51.004308 dv-cinder-861557-1-iscsi devstack@c-api.service[111525]: DEBUG dbcounter [-] [111525] Writing DB stats cinder:SELECT=91,cinder:UPDATE=5,cinder:INSERT=4 {{(pid=111525) stat_writer /usr/local/lib/python3.8/dist-packages/dbcounter.py:114}}
Oct 17 04:31:51.009642 dv-cinder-861557-1-iscsi devstack@c-api.service[111525]: INFO cinder.volume.api [req-3dea6777-78fc-421d-b345-22f5db84a5e6 req-9a4732b9-1ef8-4cf0-bf87-75024a9896dc tempest-DeleteServersTestJSON-1445104658 tempest-DeleteServersTestJSON-1445104658-project] Volume info retrieved successfully.
Oct 17 04:31:51.022917 dv-cinder-861557-1-iscsi devstack@c-api.service[111525]: INFO cinder.api.openstack.wsgi [req-3dea6777-78fc-421d-b345-22f5db84a5e6 req-9a4732b9-1ef8-4cf0-bf87-75024a9896dc tempest-DeleteServersTestJSON-1445104658 tempest-DeleteServersTestJSON-1445104658-project] http://10.222.0.40/volume/v3/e5eb02a1b40e4b83bc6baf4c3ac1bbbf/volumes/e619b7d8-1c34-4bdb-bf4c-065038941953 returned with HTTP 200
Oct 17 04:31:51.024919 dv-cinder-861557-1-iscsi devstack@c-api.service[111525]: [pid: 111525|app: 0|req: 150/309] 10.222.0.20 () {60 vars in 1412 bytes} [Mon Oct 17 04:31:50 2022] GET /volume/v3/e5eb02a1b40e4b83bc6baf4c3ac1bbbf/volumes/e619b7d8-1c34-4bdb-bf4c-065038941953 => generated 1010 bytes in 56 msecs (HTTP/1.1 200) 7 headers in 287 bytes (1 switches on core 0)
Oct 17 04:31:51.088040 dv-cinder-861557-1-iscsi devstack@c-api.service[111526]: DEBUG cinder.api.middleware.request_id [None req-88d4ec98-9016-4fc7-996e-c5bfb3ab085c None None] RequestId filter calling following filter/app {{(pid=111526) _context_setter /opt/stack/cinder/cinder/api/middleware/request_id.py:62}}
Oct 17 04:31:51.093259 dv-cinder-861557-1-iscsi devstack@c-api.service[111526]: INFO cinder.api.openstack.wsgi [None req-88d4ec98-9016-4fc7-996e-c5bfb3ab085c tempest-VolumesListAdminTestJSON-866887952 tempest-VolumesListAdminTestJSON-866887952-project] GET http://10.222.0.40/volume/v3/a824d65a939f4fc19801e82d8996c1fc/volumes/94d3c19c-7948-4505-9aad-d955967397fd
Oct 17 04:31:51.093990 dv-cinder-861557-1-iscsi devstack@c-api.service[111526]: DEBUG cinder.api.openstack.wsgi [None req-88d4ec98-9016-4fc7-996e-c5bfb3ab085c tempest-VolumesListAdminTestJSON-866887952 tempest-VolumesListAdminTestJSON-866887952-project] Empty body provided in request {{(pid=111526) get_body /opt/stack/cinder/cinder/api/openstack/wsgi.py:715}}
Oct 17 04:31:51.094676 dv-cinder-861557-1-iscsi devstack@c-api.service[111526]: DEBUG cinder.api.openstack.wsgi [None req-88d4ec98-9016-4fc7-996e-c5bfb3ab085c tempest-VolumesListAdminTestJSON-866887952 tempest-VolumesListAdminTestJSON-866887952-project] Calling method 'show' {{(pid=111526) _process_stack /opt/stack/cinder/cinder/api/openstack/wsgi.py:868}}
Oct 17 04:31:51.107318 dv-cinder-861557-1-iscsi devstack@c-api.service[111526]: INFO cinder.api.openstack.wsgi [None req-88d4ec98-9016-4fc7-996e-c5bfb3ab085c tempest-VolumesListAdminTestJSON-866887952 tempest-VolumesListAdminTestJSON-866887952-project] http://10.222.0.40/volume/v3/a824d65a939f4fc19801e82d8996c1fc/volumes/94d3c19c-7948-4505-9aad-d955967397fd returned with HTTP 404
Oct 17 04:31:51.112073 dv-cinder-861557-1-iscsi devstack@c-api.service[111526]: [pid: 111526|app: 0|req: 160/310] 10.222.0.40 () {58 vars in 1325 bytes} [Mon Oct 17 04:31:51 2022] GET /volume/v3/a824d65a939f4fc19801e82d8996c1fc/volumes/94d3c19c-7948-4505-9aad-d955967397fd => generated 109 bytes in 27 msecs (HTTP/1.1 404) 7 headers in 292 bytes (1 switches on core 0)
Oct 17 04:31:51.130188 dv-cinder-861557-1-iscsi devstack@c-api.service[111525]: DEBUG cinder.api.middleware.request_id [None req-c8f4a72f-70e2-4d13-84e6-14d86af7bb8f None None] RequestId filter calling following filter/app {{(pid=111525) _context_setter /opt/stack/cinder/cinder/api/middleware/request_id.py:62}}
Oct 17 04:31:51.332842 dv-cinder-861557-1-iscsi devstack@c-api.service[111525]: INFO cinder.api.openstack.wsgi [None req-c8f4a72f-70e2-4d13-84e6-14d86af7bb8f tempest-VolumeSnapshotQuotasNegativeTestJSON-604906929 tempest-VolumeSnapshotQuotasNegativeTestJSON-604906929-project-admin] GET http://10.222.0.40/volume/v3/727f14fa401d4fd5ba2499be6c4cd19b/os-quota-sets/0b593b7fdf4b4115b144111709883e09
Oct 17 04:31:51.333454 dv-cinder-861557-1-iscsi devstack@c-api.service[111525]: DEBUG cinder.api.openstack.wsgi [None req-c8f4a72f-70e2-4d13-84e6-14d86af7bb8f tempest-VolumeSnapshotQuotasNegativeTestJSON-604906929 tempest-VolumeSnapshotQuotasNegativeTestJSON-604906929-project-admin] Empty body provided in request {{(pid=111525) get_body /opt/stack/cinder/cinder/api/openstack/wsgi.py:715}}
Oct 17 04:31:51.334019 dv-cinder-861557-1-iscsi devstack@c-api.service[111525]: DEBUG cinder.api.openstack.wsgi [None req-c8f4a72f-70e2-4d13-84e6-14d86af7bb8f tempest-VolumeSnapshotQuotasNegativeTestJSON-604906929 tempest-VolumeSnapshotQuotasNegativeTestJSON-604906929-project-admin] Calling method 'show' {{(pid=111525) _process_stack /opt/stack/cinder/cinder/api/openstack/wsgi.py:868}}
Oct 17 04:31:51.371413 dv-cinder-861557-1-iscsi devstack@c-api.service[111525]: INFO cinder.api.openstack.wsgi [None req-c8f4a72f-70e2-4d13-84e6-14d86af7bb8f tempest-VolumeSnapshotQuotasNegativeTestJSON-604906929 tempest-VolumeSnapshotQuotasNegativeTestJSON-604906929-project-admin] http://10.222.0.40/volume/v3/727f14fa401d4fd5ba2499be6c4cd19b/os-quota-sets/0b593b7fdf4b4115b144111709883e09 returned with HTTP 200
Oct 17 04:31:51.372672 dv-cinder-861557-1-iscsi devstack@c-api.service[111525]: [pid: 111525|app: 0|req: 151/311] 10.222.0.40 () {58 vars in 1331 bytes} [Mon Oct 17 04:31:51 2022] GET /volume/v3/727f14fa401d4fd5ba2499be6c4cd19b/os-quota-sets/0b593b7fdf4b4115b144111709883e09 => generated 361 bytes in 244 msecs (HTTP/1.1 200) 7 headers in 285 bytes (1 switches on core 0)
Oct 17 04:31:51.380615 dv-cinder-861557-1-iscsi devstack@c-api.service[111526]: DEBUG cinder.api.middleware.request_id [None req-f996de5e-cc7b-4d08-913f-56ac6e5abb6b None None] RequestId filter calling following filter/app {{(pid=111526) _context_setter /opt/stack/cinder/cinder/api/middleware/request_id.py:62}}
Oct 17 04:31:51.386617 dv-cinder-861557-1-iscsi devstack@c-api.service[111526]: INFO cinder.api.openstack.wsgi [None req-f996de5e-cc7b-4d08-913f-56ac6e5abb6b tempest-VolumeSnapshotQuotasNegativeTestJSON-604906929 tempest-VolumeSnapshotQuotasNegativeTestJSON-604906929-project-admin] PUT http://10.222.0.40/volume/v3/727f14fa401d4fd5ba2499be6c4cd19b/os-quota-sets/0b593b7fdf4b4115b144111709883e09
Oct 17 04:31:51.391943 dv-cinder-861557-1-iscsi devstack@c-api.service[111526]: DEBUG cinder.api.openstack.wsgi [None req-f996de5e-cc7b-4d08-913f-56ac6e5abb6b tempest-VolumeSnapshotQuotasNegativeTestJSON-604906929 tempest-VolumeSnapshotQuotasNegativeTestJSON-604906929-project-admin] Action: 'update', calling method: update, body: {"quota_set": {"gigabytes": 3, "volumes": 1, "snapshots": 1}} {{(pid=111526) _process_stack /opt/stack/cinder/cinder/api/openstack/wsgi.py:866}}
Oct 17 04:31:51.429202 dv-cinder-861557-1-iscsi devstack@c-api.service[111526]: /usr/local/lib/python3.8/dist-packages/oslo_context/context.py:100: DeprecationWarning: Policy enforcement is depending on the value of is_admin. This key is deprecated. Please update your policy file to use the standard policy values.
Oct 17 04:31:51.429202 dv-cinder-861557-1-iscsi devstack@c-api.service[111526]: warnings.warn('Policy enforcement is depending on the value of '
Oct 17 04:31:51.565819 dv-cinder-861557-1-iscsi devstack@c-api.service[111526]: INFO cinder.api.openstack.wsgi [None req-f996de5e-cc7b-4d08-913f-56ac6e5abb6b tempest-VolumeSnapshotQuotasNegativeTestJSON-604906929 tempest-VolumeSnapshotQuotasNegativeTestJSON-604906929-project-admin] http://10.222.0.40/volume/v3/727f14fa401d4fd5ba2499be6c4cd19b/os-quota-sets/0b593b7fdf4b4115b144111709883e09 returned with HTTP 200
Oct 17 04:31:51.574401 dv-cinder-861557-1-iscsi devstack@c-api.service[111525]: DEBUG cinder.api.middleware.request_id [None req-8b3b3a0c-a11e-4c6f-9b8e-ca52c17d4998 None None] RequestId filter calling following filter/app {{(pid=111525) _context_setter /opt/stack/cinder/cinder/api/middleware/request_id.py:62}}
Oct 17 04:31:51.579536 dv-cinder-861557-1-iscsi devstack@c-api.service[111526]: [pid: 111526|app: 0|req: 161/312] 10.222.0.40 () {60 vars in 1351 bytes} [Mon Oct 17 04:31:51 2022] PUT /volume/v3/727f14fa401d4fd5ba2499be6c4cd19b/os-quota-sets/0b593b7fdf4b4115b144111709883e09 => generated 314 bytes in 199 msecs (HTTP/1.1 200) 7 headers in 285 bytes (1 switches on core 0)
Oct 17 04:31:51.583178 dv-cinder-861557-1-iscsi devstack@c-api.service[111525]: INFO cinder.api.openstack.wsgi [None req-8b3b3a0c-a11e-4c6f-9b8e-ca52c17d4998 tempest-DeleteServersTestJSON-1445104658 tempest-DeleteServersTestJSON-1445104658-project] GET http://10.222.0.40/volume/v3/e5eb02a1b40e4b83bc6baf4c3ac1bbbf/volumes/e619b7d8-1c34-4bdb-bf4c-065038941953
Oct 17 04:31:51.584535 dv-cinder-861557-1-iscsi devstack@c-api.service[111525]: DEBUG cinder.api.openstack.wsgi [None req-8b3b3a0c-a11e-4c6f-9b8e-ca52c17d4998 tempest-DeleteServersTestJSON-1445104658 tempest-DeleteServersTestJSON-1445104658-project] Empty body provided in request {{(pid=111525) get_body /opt/stack/cinder/cinder/api/openstack/wsgi.py:715}}
Oct 17 04:31:51.585522 dv-cinder-861557-1-iscsi devstack@c-api.service[111525]: DEBUG cinder.api.openstack.wsgi [None req-8b3b3a0c-a11e-4c6f-9b8e-ca52c17d4998 tempest-DeleteServersTestJSON-1445104658 tempest-DeleteServersTestJSON-1445104658-project] Calling method 'show' {{(pid=111525) _process_stack /opt/stack/cinder/cinder/api/openstack/wsgi.py:868}}
Oct 17 04:31:51.591040 dv-cinder-861557-1-iscsi devstack@c-api.service[111526]: DEBUG cinder.api.middleware.request_id [None req-d53eaad4-a699-46db-904f-a898ecd9fe55 None None] RequestId filter calling following filter/app {{(pid=111526) _context_setter /opt/stack/cinder/cinder/api/middleware/request_id.py:62}}
Oct 17 04:31:51.611436 dv-cinder-861557-1-iscsi devstack@c-api.service[111525]: /usr/local/lib/python3.8/dist-packages/oslo_context/context.py:100: DeprecationWarning: Policy enforcement is depending on the value of is_admin. This key is deprecated. Please update your policy file to use the standard policy values.
Oct 17 04:31:51.611436 dv-cinder-861557-1-iscsi devstack@c-api.service[111525]: warnings.warn('Policy enforcement is depending on the value of '
Oct 17 04:31:51.631455 dv-cinder-861557-1-iscsi devstack@c-api.service[111525]: INFO cinder.volume.api [None req-8b3b3a0c-a11e-4c6f-9b8e-ca52c17d4998 tempest-DeleteServersTestJSON-1445104658 tempest-DeleteServersTestJSON-1445104658-project] Volume info retrieved successfully.
Oct 17 04:31:51.648821 dv-cinder-861557-1-iscsi devstack@c-api.service[111525]: INFO cinder.api.openstack.wsgi [None req-8b3b3a0c-a11e-4c6f-9b8e-ca52c17d4998 tempest-DeleteServersTestJSON-1445104658 tempest-DeleteServersTestJSON-1445104658-project] http://10.222.0.40/volume/v3/e5eb02a1b40e4b83bc6baf4c3ac1bbbf/volumes/e619b7d8-1c34-4bdb-bf4c-065038941953 returned with HTTP 200
Oct 17 04:31:51.651813 dv-cinder-861557-1-iscsi devstack@c-api.service[111525]: [pid: 111525|app: 0|req: 152/313] 10.222.0.40 () {58 vars in 1325 bytes} [Mon Oct 17 04:31:51 2022] GET /volume/v3/e5eb02a1b40e4b83bc6baf4c3ac1bbbf/volumes/e619b7d8-1c34-4bdb-bf4c-065038941953 => generated 912 bytes in 81 msecs (HTTP/1.1 200) 7 headers in 285 bytes (1 switches on core 0)
Oct 17 04:31:51.668323 dv-cinder-861557-1-iscsi devstack@c-api.service[111525]: DEBUG cinder.api.middleware.request_id [req-3dea6777-78fc-421d-b345-22f5db84a5e6 req-eaa713aa-8c6a-4937-8336-a98a368fd693 None None] RequestId filter calling following filter/app {{(pid=111525) _context_setter /opt/stack/cinder/cinder/api/middleware/request_id.py:62}}
Oct 17 04:31:51.682079 dv-cinder-861557-1-iscsi devstack@c-api.service[111525]: INFO cinder.api.openstack.wsgi [req-3dea6777-78fc-421d-b345-22f5db84a5e6 req-eaa713aa-8c6a-4937-8336-a98a368fd693 tempest-DeleteServersTestJSON-1445104658 tempest-DeleteServersTestJSON-1445104658-project] PUT http://10.222.0.40/volume/v3/e5eb02a1b40e4b83bc6baf4c3ac1bbbf/attachments/13f5e89a-11fe-4d92-9aa2-9a4346178033
Oct 17 04:31:51.684953 dv-cinder-861557-1-iscsi devstack@c-api.service[111525]: DEBUG cinder.api.openstack.wsgi [req-3dea6777-78fc-421d-b345-22f5db84a5e6 req-eaa713aa-8c6a-4937-8336-a98a368fd693 tempest-DeleteServersTestJSON-1445104658 tempest-DeleteServersTestJSON-1445104658-project] Action: 'update', calling method: version_select, body: {"attachment": {"connector": {"platform": "AMD64", "os_type": "win32", "ip": "10.222.0.20", "host": "hv-cinder-86155", "multipath": false, "initiator": "iqn.1991-05.com.microsoft:hv-cinder-86155", "mountpoint": "/dev/sdb"}}} {{(pid=111525) _process_stack /opt/stack/cinder/cinder/api/openstack/wsgi.py:866}}
Oct 17 04:31:51.706308 dv-cinder-861557-1-iscsi devstack@c-api.service[111525]: DEBUG cinder.coordination [req-3dea6777-78fc-421d-b345-22f5db84a5e6 req-eaa713aa-8c6a-4937-8336-a98a368fd693 tempest-DeleteServersTestJSON-1445104658 tempest-DeleteServersTestJSON-1445104658-project] Acquiring lock "cinder-attachment_update-e619b7d8-1c34-4bdb-bf4c-065038941953-hv-cinder-86155" by "attachment_update" {{(pid=111525) _synchronized /opt/stack/cinder/cinder/coordination.py:192}}
Oct 17 04:31:51.726872 dv-cinder-861557-1-iscsi devstack@c-api.service[111525]: DEBUG cinder.coordination [req-3dea6777-78fc-421d-b345-22f5db84a5e6 req-eaa713aa-8c6a-4937-8336-a98a368fd693 tempest-DeleteServersTestJSON-1445104658 tempest-DeleteServersTestJSON-1445104658-project] Lock "cinder-attachment_update-e619b7d8-1c34-4bdb-bf4c-065038941953-hv-cinder-86155" acquired by "attachment_update" :: waited 0.021s {{(pid=111525) _synchronized /opt/stack/cinder/cinder/coordination.py:196}}
Oct 17 04:31:51.731915 dv-cinder-861557-1-iscsi devstack@c-api.service[111525]: /usr/local/lib/python3.8/dist-packages/oslo_context/context.py:100: DeprecationWarning: Policy enforcement is depending on the value of is_admin. This key is deprecated. Please update your policy file to use the standard policy values.
Oct 17 04:31:51.731915 dv-cinder-861557-1-iscsi devstack@c-api.service[111525]: warnings.warn('Policy enforcement is depending on the value of '
Oct 17 04:31:51.825341 dv-cinder-861557-1-iscsi devstack@c-api.service[111526]: INFO cinder.api.openstack.wsgi [None req-d53eaad4-a699-46db-904f-a898ecd9fe55 tempest-VolumeSnapshotQuotasNegativeTestJSON-685372433 tempest-VolumeSnapshotQuotasNegativeTestJSON-685372433-project] POST http://10.222.0.40/volume/v3/0b593b7fdf4b4115b144111709883e09/volumes
Oct 17 04:31:51.826056 dv-cinder-861557-1-iscsi devstack@c-api.service[111526]: DEBUG cinder.api.openstack.wsgi [None req-d53eaad4-a699-46db-904f-a898ecd9fe55 tempest-VolumeSnapshotQuotasNegativeTestJSON-685372433 tempest-VolumeSnapshotQuotasNegativeTestJSON-685372433-project] Action: 'create', calling method: create, body: {"volume": {"size": 1, "name": "tempest-VolumeSnapshotQuotasNegativeTestJSON-Volume-243168953"}} {{(pid=111526) _process_stack /opt/stack/cinder/cinder/api/openstack/wsgi.py:866}}
Oct 17 04:31:51.829489 dv-cinder-861557-1-iscsi devstack@c-api.service[111526]: DEBUG cinder.api.v3.volumes [None req-d53eaad4-a699-46db-904f-a898ecd9fe55 tempest-VolumeSnapshotQuotasNegativeTestJSON-685372433 tempest-VolumeSnapshotQuotasNegativeTestJSON-685372433-project] Create volume request body: {'volume': {'size': 1, 'name': 'tempest-VolumeSnapshotQuotasNegativeTestJSON-Volume-243168953'}} {{(pid=111526) create /opt/stack/cinder/cinder/api/v3/volumes.py:298}}
Oct 17 04:31:51.829808 dv-cinder-861557-1-iscsi devstack@c-api.service[111526]: INFO cinder.api.v3.volumes [None req-d53eaad4-a699-46db-904f-a898ecd9fe55 tempest-VolumeSnapshotQuotasNegativeTestJSON-685372433 tempest-VolumeSnapshotQuotasNegativeTestJSON-685372433-project] Create volume of 1 GB
Oct 17 04:31:51.839059 dv-cinder-861557-1-iscsi devstack@c-api.service[111526]: INFO cinder.volume.api [None req-d53eaad4-a699-46db-904f-a898ecd9fe55 tempest-VolumeSnapshotQuotasNegativeTestJSON-685372433 tempest-VolumeSnapshotQuotasNegativeTestJSON-685372433-project] Availability Zones retrieved successfully.
Oct 17 04:31:51.856848 dv-cinder-861557-1-iscsi devstack@c-api.service[111526]: DEBUG cinder.volume.api [None req-d53eaad4-a699-46db-904f-a898ecd9fe55 tempest-VolumeSnapshotQuotasNegativeTestJSON-685372433 tempest-VolumeSnapshotQuotasNegativeTestJSON-685372433-project] Flow 'volume_create_api' (5070a09b-c16c-4287-bb0d-9ecede7e6f85) transitioned into state 'RUNNING' from state 'PENDING' {{(pid=111526) _flow_receiver /usr/local/lib/python3.8/dist-packages/taskflow/listeners/logging.py:141}}
Oct 17 04:31:51.862105 dv-cinder-861557-1-iscsi devstack@c-api.service[111526]: DEBUG cinder.volume.api [None req-d53eaad4-a699-46db-904f-a898ecd9fe55 tempest-VolumeSnapshotQuotasNegativeTestJSON-685372433 tempest-VolumeSnapshotQuotasNegativeTestJSON-685372433-project] Task 'cinder.volume.flows.api.create_volume.ExtractVolumeRequestTask;volume:create' (d11f1e0e-bcf2-433a-a230-f09bbae0a2ca) transitioned into state 'RUNNING' from state 'PENDING' {{(pid=111526) _task_receiver /usr/local/lib/python3.8/dist-packages/taskflow/listeners/logging.py:190}}
Oct 17 04:31:51.864931 dv-cinder-861557-1-iscsi devstack@c-api.service[111526]: DEBUG cinder.volume.flows.api.create_volume [None req-d53eaad4-a699-46db-904f-a898ecd9fe55 tempest-VolumeSnapshotQuotasNegativeTestJSON-685372433 tempest-VolumeSnapshotQuotasNegativeTestJSON-685372433-project] Validating volume size '1' using validate_int {{(pid=111526) _extract_size /opt/stack/cinder/cinder/volume/flows/api/create_volume.py:228}}
Oct 17 04:31:51.874460 dv-cinder-861557-1-iscsi devstack@c-api.service[111526]: DEBUG dbcounter [-] [111526] Writing DB stats cinder:SELECT=75,cinder:INSERT=13,cinder:UPDATE=12 {{(pid=111526) stat_writer /usr/local/lib/python3.8/dist-packages/dbcounter.py:114}}
Oct 17 04:31:51.925954 dv-cinder-861557-1-iscsi devstack@c-api.service[111526]: DEBUG cinder.volume.api [None req-d53eaad4-a699-46db-904f-a898ecd9fe55 tempest-VolumeSnapshotQuotasNegativeTestJSON-685372433 tempest-VolumeSnapshotQuotasNegativeTestJSON-685372433-project] Task 'cinder.volume.flows.api.create_volume.ExtractVolumeRequestTask;volume:create' (d11f1e0e-bcf2-433a-a230-f09bbae0a2ca) transitioned into state 'SUCCESS' from state 'RUNNING' with result '{'size': 1, 'snapshot_id': None, 'source_volid': None, 'volume_type': VolumeType(created_at=2022-10-17T04:21:29Z,deleted=False,deleted_at=None,description='Default Volume Type',extra_specs={},id=30a81bd1-32c5-4e7c-8cf0-6d035317e790,is_public=True,name='__DEFAULT__',projects=[],qos_specs=,qos_specs_id=None,updated_at=2022-10-17T04:21:29Z), 'volume_type_id': '30a81bd1-32c5-4e7c-8cf0-6d035317e790', 'encryption_key_id': None, 'qos_specs': None, 'consistencygroup_id': None, 'cgsnapshot_id': None, 'group_id': None, 'replication_status': 'disabled', 'refresh_az': False, 'backup_id': None, 'multiattach': False, 'availability_zones': ['nova']}' {{(pid=111526) _task_receiver /usr/local/lib/python3.8/dist-packages/taskflow/listeners/logging.py:178}}
Oct 17 04:31:51.930336 dv-cinder-861557-1-iscsi devstack@c-api.service[111526]: DEBUG cinder.volume.api [None req-d53eaad4-a699-46db-904f-a898ecd9fe55 tempest-VolumeSnapshotQuotasNegativeTestJSON-685372433 tempest-VolumeSnapshotQuotasNegativeTestJSON-685372433-project] Task 'cinder.volume.flows.api.create_volume.QuotaReserveTask;volume:create' (d1d329b8-7bd1-4bb1-87c0-3a9d1e9228cb) transitioned into state 'RUNNING' from state 'PENDING' {{(pid=111526) _task_receiver /usr/local/lib/python3.8/dist-packages/taskflow/listeners/logging.py:190}}
Oct 17 04:31:52.067448 dv-cinder-861557-1-iscsi devstack@c-api.service[111526]: DEBUG cinder.quota [None req-d53eaad4-a699-46db-904f-a898ecd9fe55 tempest-VolumeSnapshotQuotasNegativeTestJSON-685372433 tempest-VolumeSnapshotQuotasNegativeTestJSON-685372433-project] Created reservations ['5ed4f766-3a76-4108-a34c-73970b310190', '1af0cdcf-3e8f-463c-ae39-06a76c10da12', '0f8bf169-0bf7-42b2-859b-3cced6f4fe8b', '7909a985-299d-40fd-9de5-b3b0dc46cd39'] {{(pid=111526) reserve /opt/stack/cinder/cinder/quota.py:755}}
Oct 17 04:31:52.070370 dv-cinder-861557-1-iscsi devstack@c-api.service[111526]: DEBUG cinder.volume.api [None req-d53eaad4-a699-46db-904f-a898ecd9fe55 tempest-VolumeSnapshotQuotasNegativeTestJSON-685372433 tempest-VolumeSnapshotQuotasNegativeTestJSON-685372433-project] Task 'cinder.volume.flows.api.create_volume.QuotaReserveTask;volume:create' (d1d329b8-7bd1-4bb1-87c0-3a9d1e9228cb) transitioned into state 'SUCCESS' from state 'RUNNING' with result '{'reservations': ['5ed4f766-3a76-4108-a34c-73970b310190', '1af0cdcf-3e8f-463c-ae39-06a76c10da12', '0f8bf169-0bf7-42b2-859b-3cced6f4fe8b', '7909a985-299d-40fd-9de5-b3b0dc46cd39']}' {{(pid=111526) _task_receiver /usr/local/lib/python3.8/dist-packages/taskflow/listeners/logging.py:178}}
Oct 17 04:31:52.073843 dv-cinder-861557-1-iscsi devstack@c-api.service[111526]: DEBUG cinder.volume.api [None req-d53eaad4-a699-46db-904f-a898ecd9fe55 tempest-VolumeSnapshotQuotasNegativeTestJSON-685372433 tempest-VolumeSnapshotQuotasNegativeTestJSON-685372433-project] Task 'cinder.volume.flows.api.create_volume.EntryCreateTask;volume:create' (b4a8d5a2-3d6a-46e5-9c3c-11a037576de2) transitioned into state 'RUNNING' from state 'PENDING' {{(pid=111526) _task_receiver /usr/local/lib/python3.8/dist-packages/taskflow/listeners/logging.py:190}}
Oct 17 04:31:52.104267 dv-cinder-861557-1-iscsi devstack@c-api.service[111526]: DEBUG cinder.volume.api [None req-d53eaad4-a699-46db-904f-a898ecd9fe55 tempest-VolumeSnapshotQuotasNegativeTestJSON-685372433 tempest-VolumeSnapshotQuotasNegativeTestJSON-685372433-project] Task 'cinder.volume.flows.api.create_volume.EntryCreateTask;volume:create' (b4a8d5a2-3d6a-46e5-9c3c-11a037576de2) transitioned into state 'SUCCESS' from state 'RUNNING' with result '{'volume_id': 'cbe9b891-aa8d-4456-a017-1f1dc5a2657d', 'volume_properties': VolumeProperties(attach_status='detached',availability_zone='nova',cgsnapshot_id=None,consistencygroup_id=None,display_description=None,display_name='tempest-VolumeSnapshotQuotasNegativeTestJSON-Volume-243168953',encryption_key_id=None,group_id=None,group_type_id=,metadata={},multiattach=False,project_id='0b593b7fdf4b4115b144111709883e09',qos_specs=None,replication_status=,reservations=['5ed4f766-3a76-4108-a34c-73970b310190','1af0cdcf-3e8f-463c-ae39-06a76c10da12','0f8bf169-0bf7-42b2-859b-3cced6f4fe8b','7909a985-299d-40fd-9de5-b3b0dc46cd39'],size=1,snapshot_id=None,source_replicaid=,source_volid=None,status='creating',user_id='d83779a4a3b0476ebbda14fd098539da',volume_type_id=30a81bd1-32c5-4e7c-8cf0-6d035317e790), 'volume': Volume(_name_id=None,admin_metadata=,attach_status='detached',availability_zone='nova',bootable=False,cluster=,cluster_name=None,consistencygroup=,consistencygroup_id=None,created_at=2022-10-17T04:31:52Z,deleted=False,deleted_at=None,display_description=None,display_name='tempest-VolumeSnapshotQuotasNegativeTestJSON-Volume-243168953',ec2_id=None,encryption_key_id=None,glance_metadata=,group=,group_id=None,host=None,id=cbe9b891-aa8d-4456-a017-1f1dc5a2657d,launched_at=None,metadata={},migration_status=None,multiattach=False,previous_status=None,project_id='0b593b7fdf4b4115b144111709883e09',provider_auth=None,provider_geometry=None,provider_id=None,provider_location=None,replication_driver_data=None,replication_extended_status=None,replication_status=None,scheduled_at=None,service_uuid=None,shared_targets=True,size=1,snapshot_id=None,snapshots=,source_volid=None,status='creating',terminated_at=None,updated_at=None,use_quota=True,user_id='d83779a4a3b0476ebbda14fd098539da',volume_attachment=VolumeAttachmentList,volume_type=VolumeType(30a81bd1-32c5-4e7c-8cf0-6d035317e790),volume_type_id=30a81bd1-32c5-4e7c-8cf0-6d035317e790)}' {{(pid=111526) _task_receiver /usr/local/lib/python3.8/dist-packages/taskflow/listeners/logging.py:178}}
Oct 17 04:31:52.105492 dv-cinder-861557-1-iscsi devstack@c-api.service[111525]: DEBUG cinder.coordination [req-3dea6777-78fc-421d-b345-22f5db84a5e6 req-eaa713aa-8c6a-4937-8336-a98a368fd693 tempest-DeleteServersTestJSON-1445104658 tempest-DeleteServersTestJSON-1445104658-project] Lock "cinder-attachment_update-e619b7d8-1c34-4bdb-bf4c-065038941953-hv-cinder-86155" released by "attachment_update" :: held 0.377s {{(pid=111525) _synchronized /opt/stack/cinder/cinder/coordination.py:207}}
Oct 17 04:31:52.106334 dv-cinder-861557-1-iscsi devstack@c-api.service[111525]: INFO cinder.api.openstack.wsgi [req-3dea6777-78fc-421d-b345-22f5db84a5e6 req-eaa713aa-8c6a-4937-8336-a98a368fd693 tempest-DeleteServersTestJSON-1445104658 tempest-DeleteServersTestJSON-1445104658-project] http://10.222.0.40/volume/v3/e5eb02a1b40e4b83bc6baf4c3ac1bbbf/attachments/13f5e89a-11fe-4d92-9aa2-9a4346178033 returned with HTTP 200
Oct 17 04:31:52.106593 dv-cinder-861557-1-iscsi devstack@c-api.service[111526]: DEBUG cinder.volume.api [None req-d53eaad4-a699-46db-904f-a898ecd9fe55 tempest-VolumeSnapshotQuotasNegativeTestJSON-685372433 tempest-VolumeSnapshotQuotasNegativeTestJSON-685372433-project] Task 'cinder.volume.flows.api.create_volume.QuotaCommitTask;volume:create' (a1e3b850-e02a-4de0-92d3-a04e8b3209be) transitioned into state 'RUNNING' from state 'PENDING' {{(pid=111526) _task_receiver /usr/local/lib/python3.8/dist-packages/taskflow/listeners/logging.py:190}}
Oct 17 04:31:52.107931 dv-cinder-861557-1-iscsi devstack@c-api.service[111525]: [pid: 111525|app: 0|req: 153/314] 10.222.0.20 () {64 vars in 1477 bytes} [Mon Oct 17 04:31:51 2022] PUT /volume/v3/e5eb02a1b40e4b83bc6baf4c3ac1bbbf/attachments/13f5e89a-11fe-4d92-9aa2-9a4346178033 => generated 747 bytes in 440 msecs (HTTP/1.1 200) 7 headers in 286 bytes (1 switches on core 0)
Oct 17 04:31:52.109496 dv-cinder-861557-1-iscsi devstack@c-api.service[111525]: DEBUG cinder.api.middleware.request_id [None req-6208333b-1c41-4a1b-84c3-2ce980eeec30 None None] RequestId filter calling following filter/app {{(pid=111525) _context_setter /opt/stack/cinder/cinder/api/middleware/request_id.py:62}}
Oct 17 04:31:52.113213 dv-cinder-861557-1-iscsi devstack@c-api.service[111525]: INFO cinder.api.openstack.wsgi [None req-6208333b-1c41-4a1b-84c3-2ce980eeec30 tempest-VolumesDeleteCascade-312485059 tempest-VolumesDeleteCascade-312485059-project] GET http://10.222.0.40/volume/v3/af1c6f0d0fe14fcf9c31719f99824a2b/volumes/578dc636-6690-4d2c-87ee-f2672277db7a
Oct 17 04:31:52.113924 dv-cinder-861557-1-iscsi devstack@c-api.service[111525]: DEBUG cinder.api.openstack.wsgi [None req-6208333b-1c41-4a1b-84c3-2ce980eeec30 tempest-VolumesDeleteCascade-312485059 tempest-VolumesDeleteCascade-312485059-project] Empty body provided in request {{(pid=111525) get_body /opt/stack/cinder/cinder/api/openstack/wsgi.py:715}}
Oct 17 04:31:52.114738 dv-cinder-861557-1-iscsi devstack@c-api.service[111525]: DEBUG cinder.api.openstack.wsgi [None req-6208333b-1c41-4a1b-84c3-2ce980eeec30 tempest-VolumesDeleteCascade-312485059 tempest-VolumesDeleteCascade-312485059-project] Calling method 'show' {{(pid=111525) _process_stack /opt/stack/cinder/cinder/api/openstack/wsgi.py:868}}
Oct 17 04:31:52.139029 dv-cinder-861557-1-iscsi devstack@c-api.service[111525]: /usr/local/lib/python3.8/dist-packages/oslo_context/context.py:100: DeprecationWarning: Policy enforcement is depending on the value of is_admin. This key is deprecated. Please update your policy file to use the standard policy values.
Oct 17 04:31:52.139029 dv-cinder-861557-1-iscsi devstack@c-api.service[111525]: warnings.warn('Policy enforcement is depending on the value of '
Oct 17 04:31:52.145545 dv-cinder-861557-1-iscsi devstack@c-api.service[111526]: DEBUG cinder.volume.api [None req-d53eaad4-a699-46db-904f-a898ecd9fe55 tempest-VolumeSnapshotQuotasNegativeTestJSON-685372433 tempest-VolumeSnapshotQuotasNegativeTestJSON-685372433-project] Task 'cinder.volume.flows.api.create_volume.QuotaCommitTask;volume:create' (a1e3b850-e02a-4de0-92d3-a04e8b3209be) transitioned into state 'SUCCESS' from state 'RUNNING' with result '{'volume_properties': VolumeProperties(attach_status='detached',availability_zone='nova',cgsnapshot_id=None,consistencygroup_id=None,display_description=None,display_name='tempest-VolumeSnapshotQuotasNegativeTestJSON-Volume-243168953',encryption_key_id=None,group_id=None,group_type_id=,metadata={},multiattach=False,project_id='0b593b7fdf4b4115b144111709883e09',qos_specs=None,replication_status=,reservations=['5ed4f766-3a76-4108-a34c-73970b310190','1af0cdcf-3e8f-463c-ae39-06a76c10da12','0f8bf169-0bf7-42b2-859b-3cced6f4fe8b','7909a985-299d-40fd-9de5-b3b0dc46cd39'],size=1,snapshot_id=None,source_replicaid=,source_volid=None,status='creating',user_id='d83779a4a3b0476ebbda14fd098539da',volume_type_id=30a81bd1-32c5-4e7c-8cf0-6d035317e790)}' {{(pid=111526) _task_receiver /usr/local/lib/python3.8/dist-packages/taskflow/listeners/logging.py:178}}
Oct 17 04:31:52.148653 dv-cinder-861557-1-iscsi devstack@c-api.service[111526]: DEBUG cinder.volume.api [None req-d53eaad4-a699-46db-904f-a898ecd9fe55 tempest-VolumeSnapshotQuotasNegativeTestJSON-685372433 tempest-VolumeSnapshotQuotasNegativeTestJSON-685372433-project] Task 'cinder.volume.flows.api.create_volume.VolumeCastTask;volume:create' (4954d9ca-747d-417e-b70b-c10516f3a7f1) transitioned into state 'RUNNING' from state 'PENDING' {{(pid=111526) _task_receiver /usr/local/lib/python3.8/dist-packages/taskflow/listeners/logging.py:190}}
Oct 17 04:31:52.158940 dv-cinder-861557-1-iscsi devstack@c-api.service[111525]: INFO cinder.volume.api [None req-6208333b-1c41-4a1b-84c3-2ce980eeec30 tempest-VolumesDeleteCascade-312485059 tempest-VolumesDeleteCascade-312485059-project] Volume info retrieved successfully.
Oct 17 04:31:52.177605 dv-cinder-861557-1-iscsi devstack@c-api.service[111525]: INFO cinder.api.openstack.wsgi [None req-6208333b-1c41-4a1b-84c3-2ce980eeec30 tempest-VolumesDeleteCascade-312485059 tempest-VolumesDeleteCascade-312485059-project] http://10.222.0.40/volume/v3/af1c6f0d0fe14fcf9c31719f99824a2b/volumes/578dc636-6690-4d2c-87ee-f2672277db7a returned with HTTP 200
Oct 17 04:31:52.178473 dv-cinder-861557-1-iscsi devstack@c-api.service[111525]: [pid: 111525|app: 0|req: 154/315] 10.222.0.40 () {58 vars in 1325 bytes} [Mon Oct 17 04:31:52 2022] GET /volume/v3/af1c6f0d0fe14fcf9c31719f99824a2b/volumes/578dc636-6690-4d2c-87ee-f2672277db7a => generated 913 bytes in 70 msecs (HTTP/1.1 200) 7 headers in 285 bytes (1 switches on core 0)
Oct 17 04:31:52.193731 dv-cinder-861557-1-iscsi devstack@c-api.service[111526]: DEBUG cinder.volume.api [None req-d53eaad4-a699-46db-904f-a898ecd9fe55 tempest-VolumeSnapshotQuotasNegativeTestJSON-685372433 tempest-VolumeSnapshotQuotasNegativeTestJSON-685372433-project] Task 'cinder.volume.flows.api.create_volume.VolumeCastTask;volume:create' (4954d9ca-747d-417e-b70b-c10516f3a7f1) transitioned into state 'SUCCESS' from state 'RUNNING' with result 'None' {{(pid=111526) _task_receiver /usr/local/lib/python3.8/dist-packages/taskflow/listeners/logging.py:178}}
Oct 17 04:31:52.196744 dv-cinder-861557-1-iscsi devstack@c-api.service[111525]: DEBUG cinder.api.middleware.request_id [None req-1161ea6a-5fb7-4328-849d-421977d42b44 None None] RequestId filter calling following filter/app {{(pid=111525) _context_setter /opt/stack/cinder/cinder/api/middleware/request_id.py:62}}
