Oct 31 14:47:06.696951 dv-cinder-860227-3-smb devstack@keystone.service[81684]: [pid: 81684|app: 0|req: 54/111] 10.222.0.45 () {58 vars in 1024 bytes} [Mon Oct 31 14:47:06 2022] POST /identity/v3/auth/tokens => generated 799 bytes in 111 msecs (HTTP/1.1 201) 6 headers in 363 bytes (1 switches on core 0)
Oct 31 14:47:06.698086 dv-cinder-860227-3-smb devstack@keystone.service[81684]: DEBUG keystone.server.flask.request_processing.middleware.auth_context [None req-6e4d950d-3d0c-4a74-b015-c85d4bc6fd7d None None] Authenticating user token {{(pid=81684) process_request /usr/local/lib/python3.8/dist-packages/keystonemiddleware/auth_token/__init__.py:407}}
Oct 31 14:47:06.774032 dv-cinder-860227-3-smb devstack@keystone.service[81683]: DEBUG keystone.server.flask.request_processing.middleware.auth_context [None req-e6a0da34-1014-40c2-ba76-2e78aff62a30 None admin] Validating token access rules against request {{(pid=81683) validate_allowed_request /usr/local/lib/python3.8/dist-packages/keystonemiddleware/auth_token/__init__.py:545}}
Oct 31 14:47:06.827893 dv-cinder-860227-3-smb devstack@keystone.service[81683]: DEBUG keystone.server.flask.request_processing.middleware.auth_context [None req-a276c5a3-7b2d-43b4-b7d4-54eb05b796a6 None admin] RBAC: auth_context: {'token': , 'domain_id': None, 'trust_id': None, 'trustor_id': None, 'trustee_id': None, 'domain_name': None, 'group_ids': [], 'user_id': '6869ed0ef88b494189d119f94f621131', 'user_domain_id': 'default', 'system_scope': 'all', 'project_id': None, 'project_domain_id': None, 'roles': ['admin', 'member', 'reader'], 'is_admin_project': True, 'service_user_id': None, 'service_user_domain_id': None, 'service_project_id': None, 'service_project_domain_id': None, 'service_roles': []} {{(pid=81683) fill_context /opt/stack/keystone/keystone/server/flask/request_processing/middleware/auth_context.py:478}}
Oct 31 14:47:06.828540 dv-cinder-860227-3-smb devstack@keystone.service[81683]: DEBUG keystone.server.flask.request_processing.req_logging [None req-a276c5a3-7b2d-43b4-b7d4-54eb05b796a6 None admin] REQUEST_METHOD: `GET` {{(pid=81683) log_request_info /opt/stack/keystone/keystone/server/flask/request_processing/req_logging.py:27}}
Oct 31 14:47:06.828821 dv-cinder-860227-3-smb devstack@keystone.service[81683]: DEBUG keystone.server.flask.request_processing.req_logging [None req-a276c5a3-7b2d-43b4-b7d4-54eb05b796a6 None admin] SCRIPT_NAME: `/identity` {{(pid=81683) log_request_info /opt/stack/keystone/keystone/server/flask/request_processing/req_logging.py:28}}
Oct 31 14:47:06.829099 dv-cinder-860227-3-smb devstack@keystone.service[81683]: DEBUG keystone.server.flask.request_processing.req_logging [None req-a276c5a3-7b2d-43b4-b7d4-54eb05b796a6 None admin] PATH_INFO: `/v3/projects/86030394acc448f88cf92161d1688d4d` {{(pid=81683) log_request_info /opt/stack/keystone/keystone/server/flask/request_processing/req_logging.py:29}}
Oct 31 14:47:06.830528 dv-cinder-860227-3-smb devstack@keystone.service[81683]: DEBUG keystone.common.rbac_enforcer.enforcer [None req-a276c5a3-7b2d-43b4-b7d4-54eb05b796a6 None admin] RBAC: Authorizing `identity:get_project(project_id=86030394acc448f88cf92161d1688d4d)` {{(pid=81683) enforce_call /opt/stack/keystone/keystone/common/rbac_enforcer/enforcer.py:449}}
Oct 31 14:47:06.832080 dv-cinder-860227-3-smb devstack@keystone.service[81683]: DEBUG keystone.common.rbac_enforcer.enforcer [None req-a276c5a3-7b2d-43b4-b7d4-54eb05b796a6 None admin] RBAC: Authorization granted {{(pid=81683) enforce_call /opt/stack/keystone/keystone/common/rbac_enforcer/enforcer.py:457}}
Oct 31 14:47:06.834759 dv-cinder-860227-3-smb devstack@keystone.service[81683]: [pid: 81683|app: 0|req: 58/112] 10.222.0.45 () {56 vars in 1186 bytes} [Mon Oct 31 14:47:06 2022] GET /identity/v3/projects/86030394acc448f88cf92161d1688d4d => generated 298 bytes in 232 msecs (HTTP/1.1 200) 5 headers in 177 bytes (1 switches on core 0)
Oct 31 14:47:06.835314 dv-cinder-860227-3-smb devstack@keystone.service[81683]: DEBUG keystone.server.flask.request_processing.middleware.auth_context [None req-a276c5a3-7b2d-43b4-b7d4-54eb05b796a6 None admin] Authenticating user token {{(pid=81683) process_request /usr/local/lib/python3.8/dist-packages/keystonemiddleware/auth_token/__init__.py:407}}
Oct 31 14:47:06.840021 dv-cinder-860227-3-smb devstack@keystone.service[81684]: DEBUG keystone.server.flask.request_processing.middleware.auth_context [None req-6e4d950d-3d0c-4a74-b015-c85d4bc6fd7d None None] Validating token access rules against request {{(pid=81684) validate_allowed_request /usr/local/lib/python3.8/dist-packages/keystonemiddleware/auth_token/__init__.py:545}}
Oct 31 14:47:06.861238 dv-cinder-860227-3-smb devstack@keystone.service[81683]: DEBUG dbcounter [-] [81683] Writing DB stats keystone:SELECT=100 {{(pid=81683) stat_writer /usr/local/lib/python3.8/dist-packages/dbcounter.py:114}}
Oct 31 14:47:06.885460 dv-cinder-860227-3-smb devstack@keystone.service[81684]: DEBUG keystone.server.flask.request_processing.middleware.auth_context [None req-fdbf2dfb-5185-4d7b-86b9-fd8f98f6da67 None admin] RBAC: auth_context: {'token': , 'domain_id': None, 'trust_id': None, 'trustor_id': None, 'trustee_id': None, 'domain_name': None, 'group_ids': [], 'user_id': '6869ed0ef88b494189d119f94f621131', 'user_domain_id': 'default', 'system_scope': 'all', 'project_id': None, 'project_domain_id': None, 'roles': ['admin', 'member', 'reader'], 'is_admin_project': True, 'service_user_id': None, 'service_user_domain_id': None, 'service_project_id': None, 'service_project_domain_id': None, 'service_roles': []} {{(pid=81684) fill_context /opt/stack/keystone/keystone/server/flask/request_processing/middleware/auth_context.py:478}}
Oct 31 14:47:06.886078 dv-cinder-860227-3-smb devstack@keystone.service[81684]: DEBUG keystone.server.flask.request_processing.req_logging [None req-fdbf2dfb-5185-4d7b-86b9-fd8f98f6da67 None admin] REQUEST_METHOD: `GET` {{(pid=81684) log_request_info /opt/stack/keystone/keystone/server/flask/request_processing/req_logging.py:27}}
Oct 31 14:47:06.886354 dv-cinder-860227-3-smb devstack@keystone.service[81684]: DEBUG keystone.server.flask.request_processing.req_logging [None req-fdbf2dfb-5185-4d7b-86b9-fd8f98f6da67 None admin] SCRIPT_NAME: `/identity` {{(pid=81684) log_request_info /opt/stack/keystone/keystone/server/flask/request_processing/req_logging.py:28}}
Oct 31 14:47:06.886624 dv-cinder-860227-3-smb devstack@keystone.service[81684]: DEBUG keystone.server.flask.request_processing.req_logging [None req-fdbf2dfb-5185-4d7b-86b9-fd8f98f6da67 None admin] PATH_INFO: `/v3/roles` {{(pid=81684) log_request_info /opt/stack/keystone/keystone/server/flask/request_processing/req_logging.py:29}}
Oct 31 14:47:06.887292 dv-cinder-860227-3-smb devstack@keystone.service[81684]: DEBUG keystone.common.rbac_enforcer.enforcer [None req-fdbf2dfb-5185-4d7b-86b9-fd8f98f6da67 None admin] RBAC: Adding query filter params (name=admin) {{(pid=81684) _extract_filter_values /opt/stack/keystone/keystone/common/rbac_enforcer/enforcer.py:167}}
Oct 31 14:47:06.888035 dv-cinder-860227-3-smb devstack@keystone.service[81684]: DEBUG keystone.common.rbac_enforcer.enforcer [None req-fdbf2dfb-5185-4d7b-86b9-fd8f98f6da67 None admin] RBAC: Authorizing `identity:list_roles()` {{(pid=81684) enforce_call /opt/stack/keystone/keystone/common/rbac_enforcer/enforcer.py:449}}
Oct 31 14:47:06.889801 dv-cinder-860227-3-smb devstack@keystone.service[81684]: DEBUG keystone.common.rbac_enforcer.enforcer [None req-fdbf2dfb-5185-4d7b-86b9-fd8f98f6da67 None admin] RBAC: Authorization granted {{(pid=81684) enforce_call /opt/stack/keystone/keystone/common/rbac_enforcer/enforcer.py:457}}
Oct 31 14:47:06.905503 dv-cinder-860227-3-smb devstack@keystone.service[81684]: [pid: 81684|app: 0|req: 55/113] 10.222.0.45 () {56 vars in 1099 bytes} [Mon Oct 31 14:47:06 2022] GET /identity/v3/roles?name=admin => generated 339 bytes in 204 msecs (HTTP/1.1 200) 5 headers in 177 bytes (1 switches on core 0)
Oct 31 14:47:06.906426 dv-cinder-860227-3-smb devstack@keystone.service[81684]: DEBUG keystone.server.flask.request_processing.middleware.auth_context [None req-fdbf2dfb-5185-4d7b-86b9-fd8f98f6da67 None admin] Authenticating user token {{(pid=81684) process_request /usr/local/lib/python3.8/dist-packages/keystonemiddleware/auth_token/__init__.py:407}}
Oct 31 14:47:06.986565 dv-cinder-860227-3-smb devstack@keystone.service[81683]: DEBUG keystone.server.flask.request_processing.middleware.auth_context [None req-a276c5a3-7b2d-43b4-b7d4-54eb05b796a6 None admin] Validating token access rules against request {{(pid=81683) validate_allowed_request /usr/local/lib/python3.8/dist-packages/keystonemiddleware/auth_token/__init__.py:545}}
Oct 31 14:47:07.007506 dv-cinder-860227-3-smb devstack@keystone.service[81684]: DEBUG dbcounter [-] [81684] Writing DB stats keystone:SELECT=100 {{(pid=81684) stat_writer /usr/local/lib/python3.8/dist-packages/dbcounter.py:114}}
Oct 31 14:47:07.034466 dv-cinder-860227-3-smb devstack@keystone.service[81683]: DEBUG keystone.server.flask.request_processing.middleware.auth_context [None req-50e1624a-5728-4d8a-abac-923ce545b51d None admin] RBAC: auth_context: {'token': , 'domain_id': None, 'trust_id': None, 'trustor_id': None, 'trustee_id': None, 'domain_name': None, 'group_ids': [], 'user_id': '6869ed0ef88b494189d119f94f621131', 'user_domain_id': 'default', 'system_scope': 'all', 'project_id': None, 'project_domain_id': None, 'roles': ['admin', 'member', 'reader'], 'is_admin_project': True, 'service_user_id': None, 'service_user_domain_id': None, 'service_project_id': None, 'service_project_domain_id': None, 'service_roles': []} {{(pid=81683) fill_context /opt/stack/keystone/keystone/server/flask/request_processing/middleware/auth_context.py:478}}
Oct 31 14:47:07.035520 dv-cinder-860227-3-smb devstack@keystone.service[81683]: DEBUG keystone.server.flask.request_processing.req_logging [None req-50e1624a-5728-4d8a-abac-923ce545b51d None admin] REQUEST_METHOD: `GET` {{(pid=81683) log_request_info /opt/stack/keystone/keystone/server/flask/request_processing/req_logging.py:27}}
Oct 31 14:47:07.035807 dv-cinder-860227-3-smb devstack@keystone.service[81683]: DEBUG keystone.server.flask.request_processing.req_logging [None req-50e1624a-5728-4d8a-abac-923ce545b51d None admin] SCRIPT_NAME: `/identity` {{(pid=81683) log_request_info /opt/stack/keystone/keystone/server/flask/request_processing/req_logging.py:28}}
Oct 31 14:47:07.036081 dv-cinder-860227-3-smb devstack@keystone.service[81683]: DEBUG keystone.server.flask.request_processing.req_logging [None req-50e1624a-5728-4d8a-abac-923ce545b51d None admin] PATH_INFO: `/v3/roles` {{(pid=81683) log_request_info /opt/stack/keystone/keystone/server/flask/request_processing/req_logging.py:29}}
Oct 31 14:47:07.037161 dv-cinder-860227-3-smb devstack@keystone.service[81683]: DEBUG keystone.common.rbac_enforcer.enforcer [None req-50e1624a-5728-4d8a-abac-923ce545b51d None admin] RBAC: Adding query filter params (name=anotherrole) {{(pid=81683) _extract_filter_values /opt/stack/keystone/keystone/common/rbac_enforcer/enforcer.py:167}}
Oct 31 14:47:07.037498 dv-cinder-860227-3-smb devstack@keystone.service[81683]: DEBUG keystone.common.rbac_enforcer.enforcer [None req-50e1624a-5728-4d8a-abac-923ce545b51d None admin] RBAC: Authorizing `identity:list_roles()` {{(pid=81683) enforce_call /opt/stack/keystone/keystone/common/rbac_enforcer/enforcer.py:449}}
Oct 31 14:47:07.039229 dv-cinder-860227-3-smb devstack@keystone.service[81683]: DEBUG keystone.common.rbac_enforcer.enforcer [None req-50e1624a-5728-4d8a-abac-923ce545b51d None admin] RBAC: Authorization granted {{(pid=81683) enforce_call /opt/stack/keystone/keystone/common/rbac_enforcer/enforcer.py:457}}
Oct 31 14:47:07.049598 dv-cinder-860227-3-smb devstack@keystone.service[81683]: [pid: 81683|app: 0|req: 59/114] 10.222.0.45 () {56 vars in 1111 bytes} [Mon Oct 31 14:47:06 2022] GET /identity/v3/roles?name=anotherrole => generated 334 bytes in 215 msecs (HTTP/1.1 200) 5 headers in 177 bytes (1 switches on core 0)
Oct 31 14:47:07.050742 dv-cinder-860227-3-smb devstack@keystone.service[81683]: DEBUG keystone.server.flask.request_processing.middleware.auth_context [None req-50e1624a-5728-4d8a-abac-923ce545b51d None admin] Authenticating user token {{(pid=81683) process_request /usr/local/lib/python3.8/dist-packages/keystonemiddleware/auth_token/__init__.py:407}}
Oct 31 14:47:07.064170 dv-cinder-860227-3-smb devstack@keystone.service[81684]: DEBUG keystone.server.flask.request_processing.middleware.auth_context [None req-fdbf2dfb-5185-4d7b-86b9-fd8f98f6da67 None admin] Validating token access rules against request {{(pid=81684) validate_allowed_request /usr/local/lib/python3.8/dist-packages/keystonemiddleware/auth_token/__init__.py:545}}
Oct 31 14:47:07.101200 dv-cinder-860227-3-smb devstack@keystone.service[81684]: DEBUG keystone.server.flask.request_processing.middleware.auth_context [None req-2d387154-a20d-4748-87d9-40f0cabb8103 None admin] RBAC: auth_context: {'token': , 'domain_id': None, 'trust_id': None, 'trustor_id': None, 'trustee_id': None, 'domain_name': None, 'group_ids': [], 'user_id': '6869ed0ef88b494189d119f94f621131', 'user_domain_id': 'default', 'system_scope': 'all', 'project_id': None, 'project_domain_id': None, 'roles': ['admin', 'member', 'reader'], 'is_admin_project': True, 'service_user_id': None, 'service_user_domain_id': None, 'service_project_id': None, 'service_project_domain_id': None, 'service_roles': []} {{(pid=81684) fill_context /opt/stack/keystone/keystone/server/flask/request_processing/middleware/auth_context.py:478}}
Oct 31 14:47:07.101835 dv-cinder-860227-3-smb devstack@keystone.service[81684]: DEBUG keystone.server.flask.request_processing.req_logging [None req-2d387154-a20d-4748-87d9-40f0cabb8103 None admin] REQUEST_METHOD: `GET` {{(pid=81684) log_request_info /opt/stack/keystone/keystone/server/flask/request_processing/req_logging.py:27}}
Oct 31 14:47:07.102112 dv-cinder-860227-3-smb devstack@keystone.service[81684]: DEBUG keystone.server.flask.request_processing.req_logging [None req-2d387154-a20d-4748-87d9-40f0cabb8103 None admin] SCRIPT_NAME: `/identity` {{(pid=81684) log_request_info /opt/stack/keystone/keystone/server/flask/request_processing/req_logging.py:28}}
Oct 31 14:47:07.102383 dv-cinder-860227-3-smb devstack@keystone.service[81684]: DEBUG keystone.server.flask.request_processing.req_logging [None req-2d387154-a20d-4748-87d9-40f0cabb8103 None admin] PATH_INFO: `/v3/role_assignments` {{(pid=81684) log_request_info /opt/stack/keystone/keystone/server/flask/request_processing/req_logging.py:29}}
Oct 31 14:47:07.103133 dv-cinder-860227-3-smb devstack@keystone.service[81684]: DEBUG keystone.common.rbac_enforcer.enforcer [None req-2d387154-a20d-4748-87d9-40f0cabb8103 None admin] RBAC: Adding query filter params (role.id=c3f5b94962604da78f8e1a5d18105768, scope.project.id=86030394acc448f88cf92161d1688d4d, user.id=796510ac3b2b4676b340c1699bc540e1) {{(pid=81684) _extract_filter_values /opt/stack/keystone/keystone/common/rbac_enforcer/enforcer.py:167}}
Oct 31 14:47:07.103433 dv-cinder-860227-3-smb devstack@keystone.service[81684]: DEBUG keystone.common.rbac_enforcer.enforcer [None req-2d387154-a20d-4748-87d9-40f0cabb8103 None admin] RBAC: Authorizing `identity:list_role_assignments()` {{(pid=81684) enforce_call /opt/stack/keystone/keystone/common/rbac_enforcer/enforcer.py:449}}
Oct 31 14:47:07.105441 dv-cinder-860227-3-smb devstack@keystone.service[81684]: DEBUG keystone.common.rbac_enforcer.enforcer [None req-2d387154-a20d-4748-87d9-40f0cabb8103 None admin] RBAC: Authorization granted {{(pid=81684) enforce_call /opt/stack/keystone/keystone/common/rbac_enforcer/enforcer.py:457}}
Oct 31 14:47:07.112735 dv-cinder-860227-3-smb devstack@keystone.service[81684]: [pid: 81684|app: 0|req: 56/115] 10.222.0.45 () {56 vars in 1374 bytes} [Mon Oct 31 14:47:06 2022] GET /identity/v3/role_assignments?user.id=796510ac3b2b4676b340c1699bc540e1&scope.project.id=86030394acc448f88cf92161d1688d4d&role.id=c3f5b94962604da78f8e1a5d18105768 => generated 608 bytes in 207 msecs (HTTP/1.1 200) 5 headers in 177 bytes (1 switches on core 0)
Oct 31 14:47:07.114180 dv-cinder-860227-3-smb devstack@keystone.service[81684]: DEBUG keystone.server.flask.request_processing.middleware.auth_context [None req-2d387154-a20d-4748-87d9-40f0cabb8103 None admin] Authenticating user token {{(pid=81684) process_request /usr/local/lib/python3.8/dist-packages/keystonemiddleware/auth_token/__init__.py:407}}
Oct 31 14:47:07.184744 dv-cinder-860227-3-smb devstack@keystone.service[81683]: DEBUG dbcounter [-] [81683] Writing DB stats keystone:SELECT=100 {{(pid=81683) stat_writer /usr/local/lib/python3.8/dist-packages/dbcounter.py:114}}
Oct 31 14:47:07.237593 dv-cinder-860227-3-smb devstack@keystone.service[81683]: DEBUG keystone.server.flask.request_processing.middleware.auth_context [None req-50e1624a-5728-4d8a-abac-923ce545b51d None admin] Validating token access rules against request {{(pid=81683) validate_allowed_request /usr/local/lib/python3.8/dist-packages/keystonemiddleware/auth_token/__init__.py:545}}
Oct 31 14:47:07.267699 dv-cinder-860227-3-smb devstack@keystone.service[81684]: DEBUG keystone.server.flask.request_processing.middleware.auth_context [None req-2d387154-a20d-4748-87d9-40f0cabb8103 None admin] Validating token access rules against request {{(pid=81684) validate_allowed_request /usr/local/lib/python3.8/dist-packages/keystonemiddleware/auth_token/__init__.py:545}}
Oct 31 14:47:07.296080 dv-cinder-860227-3-smb devstack@keystone.service[81684]: DEBUG dbcounter [-] [81684] Writing DB stats keystone:SELECT=100 {{(pid=81684) stat_writer /usr/local/lib/python3.8/dist-packages/dbcounter.py:114}}
Oct 31 14:47:07.322604 dv-cinder-860227-3-smb devstack@keystone.service[81684]: DEBUG keystone.server.flask.request_processing.middleware.auth_context [None req-a1526b66-438a-4222-9d0b-341a26196c7e None admin] RBAC: auth_context: {'token': , 'domain_id': None, 'trust_id': None, 'trustor_id': None, 'trustee_id': None, 'domain_name': None, 'group_ids': [], 'user_id': '6869ed0ef88b494189d119f94f621131', 'user_domain_id': 'default', 'system_scope': 'all', 'project_id': None, 'project_domain_id': None, 'roles': ['admin', 'member', 'reader'], 'is_admin_project': True, 'service_user_id': None, 'service_user_domain_id': None, 'service_project_id': None, 'service_project_domain_id': None, 'service_roles': []} {{(pid=81684) fill_context /opt/stack/keystone/keystone/server/flask/request_processing/middleware/auth_context.py:478}}
Oct 31 14:47:07.322604 dv-cinder-860227-3-smb devstack@keystone.service[81684]: DEBUG keystone.server.flask.request_processing.req_logging [None req-a1526b66-438a-4222-9d0b-341a26196c7e None admin] REQUEST_METHOD: `GET` {{(pid=81684) log_request_info /opt/stack/keystone/keystone/server/flask/request_processing/req_logging.py:27}}
Oct 31 14:47:07.322604 dv-cinder-860227-3-smb devstack@keystone.service[81684]: DEBUG keystone.server.flask.request_processing.req_logging [None req-a1526b66-438a-4222-9d0b-341a26196c7e None admin] SCRIPT_NAME: `/identity` {{(pid=81684) log_request_info /opt/stack/keystone/keystone/server/flask/request_processing/req_logging.py:28}}
Oct 31 14:47:07.322959 dv-cinder-860227-3-smb devstack@keystone.service[81684]: DEBUG keystone.server.flask.request_processing.req_logging [None req-a1526b66-438a-4222-9d0b-341a26196c7e None admin] PATH_INFO: `/v3/roles/member` {{(pid=81684) log_request_info /opt/stack/keystone/keystone/server/flask/request_processing/req_logging.py:29}}
Oct 31 14:47:07.330694 dv-cinder-860227-3-smb devstack@keystone.service[81683]: DEBUG keystone.server.flask.request_processing.middleware.auth_context [None req-1b12e585-f88d-4895-9b0c-14803acbc693 None admin] RBAC: auth_context: {'token': , 'domain_id': None, 'trust_id': None, 'trustor_id': None, 'trustee_id': None, 'domain_name': None, 'group_ids': [], 'user_id': '6869ed0ef88b494189d119f94f621131', 'user_domain_id': 'default', 'system_scope': 'all', 'project_id': None, 'project_domain_id': None, 'roles': ['admin', 'member', 'reader'], 'is_admin_project': True, 'service_user_id': None, 'service_user_domain_id': None, 'service_project_id': None, 'service_project_domain_id': None, 'service_roles': []} {{(pid=81683) fill_context /opt/stack/keystone/keystone/server/flask/request_processing/middleware/auth_context.py:478}}
Oct 31 14:47:07.331656 dv-cinder-860227-3-smb devstack@keystone.service[81683]: DEBUG keystone.server.flask.request_processing.req_logging [None req-1b12e585-f88d-4895-9b0c-14803acbc693 None admin] REQUEST_METHOD: `GET` {{(pid=81683) log_request_info /opt/stack/keystone/keystone/server/flask/request_processing/req_logging.py:27}}
Oct 31 14:47:07.332139 dv-cinder-860227-3-smb devstack@keystone.service[81683]: DEBUG keystone.server.flask.request_processing.req_logging [None req-1b12e585-f88d-4895-9b0c-14803acbc693 None admin] SCRIPT_NAME: `/identity` {{(pid=81683) log_request_info /opt/stack/keystone/keystone/server/flask/request_processing/req_logging.py:28}}
Oct 31 14:47:07.332602 dv-cinder-860227-3-smb devstack@keystone.service[81683]: DEBUG keystone.server.flask.request_processing.req_logging [None req-1b12e585-f88d-4895-9b0c-14803acbc693 None admin] PATH_INFO: `/v3/users/6869ed0ef88b494189d119f94f621131` {{(pid=81683) log_request_info /opt/stack/keystone/keystone/server/flask/request_processing/req_logging.py:29}}
Oct 31 14:47:07.334027 dv-cinder-860227-3-smb devstack@keystone.service[81683]: DEBUG keystone.common.rbac_enforcer.enforcer [None req-1b12e585-f88d-4895-9b0c-14803acbc693 None admin] RBAC: Authorizing `identity:get_user(user_id=6869ed0ef88b494189d119f94f621131)` {{(pid=81683) enforce_call /opt/stack/keystone/keystone/common/rbac_enforcer/enforcer.py:449}}
Oct 31 14:47:07.335682 dv-cinder-860227-3-smb devstack@keystone.service[81683]: DEBUG keystone.common.rbac_enforcer.enforcer [None req-1b12e585-f88d-4895-9b0c-14803acbc693 None admin] RBAC: Authorization granted {{(pid=81683) enforce_call /opt/stack/keystone/keystone/common/rbac_enforcer/enforcer.py:457}}
Oct 31 14:47:07.338172 dv-cinder-860227-3-smb devstack@keystone.service[81683]: [pid: 81683|app: 0|req: 60/116] 10.222.0.45 () {56 vars in 1177 bytes} [Mon Oct 31 14:47:07 2022] GET /identity/v3/users/6869ed0ef88b494189d119f94f621131 => generated 247 bytes in 288 msecs (HTTP/1.1 200) 5 headers in 177 bytes (1 switches on core 0)
Oct 31 14:47:07.339263 dv-cinder-860227-3-smb devstack@keystone.service[81683]: DEBUG keystone.server.flask.request_processing.middleware.auth_context [None req-1b12e585-f88d-4895-9b0c-14803acbc693 None admin] Authenticating user token {{(pid=81683) process_request /usr/local/lib/python3.8/dist-packages/keystonemiddleware/auth_token/__init__.py:407}}
Oct 31 14:47:07.341716 dv-cinder-860227-3-smb devstack@keystone.service[81684]: DEBUG keystone.common.rbac_enforcer.enforcer [None req-a1526b66-438a-4222-9d0b-341a26196c7e None admin] Extracting inferred target data resulted in "NOT FOUND (404)". {{(pid=81684) enforce_call /opt/stack/keystone/keystone/common/rbac_enforcer/enforcer.py:409}}
Oct 31 14:47:07.349089 dv-cinder-860227-3-smb devstack@keystone.service[81684]: ERROR keystone.server.flask.application [None req-a1526b66-438a-4222-9d0b-341a26196c7e None admin] Could not find role: member.: keystone.exception.RoleNotFound: Could not find role: member.
Oct 31 14:47:07.349089 dv-cinder-860227-3-smb devstack@keystone.service[81684]: ERROR keystone.server.flask.application
Traceback (most recent call last):
Oct 31 14:47:07.349089 dv-cinder-860227-3-smb devstack@keystone.service[81684]: ERROR keystone.server.flask.application
File "/usr/local/lib/python3.8/dist-packages/flask/app.py", line 1820, in full_dispatch_request
Oct 31 14:47:07.349089 dv-cinder-860227-3-smb devstack@keystone.service[81684]: ERROR keystone.server.flask.application rv = self.dispatch_request()
Oct 31 14:47:07.349089 dv-cinder-860227-3-smb devstack@keystone.service[81684]: ERROR keystone.server.flask.application
File "/usr/local/lib/python3.8/dist-packages/flask/app.py", line 1796, in dispatch_request
Oct 31 14:47:07.349089 dv-cinder-860227-3-smb devstack@keystone.service[81684]: ERROR keystone.server.flask.application return self.ensure_sync(self.view_functions[rule.endpoint])(**view_args)
Oct 31 14:47:07.349089 dv-cinder-860227-3-smb devstack@keystone.service[81684]: ERROR keystone.server.flask.application
File "/usr/local/lib/python3.8/dist-packages/flask_restful/__init__.py", line 467, in wrapper
Oct 31 14:47:07.349089 dv-cinder-860227-3-smb devstack@keystone.service[81684]: ERROR keystone.server.flask.application resp = resource(*args, **kwargs)
Oct 31 14:47:07.349089 dv-cinder-860227-3-smb devstack@keystone.service[81684]: ERROR keystone.server.flask.application
File "/usr/local/lib/python3.8/dist-packages/flask/views.py", line 107, in view
Oct 31 14:47:07.349089 dv-cinder-860227-3-smb devstack@keystone.service[81684]: ERROR keystone.server.flask.application return current_app.ensure_sync(self.dispatch_request)(**kwargs)
Oct 31 14:47:07.349089 dv-cinder-860227-3-smb devstack@keystone.service[81684]: ERROR keystone.server.flask.application
File "/usr/local/lib/python3.8/dist-packages/flask_restful/__init__.py", line 582, in dispatch_request
Oct 31 14:47:07.349089 dv-cinder-860227-3-smb devstack@keystone.service[81684]: ERROR keystone.server.flask.application resp = meth(*args, **kwargs)
Oct 31 14:47:07.349089 dv-cinder-860227-3-smb devstack@keystone.service[81684]: ERROR keystone.server.flask.application
File "/opt/stack/keystone/keystone/api/roles.py", line 50, in get
Oct 31 14:47:07.349089 dv-cinder-860227-3-smb devstack@keystone.service[81684]: ERROR keystone.server.flask.application return self._get_role(role_id)
Oct 31 14:47:07.349089 dv-cinder-860227-3-smb devstack@keystone.service[81684]: ERROR keystone.server.flask.application
File "/opt/stack/keystone/keystone/api/roles.py", line 70, in _get_role
Oct 31 14:47:07.349089 dv-cinder-860227-3-smb devstack@keystone.service[81684]: ERROR keystone.server.flask.application ENFORCER.enforce_call(action='identity:get_role')
Oct 31 14:47:07.350460 dv-cinder-860227-3-smb devstack@keystone.service[81684]: ERROR keystone.server.flask.application
File "/opt/stack/keystone/keystone/common/rbac_enforcer/enforcer.py", line 402, in enforce_call
Oct 31 14:47:07.350460 dv-cinder-860227-3-smb devstack@keystone.service[81684]: ERROR keystone.server.flask.application policy_dict.update(cls._extract_member_target_data(
Oct 31 14:47:07.350460 dv-cinder-860227-3-smb devstack@keystone.service[81684]: ERROR keystone.server.flask.application
File "/opt/stack/keystone/keystone/common/rbac_enforcer/enforcer.py", line 234, in _extract_member_target_data
Oct 31 14:47:07.350460 dv-cinder-860227-3-smb devstack@keystone.service[81684]: ERROR keystone.server.flask.application member_name: func(flask.request.view_args[key])
Oct 31 14:47:07.350460 dv-cinder-860227-3-smb devstack@keystone.service[81684]: ERROR keystone.server.flask.application
File "/opt/stack/keystone/keystone/common/manager.py", line 115, in wrapped
Oct 31 14:47:07.350460 dv-cinder-860227-3-smb devstack@keystone.service[81684]: ERROR keystone.server.flask.application __ret_val = __f(*args, **kwargs)
Oct 31 14:47:07.350460 dv-cinder-860227-3-smb devstack@keystone.service[81684]: ERROR keystone.server.flask.application
File "/usr/local/lib/python3.8/dist-packages/decorator.py", line 232, in fun
Oct 31 14:47:07.350460 dv-cinder-860227-3-smb devstack@keystone.service[81684]: ERROR keystone.server.flask.application return caller(func, *(extras + args), **kw)
Oct 31 14:47:07.350460 dv-cinder-860227-3-smb devstack@keystone.service[81684]: ERROR keystone.server.flask.application
File "/usr/local/lib/python3.8/dist-packages/dogpile/cache/region.py", line 1577, in get_or_create_for_user_func
Oct 31 14:47:07.350460 dv-cinder-860227-3-smb devstack@keystone.service[81684]: ERROR keystone.server.flask.application return self.get_or_create(
Oct 31 14:47:07.350460 dv-cinder-860227-3-smb devstack@keystone.service[81684]: ERROR keystone.server.flask.application
File "/usr/local/lib/python3.8/dist-packages/dogpile/cache/region.py", line 1042, in get_or_create
Oct 31 14:47:07.350460 dv-cinder-860227-3-smb devstack@keystone.service[81684]: ERROR keystone.server.flask.application with Lock(
Oct 31 14:47:07.350460 dv-cinder-860227-3-smb devstack@keystone.service[81684]: ERROR keystone.server.flask.application
File "/usr/local/lib/python3.8/dist-packages/dogpile/lock.py", line 185, in __enter__
Oct 31 14:47:07.350460 dv-cinder-860227-3-smb devstack@keystone.service[81684]: ERROR keystone.server.flask.application return self._enter()
Oct 31 14:47:07.350460 dv-cinder-860227-3-smb devstack@keystone.service[81684]: ERROR keystone.server.flask.application
File "/usr/local/lib/python3.8/dist-packages/dogpile/lock.py", line 94, in _enter
Oct 31 14:47:07.350460 dv-cinder-860227-3-smb devstack@keystone.service[81684]: ERROR keystone.server.flask.application generated = self._enter_create(value, createdtime)
Oct 31 14:47:07.351180 dv-cinder-860227-3-smb devstack@keystone.service[81684]: ERROR keystone.server.flask.application
File "/usr/local/lib/python3.8/dist-packages/dogpile/lock.py", line 178, in _enter_create
Oct 31 14:47:07.351180 dv-cinder-860227-3-smb devstack@keystone.service[81684]: ERROR keystone.server.flask.application return self.creator()
Oct 31 14:47:07.351180 dv-cinder-860227-3-smb devstack@keystone.service[81684]: ERROR keystone.server.flask.application
File "/usr/local/lib/python3.8/dist-packages/dogpile/cache/region.py", line 995, in gen_value
Oct 31 14:47:07.351180 dv-cinder-860227-3-smb devstack@keystone.service[81684]: ERROR keystone.server.flask.application created_value = creator(
Oct 31 14:47:07.351180 dv-cinder-860227-3-smb devstack@keystone.service[81684]: ERROR keystone.server.flask.application
File "/opt/stack/keystone/keystone/assignment/core.py", line 1276, in get_role
Oct 31 14:47:07.351180 dv-cinder-860227-3-smb devstack@keystone.service[81684]: ERROR keystone.server.flask.application return self.driver.get_role(role_id)
Oct 31 14:47:07.351180 dv-cinder-860227-3-smb devstack@keystone.service[81684]: ERROR keystone.server.flask.application
File "/opt/stack/keystone/keystone/assignment/role_backends/sql.py", line 70, in get_role
Oct 31 14:47:07.351180 dv-cinder-860227-3-smb devstack@keystone.service[81684]: ERROR keystone.server.flask.application return self._get_role(session, role_id).to_dict()
Oct 31 14:47:07.351180 dv-cinder-860227-3-smb devstack@keystone.service[81684]: ERROR keystone.server.flask.application
File "/opt/stack/keystone/keystone/assignment/role_backends/sql.py", line 65, in _get_role
Oct 31 14:47:07.351180 dv-cinder-860227-3-smb devstack@keystone.service[81684]: ERROR keystone.server.flask.application raise exception.RoleNotFound(role_id=role_id)
Oct 31 14:47:07.351180 dv-cinder-860227-3-smb devstack@keystone.service[81684]: ERROR keystone.server.flask.application keystone.exception.RoleNotFound: Could not find role: member.
Oct 31 14:47:07.351180 dv-cinder-860227-3-smb devstack@keystone.service[81684]: ERROR keystone.server.flask.application
Oct 31 14:47:07.357144 dv-cinder-860227-3-smb devstack@keystone.service[81684]: [pid: 81684|app: 0|req: 57/117] 10.222.0.45 () {56 vars in 1099 bytes} [Mon Oct 31 14:47:07 2022] GET /identity/v3/roles/member => generated 84 bytes in 238 msecs (HTTP/1.1 404) 5 headers in 183 bytes (1 switches on core 0)
Oct 31 14:47:07.357144 dv-cinder-860227-3-smb devstack@keystone.service[81684]: DEBUG keystone.server.flask.request_processing.middleware.auth_context [None req-a1526b66-438a-4222-9d0b-341a26196c7e None admin] Authenticating user token {{(pid=81684) process_request /usr/local/lib/python3.8/dist-packages/keystonemiddleware/auth_token/__init__.py:407}}
Oct 31 14:47:07.467259 dv-cinder-860227-3-smb devstack@keystone.service[81683]: DEBUG keystone.server.flask.request_processing.middleware.auth_context [None req-1b12e585-f88d-4895-9b0c-14803acbc693 None admin] Validating token access rules against request {{(pid=81683) validate_allowed_request /usr/local/lib/python3.8/dist-packages/keystonemiddleware/auth_token/__init__.py:545}}
Oct 31 14:47:07.481025 dv-cinder-860227-3-smb devstack@keystone.service[81684]: DEBUG keystone.server.flask.request_processing.middleware.auth_context [None req-a1526b66-438a-4222-9d0b-341a26196c7e None admin] Validating token access rules against request {{(pid=81684) validate_allowed_request /usr/local/lib/python3.8/dist-packages/keystonemiddleware/auth_token/__init__.py:545}}
Oct 31 14:47:07.510599 dv-cinder-860227-3-smb devstack@keystone.service[81683]: DEBUG keystone.server.flask.request_processing.middleware.auth_context [None req-ea552025-672e-40e9-a66d-35b60ab48d27 None admin] RBAC: auth_context: {'token': , 'domain_id': None, 'trust_id': None, 'trustor_id': None, 'trustee_id': None, 'domain_name': None, 'group_ids': [], 'user_id': '6869ed0ef88b494189d119f94f621131', 'user_domain_id': 'default', 'system_scope': 'all', 'project_id': None, 'project_domain_id': None, 'roles': ['admin', 'member', 'reader'], 'is_admin_project': True, 'service_user_id': None, 'service_user_domain_id': None, 'service_project_id': None, 'service_project_domain_id': None, 'service_roles': []} {{(pid=81683) fill_context /opt/stack/keystone/keystone/server/flask/request_processing/middleware/auth_context.py:478}}
Oct 31 14:47:07.512190 dv-cinder-860227-3-smb devstack@keystone.service[81683]: DEBUG keystone.server.flask.request_processing.req_logging [None req-ea552025-672e-40e9-a66d-35b60ab48d27 None admin] REQUEST_METHOD: `GET` {{(pid=81683) log_request_info /opt/stack/keystone/keystone/server/flask/request_processing/req_logging.py:27}}
Oct 31 14:47:07.512645 dv-cinder-860227-3-smb devstack@keystone.service[81683]: DEBUG keystone.server.flask.request_processing.req_logging [None req-ea552025-672e-40e9-a66d-35b60ab48d27 None admin] SCRIPT_NAME: `/identity` {{(pid=81683) log_request_info /opt/stack/keystone/keystone/server/flask/request_processing/req_logging.py:28}}
Oct 31 14:47:07.513083 dv-cinder-860227-3-smb devstack@keystone.service[81683]: DEBUG keystone.server.flask.request_processing.req_logging [None req-ea552025-672e-40e9-a66d-35b60ab48d27 None admin] PATH_INFO: `/v3/users/796510ac3b2b4676b340c1699bc540e1` {{(pid=81683) log_request_info /opt/stack/keystone/keystone/server/flask/request_processing/req_logging.py:29}}
Oct 31 14:47:07.514624 dv-cinder-860227-3-smb devstack@keystone.service[81683]: DEBUG keystone.common.rbac_enforcer.enforcer [None req-ea552025-672e-40e9-a66d-35b60ab48d27 None admin] RBAC: Authorizing `identity:get_user(user_id=796510ac3b2b4676b340c1699bc540e1)` {{(pid=81683) enforce_call /opt/stack/keystone/keystone/common/rbac_enforcer/enforcer.py:449}}
Oct 31 14:47:07.516269 dv-cinder-860227-3-smb devstack@keystone.service[81683]: DEBUG keystone.common.rbac_enforcer.enforcer [None req-ea552025-672e-40e9-a66d-35b60ab48d27 None admin] RBAC: Authorization granted {{(pid=81683) enforce_call /opt/stack/keystone/keystone/common/rbac_enforcer/enforcer.py:457}}
Oct 31 14:47:07.521389 dv-cinder-860227-3-smb devstack@keystone.service[81684]: DEBUG keystone.server.flask.request_processing.middleware.auth_context [None req-0f6e6849-ce2e-4489-ab03-82f992acdc9f None admin] RBAC: auth_context: {'token': , 'domain_id': None, 'trust_id': None, 'trustor_id': None, 'trustee_id': None, 'domain_name': None, 'group_ids': [], 'user_id': '6869ed0ef88b494189d119f94f621131', 'user_domain_id': 'default', 'system_scope': 'all', 'project_id': None, 'project_domain_id': None, 'roles': ['admin', 'member', 'reader'], 'is_admin_project': True, 'service_user_id': None, 'service_user_domain_id': None, 'service_project_id': None, 'service_project_domain_id': None, 'service_roles': []} {{(pid=81684) fill_context /opt/stack/keystone/keystone/server/flask/request_processing/middleware/auth_context.py:478}}
Oct 31 14:47:07.521389 dv-cinder-860227-3-smb devstack@keystone.service[81684]: DEBUG keystone.server.flask.request_processing.req_logging [None req-0f6e6849-ce2e-4489-ab03-82f992acdc9f None admin] REQUEST_METHOD: `GET` {{(pid=81684) log_request_info /opt/stack/keystone/keystone/server/flask/request_processing/req_logging.py:27}}
Oct 31 14:47:07.521389 dv-cinder-860227-3-smb devstack@keystone.service[81684]: DEBUG keystone.server.flask.request_processing.req_logging [None req-0f6e6849-ce2e-4489-ab03-82f992acdc9f None admin] SCRIPT_NAME: `/identity` {{(pid=81684) log_request_info /opt/stack/keystone/keystone/server/flask/request_processing/req_logging.py:28}}
Oct 31 14:47:07.521389 dv-cinder-860227-3-smb devstack@keystone.service[81684]: DEBUG keystone.server.flask.request_processing.req_logging [None req-0f6e6849-ce2e-4489-ab03-82f992acdc9f None admin] PATH_INFO: `/v3/auth/tokens` {{(pid=81684) log_request_info /opt/stack/keystone/keystone/server/flask/request_processing/req_logging.py:29}}
Oct 31 14:47:07.521816 dv-cinder-860227-3-smb devstack@keystone.service[81683]: [pid: 81683|app: 0|req: 61/118] 10.222.0.45 () {56 vars in 1177 bytes} [Mon Oct 31 14:47:07 2022] GET /identity/v3/users/796510ac3b2b4676b340c1699bc540e1 => generated 275 bytes in 179 msecs (HTTP/1.1 200) 5 headers in 177 bytes (1 switches on core 0)
Oct 31 14:47:07.522784 dv-cinder-860227-3-smb devstack@keystone.service[81683]: DEBUG keystone.server.flask.request_processing.middleware.auth_context [None req-ea552025-672e-40e9-a66d-35b60ab48d27 None admin] Authenticating user token {{(pid=81683) process_request /usr/local/lib/python3.8/dist-packages/keystonemiddleware/auth_token/__init__.py:407}}
Oct 31 14:47:07.546761 dv-cinder-860227-3-smb devstack@keystone.service[81683]: DEBUG dbcounter [-] [81683] Writing DB stats keystone:SELECT=100 {{(pid=81683) stat_writer /usr/local/lib/python3.8/dist-packages/dbcounter.py:114}}
Oct 31 14:47:07.580116 dv-cinder-860227-3-smb devstack@keystone.service[81684]: DEBUG dbcounter [-] [81684] Writing DB stats keystone:SELECT=100 {{(pid=81684) stat_writer /usr/local/lib/python3.8/dist-packages/dbcounter.py:114}}
Oct 31 14:47:07.600631 dv-cinder-860227-3-smb devstack@keystone.service[81684]: DEBUG keystone.common.rbac_enforcer.enforcer [None req-0f6e6849-ce2e-4489-ab03-82f992acdc9f None admin] RBAC: Authorizing `identity:validate_token()` {{(pid=81684) enforce_call /opt/stack/keystone/keystone/common/rbac_enforcer/enforcer.py:449}}
Oct 31 14:47:07.602184 dv-cinder-860227-3-smb devstack@keystone.service[81684]: DEBUG keystone.common.rbac_enforcer.enforcer [None req-0f6e6849-ce2e-4489-ab03-82f992acdc9f None admin] RBAC: Authorization granted {{(pid=81684) enforce_call /opt/stack/keystone/keystone/common/rbac_enforcer/enforcer.py:457}}
Oct 31 14:47:07.645908 dv-cinder-860227-3-smb devstack@keystone.service[81683]: DEBUG keystone.server.flask.request_processing.middleware.auth_context [None req-ea552025-672e-40e9-a66d-35b60ab48d27 None admin] Validating token access rules against request {{(pid=81683) validate_allowed_request /usr/local/lib/python3.8/dist-packages/keystonemiddleware/auth_token/__init__.py:545}}
Oct 31 14:47:07.688838 dv-cinder-860227-3-smb devstack@keystone.service[81683]: DEBUG keystone.server.flask.request_processing.middleware.auth_context [None req-45e81d62-a0a9-4095-9c2a-3ea27d999ffc None admin] RBAC: auth_context: {'token': , 'domain_id': None, 'trust_id': None, 'trustor_id': None, 'trustee_id': None, 'domain_name': None, 'group_ids': [], 'user_id': '6869ed0ef88b494189d119f94f621131', 'user_domain_id': 'default', 'system_scope': 'all', 'project_id': None, 'project_domain_id': None, 'roles': ['admin', 'member', 'reader'], 'is_admin_project': True, 'service_user_id': None, 'service_user_domain_id': None, 'service_project_id': None, 'service_project_domain_id': None, 'service_roles': []} {{(pid=81683) fill_context /opt/stack/keystone/keystone/server/flask/request_processing/middleware/auth_context.py:478}}
Oct 31 14:47:07.688838 dv-cinder-860227-3-smb devstack@keystone.service[81683]: DEBUG keystone.server.flask.request_processing.req_logging [None req-45e81d62-a0a9-4095-9c2a-3ea27d999ffc None admin] REQUEST_METHOD: `GET` {{(pid=81683) log_request_info /opt/stack/keystone/keystone/server/flask/request_processing/req_logging.py:27}}
Oct 31 14:47:07.688838 dv-cinder-860227-3-smb devstack@keystone.service[81683]: DEBUG keystone.server.flask.request_processing.req_logging [None req-45e81d62-a0a9-4095-9c2a-3ea27d999ffc None admin] SCRIPT_NAME: `/identity` {{(pid=81683) log_request_info /opt/stack/keystone/keystone/server/flask/request_processing/req_logging.py:28}}
Oct 31 14:47:07.688838 dv-cinder-860227-3-smb devstack@keystone.service[81683]: DEBUG keystone.server.flask.request_processing.req_logging [None req-45e81d62-a0a9-4095-9c2a-3ea27d999ffc None admin] PATH_INFO: `/v3/roles` {{(pid=81683) log_request_info /opt/stack/keystone/keystone/server/flask/request_processing/req_logging.py:29}}
Oct 31 14:47:07.689280 dv-cinder-860227-3-smb devstack@keystone.service[81683]: DEBUG keystone.common.rbac_enforcer.enforcer [None req-45e81d62-a0a9-4095-9c2a-3ea27d999ffc None admin] RBAC: Adding query filter params (name=member) {{(pid=81683) _extract_filter_values /opt/stack/keystone/keystone/common/rbac_enforcer/enforcer.py:167}}
Oct 31 14:47:07.689280 dv-cinder-860227-3-smb devstack@keystone.service[81683]: DEBUG keystone.common.rbac_enforcer.enforcer [None req-45e81d62-a0a9-4095-9c2a-3ea27d999ffc None admin] RBAC: Authorizing `identity:list_roles()` {{(pid=81683) enforce_call /opt/stack/keystone/keystone/common/rbac_enforcer/enforcer.py:449}}
Oct 31 14:47:07.689434 dv-cinder-860227-3-smb devstack@keystone.service[81683]: DEBUG keystone.common.rbac_enforcer.enforcer [None req-45e81d62-a0a9-4095-9c2a-3ea27d999ffc None admin] RBAC: Authorization granted {{(pid=81683) enforce_call /opt/stack/keystone/keystone/common/rbac_enforcer/enforcer.py:457}}
Oct 31 14:47:07.700331 dv-cinder-860227-3-smb devstack@keystone.service[81683]: [pid: 81683|app: 0|req: 62/119] 10.222.0.45 () {56 vars in 1101 bytes} [Mon Oct 31 14:47:07 2022] GET /identity/v3/roles?name=member => generated 341 bytes in 178 msecs (HTTP/1.1 200) 5 headers in 177 bytes (1 switches on core 0)
Oct 31 14:47:07.700934 dv-cinder-860227-3-smb devstack@keystone.service[81683]: DEBUG keystone.server.flask.request_processing.middleware.auth_context [None req-45e81d62-a0a9-4095-9c2a-3ea27d999ffc None admin] Authenticating user token {{(pid=81683) process_request /usr/local/lib/python3.8/dist-packages/keystonemiddleware/auth_token/__init__.py:407}}
Oct 31 14:47:07.722096 dv-cinder-860227-3-smb devstack@keystone.service[81684]: [pid: 81684|app: 0|req: 58/120] 10.222.0.45 () {58 vars in 1282 bytes} [Mon Oct 31 14:47:07 2022] GET /identity/v3/auth/tokens => generated 799 bytes in 370 msecs (HTTP/1.1 200) 6 headers in 358 bytes (1 switches on core 0)
Oct 31 14:47:07.723356 dv-cinder-860227-3-smb devstack@keystone.service[81684]: DEBUG keystone.server.flask.request_processing.middleware.auth_context [None req-0f6e6849-ce2e-4489-ab03-82f992acdc9f None admin] Authenticating user token {{(pid=81684) process_request /usr/local/lib/python3.8/dist-packages/keystonemiddleware/auth_token/__init__.py:407}}
Oct 31 14:47:07.794966 dv-cinder-860227-3-smb devstack@keystone.service[81683]: DEBUG dbcounter [-] [81683] Writing DB stats keystone:SELECT=100 {{(pid=81683) stat_writer /usr/local/lib/python3.8/dist-packages/dbcounter.py:114}}
Oct 31 14:47:07.822604 dv-cinder-860227-3-smb devstack@keystone.service[81683]: DEBUG keystone.server.flask.request_processing.middleware.auth_context [None req-45e81d62-a0a9-4095-9c2a-3ea27d999ffc None admin] Validating token access rules against request {{(pid=81683) validate_allowed_request /usr/local/lib/python3.8/dist-packages/keystonemiddleware/auth_token/__init__.py:545}}
Oct 31 14:47:07.827127 dv-cinder-860227-3-smb devstack@keystone.service[81684]: DEBUG dbcounter [-] [81684] Writing DB stats keystone:SELECT=100 {{(pid=81684) stat_writer /usr/local/lib/python3.8/dist-packages/dbcounter.py:114}}
Oct 31 14:47:07.846260 dv-cinder-860227-3-smb devstack@keystone.service[81684]: DEBUG keystone.server.flask.request_processing.middleware.auth_context [None req-0f6e6849-ce2e-4489-ab03-82f992acdc9f None admin] Validating token access rules against request {{(pid=81684) validate_allowed_request /usr/local/lib/python3.8/dist-packages/keystonemiddleware/auth_token/__init__.py:545}}
Oct 31 14:47:07.866804 dv-cinder-860227-3-smb devstack@keystone.service[81683]: DEBUG keystone.server.flask.request_processing.middleware.auth_context [None req-4399f887-f320-47e9-9550-458ab7c90bac None admin] RBAC: auth_context: {'token': , 'domain_id': None, 'trust_id': None, 'trustor_id': None, 'trustee_id': None, 'domain_name': None, 'group_ids': [], 'user_id': '6869ed0ef88b494189d119f94f621131', 'user_domain_id': 'default', 'system_scope': 'all', 'project_id': None, 'project_domain_id': None, 'roles': ['admin', 'member', 'reader'], 'is_admin_project': True, 'service_user_id': None, 'service_user_domain_id': None, 'service_project_id': None, 'service_project_domain_id': None, 'service_roles': []} {{(pid=81683) fill_context /opt/stack/keystone/keystone/server/flask/request_processing/middleware/auth_context.py:478}}
Oct 31 14:47:07.867677 dv-cinder-860227-3-smb devstack@keystone.service[81683]: DEBUG keystone.server.flask.request_processing.req_logging [None req-4399f887-f320-47e9-9550-458ab7c90bac None admin] REQUEST_METHOD: `GET` {{(pid=81683) log_request_info /opt/stack/keystone/keystone/server/flask/request_processing/req_logging.py:27}}
Oct 31 14:47:07.869069 dv-cinder-860227-3-smb devstack@keystone.service[81683]: DEBUG keystone.server.flask.request_processing.req_logging [None req-4399f887-f320-47e9-9550-458ab7c90bac None admin] SCRIPT_NAME: `/identity` {{(pid=81683) log_request_info /opt/stack/keystone/keystone/server/flask/request_processing/req_logging.py:28}}
Oct 31 14:47:07.869552 dv-cinder-860227-3-smb devstack@keystone.service[81683]: DEBUG keystone.server.flask.request_processing.req_logging [None req-4399f887-f320-47e9-9550-458ab7c90bac None admin] PATH_INFO: `/v3/auth/tokens` {{(pid=81683) log_request_info /opt/stack/keystone/keystone/server/flask/request_processing/req_logging.py:29}}
Oct 31 14:47:07.883868 dv-cinder-860227-3-smb devstack@keystone.service[81684]: DEBUG keystone.server.flask.request_processing.middleware.auth_context [None req-e4491db5-9373-4d8d-b11e-2edb98efa1eb None admin] RBAC: auth_context: {'token': , 'domain_id': None, 'trust_id': None, 'trustor_id': None, 'trustee_id': None, 'domain_name': None, 'group_ids': [], 'user_id': '6869ed0ef88b494189d119f94f621131', 'user_domain_id': 'default', 'system_scope': 'all', 'project_id': None, 'project_domain_id': None, 'roles': ['admin', 'member', 'reader'], 'is_admin_project': True, 'service_user_id': None, 'service_user_domain_id': None, 'service_project_id': None, 'service_project_domain_id': None, 'service_roles': []} {{(pid=81684) fill_context /opt/stack/keystone/keystone/server/flask/request_processing/middleware/auth_context.py:478}}
Oct 31 14:47:07.884711 dv-cinder-860227-3-smb devstack@keystone.service[81684]: DEBUG keystone.server.flask.request_processing.req_logging [None req-e4491db5-9373-4d8d-b11e-2edb98efa1eb None admin] REQUEST_METHOD: `GET` {{(pid=81684) log_request_info /opt/stack/keystone/keystone/server/flask/request_processing/req_logging.py:27}}
Oct 31 14:47:07.884994 dv-cinder-860227-3-smb devstack@keystone.service[81684]: DEBUG keystone.server.flask.request_processing.req_logging [None req-e4491db5-9373-4d8d-b11e-2edb98efa1eb None admin] SCRIPT_NAME: `/identity` {{(pid=81684) log_request_info /opt/stack/keystone/keystone/server/flask/request_processing/req_logging.py:28}}
Oct 31 14:47:07.885271 dv-cinder-860227-3-smb devstack@keystone.service[81684]: DEBUG keystone.server.flask.request_processing.req_logging [None req-e4491db5-9373-4d8d-b11e-2edb98efa1eb None admin] PATH_INFO: `/v3/users/796510ac3b2b4676b340c1699bc540e1` {{(pid=81684) log_request_info /opt/stack/keystone/keystone/server/flask/request_processing/req_logging.py:29}}
Oct 31 14:47:07.886565 dv-cinder-860227-3-smb devstack@keystone.service[81684]: DEBUG keystone.common.rbac_enforcer.enforcer [None req-e4491db5-9373-4d8d-b11e-2edb98efa1eb None admin] RBAC: Authorizing `identity:get_user(user_id=796510ac3b2b4676b340c1699bc540e1)` {{(pid=81684) enforce_call /opt/stack/keystone/keystone/common/rbac_enforcer/enforcer.py:449}}
Oct 31 14:47:07.888088 dv-cinder-860227-3-smb devstack@keystone.service[81684]: DEBUG keystone.common.rbac_enforcer.enforcer [None req-e4491db5-9373-4d8d-b11e-2edb98efa1eb None admin] RBAC: Authorization granted {{(pid=81684) enforce_call /opt/stack/keystone/keystone/common/rbac_enforcer/enforcer.py:457}}
Oct 31 14:47:07.894328 dv-cinder-860227-3-smb devstack@keystone.service[81684]: [pid: 81684|app: 0|req: 59/121] 10.222.0.45 () {56 vars in 1177 bytes} [Mon Oct 31 14:47:07 2022] GET /identity/v3/users/796510ac3b2b4676b340c1699bc540e1 => generated 275 bytes in 167 msecs (HTTP/1.1 200) 5 headers in 177 bytes (1 switches on core 0)
Oct 31 14:47:07.894328 dv-cinder-860227-3-smb devstack@keystone.service[81684]: DEBUG keystone.server.flask.request_processing.middleware.auth_context [None req-e4491db5-9373-4d8d-b11e-2edb98efa1eb None admin] Authenticating user token {{(pid=81684) process_request /usr/local/lib/python3.8/dist-packages/keystonemiddleware/auth_token/__init__.py:407}}
Oct 31 14:47:07.965381 dv-cinder-860227-3-smb devstack@keystone.service[81683]: DEBUG keystone.common.rbac_enforcer.enforcer [None req-4399f887-f320-47e9-9550-458ab7c90bac None admin] RBAC: Authorizing `identity:validate_token()` {{(pid=81683) enforce_call /opt/stack/keystone/keystone/common/rbac_enforcer/enforcer.py:449}}
