Oct 31 14:49:30.440774 dv-cinder-860227-3-iscsi devstack@c-api.service[126760]: /usr/local/lib/python3.8/dist-packages/oslo_policy/policy.py:809: UserWarning: Policy "volume_extension:default_set_or_update":"rule:system_or_domain_or_project_admin" was deprecated in X in favor of "volume_extension:default_set_or_update":"rule:admin_api". Reason: Default policies now support the three Keystone default roles, namely 'admin', 'member', and 'reader' to implement three Cinder "personas". See "Policy Personas and Permissions" in the "Cinder Service Configuration" documentation (Xena release) for details.. Either ensure your deployment is ready for the new default or copy/paste the deprecated policy into your policy file and maintain it manually.
Oct 31 14:49:30.440774 dv-cinder-860227-3-iscsi devstack@c-api.service[126760]: warnings.warn(deprecated_msg)
Oct 31 14:49:30.440774 dv-cinder-860227-3-iscsi devstack@c-api.service[126760]: /usr/local/lib/python3.8/dist-packages/oslo_policy/policy.py:809: UserWarning: Policy "volume_extension:default_get":"rule:system_or_domain_or_project_admin" was deprecated in X in favor of "volume_extension:default_get":"rule:admin_api". Reason: Default policies now support the three Keystone default roles, namely 'admin', 'member', and 'reader' to implement three Cinder "personas". See "Policy Personas and Permissions" in the "Cinder Service Configuration" documentation (Xena release) for details.. Either ensure your deployment is ready for the new default or copy/paste the deprecated policy into your policy file and maintain it manually.
Oct 31 14:49:30.440774 dv-cinder-860227-3-iscsi devstack@c-api.service[126760]: warnings.warn(deprecated_msg)
Oct 31 14:49:30.440774 dv-cinder-860227-3-iscsi devstack@c-api.service[126760]: /usr/local/lib/python3.8/dist-packages/oslo_policy/policy.py:809: UserWarning: Policy "volume_extension:default_get_all":"role:admin and system_scope:all" was deprecated in X in favor of "volume_extension:default_get_all":"rule:admin_api". Reason: Default policies now support the three Keystone default roles, namely 'admin', 'member', and 'reader' to implement three Cinder "personas". See "Policy Personas and Permissions" in the "Cinder Service Configuration" documentation (Xena release) for details.. Either ensure your deployment is ready for the new default or copy/paste the deprecated policy into your policy file and maintain it manually.
Oct 31 14:49:30.441934 dv-cinder-860227-3-iscsi devstack@c-api.service[126760]: warnings.warn(deprecated_msg)
Oct 31 14:49:30.441934 dv-cinder-860227-3-iscsi devstack@c-api.service[126760]: /usr/local/lib/python3.8/dist-packages/oslo_policy/policy.py:809: UserWarning: Policy "volume_extension:default_unset":"rule:system_or_domain_or_project_admin" was deprecated in X in favor of "volume_extension:default_unset":"rule:admin_api". Reason: Default policies now support the three Keystone default roles, namely 'admin', 'member', and 'reader' to implement three Cinder "personas". See "Policy Personas and Permissions" in the "Cinder Service Configuration" documentation (Xena release) for details.. Either ensure your deployment is ready for the new default or copy/paste the deprecated policy into your policy file and maintain it manually.
Oct 31 14:49:30.441934 dv-cinder-860227-3-iscsi devstack@c-api.service[126760]: warnings.warn(deprecated_msg)
Oct 31 14:49:30.441934 dv-cinder-860227-3-iscsi devstack@c-api.service[126760]: DEBUG cinder.api.middleware.request_id [None req-5ee8fd8e-8f3c-4e95-94b5-30f2c84f2884 None None] RequestId filter calling following filter/app {{(pid=126760) _context_setter /opt/stack/cinder/cinder/api/middleware/request_id.py:62}}
Oct 31 14:49:31.653740 dv-cinder-860227-3-iscsi devstack@c-api.service[126760]: INFO cinder.api.openstack.wsgi [None req-5ee8fd8e-8f3c-4e95-94b5-30f2c84f2884 admin admin] POST http://10.222.0.36/volume/v3/e18b2b57837347e48db3adc0214764b8/types
Oct 31 14:49:31.655001 dv-cinder-860227-3-iscsi devstack@c-api.service[126760]: DEBUG cinder.api.openstack.wsgi [None req-5ee8fd8e-8f3c-4e95-94b5-30f2c84f2884 admin admin] Action: 'create', calling method: _create, body: {"volume_type": {"name": "lvmdriver-1", "description": null, "os-volume-type-access:is_public": true}} {{(pid=126760) _process_stack /opt/stack/cinder/cinder/api/openstack/wsgi.py:866}}
Oct 31 14:49:31.658848 dv-cinder-860227-3-iscsi devstack@c-api.service[126760]: /usr/local/lib/python3.8/dist-packages/oslo_context/context.py:100: DeprecationWarning: Policy enforcement is depending on the value of is_admin. This key is deprecated. Please update your policy file to use the standard policy values.
Oct 31 14:49:31.658848 dv-cinder-860227-3-iscsi devstack@c-api.service[126760]: warnings.warn('Policy enforcement is depending on the value of '
Oct 31 14:49:31.665536 dv-cinder-860227-3-iscsi devstack@c-api.service[126760]: DEBUG oslo_db.sqlalchemy.engines [None req-5ee8fd8e-8f3c-4e95-94b5-30f2c84f2884 admin admin] MySQL server mode set to STRICT_TRANS_TABLES,STRICT_ALL_TABLES,NO_ZERO_IN_DATE,NO_ZERO_DATE,ERROR_FOR_DIVISION_BY_ZERO,TRADITIONAL,NO_ENGINE_SUBSTITUTION {{(pid=126760) _check_effective_sql_mode /usr/local/lib/python3.8/dist-packages/oslo_db/sqlalchemy/engines.py:326}}
Oct 31 14:49:31.704183 dv-cinder-860227-3-iscsi devstack@c-api.service[126760]: INFO cinder.api.openstack.wsgi [None req-5ee8fd8e-8f3c-4e95-94b5-30f2c84f2884 admin admin] http://10.222.0.36/volume/v3/e18b2b57837347e48db3adc0214764b8/types returned with HTTP 200
Oct 31 14:49:31.704932 dv-cinder-860227-3-iscsi devstack@c-api.service[126760]: [pid: 126760|app: 0|req: 1/2] 10.222.0.36 () {60 vars in 1237 bytes} [Mon Oct 31 14:49:30 2022] POST /volume/v3/e18b2b57837347e48db3adc0214764b8/types => generated 186 bytes in 1312 msecs (HTTP/1.1 200) 7 headers in 285 bytes (1 switches on core 0)
Oct 31 14:49:31.711697 dv-cinder-860227-3-iscsi devstack@c-api.service[126759]: DEBUG cinder.api.middleware.request_id [req-5ee8fd8e-8f3c-4e95-94b5-30f2c84f2884 req-3644ef85-727e-4865-bdfa-823ec1876ebc None None] RequestId filter calling following filter/app {{(pid=126759) _context_setter /opt/stack/cinder/cinder/api/middleware/request_id.py:62}}
Oct 31 14:49:32.343466 dv-cinder-860227-3-iscsi devstack@c-api.service[126759]: INFO cinder.api.openstack.wsgi [req-5ee8fd8e-8f3c-4e95-94b5-30f2c84f2884 req-3644ef85-727e-4865-bdfa-823ec1876ebc admin admin] POST http://10.222.0.36/volume/v3/e18b2b57837347e48db3adc0214764b8/types/284d866a-a5ff-41ca-9714-1156ffe40a99/extra_specs
Oct 31 14:49:32.344615 dv-cinder-860227-3-iscsi devstack@c-api.service[126759]: DEBUG cinder.api.openstack.wsgi [req-5ee8fd8e-8f3c-4e95-94b5-30f2c84f2884 req-3644ef85-727e-4865-bdfa-823ec1876ebc admin admin] Action: 'create', calling method: create, body: {"extra_specs": {"volume_backend_name": "lvmdriver-1"}} {{(pid=126759) _process_stack /opt/stack/cinder/cinder/api/openstack/wsgi.py:866}}
Oct 31 14:49:32.348566 dv-cinder-860227-3-iscsi devstack@c-api.service[126759]: /usr/local/lib/python3.8/dist-packages/oslo_context/context.py:100: DeprecationWarning: Policy enforcement is depending on the value of is_admin. This key is deprecated. Please update your policy file to use the standard policy values.
Oct 31 14:49:32.348566 dv-cinder-860227-3-iscsi devstack@c-api.service[126759]: warnings.warn('Policy enforcement is depending on the value of '
Oct 31 14:49:32.356005 dv-cinder-860227-3-iscsi devstack@c-api.service[126759]: DEBUG oslo_db.sqlalchemy.engines [req-5ee8fd8e-8f3c-4e95-94b5-30f2c84f2884 req-3644ef85-727e-4865-bdfa-823ec1876ebc admin admin] MySQL server mode set to STRICT_TRANS_TABLES,STRICT_ALL_TABLES,NO_ZERO_IN_DATE,NO_ZERO_DATE,ERROR_FOR_DIVISION_BY_ZERO,TRADITIONAL,NO_ENGINE_SUBSTITUTION {{(pid=126759) _check_effective_sql_mode /usr/local/lib/python3.8/dist-packages/oslo_db/sqlalchemy/engines.py:326}}
Oct 31 14:49:32.477330 dv-cinder-860227-3-iscsi devstack@c-api.service[126759]: INFO cinder.api.openstack.wsgi [req-5ee8fd8e-8f3c-4e95-94b5-30f2c84f2884 req-3644ef85-727e-4865-bdfa-823ec1876ebc admin admin] http://10.222.0.36/volume/v3/e18b2b57837347e48db3adc0214764b8/types/284d866a-a5ff-41ca-9714-1156ffe40a99/extra_specs returned with HTTP 200
Oct 31 14:49:32.479713 dv-cinder-860227-3-iscsi devstack@c-api.service[126759]: [pid: 126759|app: 0|req: 2/3] 10.222.0.36 () {62 vars in 1454 bytes} [Mon Oct 31 14:49:31 2022] POST /volume/v3/e18b2b57837347e48db3adc0214764b8/types/284d866a-a5ff-41ca-9714-1156ffe40a99/extra_specs => generated 55 bytes in 767 msecs (HTTP/1.1 200) 7 headers in 284 bytes (1 switches on core 0)
Oct 31 14:49:41.700734 dv-cinder-860227-3-iscsi devstack@c-api.service[126760]: DEBUG dbcounter [-] [126760] Writing DB stats cinder:SELECT=18,cinder:INSERT=1 {{(pid=126760) stat_writer /usr/local/lib/python3.8/dist-packages/dbcounter.py:114}}
Oct 31 14:49:42.474562 dv-cinder-860227-3-iscsi devstack@c-api.service[126759]: DEBUG dbcounter [-] [126759] Writing DB stats cinder:SELECT=25,cinder:INSERT=1 {{(pid=126759) stat_writer /usr/local/lib/python3.8/dist-packages/dbcounter.py:114}}
Oct 31 14:50:12.718295 dv-cinder-860227-3-iscsi devstack@c-api.service[126760]: DEBUG cinder.api.middleware.request_id [None req-6b979234-572e-4888-9dc4-f7838cb3ed52 None None] RequestId filter calling following filter/app {{(pid=126760) _context_setter /opt/stack/cinder/cinder/api/middleware/request_id.py:62}}
Oct 31 14:50:12.719524 dv-cinder-860227-3-iscsi devstack@c-api.service[126760]: INFO cinder.api.openstack.wsgi [None req-6b979234-572e-4888-9dc4-f7838cb3ed52 None None] GET http://10.222.0.36/volume//
Oct 31 14:50:12.719962 dv-cinder-860227-3-iscsi devstack@c-api.service[126760]: DEBUG cinder.api.openstack.wsgi [None req-6b979234-572e-4888-9dc4-f7838cb3ed52 None None] Empty body provided in request {{(pid=126760) get_body /opt/stack/cinder/cinder/api/openstack/wsgi.py:715}}
Oct 31 14:50:12.720427 dv-cinder-860227-3-iscsi devstack@c-api.service[126760]: DEBUG cinder.api.openstack.wsgi [None req-6b979234-572e-4888-9dc4-f7838cb3ed52 None None] Calling method 'all' {{(pid=126760) _process_stack /opt/stack/cinder/cinder/api/openstack/wsgi.py:868}}
Oct 31 14:50:12.721496 dv-cinder-860227-3-iscsi devstack@c-api.service[126760]: INFO cinder.api.openstack.wsgi [None req-6b979234-572e-4888-9dc4-f7838cb3ed52 None None] http://10.222.0.36/volume// returned with HTTP 300
Oct 31 14:50:12.722050 dv-cinder-860227-3-iscsi devstack@c-api.service[126760]: [pid: 126760|app: 0|req: 2/4] 10.222.0.36 () {56 vars in 1098 bytes} [Mon Oct 31 14:50:12 2022] GET /volume/ => generated 386 bytes in 5 msecs (HTTP/1.1 300) 7 headers in 299 bytes (1 switches on core 0)
Oct 31 14:53:04.061895 dv-cinder-860227-3-iscsi devstack@c-api.service[126759]: DEBUG cinder.api.middleware.request_id [None req-08697ba3-b974-4c64-8f3a-eb344845fdd9 None None] RequestId filter calling following filter/app {{(pid=126759) _context_setter /opt/stack/cinder/cinder/api/middleware/request_id.py:62}}
Oct 31 14:53:04.542606 dv-cinder-860227-3-iscsi devstack@c-api.service[126759]: INFO cinder.api.openstack.wsgi [None req-08697ba3-b974-4c64-8f3a-eb344845fdd9 tempest-verify_tempest_config-398245598 tempest-verify_tempest_config-398245598-project] GET http://10.222.0.36/volume/v3/451f1a67549f446198f8c57156142f58/extensions
Oct 31 14:53:04.543057 dv-cinder-860227-3-iscsi devstack@c-api.service[126759]: DEBUG cinder.api.openstack.wsgi [None req-08697ba3-b974-4c64-8f3a-eb344845fdd9 tempest-verify_tempest_config-398245598 tempest-verify_tempest_config-398245598-project] Empty body provided in request {{(pid=126759) get_body /opt/stack/cinder/cinder/api/openstack/wsgi.py:715}}
Oct 31 14:53:04.543509 dv-cinder-860227-3-iscsi devstack@c-api.service[126759]: DEBUG cinder.api.openstack.wsgi [None req-08697ba3-b974-4c64-8f3a-eb344845fdd9 tempest-verify_tempest_config-398245598 tempest-verify_tempest_config-398245598-project] Calling method 'index' {{(pid=126759) _process_stack /opt/stack/cinder/cinder/api/openstack/wsgi.py:868}}
Oct 31 14:53:04.544254 dv-cinder-860227-3-iscsi devstack@c-api.service[126759]: INFO cinder.api.openstack.wsgi [None req-08697ba3-b974-4c64-8f3a-eb344845fdd9 tempest-verify_tempest_config-398245598 tempest-verify_tempest_config-398245598-project] http://10.222.0.36/volume/v3/451f1a67549f446198f8c57156142f58/extensions returned with HTTP 200
Oct 31 14:53:04.544946 dv-cinder-860227-3-iscsi devstack@c-api.service[126759]: [pid: 126759|app: 0|req: 3/5] 10.222.0.36 () {58 vars in 1223 bytes} [Mon Oct 31 14:53:04 2022] GET /volume/v3/451f1a67549f446198f8c57156142f58/extensions => generated 5245 bytes in 485 msecs (HTTP/1.1 200) 7 headers in 286 bytes (1 switches on core 0)
Oct 31 14:54:57.687294 dv-cinder-860227-3-iscsi devstack@c-api.service[126760]: DEBUG cinder.api.middleware.request_id [None req-b305540a-a958-48aa-adf9-01818217225c None None] RequestId filter calling following filter/app {{(pid=126760) _context_setter /opt/stack/cinder/cinder/api/middleware/request_id.py:62}}
Oct 31 14:54:57.805949 dv-cinder-860227-3-iscsi devstack@c-api.service[126760]: INFO cinder.api.openstack.wsgi [None req-b305540a-a958-48aa-adf9-01818217225c admin admin] GET http://10.222.0.36/volume/v3/e18b2b57837347e48db3adc0214764b8/os-services
Oct 31 14:54:57.806408 dv-cinder-860227-3-iscsi devstack@c-api.service[126760]: DEBUG cinder.api.openstack.wsgi [None req-b305540a-a958-48aa-adf9-01818217225c admin admin] Empty body provided in request {{(pid=126760) get_body /opt/stack/cinder/cinder/api/openstack/wsgi.py:715}}
Oct 31 14:54:57.806861 dv-cinder-860227-3-iscsi devstack@c-api.service[126760]: DEBUG cinder.api.openstack.wsgi [None req-b305540a-a958-48aa-adf9-01818217225c admin admin] Calling method 'index' {{(pid=126760) _process_stack /opt/stack/cinder/cinder/api/openstack/wsgi.py:868}}
Oct 31 14:54:57.816223 dv-cinder-860227-3-iscsi devstack@c-api.service[126760]: INFO cinder.api.openstack.wsgi [None req-b305540a-a958-48aa-adf9-01818217225c admin admin] http://10.222.0.36/volume/v3/e18b2b57837347e48db3adc0214764b8/os-services returned with HTTP 200
Oct 31 14:54:57.816913 dv-cinder-860227-3-iscsi devstack@c-api.service[126760]: [pid: 126760|app: 0|req: 3/6] 10.222.0.36 () {56 vars in 1201 bytes} [Mon Oct 31 14:54:57 2022] GET /volume/v3/e18b2b57837347e48db3adc0214764b8/os-services => generated 642 bytes in 131 msecs (HTTP/1.1 200) 7 headers in 285 bytes (1 switches on core 0)
Oct 31 14:55:00.331800 dv-cinder-860227-3-iscsi devstack@c-api.service[126759]: DEBUG cinder.api.middleware.request_id [None req-26f596e6-b0be-4b94-8e10-4b5f051cddbd None None] RequestId filter calling following filter/app {{(pid=126759) _context_setter /opt/stack/cinder/cinder/api/middleware/request_id.py:62}}
Oct 31 14:55:00.382560 dv-cinder-860227-3-iscsi devstack@c-api.service[126759]: INFO cinder.api.openstack.wsgi [None req-26f596e6-b0be-4b94-8e10-4b5f051cddbd admin admin] GET http://10.222.0.36/volume/v3/e18b2b57837347e48db3adc0214764b8/os-services
Oct 31 14:55:00.383037 dv-cinder-860227-3-iscsi devstack@c-api.service[126759]: DEBUG cinder.api.openstack.wsgi [None req-26f596e6-b0be-4b94-8e10-4b5f051cddbd admin admin] Empty body provided in request {{(pid=126759) get_body /opt/stack/cinder/cinder/api/openstack/wsgi.py:715}}
Oct 31 14:55:00.383479 dv-cinder-860227-3-iscsi devstack@c-api.service[126759]: DEBUG cinder.api.openstack.wsgi [None req-26f596e6-b0be-4b94-8e10-4b5f051cddbd admin admin] Calling method 'index' {{(pid=126759) _process_stack /opt/stack/cinder/cinder/api/openstack/wsgi.py:868}}
Oct 31 14:55:00.393428 dv-cinder-860227-3-iscsi devstack@c-api.service[126759]: INFO cinder.api.openstack.wsgi [None req-26f596e6-b0be-4b94-8e10-4b5f051cddbd admin admin] http://10.222.0.36/volume/v3/e18b2b57837347e48db3adc0214764b8/os-services returned with HTTP 200
Oct 31 14:55:00.394149 dv-cinder-860227-3-iscsi devstack@c-api.service[126759]: [pid: 126759|app: 0|req: 4/7] 10.222.0.36 () {56 vars in 1201 bytes} [Mon Oct 31 14:55:00 2022] GET /volume/v3/e18b2b57837347e48db3adc0214764b8/os-services => generated 642 bytes in 64 msecs (HTTP/1.1 200) 7 headers in 285 bytes (1 switches on core 0)
Oct 31 14:55:07.812347 dv-cinder-860227-3-iscsi devstack@c-api.service[126760]: DEBUG dbcounter [-] [126760] Writing DB stats cinder:SELECT=2 {{(pid=126760) stat_writer /usr/local/lib/python3.8/dist-packages/dbcounter.py:114}}
Oct 31 14:55:10.388552 dv-cinder-860227-3-iscsi devstack@c-api.service[126759]: DEBUG dbcounter [-] [126759] Writing DB stats cinder:SELECT=2 {{(pid=126759) stat_writer /usr/local/lib/python3.8/dist-packages/dbcounter.py:114}}
Oct 31 14:56:28.164139 dv-cinder-860227-3-iscsi devstack@c-api.service[126760]: DEBUG cinder.api.middleware.request_id [req-7a6cf824-db0b-4419-be57-c05f4e893302 req-e87fab7e-5116-44a0-866e-6be0191f4211 None None] RequestId filter calling following filter/app {{(pid=126760) _context_setter /opt/stack/cinder/cinder/api/middleware/request_id.py:62}}
Oct 31 14:56:28.938412 dv-cinder-860227-3-iscsi devstack@c-api.service[126760]: WARNING keystonemiddleware.auth_token [req-7a6cf824-db0b-4419-be57-c05f4e893302 req-e87fab7e-5116-44a0-866e-6be0191f4211 None None] A valid token was submitted as a service token, but it was not a valid service token. This is incorrect but backwards compatible behaviour. This will be removed in future releases.
Oct 31 14:56:28.941697 dv-cinder-860227-3-iscsi devstack@c-api.service[126760]: INFO cinder.api.openstack.wsgi [req-7a6cf824-db0b-4419-be57-c05f4e893302 req-e87fab7e-5116-44a0-866e-6be0191f4211 tempest-VolumesGetTestJSON-106022975 tempest-VolumesGetTestJSON-106022975-project] POST http://10.222.0.36/volume/v3/713e15a5407049b2a8efd3ec38cd26cf/volumes
Oct 31 14:56:28.942460 dv-cinder-860227-3-iscsi devstack@c-api.service[126760]: DEBUG cinder.api.openstack.wsgi [req-7a6cf824-db0b-4419-be57-c05f4e893302 req-e87fab7e-5116-44a0-866e-6be0191f4211 tempest-VolumesGetTestJSON-106022975 tempest-VolumesGetTestJSON-106022975-project] Action: 'create', calling method: create, body: {"volume": {"size": 1, "consistencygroup_id": null, "snapshot_id": null, "name": "tempest-VolumesGetTestJSON-Volume-565874930", "description": null, "volume_type": null, "availability_zone": null, "metadata": {"Type": "work"}, "imageRef": null, "source_volid": null, "backup_id": null}} {{(pid=126760) _process_stack /opt/stack/cinder/cinder/api/openstack/wsgi.py:866}}
Oct 31 14:56:28.945656 dv-cinder-860227-3-iscsi devstack@c-api.service[126760]: DEBUG cinder.api.v3.volumes [req-7a6cf824-db0b-4419-be57-c05f4e893302 req-e87fab7e-5116-44a0-866e-6be0191f4211 tempest-VolumesGetTestJSON-106022975 tempest-VolumesGetTestJSON-106022975-project] Create volume request body: {'volume': {'size': 1, 'consistencygroup_id': None, 'snapshot_id': None, 'name': 'tempest-VolumesGetTestJSON-Volume-565874930', 'description': None, 'volume_type': None, 'availability_zone': None, 'metadata': {'Type': 'work'}, 'imageRef': None, 'source_volid': None, 'backup_id': None}} {{(pid=126760) create /opt/stack/cinder/cinder/api/v3/volumes.py:298}}
Oct 31 14:56:28.946316 dv-cinder-860227-3-iscsi devstack@c-api.service[126760]: INFO cinder.api.v3.volumes [req-7a6cf824-db0b-4419-be57-c05f4e893302 req-e87fab7e-5116-44a0-866e-6be0191f4211 tempest-VolumesGetTestJSON-106022975 tempest-VolumesGetTestJSON-106022975-project] Create volume of 1 GB
Oct 31 14:56:28.981659 dv-cinder-860227-3-iscsi devstack@c-api.service[126760]: DEBUG cinder.volume.api [req-7a6cf824-db0b-4419-be57-c05f4e893302 req-e87fab7e-5116-44a0-866e-6be0191f4211 tempest-VolumesGetTestJSON-106022975 tempest-VolumesGetTestJSON-106022975-project] Availability zone cache updated, next update will occur around 2022-10-31 15:56:28.978152. {{(pid=126760) list_availability_zones /opt/stack/cinder/cinder/volume/api.py:153}}
Oct 31 14:56:28.982731 dv-cinder-860227-3-iscsi devstack@c-api.service[126760]: INFO cinder.volume.api [req-7a6cf824-db0b-4419-be57-c05f4e893302 req-e87fab7e-5116-44a0-866e-6be0191f4211 tempest-VolumesGetTestJSON-106022975 tempest-VolumesGetTestJSON-106022975-project] Availability Zones retrieved successfully.
Oct 31 14:56:29.069649 dv-cinder-860227-3-iscsi devstack@c-api.service[126760]: DEBUG cinder.volume.api [req-7a6cf824-db0b-4419-be57-c05f4e893302 req-e87fab7e-5116-44a0-866e-6be0191f4211 tempest-VolumesGetTestJSON-106022975 tempest-VolumesGetTestJSON-106022975-project] Flow 'volume_create_api' (1b214980-7b7e-48ca-b45e-dba6067e25e3) transitioned into state 'RUNNING' from state 'PENDING' {{(pid=126760) _flow_receiver /usr/local/lib/python3.8/dist-packages/taskflow/listeners/logging.py:141}}
Oct 31 14:56:29.072527 dv-cinder-860227-3-iscsi devstack@c-api.service[126760]: DEBUG cinder.volume.api [req-7a6cf824-db0b-4419-be57-c05f4e893302 req-e87fab7e-5116-44a0-866e-6be0191f4211 tempest-VolumesGetTestJSON-106022975 tempest-VolumesGetTestJSON-106022975-project] Task 'cinder.volume.flows.api.create_volume.ExtractVolumeRequestTask;volume:create' (3190a968-eeab-46a0-a529-799c6a165bca) transitioned into state 'RUNNING' from state 'PENDING' {{(pid=126760) _task_receiver /usr/local/lib/python3.8/dist-packages/taskflow/listeners/logging.py:190}}
Oct 31 14:56:29.075536 dv-cinder-860227-3-iscsi devstack@c-api.service[126760]: DEBUG cinder.volume.flows.api.create_volume [req-7a6cf824-db0b-4419-be57-c05f4e893302 req-e87fab7e-5116-44a0-866e-6be0191f4211 tempest-VolumesGetTestJSON-106022975 tempest-VolumesGetTestJSON-106022975-project] Validating volume size '1' using validate_int {{(pid=126760) _extract_size /opt/stack/cinder/cinder/volume/flows/api/create_volume.py:228}}
Oct 31 14:56:29.215126 dv-cinder-860227-3-iscsi devstack@c-api.service[126760]: DEBUG cinder.volume.api [req-7a6cf824-db0b-4419-be57-c05f4e893302 req-e87fab7e-5116-44a0-866e-6be0191f4211 tempest-VolumesGetTestJSON-106022975 tempest-VolumesGetTestJSON-106022975-project] Task 'cinder.volume.flows.api.create_volume.ExtractVolumeRequestTask;volume:create' (3190a968-eeab-46a0-a529-799c6a165bca) transitioned into state 'SUCCESS' from state 'RUNNING' with result '{'size': 1, 'snapshot_id': None, 'source_volid': None, 'volume_type': VolumeType(created_at=2022-10-31T14:46:41Z,deleted=False,deleted_at=None,description='Default Volume Type',extra_specs={},id=5ab3e0ed-07b8-4231-9ef0-d9ee12d91a21,is_public=True,name='__DEFAULT__',projects=[],qos_specs=,qos_specs_id=None,updated_at=2022-10-31T14:46:41Z), 'volume_type_id': '5ab3e0ed-07b8-4231-9ef0-d9ee12d91a21', 'encryption_key_id': None, 'qos_specs': None, 'consistencygroup_id': None, 'cgsnapshot_id': None, 'group_id': None, 'replication_status': 'disabled', 'refresh_az': False, 'backup_id': None, 'multiattach': False, 'availability_zones': ['nova']}' {{(pid=126760) _task_receiver /usr/local/lib/python3.8/dist-packages/taskflow/listeners/logging.py:178}}
Oct 31 14:56:29.217170 dv-cinder-860227-3-iscsi devstack@c-api.service[126760]: DEBUG cinder.volume.api [req-7a6cf824-db0b-4419-be57-c05f4e893302 req-e87fab7e-5116-44a0-866e-6be0191f4211 tempest-VolumesGetTestJSON-106022975 tempest-VolumesGetTestJSON-106022975-project] Task 'cinder.volume.flows.api.create_volume.QuotaReserveTask;volume:create' (dba86dcb-9abc-4b49-9173-5907aa4964aa) transitioned into state 'RUNNING' from state 'PENDING' {{(pid=126760) _task_receiver /usr/local/lib/python3.8/dist-packages/taskflow/listeners/logging.py:190}}
Oct 31 14:56:29.343852 dv-cinder-860227-3-iscsi devstack@c-api.service[126760]: WARNING cinder.quota [req-7a6cf824-db0b-4419-be57-c05f4e893302 req-e87fab7e-5116-44a0-866e-6be0191f4211 tempest-VolumesGetTestJSON-106022975 tempest-VolumesGetTestJSON-106022975-project] Deprecated: Default quota for resource: volumes___DEFAULT__ is set by the default quota flag: quota_volumes___DEFAULT__, it is now deprecated. Please use the default quota class for default quota.
Oct 31 14:56:29.345074 dv-cinder-860227-3-iscsi devstack@c-api.service[126760]: WARNING cinder.quota [req-7a6cf824-db0b-4419-be57-c05f4e893302 req-e87fab7e-5116-44a0-866e-6be0191f4211 tempest-VolumesGetTestJSON-106022975 tempest-VolumesGetTestJSON-106022975-project] Deprecated: Default quota for resource: gigabytes___DEFAULT__ is set by the default quota flag: quota_gigabytes___DEFAULT__, it is now deprecated. Please use the default quota class for default quota.
Oct 31 14:56:29.372629 dv-cinder-860227-3-iscsi devstack@c-api.service[126759]: DEBUG cinder.api.middleware.request_id [None req-443eff81-1481-43c9-bae5-dae4183aa2fe None None] RequestId filter calling following filter/app {{(pid=126759) _context_setter /opt/stack/cinder/cinder/api/middleware/request_id.py:62}}
Oct 31 14:56:29.479696 dv-cinder-860227-3-iscsi devstack@c-api.service[126760]: DEBUG cinder.quota [req-7a6cf824-db0b-4419-be57-c05f4e893302 req-e87fab7e-5116-44a0-866e-6be0191f4211 tempest-VolumesGetTestJSON-106022975 tempest-VolumesGetTestJSON-106022975-project] Created reservations ['99775021-ec24-4c71-bec3-51f230d4ac66', 'f03c28ab-e15b-418f-9780-52ee2b510e93', '82930829-286b-4254-b144-5eccda27b632', 'ccc98811-3781-4a1f-be2f-40bd5e0419db'] {{(pid=126760) reserve /opt/stack/cinder/cinder/quota.py:755}}
Oct 31 14:56:29.483570 dv-cinder-860227-3-iscsi devstack@c-api.service[126760]: DEBUG cinder.volume.api [req-7a6cf824-db0b-4419-be57-c05f4e893302 req-e87fab7e-5116-44a0-866e-6be0191f4211 tempest-VolumesGetTestJSON-106022975 tempest-VolumesGetTestJSON-106022975-project] Task 'cinder.volume.flows.api.create_volume.QuotaReserveTask;volume:create' (dba86dcb-9abc-4b49-9173-5907aa4964aa) transitioned into state 'SUCCESS' from state 'RUNNING' with result '{'reservations': ['99775021-ec24-4c71-bec3-51f230d4ac66', 'f03c28ab-e15b-418f-9780-52ee2b510e93', '82930829-286b-4254-b144-5eccda27b632', 'ccc98811-3781-4a1f-be2f-40bd5e0419db']}' {{(pid=126760) _task_receiver /usr/local/lib/python3.8/dist-packages/taskflow/listeners/logging.py:178}}
Oct 31 14:56:29.486395 dv-cinder-860227-3-iscsi devstack@c-api.service[126760]: DEBUG cinder.volume.api [req-7a6cf824-db0b-4419-be57-c05f4e893302 req-e87fab7e-5116-44a0-866e-6be0191f4211 tempest-VolumesGetTestJSON-106022975 tempest-VolumesGetTestJSON-106022975-project] Task 'cinder.volume.flows.api.create_volume.EntryCreateTask;volume:create' (158654c0-babf-446d-8758-e5d061e5d0f5) transitioned into state 'RUNNING' from state 'PENDING' {{(pid=126760) _task_receiver /usr/local/lib/python3.8/dist-packages/taskflow/listeners/logging.py:190}}
Oct 31 14:56:29.723542 dv-cinder-860227-3-iscsi devstack@c-api.service[126760]: DEBUG cinder.volume.api [req-7a6cf824-db0b-4419-be57-c05f4e893302 req-e87fab7e-5116-44a0-866e-6be0191f4211 tempest-VolumesGetTestJSON-106022975 tempest-VolumesGetTestJSON-106022975-project] Task 'cinder.volume.flows.api.create_volume.EntryCreateTask;volume:create' (158654c0-babf-446d-8758-e5d061e5d0f5) transitioned into state 'SUCCESS' from state 'RUNNING' with result '{'volume_id': '6a641989-abc3-455d-ba8a-fdd079ed27f9', 'volume_properties': VolumeProperties(attach_status='detached',availability_zone='nova',cgsnapshot_id=None,consistencygroup_id=None,display_description=None,display_name='tempest-VolumesGetTestJSON-Volume-565874930',encryption_key_id=None,group_id=None,group_type_id=,metadata={Type='work'},multiattach=False,project_id='713e15a5407049b2a8efd3ec38cd26cf',qos_specs=None,replication_status=,reservations=['99775021-ec24-4c71-bec3-51f230d4ac66','f03c28ab-e15b-418f-9780-52ee2b510e93','82930829-286b-4254-b144-5eccda27b632','ccc98811-3781-4a1f-be2f-40bd5e0419db'],size=1,snapshot_id=None,source_replicaid=,source_volid=None,status='creating',user_id='78dbaf070ba94a0894cecc104ab26e42',volume_type_id=5ab3e0ed-07b8-4231-9ef0-d9ee12d91a21), 'volume': Volume(_name_id=None,admin_metadata=,attach_status='detached',availability_zone='nova',bootable=False,cluster=,cluster_name=None,consistencygroup=,consistencygroup_id=None,created_at=2022-10-31T14:56:29Z,deleted=False,deleted_at=None,display_description=None,display_name='tempest-VolumesGetTestJSON-Volume-565874930',ec2_id=None,encryption_key_id=None,glance_metadata=,group=,group_id=None,host=None,id=6a641989-abc3-455d-ba8a-fdd079ed27f9,launched_at=None,metadata={Type='work'},migration_status=None,multiattach=False,previous_status=None,project_id='713e15a5407049b2a8efd3ec38cd26cf',provider_auth=None,provider_geometry=None,provider_id=None,provider_location=None,replication_driver_data=None,replication_extended_status=None,replication_status=None,scheduled_at=None,service_uuid=None,shared_targets=True,size=1,snapshot_id=None,snapshots=,source_volid=None,status='creating',terminated_at=None,updated_at=None,use_quota=True,user_id='78dbaf070ba94a0894cecc104ab26e42',volume_attachment=VolumeAttachmentList,volume_type=VolumeType(5ab3e0ed-07b8-4231-9ef0-d9ee12d91a21),volume_type_id=5ab3e0ed-07b8-4231-9ef0-d9ee12d91a21)}' {{(pid=126760) _task_receiver /usr/local/lib/python3.8/dist-packages/taskflow/listeners/logging.py:178}}
Oct 31 14:56:29.725407 dv-cinder-860227-3-iscsi devstack@c-api.service[126760]: DEBUG cinder.volume.api [req-7a6cf824-db0b-4419-be57-c05f4e893302 req-e87fab7e-5116-44a0-866e-6be0191f4211 tempest-VolumesGetTestJSON-106022975 tempest-VolumesGetTestJSON-106022975-project] Task 'cinder.volume.flows.api.create_volume.QuotaCommitTask;volume:create' (0aeec5e0-4695-4887-80d4-488e6d62e20c) transitioned into state 'RUNNING' from state 'PENDING' {{(pid=126760) _task_receiver /usr/local/lib/python3.8/dist-packages/taskflow/listeners/logging.py:190}}
Oct 31 14:56:29.821955 dv-cinder-860227-3-iscsi devstack@c-api.service[126759]: INFO cinder.api.openstack.wsgi [None req-443eff81-1481-43c9-bae5-dae4183aa2fe tempest-BackendsCapabilitiesAdminTestsJSON-341026932 tempest-BackendsCapabilitiesAdminTestsJSON-341026932-project-admin] GET http://10.222.0.36/volume/v3/febf47c5b6ed49c185dfd2b768614df6/scheduler-stats/get_pools
Oct 31 14:56:29.824371 dv-cinder-860227-3-iscsi devstack@c-api.service[126759]: DEBUG cinder.api.openstack.wsgi [None req-443eff81-1481-43c9-bae5-dae4183aa2fe tempest-BackendsCapabilitiesAdminTestsJSON-341026932 tempest-BackendsCapabilitiesAdminTestsJSON-341026932-project-admin] Empty body provided in request {{(pid=126759) get_body /opt/stack/cinder/cinder/api/openstack/wsgi.py:715}}
Oct 31 14:56:29.824824 dv-cinder-860227-3-iscsi devstack@c-api.service[126760]: DEBUG cinder.volume.api [req-7a6cf824-db0b-4419-be57-c05f4e893302 req-e87fab7e-5116-44a0-866e-6be0191f4211 tempest-VolumesGetTestJSON-106022975 tempest-VolumesGetTestJSON-106022975-project] Task 'cinder.volume.flows.api.create_volume.QuotaCommitTask;volume:create' (0aeec5e0-4695-4887-80d4-488e6d62e20c) transitioned into state 'SUCCESS' from state 'RUNNING' with result '{'volume_properties': VolumeProperties(attach_status='detached',availability_zone='nova',cgsnapshot_id=None,consistencygroup_id=None,display_description=None,display_name='tempest-VolumesGetTestJSON-Volume-565874930',encryption_key_id=None,group_id=None,group_type_id=,metadata={Type='work'},multiattach=False,project_id='713e15a5407049b2a8efd3ec38cd26cf',qos_specs=None,replication_status=,reservations=['99775021-ec24-4c71-bec3-51f230d4ac66','f03c28ab-e15b-418f-9780-52ee2b510e93','82930829-286b-4254-b144-5eccda27b632','ccc98811-3781-4a1f-be2f-40bd5e0419db'],size=1,snapshot_id=None,source_replicaid=,source_volid=None,status='creating',user_id='78dbaf070ba94a0894cecc104ab26e42',volume_type_id=5ab3e0ed-07b8-4231-9ef0-d9ee12d91a21)}' {{(pid=126760) _task_receiver /usr/local/lib/python3.8/dist-packages/taskflow/listeners/logging.py:178}}
Oct 31 14:56:29.825407 dv-cinder-860227-3-iscsi devstack@c-api.service[126759]: DEBUG cinder.api.openstack.wsgi [None req-443eff81-1481-43c9-bae5-dae4183aa2fe tempest-BackendsCapabilitiesAdminTestsJSON-341026932 tempest-BackendsCapabilitiesAdminTestsJSON-341026932-project-admin] Calling method 'get_pools' {{(pid=126759) _process_stack /opt/stack/cinder/cinder/api/openstack/wsgi.py:868}}
Oct 31 14:56:29.829474 dv-cinder-860227-3-iscsi devstack@c-api.service[126760]: DEBUG cinder.volume.api [req-7a6cf824-db0b-4419-be57-c05f4e893302 req-e87fab7e-5116-44a0-866e-6be0191f4211 tempest-VolumesGetTestJSON-106022975 tempest-VolumesGetTestJSON-106022975-project] Task 'cinder.volume.flows.api.create_volume.VolumeCastTask;volume:create' (ba312b4e-430c-4fca-ad7e-50c915fad3a8) transitioned into state 'RUNNING' from state 'PENDING' {{(pid=126760) _task_receiver /usr/local/lib/python3.8/dist-packages/taskflow/listeners/logging.py:190}}
Oct 31 14:56:29.928523 dv-cinder-860227-3-iscsi devstack@c-api.service[126759]: INFO cinder.api.openstack.wsgi [None req-443eff81-1481-43c9-bae5-dae4183aa2fe tempest-BackendsCapabilitiesAdminTestsJSON-341026932 tempest-BackendsCapabilitiesAdminTestsJSON-341026932-project-admin] http://10.222.0.36/volume/v3/febf47c5b6ed49c185dfd2b768614df6/scheduler-stats/get_pools returned with HTTP 200
Oct 31 14:56:29.930805 dv-cinder-860227-3-iscsi devstack@c-api.service[126760]: DEBUG cinder.volume.api [req-7a6cf824-db0b-4419-be57-c05f4e893302 req-e87fab7e-5116-44a0-866e-6be0191f4211 tempest-VolumesGetTestJSON-106022975 tempest-VolumesGetTestJSON-106022975-project] Task 'cinder.volume.flows.api.create_volume.VolumeCastTask;volume:create' (ba312b4e-430c-4fca-ad7e-50c915fad3a8) transitioned into state 'SUCCESS' from state 'RUNNING' with result 'None' {{(pid=126760) _task_receiver /usr/local/lib/python3.8/dist-packages/taskflow/listeners/logging.py:178}}
Oct 31 14:56:29.933724 dv-cinder-860227-3-iscsi devstack@c-api.service[126760]: DEBUG cinder.volume.api [req-7a6cf824-db0b-4419-be57-c05f4e893302 req-e87fab7e-5116-44a0-866e-6be0191f4211 tempest-VolumesGetTestJSON-106022975 tempest-VolumesGetTestJSON-106022975-project] Flow 'volume_create_api' (1b214980-7b7e-48ca-b45e-dba6067e25e3) transitioned into state 'SUCCESS' from state 'RUNNING' {{(pid=126760) _flow_receiver /usr/local/lib/python3.8/dist-packages/taskflow/listeners/logging.py:141}}
Oct 31 14:56:29.935246 dv-cinder-860227-3-iscsi devstack@c-api.service[126760]: INFO cinder.volume.api [req-7a6cf824-db0b-4419-be57-c05f4e893302 req-e87fab7e-5116-44a0-866e-6be0191f4211 tempest-VolumesGetTestJSON-106022975 tempest-VolumesGetTestJSON-106022975-project] Create volume request issued successfully.
Oct 31 14:56:29.938100 dv-cinder-860227-3-iscsi devstack@c-api.service[126759]: [pid: 126759|app: 0|req: 5/8] 10.222.0.36 () {58 vars in 1268 bytes} [Mon Oct 31 14:56:29 2022] GET /volume/v3/febf47c5b6ed49c185dfd2b768614df6/scheduler-stats/get_pools => generated 66 bytes in 567 msecs (HTTP/1.1 200) 7 headers in 284 bytes (1 switches on core 0)
Oct 31 14:56:29.939645 dv-cinder-860227-3-iscsi devstack@c-api.service[126759]: DEBUG cinder.api.middleware.request_id [None req-355a7961-05a0-4cef-a907-771183ba966d None None] RequestId filter calling following filter/app {{(pid=126759) _context_setter /opt/stack/cinder/cinder/api/middleware/request_id.py:62}}
Oct 31 14:56:29.941693 dv-cinder-860227-3-iscsi devstack@c-api.service[126760]: INFO cinder.api.openstack.wsgi [req-7a6cf824-db0b-4419-be57-c05f4e893302 req-e87fab7e-5116-44a0-866e-6be0191f4211 tempest-VolumesGetTestJSON-106022975 tempest-VolumesGetTestJSON-106022975-project] http://10.222.0.36/volume/v3/713e15a5407049b2a8efd3ec38cd26cf/volumes returned with HTTP 202
Oct 31 14:56:29.943490 dv-cinder-860227-3-iscsi devstack@c-api.service[126760]: [pid: 126760|app: 0|req: 4/9] 10.222.0.36 () {64 vars in 1521 bytes} [Mon Oct 31 14:56:28 2022] POST /volume/v3/713e15a5407049b2a8efd3ec38cd26cf/volumes => generated 831 bytes in 1780 msecs (HTTP/1.1 202) 7 headers in 291 bytes (1 switches on core 0)
Oct 31 14:56:29.945465 dv-cinder-860227-3-iscsi devstack@c-api.service[126760]: DEBUG cinder.api.middleware.request_id [None req-4bf3f150-e775-4c6b-8bdd-327784a4bd35 None None] RequestId filter calling following filter/app {{(pid=126760) _context_setter /opt/stack/cinder/cinder/api/middleware/request_id.py:62}}
Oct 31 14:56:29.953467 dv-cinder-860227-3-iscsi devstack@c-api.service[126760]: INFO cinder.api.openstack.wsgi [None req-4bf3f150-e775-4c6b-8bdd-327784a4bd35 tempest-BackendsCapabilitiesAdminTestsJSON-341026932 tempest-BackendsCapabilitiesAdminTestsJSON-341026932-project-admin] GET http://10.222.0.36/volume/v3/febf47c5b6ed49c185dfd2b768614df6/scheduler-stats/get_pools?detail=True
Oct 31 14:56:29.956521 dv-cinder-860227-3-iscsi devstack@c-api.service[126760]: DEBUG cinder.api.openstack.wsgi [None req-4bf3f150-e775-4c6b-8bdd-327784a4bd35 tempest-BackendsCapabilitiesAdminTestsJSON-341026932 tempest-BackendsCapabilitiesAdminTestsJSON-341026932-project-admin] Empty body provided in request {{(pid=126760) get_body /opt/stack/cinder/cinder/api/openstack/wsgi.py:715}}
Oct 31 14:56:29.957397 dv-cinder-860227-3-iscsi devstack@c-api.service[126760]: DEBUG cinder.api.openstack.wsgi [None req-4bf3f150-e775-4c6b-8bdd-327784a4bd35 tempest-BackendsCapabilitiesAdminTestsJSON-341026932 tempest-BackendsCapabilitiesAdminTestsJSON-341026932-project-admin] Calling method 'get_pools' {{(pid=126760) _process_stack /opt/stack/cinder/cinder/api/openstack/wsgi.py:868}}
Oct 31 14:56:29.958550 dv-cinder-860227-3-iscsi devstack@c-api.service[126760]: /usr/local/lib/python3.8/dist-packages/oslo_context/context.py:100: DeprecationWarning: Policy enforcement is depending on the value of is_admin. This key is deprecated. Please update your policy file to use the standard policy values.
Oct 31 14:56:29.958550 dv-cinder-860227-3-iscsi devstack@c-api.service[126760]: warnings.warn('Policy enforcement is depending on the value of '
Oct 31 14:56:30.051895 dv-cinder-860227-3-iscsi devstack@c-api.service[126759]: INFO cinder.api.openstack.wsgi [None req-355a7961-05a0-4cef-a907-771183ba966d tempest-GroupSnapshotsV319Test-631566987 tempest-GroupSnapshotsV319Test-631566987-project-admin] POST http://10.222.0.36/volume/v3/5c2b1a5357ae42b9b12418dd405816c7/types
Oct 31 14:56:30.052665 dv-cinder-860227-3-iscsi devstack@c-api.service[126759]: DEBUG cinder.api.openstack.wsgi [None req-355a7961-05a0-4cef-a907-771183ba966d tempest-GroupSnapshotsV319Test-631566987 tempest-GroupSnapshotsV319Test-631566987-project-admin] Action: 'create', calling method: _create, body: {"volume_type": {"name": "tempest-GroupSnapshotsV319Test-volume-type-1227466897"}} {{(pid=126759) _process_stack /opt/stack/cinder/cinder/api/openstack/wsgi.py:866}}
Oct 31 14:56:30.112495 dv-cinder-860227-3-iscsi devstack@c-api.service[126759]: INFO cinder.api.openstack.wsgi [None req-355a7961-05a0-4cef-a907-771183ba966d tempest-GroupSnapshotsV319Test-631566987 tempest-GroupSnapshotsV319Test-631566987-project-admin] http://10.222.0.36/volume/v3/5c2b1a5357ae42b9b12418dd405816c7/types returned with HTTP 200
Oct 31 14:56:30.113485 dv-cinder-860227-3-iscsi devstack@c-api.service[126759]: [pid: 126759|app: 0|req: 6/10] 10.222.0.36 () {60 vars in 1229 bytes} [Mon Oct 31 14:56:29 2022] POST /volume/v3/5c2b1a5357ae42b9b12418dd405816c7/types => generated 228 bytes in 175 msecs (HTTP/1.1 200) 7 headers in 285 bytes (1 switches on core 0)
Oct 31 14:56:30.116538 dv-cinder-860227-3-iscsi devstack@c-api.service[126759]: DEBUG cinder.api.middleware.request_id [req-7a6cf824-db0b-4419-be57-c05f4e893302 req-2bc0752c-28ce-4a7a-8d02-cf3280eadcbb None None] RequestId filter calling following filter/app {{(pid=126759) _context_setter /opt/stack/cinder/cinder/api/middleware/request_id.py:62}}
Oct 31 14:56:30.121229 dv-cinder-860227-3-iscsi devstack@c-api.service[126759]: WARNING keystonemiddleware.auth_token [req-7a6cf824-db0b-4419-be57-c05f4e893302 req-2bc0752c-28ce-4a7a-8d02-cf3280eadcbb None None] A valid token was submitted as a service token, but it was not a valid service token. This is incorrect but backwards compatible behaviour. This will be removed in future releases.
Oct 31 14:56:30.129301 dv-cinder-860227-3-iscsi devstack@c-api.service[126759]: INFO cinder.api.openstack.wsgi [req-7a6cf824-db0b-4419-be57-c05f4e893302 req-2bc0752c-28ce-4a7a-8d02-cf3280eadcbb tempest-VolumesGetTestJSON-106022975 tempest-VolumesGetTestJSON-106022975-project] GET http://10.222.0.36/volume/v3/713e15a5407049b2a8efd3ec38cd26cf/volumes/6a641989-abc3-455d-ba8a-fdd079ed27f9
Oct 31 14:56:30.129775 dv-cinder-860227-3-iscsi devstack@c-api.service[126759]: DEBUG cinder.api.openstack.wsgi [req-7a6cf824-db0b-4419-be57-c05f4e893302 req-2bc0752c-28ce-4a7a-8d02-cf3280eadcbb tempest-VolumesGetTestJSON-106022975 tempest-VolumesGetTestJSON-106022975-project] Empty body provided in request {{(pid=126759) get_body /opt/stack/cinder/cinder/api/openstack/wsgi.py:715}}
Oct 31 14:56:30.130241 dv-cinder-860227-3-iscsi devstack@c-api.service[126759]: DEBUG cinder.api.openstack.wsgi [req-7a6cf824-db0b-4419-be57-c05f4e893302 req-2bc0752c-28ce-4a7a-8d02-cf3280eadcbb tempest-VolumesGetTestJSON-106022975 tempest-VolumesGetTestJSON-106022975-project] Calling method 'show' {{(pid=126759) _process_stack /opt/stack/cinder/cinder/api/openstack/wsgi.py:868}}
Oct 31 14:56:30.208279 dv-cinder-860227-3-iscsi devstack@c-api.service[126760]: INFO cinder.api.openstack.wsgi [None req-4bf3f150-e775-4c6b-8bdd-327784a4bd35 tempest-BackendsCapabilitiesAdminTestsJSON-341026932 tempest-BackendsCapabilitiesAdminTestsJSON-341026932-project-admin] http://10.222.0.36/volume/v3/febf47c5b6ed49c185dfd2b768614df6/scheduler-stats/get_pools?detail=True returned with HTTP 200
Oct 31 14:56:30.210664 dv-cinder-860227-3-iscsi devstack@c-api.service[126760]: [pid: 126760|app: 0|req: 5/11] 10.222.0.36 () {58 vars in 1291 bytes} [Mon Oct 31 14:56:29 2022] GET /volume/v3/febf47c5b6ed49c185dfd2b768614df6/scheduler-stats/get_pools?detail=True => generated 482 bytes in 266 msecs (HTTP/1.1 200) 7 headers in 285 bytes (1 switches on core 0)
Oct 31 14:56:30.214293 dv-cinder-860227-3-iscsi devstack@c-api.service[126760]: DEBUG cinder.api.middleware.request_id [None req-c47678c7-a052-48c0-b09f-4b3661d17212 None None] RequestId filter calling following filter/app {{(pid=126760) _context_setter /opt/stack/cinder/cinder/api/middleware/request_id.py:62}}
Oct 31 14:56:30.221621 dv-cinder-860227-3-iscsi devstack@c-api.service[126760]: INFO cinder.api.openstack.wsgi [None req-c47678c7-a052-48c0-b09f-4b3661d17212 tempest-GroupSnapshotsV319Test-631566987 tempest-GroupSnapshotsV319Test-631566987-project-admin] POST http://10.222.0.36/volume/v3/5c2b1a5357ae42b9b12418dd405816c7/group_types
Oct 31 14:56:30.223679 dv-cinder-860227-3-iscsi devstack@c-api.service[126760]: DEBUG cinder.api.openstack.wsgi [None req-c47678c7-a052-48c0-b09f-4b3661d17212 tempest-GroupSnapshotsV319Test-631566987 tempest-GroupSnapshotsV319Test-631566987-project-admin] Action: 'create', calling method: version_select, body: {"group_type": {"name": "tempest-GroupSnapshotsV319Test-group-type-1679774983"}} {{(pid=126760) _process_stack /opt/stack/cinder/cinder/api/openstack/wsgi.py:866}}
Oct 31 14:56:30.262528 dv-cinder-860227-3-iscsi devstack@c-api.service[126759]: /usr/local/lib/python3.8/dist-packages/oslo_context/context.py:100: DeprecationWarning: Policy enforcement is depending on the value of is_admin. This key is deprecated. Please update your policy file to use the standard policy values.
Oct 31 14:56:30.262528 dv-cinder-860227-3-iscsi devstack@c-api.service[126759]: warnings.warn('Policy enforcement is depending on the value of '
Oct 31 14:56:30.276606 dv-cinder-860227-3-iscsi devstack@c-api.service[126759]: INFO cinder.volume.api [req-7a6cf824-db0b-4419-be57-c05f4e893302 req-2bc0752c-28ce-4a7a-8d02-cf3280eadcbb tempest-VolumesGetTestJSON-106022975 tempest-VolumesGetTestJSON-106022975-project] Volume info retrieved successfully.
Oct 31 14:56:30.294691 dv-cinder-860227-3-iscsi devstack@c-api.service[126759]: INFO cinder.api.openstack.wsgi [req-7a6cf824-db0b-4419-be57-c05f4e893302 req-2bc0752c-28ce-4a7a-8d02-cf3280eadcbb tempest-VolumesGetTestJSON-106022975 tempest-VolumesGetTestJSON-106022975-project] http://10.222.0.36/volume/v3/713e15a5407049b2a8efd3ec38cd26cf/volumes/6a641989-abc3-455d-ba8a-fdd079ed27f9 returned with HTTP 200
Oct 31 14:56:30.296362 dv-cinder-860227-3-iscsi devstack@c-api.service[126759]: [pid: 126759|app: 0|req: 7/12] 10.222.0.36 () {60 vars in 1578 bytes} [Mon Oct 31 14:56:30 2022] GET /volume/v3/713e15a5407049b2a8efd3ec38cd26cf/volumes/6a641989-abc3-455d-ba8a-fdd079ed27f9 => generated 923 bytes in 182 msecs (HTTP/1.1 200) 7 headers in 285 bytes (1 switches on core 0)
Oct 31 14:56:30.298115 dv-cinder-860227-3-iscsi devstack@c-api.service[126759]: DEBUG cinder.api.middleware.request_id [None req-2929d39e-349c-4fde-ab31-d9278e93becc None None] RequestId filter calling following filter/app {{(pid=126759) _context_setter /opt/stack/cinder/cinder/api/middleware/request_id.py:62}}
Oct 31 14:56:30.305435 dv-cinder-860227-3-iscsi devstack@c-api.service[126759]: INFO cinder.api.openstack.wsgi [None req-2929d39e-349c-4fde-ab31-d9278e93becc tempest-BackendsCapabilitiesAdminTestsJSON-341026932 tempest-BackendsCapabilitiesAdminTestsJSON-341026932-project-admin] GET http://10.222.0.36/volume/v3/febf47c5b6ed49c185dfd2b768614df6/capabilities/hv-cinder-86022@wincnd
Oct 31 14:56:30.306543 dv-cinder-860227-3-iscsi devstack@c-api.service[126759]: DEBUG cinder.api.openstack.wsgi [None req-2929d39e-349c-4fde-ab31-d9278e93becc tempest-BackendsCapabilitiesAdminTestsJSON-341026932 tempest-BackendsCapabilitiesAdminTestsJSON-341026932-project-admin] Empty body provided in request {{(pid=126759) get_body /opt/stack/cinder/cinder/api/openstack/wsgi.py:715}}
Oct 31 14:56:30.307867 dv-cinder-860227-3-iscsi devstack@c-api.service[126759]: DEBUG cinder.api.openstack.wsgi [None req-2929d39e-349c-4fde-ab31-d9278e93becc tempest-BackendsCapabilitiesAdminTestsJSON-341026932 tempest-BackendsCapabilitiesAdminTestsJSON-341026932-project-admin] Calling method 'show' {{(pid=126759) _process_stack /opt/stack/cinder/cinder/api/openstack/wsgi.py:868}}
Oct 31 14:56:30.338755 dv-cinder-860227-3-iscsi devstack@c-api.service[126760]: INFO cinder.api.openstack.wsgi [None req-c47678c7-a052-48c0-b09f-4b3661d17212 tempest-GroupSnapshotsV319Test-631566987 tempest-GroupSnapshotsV319Test-631566987-project-admin] http://10.222.0.36/volume/v3/5c2b1a5357ae42b9b12418dd405816c7/group_types returned with HTTP 202
Oct 31 14:56:30.350446 dv-cinder-860227-3-iscsi devstack@c-api.service[126760]: [pid: 126760|app: 0|req: 6/13] 10.222.0.36 () {62 vars in 1288 bytes} [Mon Oct 31 14:56:30 2022] POST /volume/v3/5c2b1a5357ae42b9b12418dd405816c7/group_types => generated 185 bytes in 136 msecs (HTTP/1.1 202) 7 headers in 292 bytes (1 switches on core 0)
Oct 31 14:56:30.352677 dv-cinder-860227-3-iscsi devstack@c-api.service[126760]: DEBUG cinder.api.middleware.request_id [None req-1c3ca4f8-eab0-4183-845e-8bae083c971d None None] RequestId filter calling following filter/app {{(pid=126760) _context_setter /opt/stack/cinder/cinder/api/middleware/request_id.py:62}}
Oct 31 14:56:30.367042 dv-cinder-860227-3-iscsi devstack@c-api.service[126759]: INFO cinder.api.openstack.wsgi [None req-2929d39e-349c-4fde-ab31-d9278e93becc tempest-BackendsCapabilitiesAdminTestsJSON-341026932 tempest-BackendsCapabilitiesAdminTestsJSON-341026932-project-admin] http://10.222.0.36/volume/v3/febf47c5b6ed49c185dfd2b768614df6/capabilities/hv-cinder-86022@wincnd returned with HTTP 200
Oct 31 14:56:30.379463 dv-cinder-860227-3-iscsi devstack@c-api.service[126759]: [pid: 126759|app: 0|req: 8/14] 10.222.0.36 () {58 vars in 1298 bytes} [Mon Oct 31 14:56:30 2022] GET /volume/v3/febf47c5b6ed49c185dfd2b768614df6/capabilities/hv-cinder-86022@wincnd => generated 715 bytes in 71 msecs (HTTP/1.1 200) 7 headers in 285 bytes (1 switches on core 0)
Oct 31 14:56:30.381744 dv-cinder-860227-3-iscsi devstack@c-api.service[126759]: DEBUG cinder.api.middleware.request_id [None req-338d472b-175a-4f32-908f-dbea78f99d6a None None] RequestId filter calling following filter/app {{(pid=126759) _context_setter /opt/stack/cinder/cinder/api/middleware/request_id.py:62}}
Oct 31 14:56:30.389307 dv-cinder-860227-3-iscsi devstack@c-api.service[126759]: INFO cinder.api.openstack.wsgi [None req-338d472b-175a-4f32-908f-dbea78f99d6a tempest-BackendsCapabilitiesAdminTestsJSON-341026932 tempest-BackendsCapabilitiesAdminTestsJSON-341026932-project-admin] GET http://10.222.0.36/volume/v3/febf47c5b6ed49c185dfd2b768614df6/capabilities/hv-cinder-86022@wincnd
Oct 31 14:56:30.391029 dv-cinder-860227-3-iscsi devstack@c-api.service[126759]: DEBUG cinder.api.openstack.wsgi [None req-338d472b-175a-4f32-908f-dbea78f99d6a tempest-BackendsCapabilitiesAdminTestsJSON-341026932 tempest-BackendsCapabilitiesAdminTestsJSON-341026932-project-admin] Empty body provided in request {{(pid=126759) get_body /opt/stack/cinder/cinder/api/openstack/wsgi.py:715}}
Oct 31 14:56:30.391675 dv-cinder-860227-3-iscsi devstack@c-api.service[126759]: DEBUG cinder.api.openstack.wsgi [None req-338d472b-175a-4f32-908f-dbea78f99d6a tempest-BackendsCapabilitiesAdminTestsJSON-341026932 tempest-BackendsCapabilitiesAdminTestsJSON-341026932-project-admin] Calling method 'show' {{(pid=126759) _process_stack /opt/stack/cinder/cinder/api/openstack/wsgi.py:868}}
Oct 31 14:56:30.436507 dv-cinder-860227-3-iscsi devstack@c-api.service[126759]: INFO cinder.api.openstack.wsgi [None req-338d472b-175a-4f32-908f-dbea78f99d6a tempest-BackendsCapabilitiesAdminTestsJSON-341026932 tempest-BackendsCapabilitiesAdminTestsJSON-341026932-project-admin] http://10.222.0.36/volume/v3/febf47c5b6ed49c185dfd2b768614df6/capabilities/hv-cinder-86022@wincnd returned with HTTP 200
Oct 31 14:56:30.446674 dv-cinder-860227-3-iscsi devstack@c-api.service[126759]: [pid: 126759|app: 0|req: 9/15] 10.222.0.36 () {58 vars in 1298 bytes} [Mon Oct 31 14:56:30 2022] GET /volume/v3/febf47c5b6ed49c185dfd2b768614df6/capabilities/hv-cinder-86022@wincnd => generated 715 bytes in 57 msecs (HTTP/1.1 200) 7 headers in 285 bytes (1 switches on core 0)
Oct 31 14:56:30.542822 dv-cinder-860227-3-iscsi devstack@c-api.service[126760]: INFO cinder.api.openstack.wsgi [None req-1c3ca4f8-eab0-4183-845e-8bae083c971d tempest-GroupSnapshotsV319Test-888059602 tempest-GroupSnapshotsV319Test-888059602-project] POST http://10.222.0.36/volume/v3/009f7c73f7dc486880989c38883379dd/groups
