Oct 31 14:57:36.576989 dv-cinder-860227-3-iscsi devstack@c-api.service[126760]: INFO cinder.api.openstack.wsgi [None req-360d7384-1e3f-442d-99e0-7a01a604f4ac tempest-VolumeSnapshotQuotasNegativeTestJSON-221401800 tempest-VolumeSnapshotQuotasNegativeTestJSON-221401800-project] DELETE http://10.222.0.36/volume/v3/e9b4db8138434ee4ae5d9533c04f8b2a/snapshots/ebabaefa-5f97-4de3-9d29-a4d7007ce75d
Oct 31 14:57:36.577704 dv-cinder-860227-3-iscsi devstack@c-api.service[126760]: DEBUG cinder.api.openstack.wsgi [None req-360d7384-1e3f-442d-99e0-7a01a604f4ac tempest-VolumeSnapshotQuotasNegativeTestJSON-221401800 tempest-VolumeSnapshotQuotasNegativeTestJSON-221401800-project] Empty body provided in request {{(pid=126760) get_body /opt/stack/cinder/cinder/api/openstack/wsgi.py:715}}
Oct 31 14:57:36.578393 dv-cinder-860227-3-iscsi devstack@c-api.service[126760]: DEBUG cinder.api.openstack.wsgi [None req-360d7384-1e3f-442d-99e0-7a01a604f4ac tempest-VolumeSnapshotQuotasNegativeTestJSON-221401800 tempest-VolumeSnapshotQuotasNegativeTestJSON-221401800-project] Calling method 'delete' {{(pid=126760) _process_stack /opt/stack/cinder/cinder/api/openstack/wsgi.py:868}}
Oct 31 14:57:36.578883 dv-cinder-860227-3-iscsi devstack@c-api.service[126760]: INFO cinder.api.v2.snapshots [None req-360d7384-1e3f-442d-99e0-7a01a604f4ac tempest-VolumeSnapshotQuotasNegativeTestJSON-221401800 tempest-VolumeSnapshotQuotasNegativeTestJSON-221401800-project] Delete snapshot with id: ebabaefa-5f97-4de3-9d29-a4d7007ce75d
Oct 31 14:57:36.581156 dv-cinder-860227-3-iscsi devstack@c-api.service[126759]: DEBUG cinder.api.middleware.request_id [None req-4b46c741-9fd5-4aae-a571-83b5c688b374 None None] RequestId filter calling following filter/app {{(pid=126759) _context_setter /opt/stack/cinder/cinder/api/middleware/request_id.py:62}}
Oct 31 14:57:36.586461 dv-cinder-860227-3-iscsi devstack@c-api.service[126759]: INFO cinder.api.openstack.wsgi [None req-4b46c741-9fd5-4aae-a571-83b5c688b374 tempest-GroupTypesTest-1753049513 tempest-GroupTypesTest-1753049513-project-admin] DELETE http://10.222.0.36/volume/v3/577d026033e64a8da7b66d1d1061fd27/group_types/e96aaa96-c517-4297-9a25-bb9f2b741a2a
Oct 31 14:57:36.586958 dv-cinder-860227-3-iscsi devstack@c-api.service[126759]: DEBUG cinder.api.openstack.wsgi [None req-4b46c741-9fd5-4aae-a571-83b5c688b374 tempest-GroupTypesTest-1753049513 tempest-GroupTypesTest-1753049513-project-admin] Empty body provided in request {{(pid=126759) get_body /opt/stack/cinder/cinder/api/openstack/wsgi.py:715}}
Oct 31 14:57:36.587890 dv-cinder-860227-3-iscsi devstack@c-api.service[126759]: DEBUG cinder.api.openstack.wsgi [None req-4b46c741-9fd5-4aae-a571-83b5c688b374 tempest-GroupTypesTest-1753049513 tempest-GroupTypesTest-1753049513-project-admin] Calling method 'version_select' {{(pid=126759) _process_stack /opt/stack/cinder/cinder/api/openstack/wsgi.py:868}}
Oct 31 14:57:36.592729 dv-cinder-860227-3-iscsi devstack@c-api.service[126760]: /usr/local/lib/python3.8/dist-packages/oslo_context/context.py:100: DeprecationWarning: Policy enforcement is depending on the value of is_admin. This key is deprecated. Please update your policy file to use the standard policy values.
Oct 31 14:57:36.592729 dv-cinder-860227-3-iscsi devstack@c-api.service[126760]: warnings.warn('Policy enforcement is depending on the value of '
Oct 31 14:57:36.594002 dv-cinder-860227-3-iscsi devstack@c-api.service[126760]: INFO cinder.volume.api [None req-360d7384-1e3f-442d-99e0-7a01a604f4ac tempest-VolumeSnapshotQuotasNegativeTestJSON-221401800 tempest-VolumeSnapshotQuotasNegativeTestJSON-221401800-project] Snapshot retrieved successfully.
Oct 31 14:57:36.609917 dv-cinder-860227-3-iscsi devstack@c-api.service[126759]: INFO cinder.api.openstack.wsgi [None req-4b46c741-9fd5-4aae-a571-83b5c688b374 tempest-GroupTypesTest-1753049513 tempest-GroupTypesTest-1753049513-project-admin] http://10.222.0.36/volume/v3/577d026033e64a8da7b66d1d1061fd27/group_types/e96aaa96-c517-4297-9a25-bb9f2b741a2a returned with HTTP 202
Oct 31 14:57:36.611455 dv-cinder-860227-3-iscsi devstack@c-api.service[126759]: [pid: 126759|app: 0|req: 178/336] 10.222.0.36 () {60 vars in 1381 bytes} [Mon Oct 31 14:57:36 2022] DELETE /volume/v3/577d026033e64a8da7b66d1d1061fd27/group_types/e96aaa96-c517-4297-9a25-bb9f2b741a2a => generated 0 bytes in 31 msecs (HTTP/1.1 202) 6 headers in 234 bytes (2 switches on core 0)
Oct 31 14:57:36.616516 dv-cinder-860227-3-iscsi devstack@c-api.service[126759]: DEBUG cinder.api.middleware.request_id [None req-068a905e-13ef-4be5-9b24-39c0f14f1cab None None] RequestId filter calling following filter/app {{(pid=126759) _context_setter /opt/stack/cinder/cinder/api/middleware/request_id.py:62}}
Oct 31 14:57:36.623487 dv-cinder-860227-3-iscsi devstack@c-api.service[126759]: INFO cinder.api.openstack.wsgi [None req-068a905e-13ef-4be5-9b24-39c0f14f1cab tempest-GroupTypesTest-1753049513 tempest-GroupTypesTest-1753049513-project-admin] GET http://10.222.0.36/volume/v3/577d026033e64a8da7b66d1d1061fd27/group_types
Oct 31 14:57:36.625355 dv-cinder-860227-3-iscsi devstack@c-api.service[126759]: DEBUG cinder.api.openstack.wsgi [None req-068a905e-13ef-4be5-9b24-39c0f14f1cab tempest-GroupTypesTest-1753049513 tempest-GroupTypesTest-1753049513-project-admin] Empty body provided in request {{(pid=126759) get_body /opt/stack/cinder/cinder/api/openstack/wsgi.py:715}}
Oct 31 14:57:36.625827 dv-cinder-860227-3-iscsi devstack@c-api.service[126759]: DEBUG cinder.api.openstack.wsgi [None req-068a905e-13ef-4be5-9b24-39c0f14f1cab tempest-GroupTypesTest-1753049513 tempest-GroupTypesTest-1753049513-project-admin] Calling method 'version_select' {{(pid=126759) _process_stack /opt/stack/cinder/cinder/api/openstack/wsgi.py:868}}
Oct 31 14:57:36.625940 dv-cinder-860227-3-iscsi devstack@c-api.service[126760]: INFO cinder.volume.api [None req-360d7384-1e3f-442d-99e0-7a01a604f4ac tempest-VolumeSnapshotQuotasNegativeTestJSON-221401800 tempest-VolumeSnapshotQuotasNegativeTestJSON-221401800-project] Snapshot delete request issued successfully.
Oct 31 14:57:36.626359 dv-cinder-860227-3-iscsi devstack@c-api.service[126760]: INFO cinder.api.openstack.wsgi [None req-360d7384-1e3f-442d-99e0-7a01a604f4ac tempest-VolumeSnapshotQuotasNegativeTestJSON-221401800 tempest-VolumeSnapshotQuotasNegativeTestJSON-221401800-project] http://10.222.0.36/volume/v3/e9b4db8138434ee4ae5d9533c04f8b2a/snapshots/ebabaefa-5f97-4de3-9d29-a4d7007ce75d returned with HTTP 202
Oct 31 14:57:36.627698 dv-cinder-860227-3-iscsi devstack@c-api.service[126760]: [pid: 126760|app: 0|req: 159/337] 10.222.0.36 () {58 vars in 1334 bytes} [Mon Oct 31 14:57:36 2022] DELETE /volume/v3/e9b4db8138434ee4ae5d9533c04f8b2a/snapshots/ebabaefa-5f97-4de3-9d29-a4d7007ce75d => generated 0 bytes in 59 msecs (HTTP/1.1 202) 6 headers in 233 bytes (1 switches on core 0)
Oct 31 14:57:36.632297 dv-cinder-860227-3-iscsi devstack@c-api.service[126760]: DEBUG cinder.api.middleware.request_id [None req-c8fec7c4-05a4-4876-94fc-402345393061 None None] RequestId filter calling following filter/app {{(pid=126760) _context_setter /opt/stack/cinder/cinder/api/middleware/request_id.py:62}}
Oct 31 14:57:36.636506 dv-cinder-860227-3-iscsi devstack@c-api.service[126759]: INFO cinder.api.openstack.wsgi [None req-068a905e-13ef-4be5-9b24-39c0f14f1cab tempest-GroupTypesTest-1753049513 tempest-GroupTypesTest-1753049513-project-admin] http://10.222.0.36/volume/v3/577d026033e64a8da7b66d1d1061fd27/group_types returned with HTTP 200
Oct 31 14:57:36.643469 dv-cinder-860227-3-iscsi devstack@c-api.service[126759]: [pid: 126759|app: 0|req: 179/338] 10.222.0.36 () {60 vars in 1267 bytes} [Mon Oct 31 14:57:36 2022] GET /volume/v3/577d026033e64a8da7b66d1d1061fd27/group_types => generated 248 bytes in 22 msecs (HTTP/1.1 200) 7 headers in 286 bytes (1 switches on core 0)
Oct 31 14:57:36.643646 dv-cinder-860227-3-iscsi devstack@c-api.service[126760]: INFO cinder.api.openstack.wsgi [None req-c8fec7c4-05a4-4876-94fc-402345393061 tempest-VolumeSnapshotQuotasNegativeTestJSON-221401800 tempest-VolumeSnapshotQuotasNegativeTestJSON-221401800-project] GET http://10.222.0.36/volume/v3/e9b4db8138434ee4ae5d9533c04f8b2a/snapshots/ebabaefa-5f97-4de3-9d29-a4d7007ce75d
Oct 31 14:57:36.643646 dv-cinder-860227-3-iscsi devstack@c-api.service[126760]: DEBUG cinder.api.openstack.wsgi [None req-c8fec7c4-05a4-4876-94fc-402345393061 tempest-VolumeSnapshotQuotasNegativeTestJSON-221401800 tempest-VolumeSnapshotQuotasNegativeTestJSON-221401800-project] Empty body provided in request {{(pid=126760) get_body /opt/stack/cinder/cinder/api/openstack/wsgi.py:715}}
Oct 31 14:57:36.643646 dv-cinder-860227-3-iscsi devstack@c-api.service[126760]: DEBUG cinder.api.openstack.wsgi [None req-c8fec7c4-05a4-4876-94fc-402345393061 tempest-VolumeSnapshotQuotasNegativeTestJSON-221401800 tempest-VolumeSnapshotQuotasNegativeTestJSON-221401800-project] Calling method 'show' {{(pid=126760) _process_stack /opt/stack/cinder/cinder/api/openstack/wsgi.py:868}}
Oct 31 14:57:36.645037 dv-cinder-860227-3-iscsi devstack@c-api.service[126759]: DEBUG cinder.api.middleware.request_id [None req-70a119bf-3283-4a12-86f8-3b87e24db428 None None] RequestId filter calling following filter/app {{(pid=126759) _context_setter /opt/stack/cinder/cinder/api/middleware/request_id.py:62}}
Oct 31 14:57:36.649444 dv-cinder-860227-3-iscsi devstack@c-api.service[126760]: /usr/local/lib/python3.8/dist-packages/oslo_context/context.py:100: DeprecationWarning: Policy enforcement is depending on the value of is_admin. This key is deprecated. Please update your policy file to use the standard policy values.
Oct 31 14:57:36.649444 dv-cinder-860227-3-iscsi devstack@c-api.service[126760]: warnings.warn('Policy enforcement is depending on the value of '
Oct 31 14:57:36.650343 dv-cinder-860227-3-iscsi devstack@c-api.service[126759]: INFO cinder.api.openstack.wsgi [None req-70a119bf-3283-4a12-86f8-3b87e24db428 tempest-GroupTypesTest-1753049513 tempest-GroupTypesTest-1753049513-project-admin] POST http://10.222.0.36/volume/v3/577d026033e64a8da7b66d1d1061fd27/group_types
Oct 31 14:57:36.650451 dv-cinder-860227-3-iscsi devstack@c-api.service[126760]: INFO cinder.volume.api [None req-c8fec7c4-05a4-4876-94fc-402345393061 tempest-VolumeSnapshotQuotasNegativeTestJSON-221401800 tempest-VolumeSnapshotQuotasNegativeTestJSON-221401800-project] Snapshot retrieved successfully.
Oct 31 14:57:36.651360 dv-cinder-860227-3-iscsi devstack@c-api.service[126759]: DEBUG cinder.api.openstack.wsgi [None req-70a119bf-3283-4a12-86f8-3b87e24db428 tempest-GroupTypesTest-1753049513 tempest-GroupTypesTest-1753049513-project-admin] Action: 'create', calling method: version_select, body: {"group_type": {"name": "a_tempest-group-type-707257117", "is_public": true}} {{(pid=126759) _process_stack /opt/stack/cinder/cinder/api/openstack/wsgi.py:866}}
Oct 31 14:57:36.652504 dv-cinder-860227-3-iscsi devstack@c-api.service[126760]: INFO cinder.api.openstack.wsgi [None req-c8fec7c4-05a4-4876-94fc-402345393061 tempest-VolumeSnapshotQuotasNegativeTestJSON-221401800 tempest-VolumeSnapshotQuotasNegativeTestJSON-221401800-project] http://10.222.0.36/volume/v3/e9b4db8138434ee4ae5d9533c04f8b2a/snapshots/ebabaefa-5f97-4de3-9d29-a4d7007ce75d returned with HTTP 200
Oct 31 14:57:36.653455 dv-cinder-860227-3-iscsi devstack@c-api.service[126760]: [pid: 126760|app: 0|req: 160/339] 10.222.0.36 () {58 vars in 1331 bytes} [Mon Oct 31 14:57:36 2022] GET /volume/v3/e9b4db8138434ee4ae5d9533c04f8b2a/snapshots/ebabaefa-5f97-4de3-9d29-a4d7007ce75d => generated 481 bytes in 22 msecs (HTTP/1.1 200) 7 headers in 285 bytes (2 switches on core 0)
Oct 31 14:57:36.748238 dv-cinder-860227-3-iscsi devstack@c-api.service[126760]: DEBUG cinder.api.middleware.request_id [None req-f5225490-dffa-414e-8350-3af6a2b54aff None None] RequestId filter calling following filter/app {{(pid=126760) _context_setter /opt/stack/cinder/cinder/api/middleware/request_id.py:62}}
Oct 31 14:57:36.753775 dv-cinder-860227-3-iscsi devstack@c-api.service[126760]: INFO cinder.api.openstack.wsgi [None req-f5225490-dffa-414e-8350-3af6a2b54aff tempest-VolumesDeleteCascade-810736170 tempest-VolumesDeleteCascade-810736170-project] GET http://10.222.0.36/volume/v3/7308e9a0e8b24dd68e7031770f9bd368/volumes/ce951280-2351-49db-b4ab-c7a36765587d
Oct 31 14:57:36.754224 dv-cinder-860227-3-iscsi devstack@c-api.service[126760]: DEBUG cinder.api.openstack.wsgi [None req-f5225490-dffa-414e-8350-3af6a2b54aff tempest-VolumesDeleteCascade-810736170 tempest-VolumesDeleteCascade-810736170-project] Empty body provided in request {{(pid=126760) get_body /opt/stack/cinder/cinder/api/openstack/wsgi.py:715}}
Oct 31 14:57:36.754690 dv-cinder-860227-3-iscsi devstack@c-api.service[126760]: DEBUG cinder.api.openstack.wsgi [None req-f5225490-dffa-414e-8350-3af6a2b54aff tempest-VolumesDeleteCascade-810736170 tempest-VolumesDeleteCascade-810736170-project] Calling method 'show' {{(pid=126760) _process_stack /opt/stack/cinder/cinder/api/openstack/wsgi.py:868}}
Oct 31 14:57:36.778494 dv-cinder-860227-3-iscsi devstack@c-api.service[126760]: INFO cinder.api.openstack.wsgi [None req-f5225490-dffa-414e-8350-3af6a2b54aff tempest-VolumesDeleteCascade-810736170 tempest-VolumesDeleteCascade-810736170-project] http://10.222.0.36/volume/v3/7308e9a0e8b24dd68e7031770f9bd368/volumes/ce951280-2351-49db-b4ab-c7a36765587d returned with HTTP 404
Oct 31 14:57:36.780395 dv-cinder-860227-3-iscsi devstack@c-api.service[126760]: [pid: 126760|app: 0|req: 161/340] 10.222.0.36 () {58 vars in 1325 bytes} [Mon Oct 31 14:57:36 2022] GET /volume/v3/7308e9a0e8b24dd68e7031770f9bd368/volumes/ce951280-2351-49db-b4ab-c7a36765587d => generated 109 bytes in 33 msecs (HTTP/1.1 404) 7 headers in 292 bytes (1 switches on core 0)
Oct 31 14:57:36.785647 dv-cinder-860227-3-iscsi devstack@c-api.service[126760]: DEBUG cinder.api.middleware.request_id [None req-94038aab-6114-42e4-bb35-630003ffd394 None None] RequestId filter calling following filter/app {{(pid=126760) _context_setter /opt/stack/cinder/cinder/api/middleware/request_id.py:62}}
Oct 31 14:57:36.792869 dv-cinder-860227-3-iscsi devstack@c-api.service[126760]: INFO cinder.api.openstack.wsgi [None req-94038aab-6114-42e4-bb35-630003ffd394 tempest-VolumesDeleteCascade-810736170 tempest-VolumesDeleteCascade-810736170-project] GET http://10.222.0.36/volume/v3/7308e9a0e8b24dd68e7031770f9bd368/volumes
Oct 31 14:57:36.793691 dv-cinder-860227-3-iscsi devstack@c-api.service[126760]: DEBUG cinder.api.openstack.wsgi [None req-94038aab-6114-42e4-bb35-630003ffd394 tempest-VolumesDeleteCascade-810736170 tempest-VolumesDeleteCascade-810736170-project] Empty body provided in request {{(pid=126760) get_body /opt/stack/cinder/cinder/api/openstack/wsgi.py:715}}
Oct 31 14:57:36.794333 dv-cinder-860227-3-iscsi devstack@c-api.service[126760]: DEBUG cinder.api.openstack.wsgi [None req-94038aab-6114-42e4-bb35-630003ffd394 tempest-VolumesDeleteCascade-810736170 tempest-VolumesDeleteCascade-810736170-project] Calling method 'index' {{(pid=126760) _process_stack /opt/stack/cinder/cinder/api/openstack/wsgi.py:868}}
Oct 31 14:57:36.795543 dv-cinder-860227-3-iscsi devstack@c-api.service[126760]: DEBUG cinder.api.api_utils [None req-94038aab-6114-42e4-bb35-630003ffd394 tempest-VolumesDeleteCascade-810736170 tempest-VolumesDeleteCascade-810736170-project] Removing options '' from query. {{(pid=126760) remove_invalid_filter_options /opt/stack/cinder/cinder/api/api_utils.py:83}}
Oct 31 14:57:36.797785 dv-cinder-860227-3-iscsi devstack@c-api.service[126760]: DEBUG cinder.volume.api [None req-94038aab-6114-42e4-bb35-630003ffd394 tempest-VolumesDeleteCascade-810736170 tempest-VolumesDeleteCascade-810736170-project] Searching by: MultiDict([('no_migration_targets', True)]). {{(pid=126760) get_all /opt/stack/cinder/cinder/volume/api.py:664}}
Oct 31 14:57:36.808916 dv-cinder-860227-3-iscsi devstack@c-api.service[126759]: INFO cinder.api.openstack.wsgi [None req-70a119bf-3283-4a12-86f8-3b87e24db428 tempest-GroupTypesTest-1753049513 tempest-GroupTypesTest-1753049513-project-admin] http://10.222.0.36/volume/v3/577d026033e64a8da7b66d1d1061fd27/group_types returned with HTTP 202
Oct 31 14:57:36.815587 dv-cinder-860227-3-iscsi devstack@c-api.service[126759]: [pid: 126759|app: 0|req: 180/341] 10.222.0.36 () {62 vars in 1288 bytes} [Mon Oct 31 14:57:36 2022] POST /volume/v3/577d026033e64a8da7b66d1d1061fd27/group_types => generated 163 bytes in 166 msecs (HTTP/1.1 202) 7 headers in 292 bytes (1 switches on core 0)
Oct 31 14:57:36.818227 dv-cinder-860227-3-iscsi devstack@c-api.service[126759]: DEBUG cinder.api.middleware.request_id [None req-b258e25c-6d10-41a6-98a3-997adb6e27c5 None None] RequestId filter calling following filter/app {{(pid=126759) _context_setter /opt/stack/cinder/cinder/api/middleware/request_id.py:62}}
Oct 31 14:57:36.823631 dv-cinder-860227-3-iscsi devstack@c-api.service[126759]: INFO cinder.api.openstack.wsgi [None req-b258e25c-6d10-41a6-98a3-997adb6e27c5 tempest-GroupTypesTest-1753049513 tempest-GroupTypesTest-1753049513-project-admin] POST http://10.222.0.36/volume/v3/577d026033e64a8da7b66d1d1061fd27/group_types
Oct 31 14:57:36.824579 dv-cinder-860227-3-iscsi devstack@c-api.service[126759]: DEBUG cinder.api.openstack.wsgi [None req-b258e25c-6d10-41a6-98a3-997adb6e27c5 tempest-GroupTypesTest-1753049513 tempest-GroupTypesTest-1753049513-project-admin] Action: 'create', calling method: version_select, body: {"group_type": {"name": "b_tempest-group-type-1351270966", "is_public": false}} {{(pid=126759) _process_stack /opt/stack/cinder/cinder/api/openstack/wsgi.py:866}}
Oct 31 14:57:36.855653 dv-cinder-860227-3-iscsi devstack@c-api.service[126759]: INFO cinder.api.openstack.wsgi [None req-b258e25c-6d10-41a6-98a3-997adb6e27c5 tempest-GroupTypesTest-1753049513 tempest-GroupTypesTest-1753049513-project-admin] http://10.222.0.36/volume/v3/577d026033e64a8da7b66d1d1061fd27/group_types returned with HTTP 202
Oct 31 14:57:36.856530 dv-cinder-860227-3-iscsi devstack@c-api.service[126759]: [pid: 126759|app: 0|req: 181/342] 10.222.0.36 () {62 vars in 1288 bytes} [Mon Oct 31 14:57:36 2022] POST /volume/v3/577d026033e64a8da7b66d1d1061fd27/group_types => generated 165 bytes in 40 msecs (HTTP/1.1 202) 7 headers in 292 bytes (2 switches on core 0)
Oct 31 14:57:36.858565 dv-cinder-860227-3-iscsi devstack@c-api.service[126760]: INFO cinder.volume.api [None req-94038aab-6114-42e4-bb35-630003ffd394 tempest-VolumesDeleteCascade-810736170 tempest-VolumesDeleteCascade-810736170-project] Get all volumes completed successfully.
Oct 31 14:57:36.859754 dv-cinder-860227-3-iscsi devstack@c-api.service[126760]: INFO cinder.api.openstack.wsgi [None req-94038aab-6114-42e4-bb35-630003ffd394 tempest-VolumesDeleteCascade-810736170 tempest-VolumesDeleteCascade-810736170-project] http://10.222.0.36/volume/v3/7308e9a0e8b24dd68e7031770f9bd368/volumes returned with HTTP 200
Oct 31 14:57:36.860722 dv-cinder-860227-3-iscsi devstack@c-api.service[126760]: [pid: 126760|app: 0|req: 162/343] 10.222.0.36 () {58 vars in 1214 bytes} [Mon Oct 31 14:57:36 2022] GET /volume/v3/7308e9a0e8b24dd68e7031770f9bd368/volumes => generated 400 bytes in 76 msecs (HTTP/1.1 200) 7 headers in 285 bytes (2 switches on core 0)
Oct 31 14:57:36.868898 dv-cinder-860227-3-iscsi devstack@c-api.service[126759]: DEBUG cinder.api.middleware.request_id [req-9de445a1-9c95-4d64-9b1b-208c208d3506 req-240551b2-e55c-47f8-9c19-d670a7b9b5b2 None None] RequestId filter calling following filter/app {{(pid=126759) _context_setter /opt/stack/cinder/cinder/api/middleware/request_id.py:62}}
Oct 31 14:57:36.871811 dv-cinder-860227-3-iscsi devstack@c-api.service[126760]: DEBUG cinder.api.middleware.request_id [None req-9a132163-f252-4095-9cd5-31069b64beb1 None None] RequestId filter calling following filter/app {{(pid=126760) _context_setter /opt/stack/cinder/cinder/api/middleware/request_id.py:62}}
Oct 31 14:57:36.875233 dv-cinder-860227-3-iscsi devstack@c-api.service[126759]: INFO cinder.api.openstack.wsgi [req-9de445a1-9c95-4d64-9b1b-208c208d3506 req-240551b2-e55c-47f8-9c19-d670a7b9b5b2 tempest-DeleteServersTestJSON-1142135178 tempest-DeleteServersTestJSON-1142135178-project] PUT http://10.222.0.36/volume/v3/af86d70d54694b7995d03c8c607ae706/attachments/447c5b8f-2881-41cf-a301-dabe40d3d143
Oct 31 14:57:36.875861 dv-cinder-860227-3-iscsi devstack@c-api.service[126760]: INFO cinder.api.openstack.wsgi [None req-9a132163-f252-4095-9cd5-31069b64beb1 tempest-VolumesDeleteCascade-810736170 tempest-VolumesDeleteCascade-810736170-project] GET http://10.222.0.36/volume/v3/7308e9a0e8b24dd68e7031770f9bd368/snapshots
Oct 31 14:57:36.876014 dv-cinder-860227-3-iscsi devstack@c-api.service[126759]: DEBUG cinder.api.openstack.wsgi [req-9de445a1-9c95-4d64-9b1b-208c208d3506 req-240551b2-e55c-47f8-9c19-d670a7b9b5b2 tempest-DeleteServersTestJSON-1142135178 tempest-DeleteServersTestJSON-1142135178-project] Action: 'update', calling method: version_select, body: {"attachment": {"connector": {"platform": "AMD64", "os_type": "win32", "ip": "10.222.0.44", "host": "hv-cinder-86022", "multipath": false, "initiator": "iqn.1991-05.com.microsoft:hv-cinder-86022", "mountpoint": "/dev/sdb"}}} {{(pid=126759) _process_stack /opt/stack/cinder/cinder/api/openstack/wsgi.py:866}}
Oct 31 14:57:36.876439 dv-cinder-860227-3-iscsi devstack@c-api.service[126760]: DEBUG cinder.api.openstack.wsgi [None req-9a132163-f252-4095-9cd5-31069b64beb1 tempest-VolumesDeleteCascade-810736170 tempest-VolumesDeleteCascade-810736170-project] Empty body provided in request {{(pid=126760) get_body /opt/stack/cinder/cinder/api/openstack/wsgi.py:715}}
Oct 31 14:57:36.877601 dv-cinder-860227-3-iscsi devstack@c-api.service[126760]: DEBUG cinder.api.openstack.wsgi [None req-9a132163-f252-4095-9cd5-31069b64beb1 tempest-VolumesDeleteCascade-810736170 tempest-VolumesDeleteCascade-810736170-project] Calling method 'index' {{(pid=126760) _process_stack /opt/stack/cinder/cinder/api/openstack/wsgi.py:868}}
Oct 31 14:57:36.878181 dv-cinder-860227-3-iscsi devstack@c-api.service[126760]: DEBUG cinder.api.api_utils [None req-9a132163-f252-4095-9cd5-31069b64beb1 tempest-VolumesDeleteCascade-810736170 tempest-VolumesDeleteCascade-810736170-project] Removing options '' from query. {{(pid=126760) remove_invalid_filter_options /opt/stack/cinder/cinder/api/api_utils.py:83}}
Oct 31 14:57:36.879372 dv-cinder-860227-3-iscsi devstack@c-api.service[126760]: /usr/local/lib/python3.8/dist-packages/oslo_context/context.py:100: DeprecationWarning: Policy enforcement is depending on the value of is_admin. This key is deprecated. Please update your policy file to use the standard policy values.
Oct 31 14:57:36.879372 dv-cinder-860227-3-iscsi devstack@c-api.service[126760]: warnings.warn('Policy enforcement is depending on the value of '
Oct 31 14:57:36.880590 dv-cinder-860227-3-iscsi devstack@c-api.service[126760]: DEBUG cinder.db.sqlalchemy.api [None req-9a132163-f252-4095-9cd5-31069b64beb1 tempest-VolumesDeleteCascade-810736170 tempest-VolumesDeleteCascade-810736170-project] Building query based on filter {{(pid=126760) _process_snaps_filters /opt/stack/cinder/cinder/db/sqlalchemy/api.py:3885}}
Oct 31 14:57:36.881370 dv-cinder-860227-3-iscsi devstack@c-api.service[126759]: DEBUG dbcounter [-] [126759] Writing DB stats cinder:SELECT=83,cinder:UPDATE=11,cinder:INSERT=6 {{(pid=126759) stat_writer /usr/local/lib/python3.8/dist-packages/dbcounter.py:114}}
Oct 31 14:57:36.888791 dv-cinder-860227-3-iscsi devstack@c-api.service[126760]: INFO cinder.volume.api [None req-9a132163-f252-4095-9cd5-31069b64beb1 tempest-VolumesDeleteCascade-810736170 tempest-VolumesDeleteCascade-810736170-project] Get all snapshots completed successfully.
Oct 31 14:57:36.889472 dv-cinder-860227-3-iscsi devstack@c-api.service[126760]: INFO cinder.api.openstack.wsgi [None req-9a132163-f252-4095-9cd5-31069b64beb1 tempest-VolumesDeleteCascade-810736170 tempest-VolumesDeleteCascade-810736170-project] http://10.222.0.36/volume/v3/7308e9a0e8b24dd68e7031770f9bd368/snapshots returned with HTTP 200
Oct 31 14:57:36.890478 dv-cinder-860227-3-iscsi devstack@c-api.service[126760]: [pid: 126760|app: 0|req: 163/344] 10.222.0.36 () {58 vars in 1220 bytes} [Mon Oct 31 14:57:36 2022] GET /volume/v3/7308e9a0e8b24dd68e7031770f9bd368/snapshots => generated 17 bytes in 19 msecs (HTTP/1.1 200) 7 headers in 284 bytes (1 switches on core 0)
Oct 31 14:57:36.891879 dv-cinder-860227-3-iscsi devstack@c-api.service[126760]: DEBUG cinder.api.middleware.request_id [None req-9b4cb8cc-5c40-4815-ac99-0f0db331a782 None None] RequestId filter calling following filter/app {{(pid=126760) _context_setter /opt/stack/cinder/cinder/api/middleware/request_id.py:62}}
Oct 31 14:57:36.897649 dv-cinder-860227-3-iscsi devstack@c-api.service[126760]: INFO cinder.api.openstack.wsgi [None req-9b4cb8cc-5c40-4815-ac99-0f0db331a782 tempest-GroupTypesTest-1753049513 tempest-GroupTypesTest-1753049513-project-admin] GET http://10.222.0.36/volume/v3/577d026033e64a8da7b66d1d1061fd27/group_types?sort=name%3Aasc&is_public=None
Oct 31 14:57:36.898437 dv-cinder-860227-3-iscsi devstack@c-api.service[126760]: DEBUG cinder.api.openstack.wsgi [None req-9b4cb8cc-5c40-4815-ac99-0f0db331a782 tempest-GroupTypesTest-1753049513 tempest-GroupTypesTest-1753049513-project-admin] Empty body provided in request {{(pid=126760) get_body /opt/stack/cinder/cinder/api/openstack/wsgi.py:715}}
Oct 31 14:57:36.898861 dv-cinder-860227-3-iscsi devstack@c-api.service[126759]: DEBUG cinder.coordination [req-9de445a1-9c95-4d64-9b1b-208c208d3506 req-240551b2-e55c-47f8-9c19-d670a7b9b5b2 tempest-DeleteServersTestJSON-1142135178 tempest-DeleteServersTestJSON-1142135178-project] Acquiring lock "cinder-attachment_update-41bf7644-f68f-4e34-97cc-9eec01836a0a-hv-cinder-86022" by "attachment_update" {{(pid=126759) _synchronized /opt/stack/cinder/cinder/coordination.py:192}}
Oct 31 14:57:36.899058 dv-cinder-860227-3-iscsi devstack@c-api.service[126760]: DEBUG cinder.api.openstack.wsgi [None req-9b4cb8cc-5c40-4815-ac99-0f0db331a782 tempest-GroupTypesTest-1753049513 tempest-GroupTypesTest-1753049513-project-admin] Calling method 'version_select' {{(pid=126760) _process_stack /opt/stack/cinder/cinder/api/openstack/wsgi.py:868}}
Oct 31 14:57:36.914595 dv-cinder-860227-3-iscsi devstack@c-api.service[126759]: DEBUG cinder.coordination [req-9de445a1-9c95-4d64-9b1b-208c208d3506 req-240551b2-e55c-47f8-9c19-d670a7b9b5b2 tempest-DeleteServersTestJSON-1142135178 tempest-DeleteServersTestJSON-1142135178-project] Lock "cinder-attachment_update-41bf7644-f68f-4e34-97cc-9eec01836a0a-hv-cinder-86022" acquired by "attachment_update" :: waited 0.016s {{(pid=126759) _synchronized /opt/stack/cinder/cinder/coordination.py:196}}
Oct 31 14:57:36.917468 dv-cinder-860227-3-iscsi devstack@c-api.service[126760]: INFO cinder.api.openstack.wsgi [None req-9b4cb8cc-5c40-4815-ac99-0f0db331a782 tempest-GroupTypesTest-1753049513 tempest-GroupTypesTest-1753049513-project-admin] http://10.222.0.36/volume/v3/577d026033e64a8da7b66d1d1061fd27/group_types?sort=name%3Aasc&is_public=None returned with HTTP 200
Oct 31 14:57:36.917601 dv-cinder-860227-3-iscsi devstack@c-api.service[126759]: /usr/local/lib/python3.8/dist-packages/oslo_context/context.py:100: DeprecationWarning: Policy enforcement is depending on the value of is_admin. This key is deprecated. Please update your policy file to use the standard policy values.
Oct 31 14:57:36.917601 dv-cinder-860227-3-iscsi devstack@c-api.service[126759]: warnings.warn('Policy enforcement is depending on the value of '
Oct 31 14:57:36.924383 dv-cinder-860227-3-iscsi devstack@c-api.service[126760]: [pid: 126760|app: 0|req: 164/345] 10.222.0.36 () {60 vars in 1328 bytes} [Mon Oct 31 14:57:36 2022] GET /volume/v3/577d026033e64a8da7b66d1d1061fd27/group_types?sort=name%3Aasc&is_public=None => generated 548 bytes in 28 msecs (HTTP/1.1 200) 7 headers in 286 bytes (1 switches on core 0)
Oct 31 14:57:36.924383 dv-cinder-860227-3-iscsi devstack@c-api.service[126760]: DEBUG cinder.api.middleware.request_id [None req-3d50afcb-d87f-4b41-9149-205ece8be677 None None] RequestId filter calling following filter/app {{(pid=126760) _context_setter /opt/stack/cinder/cinder/api/middleware/request_id.py:62}}
Oct 31 14:57:36.925029 dv-cinder-860227-3-iscsi devstack@c-api.service[126760]: INFO cinder.api.openstack.wsgi [None req-3d50afcb-d87f-4b41-9149-205ece8be677 tempest-VolumesDeleteCascade-810736170 tempest-VolumesDeleteCascade-810736170-project] DELETE http://10.222.0.36/volume/v3/7308e9a0e8b24dd68e7031770f9bd368/volumes/4ffe00ba-997f-4a4c-8112-a1d0655a1f41
Oct 31 14:57:36.925516 dv-cinder-860227-3-iscsi devstack@c-api.service[126760]: DEBUG cinder.api.openstack.wsgi [None req-3d50afcb-d87f-4b41-9149-205ece8be677 tempest-VolumesDeleteCascade-810736170 tempest-VolumesDeleteCascade-810736170-project] Empty body provided in request {{(pid=126760) get_body /opt/stack/cinder/cinder/api/openstack/wsgi.py:715}}
Oct 31 14:57:36.925975 dv-cinder-860227-3-iscsi devstack@c-api.service[126760]: DEBUG cinder.api.openstack.wsgi [None req-3d50afcb-d87f-4b41-9149-205ece8be677 tempest-VolumesDeleteCascade-810736170 tempest-VolumesDeleteCascade-810736170-project] Calling method 'delete' {{(pid=126760) _process_stack /opt/stack/cinder/cinder/api/openstack/wsgi.py:868}}
Oct 31 14:57:36.926371 dv-cinder-860227-3-iscsi devstack@c-api.service[126760]: INFO cinder.api.v3.volumes [None req-3d50afcb-d87f-4b41-9149-205ece8be677 tempest-VolumesDeleteCascade-810736170 tempest-VolumesDeleteCascade-810736170-project] Delete volume with id: 4ffe00ba-997f-4a4c-8112-a1d0655a1f41
Oct 31 14:57:36.946488 dv-cinder-860227-3-iscsi devstack@c-api.service[126760]: /usr/local/lib/python3.8/dist-packages/oslo_context/context.py:100: DeprecationWarning: Policy enforcement is depending on the value of is_admin. This key is deprecated. Please update your policy file to use the standard policy values.
Oct 31 14:57:36.946488 dv-cinder-860227-3-iscsi devstack@c-api.service[126760]: warnings.warn('Policy enforcement is depending on the value of '
Oct 31 14:57:36.947873 dv-cinder-860227-3-iscsi devstack@c-api.service[126760]: INFO cinder.volume.api [None req-3d50afcb-d87f-4b41-9149-205ece8be677 tempest-VolumesDeleteCascade-810736170 tempest-VolumesDeleteCascade-810736170-project] Volume info retrieved successfully.
Oct 31 14:57:36.980471 dv-cinder-860227-3-iscsi devstack@c-api.service[126760]: INFO cinder.volume.api [None req-3d50afcb-d87f-4b41-9149-205ece8be677 tempest-VolumesDeleteCascade-810736170 tempest-VolumesDeleteCascade-810736170-project] Delete volume request issued successfully.
Oct 31 14:57:36.980873 dv-cinder-860227-3-iscsi devstack@c-api.service[126760]: INFO cinder.api.openstack.wsgi [None req-3d50afcb-d87f-4b41-9149-205ece8be677 tempest-VolumesDeleteCascade-810736170 tempest-VolumesDeleteCascade-810736170-project] http://10.222.0.36/volume/v3/7308e9a0e8b24dd68e7031770f9bd368/volumes/4ffe00ba-997f-4a4c-8112-a1d0655a1f41 returned with HTTP 202
Oct 31 14:57:36.984900 dv-cinder-860227-3-iscsi devstack@c-api.service[126760]: [pid: 126760|app: 0|req: 165/346] 10.222.0.36 () {58 vars in 1328 bytes} [Mon Oct 31 14:57:36 2022] DELETE /volume/v3/7308e9a0e8b24dd68e7031770f9bd368/volumes/4ffe00ba-997f-4a4c-8112-a1d0655a1f41 => generated 0 bytes in 63 msecs (HTTP/1.1 202) 6 headers in 233 bytes (1 switches on core 0)
Oct 31 14:57:36.984900 dv-cinder-860227-3-iscsi devstack@c-api.service[126760]: DEBUG cinder.api.middleware.request_id [None req-2dda1b0b-941b-4a98-87d8-208abc50d284 None None] RequestId filter calling following filter/app {{(pid=126760) _context_setter /opt/stack/cinder/cinder/api/middleware/request_id.py:62}}
Oct 31 14:57:36.988802 dv-cinder-860227-3-iscsi devstack@c-api.service[126760]: INFO cinder.api.openstack.wsgi [None req-2dda1b0b-941b-4a98-87d8-208abc50d284 tempest-GroupTypesTest-1753049513 tempest-GroupTypesTest-1753049513-project-admin] GET http://10.222.0.36/volume/v3/577d026033e64a8da7b66d1d1061fd27/group_types?sort=name%3Adesc&is_public=None
Oct 31 14:57:36.989360 dv-cinder-860227-3-iscsi devstack@c-api.service[126760]: DEBUG cinder.api.openstack.wsgi [None req-2dda1b0b-941b-4a98-87d8-208abc50d284 tempest-GroupTypesTest-1753049513 tempest-GroupTypesTest-1753049513-project-admin] Empty body provided in request {{(pid=126760) get_body /opt/stack/cinder/cinder/api/openstack/wsgi.py:715}}
Oct 31 14:57:36.989989 dv-cinder-860227-3-iscsi devstack@c-api.service[126760]: DEBUG cinder.api.openstack.wsgi [None req-2dda1b0b-941b-4a98-87d8-208abc50d284 tempest-GroupTypesTest-1753049513 tempest-GroupTypesTest-1753049513-project-admin] Calling method 'version_select' {{(pid=126760) _process_stack /opt/stack/cinder/cinder/api/openstack/wsgi.py:868}}
Oct 31 14:57:37.011781 dv-cinder-860227-3-iscsi devstack@c-api.service[126760]: INFO cinder.api.openstack.wsgi [None req-2dda1b0b-941b-4a98-87d8-208abc50d284 tempest-GroupTypesTest-1753049513 tempest-GroupTypesTest-1753049513-project-admin] http://10.222.0.36/volume/v3/577d026033e64a8da7b66d1d1061fd27/group_types?sort=name%3Adesc&is_public=None returned with HTTP 200
Oct 31 14:57:37.012634 dv-cinder-860227-3-iscsi devstack@c-api.service[126760]: [pid: 126760|app: 0|req: 166/347] 10.222.0.36 () {60 vars in 1330 bytes} [Mon Oct 31 14:57:36 2022] GET /volume/v3/577d026033e64a8da7b66d1d1061fd27/group_types?sort=name%3Adesc&is_public=None => generated 548 bytes in 30 msecs (HTTP/1.1 200) 7 headers in 286 bytes (1 switches on core 0)
Oct 31 14:57:37.013893 dv-cinder-860227-3-iscsi devstack@c-api.service[126760]: DEBUG cinder.api.middleware.request_id [None req-3ddcbe5b-3315-4fcf-9d19-469321ae4a81 None None] RequestId filter calling following filter/app {{(pid=126760) _context_setter /opt/stack/cinder/cinder/api/middleware/request_id.py:62}}
Oct 31 14:57:37.021833 dv-cinder-860227-3-iscsi devstack@c-api.service[126760]: INFO cinder.api.openstack.wsgi [None req-3ddcbe5b-3315-4fcf-9d19-469321ae4a81 tempest-VolumesDeleteCascade-810736170 tempest-VolumesDeleteCascade-810736170-project] GET http://10.222.0.36/volume/v3/7308e9a0e8b24dd68e7031770f9bd368/volumes/4ffe00ba-997f-4a4c-8112-a1d0655a1f41
Oct 31 14:57:37.022089 dv-cinder-860227-3-iscsi devstack@c-api.service[126760]: DEBUG cinder.api.openstack.wsgi [None req-3ddcbe5b-3315-4fcf-9d19-469321ae4a81 tempest-VolumesDeleteCascade-810736170 tempest-VolumesDeleteCascade-810736170-project] Empty body provided in request {{(pid=126760) get_body /opt/stack/cinder/cinder/api/openstack/wsgi.py:715}}
Oct 31 14:57:37.022549 dv-cinder-860227-3-iscsi devstack@c-api.service[126760]: DEBUG cinder.api.openstack.wsgi [None req-3ddcbe5b-3315-4fcf-9d19-469321ae4a81 tempest-VolumesDeleteCascade-810736170 tempest-VolumesDeleteCascade-810736170-project] Calling method 'show' {{(pid=126760) _process_stack /opt/stack/cinder/cinder/api/openstack/wsgi.py:868}}
Oct 31 14:57:37.041894 dv-cinder-860227-3-iscsi devstack@c-api.service[126760]: /usr/local/lib/python3.8/dist-packages/oslo_context/context.py:100: DeprecationWarning: Policy enforcement is depending on the value of is_admin. This key is deprecated. Please update your policy file to use the standard policy values.
Oct 31 14:57:37.041894 dv-cinder-860227-3-iscsi devstack@c-api.service[126760]: warnings.warn('Policy enforcement is depending on the value of '
Oct 31 14:57:37.050189 dv-cinder-860227-3-iscsi devstack@c-api.service[126760]: INFO cinder.volume.api [None req-3ddcbe5b-3315-4fcf-9d19-469321ae4a81 tempest-VolumesDeleteCascade-810736170 tempest-VolumesDeleteCascade-810736170-project] Volume info retrieved successfully.
Oct 31 14:57:37.060446 dv-cinder-860227-3-iscsi devstack@c-api.service[126760]: INFO cinder.api.openstack.wsgi [None req-3ddcbe5b-3315-4fcf-9d19-469321ae4a81 tempest-VolumesDeleteCascade-810736170 tempest-VolumesDeleteCascade-810736170-project] http://10.222.0.36/volume/v3/7308e9a0e8b24dd68e7031770f9bd368/volumes/4ffe00ba-997f-4a4c-8112-a1d0655a1f41 returned with HTTP 200
Oct 31 14:57:37.071583 dv-cinder-860227-3-iscsi devstack@c-api.service[126760]: [pid: 126760|app: 0|req: 167/348] 10.222.0.36 () {58 vars in 1325 bytes} [Mon Oct 31 14:57:37 2022] GET /volume/v3/7308e9a0e8b24dd68e7031770f9bd368/volumes/4ffe00ba-997f-4a4c-8112-a1d0655a1f41 => generated 945 bytes in 48 msecs (HTTP/1.1 200) 7 headers in 285 bytes (1 switches on core 0)
Oct 31 14:57:37.071583 dv-cinder-860227-3-iscsi devstack@c-api.service[126760]: DEBUG cinder.api.middleware.request_id [None req-7621a6f6-5573-4978-97c5-81711d0cb389 None None] RequestId filter calling following filter/app {{(pid=126760) _context_setter /opt/stack/cinder/cinder/api/middleware/request_id.py:62}}
Oct 31 14:57:37.071583 dv-cinder-860227-3-iscsi devstack@c-api.service[126760]: INFO cinder.api.openstack.wsgi [None req-7621a6f6-5573-4978-97c5-81711d0cb389 tempest-GroupTypesTest-1753049513 tempest-GroupTypesTest-1753049513-project-admin] GET http://10.222.0.36/volume/v3/577d026033e64a8da7b66d1d1061fd27/group_types?is_public=False
Oct 31 14:57:37.071583 dv-cinder-860227-3-iscsi devstack@c-api.service[126760]: DEBUG cinder.api.openstack.wsgi [None req-7621a6f6-5573-4978-97c5-81711d0cb389 tempest-GroupTypesTest-1753049513 tempest-GroupTypesTest-1753049513-project-admin] Empty body provided in request {{(pid=126760) get_body /opt/stack/cinder/cinder/api/openstack/wsgi.py:715}}
Oct 31 14:57:37.071583 dv-cinder-860227-3-iscsi devstack@c-api.service[126760]: DEBUG cinder.api.openstack.wsgi [None req-7621a6f6-5573-4978-97c5-81711d0cb389 tempest-GroupTypesTest-1753049513 tempest-GroupTypesTest-1753049513-project-admin] Calling method 'version_select' {{(pid=126760) _process_stack /opt/stack/cinder/cinder/api/openstack/wsgi.py:868}}
Oct 31 14:57:37.083830 dv-cinder-860227-3-iscsi devstack@c-api.service[126760]: INFO cinder.api.openstack.wsgi [None req-7621a6f6-5573-4978-97c5-81711d0cb389 tempest-GroupTypesTest-1753049513 tempest-GroupTypesTest-1753049513-project-admin] http://10.222.0.36/volume/v3/577d026033e64a8da7b66d1d1061fd27/group_types?is_public=False returned with HTTP 200
Oct 31 14:57:37.084542 dv-cinder-860227-3-iscsi devstack@c-api.service[126760]: [pid: 126760|app: 0|req: 168/349] 10.222.0.36 () {60 vars in 1298 bytes} [Mon Oct 31 14:57:37 2022] GET /volume/v3/577d026033e64a8da7b66d1d1061fd27/group_types?is_public=False => generated 168 bytes in 23 msecs (HTTP/1.1 200) 7 headers in 286 bytes (1 switches on core 0)
Oct 31 14:57:37.092442 dv-cinder-860227-3-iscsi devstack@c-api.service[126760]: DEBUG cinder.api.middleware.request_id [None req-d52190b5-1f59-4fda-a5ef-34bc9ea98697 None None] RequestId filter calling following filter/app {{(pid=126760) _context_setter /opt/stack/cinder/cinder/api/middleware/request_id.py:62}}
Oct 31 14:57:37.096021 dv-cinder-860227-3-iscsi devstack@c-api.service[126760]: INFO cinder.api.openstack.wsgi [None req-d52190b5-1f59-4fda-a5ef-34bc9ea98697 tempest-GroupTypesTest-1753049513 tempest-GroupTypesTest-1753049513-project-admin] GET http://10.222.0.36/volume/v3/577d026033e64a8da7b66d1d1061fd27/group_types?is_public=True
Oct 31 14:57:37.096498 dv-cinder-860227-3-iscsi devstack@c-api.service[126760]: DEBUG cinder.api.openstack.wsgi [None req-d52190b5-1f59-4fda-a5ef-34bc9ea98697 tempest-GroupTypesTest-1753049513 tempest-GroupTypesTest-1753049513-project-admin] Empty body provided in request {{(pid=126760) get_body /opt/stack/cinder/cinder/api/openstack/wsgi.py:715}}
Oct 31 14:57:37.096948 dv-cinder-860227-3-iscsi devstack@c-api.service[126760]: DEBUG cinder.api.openstack.wsgi [None req-d52190b5-1f59-4fda-a5ef-34bc9ea98697 tempest-GroupTypesTest-1753049513 tempest-GroupTypesTest-1753049513-project-admin] Calling method 'version_select' {{(pid=126760) _process_stack /opt/stack/cinder/cinder/api/openstack/wsgi.py:868}}
Oct 31 14:57:37.113735 dv-cinder-860227-3-iscsi devstack@c-api.service[126760]: INFO cinder.api.openstack.wsgi [None req-d52190b5-1f59-4fda-a5ef-34bc9ea98697 tempest-GroupTypesTest-1753049513 tempest-GroupTypesTest-1753049513-project-admin] http://10.222.0.36/volume/v3/577d026033e64a8da7b66d1d1061fd27/group_types?is_public=True returned with HTTP 200
Oct 31 14:57:37.114443 dv-cinder-860227-3-iscsi devstack@c-api.service[126760]: [pid: 126760|app: 0|req: 169/350] 10.222.0.36 () {60 vars in 1296 bytes} [Mon Oct 31 14:57:37 2022] GET /volume/v3/577d026033e64a8da7b66d1d1061fd27/group_types?is_public=True => generated 397 bytes in 23 msecs (HTTP/1.1 200) 7 headers in 286 bytes (2 switches on core 0)
Oct 31 14:57:37.122049 dv-cinder-860227-3-iscsi devstack@c-api.service[126760]: DEBUG cinder.api.middleware.request_id [None req-2960e624-9247-4548-962f-2642a65e7951 None None] RequestId filter calling following filter/app {{(pid=126760) _context_setter /opt/stack/cinder/cinder/api/middleware/request_id.py:62}}
Oct 31 14:57:37.125647 dv-cinder-860227-3-iscsi devstack@c-api.service[126760]: INFO cinder.api.openstack.wsgi [None req-2960e624-9247-4548-962f-2642a65e7951 tempest-GroupTypesTest-1753049513 tempest-GroupTypesTest-1753049513-project-admin] DELETE http://10.222.0.36/volume/v3/577d026033e64a8da7b66d1d1061fd27/group_types/7d855065-15ae-492a-924e-5ad0aa560afd
Oct 31 14:57:37.126129 dv-cinder-860227-3-iscsi devstack@c-api.service[126760]: DEBUG cinder.api.openstack.wsgi [None req-2960e624-9247-4548-962f-2642a65e7951 tempest-GroupTypesTest-1753049513 tempest-GroupTypesTest-1753049513-project-admin] Empty body provided in request {{(pid=126760) get_body /opt/stack/cinder/cinder/api/openstack/wsgi.py:715}}
Oct 31 14:57:37.126570 dv-cinder-860227-3-iscsi devstack@c-api.service[126760]: DEBUG cinder.api.openstack.wsgi [None req-2960e624-9247-4548-962f-2642a65e7951 tempest-GroupTypesTest-1753049513 tempest-GroupTypesTest-1753049513-project-admin] Calling method 'version_select' {{(pid=126760) _process_stack /opt/stack/cinder/cinder/api/openstack/wsgi.py:868}}
Oct 31 14:57:37.146732 dv-cinder-860227-3-iscsi devstack@c-api.service[126760]: INFO cinder.api.openstack.wsgi [None req-2960e624-9247-4548-962f-2642a65e7951 tempest-GroupTypesTest-1753049513 tempest-GroupTypesTest-1753049513-project-admin] http://10.222.0.36/volume/v3/577d026033e64a8da7b66d1d1061fd27/group_types/7d855065-15ae-492a-924e-5ad0aa560afd returned with HTTP 202
Oct 31 14:57:37.151037 dv-cinder-860227-3-iscsi devstack@c-api.service[126760]: [pid: 126760|app: 0|req: 170/351] 10.222.0.36 () {60 vars in 1381 bytes} [Mon Oct 31 14:57:37 2022] DELETE /volume/v3/577d026033e64a8da7b66d1d1061fd27/group_types/7d855065-15ae-492a-924e-5ad0aa560afd => generated 0 bytes in 27 msecs (HTTP/1.1 202) 6 headers in 234 bytes (2 switches on core 0)
Oct 31 14:57:37.152647 dv-cinder-860227-3-iscsi devstack@c-api.service[126760]: DEBUG cinder.api.middleware.request_id [None req-fa1a8f99-ea73-409f-ad31-9fab0aae1e77 None None] RequestId filter calling following filter/app {{(pid=126760) _context_setter /opt/stack/cinder/cinder/api/middleware/request_id.py:62}}
Oct 31 14:57:37.156608 dv-cinder-860227-3-iscsi devstack@c-api.service[126760]: INFO cinder.api.openstack.wsgi [None req-fa1a8f99-ea73-409f-ad31-9fab0aae1e77 tempest-GroupTypesTest-1753049513 tempest-GroupTypesTest-1753049513-project-admin] DELETE http://10.222.0.36/volume/v3/577d026033e64a8da7b66d1d1061fd27/group_types/9b69d24f-ddaa-4d9d-beb2-249a8b4bb723
Oct 31 14:57:37.157064 dv-cinder-860227-3-iscsi devstack@c-api.service[126760]: DEBUG cinder.api.openstack.wsgi [None req-fa1a8f99-ea73-409f-ad31-9fab0aae1e77 tempest-GroupTypesTest-1753049513 tempest-GroupTypesTest-1753049513-project-admin] Empty body provided in request {{(pid=126760) get_body /opt/stack/cinder/cinder/api/openstack/wsgi.py:715}}
Oct 31 14:57:37.157641 dv-cinder-860227-3-iscsi devstack@c-api.service[126760]: DEBUG cinder.api.openstack.wsgi [None req-fa1a8f99-ea73-409f-ad31-9fab0aae1e77 tempest-GroupTypesTest-1753049513 tempest-GroupTypesTest-1753049513-project-admin] Calling method 'version_select' {{(pid=126760) _process_stack /opt/stack/cinder/cinder/api/openstack/wsgi.py:868}}
Oct 31 14:57:37.161401 dv-cinder-860227-3-iscsi devstack@c-api.service[126760]: DEBUG dbcounter [-] [126760] Writing DB stats cinder:SELECT=93,cinder:UPDATE=6,cinder:INSERT=1 {{(pid=126760) stat_writer /usr/local/lib/python3.8/dist-packages/dbcounter.py:114}}
Oct 31 14:57:37.180855 dv-cinder-860227-3-iscsi devstack@c-api.service[126760]: INFO cinder.api.openstack.wsgi [None req-fa1a8f99-ea73-409f-ad31-9fab0aae1e77 tempest-GroupTypesTest-1753049513 tempest-GroupTypesTest-1753049513-project-admin] http://10.222.0.36/volume/v3/577d026033e64a8da7b66d1d1061fd27/group_types/9b69d24f-ddaa-4d9d-beb2-249a8b4bb723 returned with HTTP 202
Oct 31 14:57:37.182301 dv-cinder-860227-3-iscsi devstack@c-api.service[126760]: [pid: 126760|app: 0|req: 171/352] 10.222.0.36 () {60 vars in 1381 bytes} [Mon Oct 31 14:57:37 2022] DELETE /volume/v3/577d026033e64a8da7b66d1d1061fd27/group_types/9b69d24f-ddaa-4d9d-beb2-249a8b4bb723 => generated 0 bytes in 31 msecs (HTTP/1.1 202) 6 headers in 234 bytes (2 switches on core 0)
Oct 31 14:57:37.326267 dv-cinder-860227-3-iscsi devstack@c-api.service[126760]: DEBUG cinder.api.middleware.request_id [None req-de1f709d-2efa-4280-acec-e67df0996cae None None] RequestId filter calling following filter/app {{(pid=126760) _context_setter /opt/stack/cinder/cinder/api/middleware/request_id.py:62}}
Oct 31 14:57:37.333928 dv-cinder-860227-3-iscsi devstack@c-api.service[126760]: INFO cinder.api.openstack.wsgi [None req-de1f709d-2efa-4280-acec-e67df0996cae tempest-DeleteServersTestJSON-1142135178 tempest-DeleteServersTestJSON-1142135178-project] GET http://10.222.0.36/volume/v3/af86d70d54694b7995d03c8c607ae706/volumes/41bf7644-f68f-4e34-97cc-9eec01836a0a
Oct 31 14:57:37.334776 dv-cinder-860227-3-iscsi devstack@c-api.service[126760]: DEBUG cinder.api.openstack.wsgi [None req-de1f709d-2efa-4280-acec-e67df0996cae tempest-DeleteServersTestJSON-1142135178 tempest-DeleteServersTestJSON-1142135178-project] Empty body provided in request {{(pid=126760) get_body /opt/stack/cinder/cinder/api/openstack/wsgi.py:715}}
Oct 31 14:57:37.335461 dv-cinder-860227-3-iscsi devstack@c-api.service[126760]: DEBUG cinder.api.openstack.wsgi [None req-de1f709d-2efa-4280-acec-e67df0996cae tempest-DeleteServersTestJSON-1142135178 tempest-DeleteServersTestJSON-1142135178-project] Calling method 'show' {{(pid=126760) _process_stack /opt/stack/cinder/cinder/api/openstack/wsgi.py:868}}
Oct 31 14:57:37.358436 dv-cinder-860227-3-iscsi devstack@c-api.service[126759]: DEBUG cinder.coordination [req-9de445a1-9c95-4d64-9b1b-208c208d3506 req-240551b2-e55c-47f8-9c19-d670a7b9b5b2 tempest-DeleteServersTestJSON-1142135178 tempest-DeleteServersTestJSON-1142135178-project] Lock "cinder-attachment_update-41bf7644-f68f-4e34-97cc-9eec01836a0a-hv-cinder-86022" released by "attachment_update" :: held 0.444s {{(pid=126759) _synchronized /opt/stack/cinder/cinder/coordination.py:207}}
Oct 31 14:57:37.359628 dv-cinder-860227-3-iscsi devstack@c-api.service[126759]: INFO cinder.api.openstack.wsgi [req-9de445a1-9c95-4d64-9b1b-208c208d3506 req-240551b2-e55c-47f8-9c19-d670a7b9b5b2 tempest-DeleteServersTestJSON-1142135178 tempest-DeleteServersTestJSON-1142135178-project] http://10.222.0.36/volume/v3/af86d70d54694b7995d03c8c607ae706/attachments/447c5b8f-2881-41cf-a301-dabe40d3d143 returned with HTTP 200
Oct 31 14:57:37.361018 dv-cinder-860227-3-iscsi devstack@c-api.service[126759]: [pid: 126759|app: 0|req: 182/353] 10.222.0.44 () {64 vars in 1477 bytes} [Mon Oct 31 14:57:36 2022] PUT /volume/v3/af86d70d54694b7995d03c8c607ae706/attachments/447c5b8f-2881-41cf-a301-dabe40d3d143 => generated 747 bytes in 493 msecs (HTTP/1.1 200) 7 headers in 286 bytes (2 switches on core 0)
Oct 31 14:57:37.362724 dv-cinder-860227-3-iscsi devstack@c-api.service[126760]: /usr/local/lib/python3.8/dist-packages/oslo_context/context.py:100: DeprecationWarning: Policy enforcement is depending on the value of is_admin. This key is deprecated. Please update your policy file to use the standard policy values.
Oct 31 14:57:37.362724 dv-cinder-860227-3-iscsi devstack@c-api.service[126760]: warnings.warn('Policy enforcement is depending on the value of '
Oct 31 14:57:37.369939 dv-cinder-860227-3-iscsi devstack@c-api.service[126760]: INFO cinder.volume.api [None req-de1f709d-2efa-4280-acec-e67df0996cae tempest-DeleteServersTestJSON-1142135178 tempest-DeleteServersTestJSON-1142135178-project] Volume info retrieved successfully.
Oct 31 14:57:37.379760 dv-cinder-860227-3-iscsi devstack@c-api.service[126760]: INFO cinder.api.openstack.wsgi [None req-de1f709d-2efa-4280-acec-e67df0996cae tempest-DeleteServersTestJSON-1142135178 tempest-DeleteServersTestJSON-1142135178-project] http://10.222.0.36/volume/v3/af86d70d54694b7995d03c8c607ae706/volumes/41bf7644-f68f-4e34-97cc-9eec01836a0a returned with HTTP 200
Oct 31 14:57:37.391802 dv-cinder-860227-3-iscsi devstack@c-api.service[126760]: [pid: 126760|app: 0|req: 172/354] 10.222.0.36 () {58 vars in 1325 bytes} [Mon Oct 31 14:57:37 2022] GET /volume/v3/af86d70d54694b7995d03c8c607ae706/volumes/41bf7644-f68f-4e34-97cc-9eec01836a0a => generated 913 bytes in 56 msecs (HTTP/1.1 200) 7 headers in 285 bytes (1 switches on core 0)
Oct 31 14:57:37.663087 dv-cinder-860227-3-iscsi devstack@c-api.service[126759]: DEBUG cinder.api.middleware.request_id [None req-c28fb97f-fc19-414e-92fb-a145d7a33fc0 None None] RequestId filter calling following filter/app {{(pid=126759) _context_setter /opt/stack/cinder/cinder/api/middleware/request_id.py:62}}
Oct 31 14:57:37.668478 dv-cinder-860227-3-iscsi devstack@c-api.service[126759]: INFO cinder.api.openstack.wsgi [None req-c28fb97f-fc19-414e-92fb-a145d7a33fc0 tempest-VolumeSnapshotQuotasNegativeTestJSON-221401800 tempest-VolumeSnapshotQuotasNegativeTestJSON-221401800-project] GET http://10.222.0.36/volume/v3/e9b4db8138434ee4ae5d9533c04f8b2a/snapshots/ebabaefa-5f97-4de3-9d29-a4d7007ce75d
