Oct 06 04:18:58.531059 dv-cinder-860227-2-iscsi devstack@keystone.service[81399]: DEBUG keystone.server.flask.request_processing.middleware.auth_context [None req-3173a5ef-4723-4d89-9471-42cf199e3959 None admin] RBAC: auth_context: {'token': , 'domain_id': None, 'trust_id': None, 'trustor_id': None, 'trustee_id': None, 'domain_name': None, 'group_ids': [], 'user_id': 'f6cec6cd063d4a0684ad9f283f12b406', 'user_domain_id': 'default', 'system_scope': 'all', 'project_id': None, 'project_domain_id': None, 'roles': ['admin', 'member', 'reader'], 'is_admin_project': True, 'service_user_id': None, 'service_user_domain_id': None, 'service_project_id': None, 'service_project_domain_id': None, 'service_roles': []} {{(pid=81399) fill_context /opt/stack/keystone/keystone/server/flask/request_processing/middleware/auth_context.py:478}}
Oct 06 04:18:58.531960 dv-cinder-860227-2-iscsi devstack@keystone.service[81399]: DEBUG keystone.server.flask.request_processing.req_logging [None req-3173a5ef-4723-4d89-9471-42cf199e3959 None admin] REQUEST_METHOD: `GET` {{(pid=81399) log_request_info /opt/stack/keystone/keystone/server/flask/request_processing/req_logging.py:27}}
Oct 06 04:18:58.532234 dv-cinder-860227-2-iscsi devstack@keystone.service[81399]: DEBUG keystone.server.flask.request_processing.req_logging [None req-3173a5ef-4723-4d89-9471-42cf199e3959 None admin] SCRIPT_NAME: `/identity` {{(pid=81399) log_request_info /opt/stack/keystone/keystone/server/flask/request_processing/req_logging.py:28}}
Oct 06 04:18:58.532505 dv-cinder-860227-2-iscsi devstack@keystone.service[81399]: DEBUG keystone.server.flask.request_processing.req_logging [None req-3173a5ef-4723-4d89-9471-42cf199e3959 None admin] PATH_INFO: `/v3/users/24416cddd8174632a3ef736d69595b4c` {{(pid=81399) log_request_info /opt/stack/keystone/keystone/server/flask/request_processing/req_logging.py:29}}
Oct 06 04:18:58.533724 dv-cinder-860227-2-iscsi devstack@keystone.service[81399]: DEBUG keystone.common.rbac_enforcer.enforcer [None req-3173a5ef-4723-4d89-9471-42cf199e3959 None admin] RBAC: Authorizing `identity:get_user(user_id=24416cddd8174632a3ef736d69595b4c)` {{(pid=81399) enforce_call /opt/stack/keystone/keystone/common/rbac_enforcer/enforcer.py:449}}
Oct 06 04:18:58.535289 dv-cinder-860227-2-iscsi devstack@keystone.service[81399]: DEBUG keystone.common.rbac_enforcer.enforcer [None req-3173a5ef-4723-4d89-9471-42cf199e3959 None admin] RBAC: Authorization granted {{(pid=81399) enforce_call /opt/stack/keystone/keystone/common/rbac_enforcer/enforcer.py:457}}
Oct 06 04:18:58.537067 dv-cinder-860227-2-iscsi devstack@keystone.service[81399]: [pid: 81399|app: 0|req: 175/355] 10.222.0.33 () {56 vars in 1177 bytes} [Thu Oct 6 04:18:58 2022] GET /identity/v3/users/24416cddd8174632a3ef736d69595b4c => generated 293 bytes in 185 msecs (HTTP/1.1 200) 5 headers in 177 bytes (1 switches on core 0)
Oct 06 04:18:58.537661 dv-cinder-860227-2-iscsi devstack@keystone.service[81399]: DEBUG keystone.server.flask.request_processing.middleware.auth_context [None req-3173a5ef-4723-4d89-9471-42cf199e3959 None admin] Authenticating user token {{(pid=81399) process_request /usr/local/lib/python3.8/dist-packages/keystonemiddleware/auth_token/__init__.py:407}}
Oct 06 04:18:58.604101 dv-cinder-860227-2-iscsi devstack@keystone.service[81400]: DEBUG dbcounter [-] [81400] Writing DB stats keystone:SELECT=100 {{(pid=81400) stat_writer /usr/local/lib/python3.8/dist-packages/dbcounter.py:114}}
Oct 06 04:18:58.615641 dv-cinder-860227-2-iscsi devstack@keystone.service[81400]: DEBUG keystone.server.flask.request_processing.middleware.auth_context [None req-f70e8797-9b97-4bbf-82ff-9839952a6fc3 None admin] Validating token access rules against request {{(pid=81400) validate_allowed_request /usr/local/lib/python3.8/dist-packages/keystonemiddleware/auth_token/__init__.py:545}}
Oct 06 04:18:58.654261 dv-cinder-860227-2-iscsi devstack@keystone.service[81400]: DEBUG keystone.server.flask.request_processing.middleware.auth_context [None req-32b01b56-6629-4cfe-bb26-b90581ca51b2 None admin] RBAC: auth_context: {'token': , 'domain_id': None, 'trust_id': None, 'trustor_id': None, 'trustee_id': None, 'domain_name': None, 'group_ids': [], 'user_id': 'f6cec6cd063d4a0684ad9f283f12b406', 'user_domain_id': 'default', 'system_scope': 'all', 'project_id': None, 'project_domain_id': None, 'roles': ['admin', 'member', 'reader'], 'is_admin_project': True, 'service_user_id': None, 'service_user_domain_id': None, 'service_project_id': None, 'service_project_domain_id': None, 'service_roles': []} {{(pid=81400) fill_context /opt/stack/keystone/keystone/server/flask/request_processing/middleware/auth_context.py:478}}
Oct 06 04:18:58.655329 dv-cinder-860227-2-iscsi devstack@keystone.service[81400]: DEBUG keystone.server.flask.request_processing.req_logging [None req-32b01b56-6629-4cfe-bb26-b90581ca51b2 None admin] REQUEST_METHOD: `GET` {{(pid=81400) log_request_info /opt/stack/keystone/keystone/server/flask/request_processing/req_logging.py:27}}
Oct 06 04:18:58.655994 dv-cinder-860227-2-iscsi devstack@keystone.service[81400]: DEBUG keystone.server.flask.request_processing.req_logging [None req-32b01b56-6629-4cfe-bb26-b90581ca51b2 None admin] SCRIPT_NAME: `/identity` {{(pid=81400) log_request_info /opt/stack/keystone/keystone/server/flask/request_processing/req_logging.py:28}}
Oct 06 04:18:58.656279 dv-cinder-860227-2-iscsi devstack@keystone.service[81400]: DEBUG keystone.server.flask.request_processing.req_logging [None req-32b01b56-6629-4cfe-bb26-b90581ca51b2 None admin] PATH_INFO: `/v3/role_assignments` {{(pid=81400) log_request_info /opt/stack/keystone/keystone/server/flask/request_processing/req_logging.py:29}}
Oct 06 04:18:58.657545 dv-cinder-860227-2-iscsi devstack@keystone.service[81400]: DEBUG keystone.common.rbac_enforcer.enforcer [None req-32b01b56-6629-4cfe-bb26-b90581ca51b2 None admin] RBAC: Adding query filter params (group.id=9e63b8e3c69a4334ae2fc711ca2c36b2, role.id=68ada91d9625461ea199ad5a616e8f01, scope.project.id=55dd5dfdb0894fdfad4138219ed4e9e8) {{(pid=81400) _extract_filter_values /opt/stack/keystone/keystone/common/rbac_enforcer/enforcer.py:167}}
Oct 06 04:18:58.658188 dv-cinder-860227-2-iscsi devstack@keystone.service[81400]: DEBUG keystone.common.rbac_enforcer.enforcer [None req-32b01b56-6629-4cfe-bb26-b90581ca51b2 None admin] RBAC: Authorizing `identity:list_role_assignments()` {{(pid=81400) enforce_call /opt/stack/keystone/keystone/common/rbac_enforcer/enforcer.py:449}}
Oct 06 04:18:58.661061 dv-cinder-860227-2-iscsi devstack@keystone.service[81400]: DEBUG keystone.common.rbac_enforcer.enforcer [None req-32b01b56-6629-4cfe-bb26-b90581ca51b2 None admin] RBAC: Authorization granted {{(pid=81400) enforce_call /opt/stack/keystone/keystone/common/rbac_enforcer/enforcer.py:457}}
Oct 06 04:18:58.666819 dv-cinder-860227-2-iscsi devstack@keystone.service[81399]: DEBUG keystone.server.flask.request_processing.middleware.auth_context [None req-3173a5ef-4723-4d89-9471-42cf199e3959 None admin] Validating token access rules against request {{(pid=81399) validate_allowed_request /usr/local/lib/python3.8/dist-packages/keystonemiddleware/auth_token/__init__.py:545}}
Oct 06 04:18:58.669812 dv-cinder-860227-2-iscsi devstack@keystone.service[81400]: [pid: 81400|app: 0|req: 181/356] 10.222.0.33 () {56 vars in 1376 bytes} [Thu Oct 6 04:18:58 2022] GET /identity/v3/role_assignments?group.id=9e63b8e3c69a4334ae2fc711ca2c36b2&scope.project.id=55dd5dfdb0894fdfad4138219ed4e9e8&role.id=68ada91d9625461ea199ad5a616e8f01 => generated 260 bytes in 187 msecs (HTTP/1.1 200) 5 headers in 177 bytes (1 switches on core 0)
Oct 06 04:18:58.670883 dv-cinder-860227-2-iscsi devstack@keystone.service[81400]: DEBUG keystone.server.flask.request_processing.middleware.auth_context [None req-32b01b56-6629-4cfe-bb26-b90581ca51b2 None admin] Authenticating user token {{(pid=81400) process_request /usr/local/lib/python3.8/dist-packages/keystonemiddleware/auth_token/__init__.py:407}}
Oct 06 04:18:58.711021 dv-cinder-860227-2-iscsi devstack@keystone.service[81399]: DEBUG keystone.server.flask.request_processing.middleware.auth_context [None req-1f44593c-6ffd-4556-bdb1-3ef6ff764f65 None admin] RBAC: auth_context: {'token': , 'domain_id': None, 'trust_id': None, 'trustor_id': None, 'trustee_id': None, 'domain_name': None, 'group_ids': [], 'user_id': 'f6cec6cd063d4a0684ad9f283f12b406', 'user_domain_id': 'default', 'system_scope': 'all', 'project_id': None, 'project_domain_id': None, 'roles': ['admin', 'member', 'reader'], 'is_admin_project': True, 'service_user_id': None, 'service_user_domain_id': None, 'service_project_id': None, 'service_project_domain_id': None, 'service_roles': []} {{(pid=81399) fill_context /opt/stack/keystone/keystone/server/flask/request_processing/middleware/auth_context.py:478}}
Oct 06 04:18:58.711658 dv-cinder-860227-2-iscsi devstack@keystone.service[81399]: DEBUG keystone.server.flask.request_processing.req_logging [None req-1f44593c-6ffd-4556-bdb1-3ef6ff764f65 None admin] REQUEST_METHOD: `GET` {{(pid=81399) log_request_info /opt/stack/keystone/keystone/server/flask/request_processing/req_logging.py:27}}
Oct 06 04:18:58.711936 dv-cinder-860227-2-iscsi devstack@keystone.service[81399]: DEBUG keystone.server.flask.request_processing.req_logging [None req-1f44593c-6ffd-4556-bdb1-3ef6ff764f65 None admin] SCRIPT_NAME: `/identity` {{(pid=81399) log_request_info /opt/stack/keystone/keystone/server/flask/request_processing/req_logging.py:28}}
Oct 06 04:18:58.712403 dv-cinder-860227-2-iscsi devstack@keystone.service[81399]: DEBUG keystone.server.flask.request_processing.req_logging [None req-1f44593c-6ffd-4556-bdb1-3ef6ff764f65 None admin] PATH_INFO: `/v3/roles/member` {{(pid=81399) log_request_info /opt/stack/keystone/keystone/server/flask/request_processing/req_logging.py:29}}
Oct 06 04:18:58.731962 dv-cinder-860227-2-iscsi devstack@keystone.service[81399]: DEBUG keystone.common.rbac_enforcer.enforcer [None req-1f44593c-6ffd-4556-bdb1-3ef6ff764f65 None admin] Extracting inferred target data resulted in "NOT FOUND (404)". {{(pid=81399) enforce_call /opt/stack/keystone/keystone/common/rbac_enforcer/enforcer.py:409}}
Oct 06 04:18:58.740228 dv-cinder-860227-2-iscsi devstack@keystone.service[81399]: ERROR keystone.server.flask.application [None req-1f44593c-6ffd-4556-bdb1-3ef6ff764f65 None admin] Could not find role: member.: keystone.exception.RoleNotFound: Could not find role: member.
Oct 06 04:18:58.740228 dv-cinder-860227-2-iscsi devstack@keystone.service[81399]: ERROR keystone.server.flask.application
Traceback (most recent call last):
Oct 06 04:18:58.740228 dv-cinder-860227-2-iscsi devstack@keystone.service[81399]: ERROR keystone.server.flask.application
File "/usr/local/lib/python3.8/dist-packages/flask/app.py", line 1820, in full_dispatch_request
Oct 06 04:18:58.740228 dv-cinder-860227-2-iscsi devstack@keystone.service[81399]: ERROR keystone.server.flask.application rv = self.dispatch_request()
Oct 06 04:18:58.740228 dv-cinder-860227-2-iscsi devstack@keystone.service[81399]: ERROR keystone.server.flask.application
File "/usr/local/lib/python3.8/dist-packages/flask/app.py", line 1796, in dispatch_request
Oct 06 04:18:58.740228 dv-cinder-860227-2-iscsi devstack@keystone.service[81399]: ERROR keystone.server.flask.application return self.ensure_sync(self.view_functions[rule.endpoint])(**view_args)
Oct 06 04:18:58.740228 dv-cinder-860227-2-iscsi devstack@keystone.service[81399]: ERROR keystone.server.flask.application
File "/usr/local/lib/python3.8/dist-packages/flask_restful/__init__.py", line 467, in wrapper
Oct 06 04:18:58.740228 dv-cinder-860227-2-iscsi devstack@keystone.service[81399]: ERROR keystone.server.flask.application resp = resource(*args, **kwargs)
Oct 06 04:18:58.740228 dv-cinder-860227-2-iscsi devstack@keystone.service[81399]: ERROR keystone.server.flask.application
File "/usr/local/lib/python3.8/dist-packages/flask/views.py", line 107, in view
Oct 06 04:18:58.740228 dv-cinder-860227-2-iscsi devstack@keystone.service[81399]: ERROR keystone.server.flask.application return current_app.ensure_sync(self.dispatch_request)(**kwargs)
Oct 06 04:18:58.740228 dv-cinder-860227-2-iscsi devstack@keystone.service[81399]: ERROR keystone.server.flask.application
File "/usr/local/lib/python3.8/dist-packages/flask_restful/__init__.py", line 582, in dispatch_request
Oct 06 04:18:58.740228 dv-cinder-860227-2-iscsi devstack@keystone.service[81399]: ERROR keystone.server.flask.application resp = meth(*args, **kwargs)
Oct 06 04:18:58.740228 dv-cinder-860227-2-iscsi devstack@keystone.service[81399]: ERROR keystone.server.flask.application
File "/opt/stack/keystone/keystone/api/roles.py", line 50, in get
Oct 06 04:18:58.740228 dv-cinder-860227-2-iscsi devstack@keystone.service[81399]: ERROR keystone.server.flask.application return self._get_role(role_id)
Oct 06 04:18:58.740228 dv-cinder-860227-2-iscsi devstack@keystone.service[81399]: ERROR keystone.server.flask.application
File "/opt/stack/keystone/keystone/api/roles.py", line 70, in _get_role
Oct 06 04:18:58.740228 dv-cinder-860227-2-iscsi devstack@keystone.service[81399]: ERROR keystone.server.flask.application ENFORCER.enforce_call(action='identity:get_role')
Oct 06 04:18:58.741390 dv-cinder-860227-2-iscsi devstack@keystone.service[81399]: ERROR keystone.server.flask.application
File "/opt/stack/keystone/keystone/common/rbac_enforcer/enforcer.py", line 402, in enforce_call
Oct 06 04:18:58.741390 dv-cinder-860227-2-iscsi devstack@keystone.service[81399]: ERROR keystone.server.flask.application policy_dict.update(cls._extract_member_target_data(
Oct 06 04:18:58.741390 dv-cinder-860227-2-iscsi devstack@keystone.service[81399]: ERROR keystone.server.flask.application
File "/opt/stack/keystone/keystone/common/rbac_enforcer/enforcer.py", line 234, in _extract_member_target_data
Oct 06 04:18:58.741390 dv-cinder-860227-2-iscsi devstack@keystone.service[81399]: ERROR keystone.server.flask.application member_name: func(flask.request.view_args[key])
Oct 06 04:18:58.741390 dv-cinder-860227-2-iscsi devstack@keystone.service[81399]: ERROR keystone.server.flask.application
File "/opt/stack/keystone/keystone/common/manager.py", line 115, in wrapped
Oct 06 04:18:58.741390 dv-cinder-860227-2-iscsi devstack@keystone.service[81399]: ERROR keystone.server.flask.application __ret_val = __f(*args, **kwargs)
Oct 06 04:18:58.741390 dv-cinder-860227-2-iscsi devstack@keystone.service[81399]: ERROR keystone.server.flask.application
File "/usr/local/lib/python3.8/dist-packages/decorator.py", line 232, in fun
Oct 06 04:18:58.741390 dv-cinder-860227-2-iscsi devstack@keystone.service[81399]: ERROR keystone.server.flask.application return caller(func, *(extras + args), **kw)
Oct 06 04:18:58.741390 dv-cinder-860227-2-iscsi devstack@keystone.service[81399]: ERROR keystone.server.flask.application
File "/usr/local/lib/python3.8/dist-packages/dogpile/cache/region.py", line 1577, in get_or_create_for_user_func
Oct 06 04:18:58.741390 dv-cinder-860227-2-iscsi devstack@keystone.service[81399]: ERROR keystone.server.flask.application return self.get_or_create(
Oct 06 04:18:58.741390 dv-cinder-860227-2-iscsi devstack@keystone.service[81399]: ERROR keystone.server.flask.application
File "/usr/local/lib/python3.8/dist-packages/dogpile/cache/region.py", line 1042, in get_or_create
Oct 06 04:18:58.741390 dv-cinder-860227-2-iscsi devstack@keystone.service[81399]: ERROR keystone.server.flask.application with Lock(
Oct 06 04:18:58.741390 dv-cinder-860227-2-iscsi devstack@keystone.service[81399]: ERROR keystone.server.flask.application
File "/usr/local/lib/python3.8/dist-packages/dogpile/lock.py", line 185, in __enter__
Oct 06 04:18:58.741390 dv-cinder-860227-2-iscsi devstack@keystone.service[81399]: ERROR keystone.server.flask.application return self._enter()
Oct 06 04:18:58.741390 dv-cinder-860227-2-iscsi devstack@keystone.service[81399]: ERROR keystone.server.flask.application
File "/usr/local/lib/python3.8/dist-packages/dogpile/lock.py", line 94, in _enter
Oct 06 04:18:58.741390 dv-cinder-860227-2-iscsi devstack@keystone.service[81399]: ERROR keystone.server.flask.application generated = self._enter_create(value, createdtime)
Oct 06 04:18:58.742301 dv-cinder-860227-2-iscsi devstack@keystone.service[81399]: ERROR keystone.server.flask.application
File "/usr/local/lib/python3.8/dist-packages/dogpile/lock.py", line 178, in _enter_create
Oct 06 04:18:58.742301 dv-cinder-860227-2-iscsi devstack@keystone.service[81399]: ERROR keystone.server.flask.application return self.creator()
Oct 06 04:18:58.742301 dv-cinder-860227-2-iscsi devstack@keystone.service[81399]: ERROR keystone.server.flask.application
File "/usr/local/lib/python3.8/dist-packages/dogpile/cache/region.py", line 995, in gen_value
Oct 06 04:18:58.742301 dv-cinder-860227-2-iscsi devstack@keystone.service[81399]: ERROR keystone.server.flask.application created_value = creator(
Oct 06 04:18:58.742301 dv-cinder-860227-2-iscsi devstack@keystone.service[81399]: ERROR keystone.server.flask.application
File "/opt/stack/keystone/keystone/assignment/core.py", line 1276, in get_role
Oct 06 04:18:58.742301 dv-cinder-860227-2-iscsi devstack@keystone.service[81399]: ERROR keystone.server.flask.application return self.driver.get_role(role_id)
Oct 06 04:18:58.742301 dv-cinder-860227-2-iscsi devstack@keystone.service[81399]: ERROR keystone.server.flask.application
File "/opt/stack/keystone/keystone/assignment/role_backends/sql.py", line 70, in get_role
Oct 06 04:18:58.742301 dv-cinder-860227-2-iscsi devstack@keystone.service[81399]: ERROR keystone.server.flask.application return self._get_role(session, role_id).to_dict()
Oct 06 04:18:58.742301 dv-cinder-860227-2-iscsi devstack@keystone.service[81399]: ERROR keystone.server.flask.application
File "/opt/stack/keystone/keystone/assignment/role_backends/sql.py", line 65, in _get_role
Oct 06 04:18:58.742301 dv-cinder-860227-2-iscsi devstack@keystone.service[81399]: ERROR keystone.server.flask.application raise exception.RoleNotFound(role_id=role_id)
Oct 06 04:18:58.742301 dv-cinder-860227-2-iscsi devstack@keystone.service[81399]: ERROR keystone.server.flask.application keystone.exception.RoleNotFound: Could not find role: member.
Oct 06 04:18:58.742301 dv-cinder-860227-2-iscsi devstack@keystone.service[81399]: ERROR keystone.server.flask.application
Oct 06 04:18:58.743532 dv-cinder-860227-2-iscsi devstack@keystone.service[81399]: [pid: 81399|app: 0|req: 176/357] 10.222.0.33 () {56 vars in 1099 bytes} [Thu Oct 6 04:18:58 2022] GET /identity/v3/roles/member => generated 84 bytes in 205 msecs (HTTP/1.1 404) 5 headers in 183 bytes (1 switches on core 0)
Oct 06 04:18:58.743609 dv-cinder-860227-2-iscsi devstack@keystone.service[81399]: DEBUG keystone.server.flask.request_processing.middleware.auth_context [None req-1f44593c-6ffd-4556-bdb1-3ef6ff764f65 None admin] Authenticating user token {{(pid=81399) process_request /usr/local/lib/python3.8/dist-packages/keystonemiddleware/auth_token/__init__.py:407}}
Oct 06 04:18:58.788973 dv-cinder-860227-2-iscsi devstack@keystone.service[81399]: DEBUG dbcounter [-] [81399] Writing DB stats keystone:SELECT=100 {{(pid=81399) stat_writer /usr/local/lib/python3.8/dist-packages/dbcounter.py:114}}
Oct 06 04:18:58.811224 dv-cinder-860227-2-iscsi devstack@keystone.service[81400]: DEBUG keystone.server.flask.request_processing.middleware.auth_context [None req-32b01b56-6629-4cfe-bb26-b90581ca51b2 None admin] Validating token access rules against request {{(pid=81400) validate_allowed_request /usr/local/lib/python3.8/dist-packages/keystonemiddleware/auth_token/__init__.py:545}}
Oct 06 04:18:58.865822 dv-cinder-860227-2-iscsi devstack@keystone.service[81400]: DEBUG keystone.server.flask.request_processing.middleware.auth_context [None req-b5b55a99-76ba-4e1f-923a-1abd0242c2e6 None admin] RBAC: auth_context: {'token': , 'domain_id': None, 'trust_id': None, 'trustor_id': None, 'trustee_id': None, 'domain_name': None, 'group_ids': [], 'user_id': 'f6cec6cd063d4a0684ad9f283f12b406', 'user_domain_id': 'default', 'system_scope': 'all', 'project_id': None, 'project_domain_id': None, 'roles': ['admin', 'member', 'reader'], 'is_admin_project': True, 'service_user_id': None, 'service_user_domain_id': None, 'service_project_id': None, 'service_project_domain_id': None, 'service_roles': []} {{(pid=81400) fill_context /opt/stack/keystone/keystone/server/flask/request_processing/middleware/auth_context.py:478}}
Oct 06 04:18:58.866416 dv-cinder-860227-2-iscsi devstack@keystone.service[81400]: DEBUG keystone.server.flask.request_processing.req_logging [None req-b5b55a99-76ba-4e1f-923a-1abd0242c2e6 None admin] REQUEST_METHOD: `GET` {{(pid=81400) log_request_info /opt/stack/keystone/keystone/server/flask/request_processing/req_logging.py:27}}
Oct 06 04:18:58.866749 dv-cinder-860227-2-iscsi devstack@keystone.service[81400]: DEBUG keystone.server.flask.request_processing.req_logging [None req-b5b55a99-76ba-4e1f-923a-1abd0242c2e6 None admin] SCRIPT_NAME: `/identity` {{(pid=81400) log_request_info /opt/stack/keystone/keystone/server/flask/request_processing/req_logging.py:28}}
Oct 06 04:18:58.867103 dv-cinder-860227-2-iscsi devstack@keystone.service[81400]: DEBUG keystone.server.flask.request_processing.req_logging [None req-b5b55a99-76ba-4e1f-923a-1abd0242c2e6 None admin] PATH_INFO: `/v3/roles` {{(pid=81400) log_request_info /opt/stack/keystone/keystone/server/flask/request_processing/req_logging.py:29}}
Oct 06 04:18:58.867771 dv-cinder-860227-2-iscsi devstack@keystone.service[81400]: DEBUG keystone.common.rbac_enforcer.enforcer [None req-b5b55a99-76ba-4e1f-923a-1abd0242c2e6 None admin] RBAC: Adding query filter params (name=anotherrole) {{(pid=81400) _extract_filter_values /opt/stack/keystone/keystone/common/rbac_enforcer/enforcer.py:167}}
Oct 06 04:18:58.868078 dv-cinder-860227-2-iscsi devstack@keystone.service[81400]: DEBUG keystone.common.rbac_enforcer.enforcer [None req-b5b55a99-76ba-4e1f-923a-1abd0242c2e6 None admin] RBAC: Authorizing `identity:list_roles()` {{(pid=81400) enforce_call /opt/stack/keystone/keystone/common/rbac_enforcer/enforcer.py:449}}
Oct 06 04:18:58.869474 dv-cinder-860227-2-iscsi devstack@keystone.service[81400]: DEBUG keystone.common.rbac_enforcer.enforcer [None req-b5b55a99-76ba-4e1f-923a-1abd0242c2e6 None admin] RBAC: Authorization granted {{(pid=81400) enforce_call /opt/stack/keystone/keystone/common/rbac_enforcer/enforcer.py:457}}
Oct 06 04:18:58.879352 dv-cinder-860227-2-iscsi devstack@keystone.service[81400]: [pid: 81400|app: 0|req: 182/358] 10.222.0.33 () {56 vars in 1111 bytes} [Thu Oct 6 04:18:58 2022] GET /identity/v3/roles?name=anotherrole => generated 334 bytes in 209 msecs (HTTP/1.1 200) 5 headers in 177 bytes (1 switches on core 0)
Oct 06 04:18:58.880186 dv-cinder-860227-2-iscsi devstack@keystone.service[81400]: DEBUG keystone.server.flask.request_processing.middleware.auth_context [None req-b5b55a99-76ba-4e1f-923a-1abd0242c2e6 None admin] Authenticating user token {{(pid=81400) process_request /usr/local/lib/python3.8/dist-packages/keystonemiddleware/auth_token/__init__.py:407}}
Oct 06 04:18:58.901431 dv-cinder-860227-2-iscsi devstack@keystone.service[81399]: DEBUG keystone.server.flask.request_processing.middleware.auth_context [None req-1f44593c-6ffd-4556-bdb1-3ef6ff764f65 None admin] Validating token access rules against request {{(pid=81399) validate_allowed_request /usr/local/lib/python3.8/dist-packages/keystonemiddleware/auth_token/__init__.py:545}}
Oct 06 04:18:58.902543 dv-cinder-860227-2-iscsi devstack@keystone.service[81400]: DEBUG dbcounter [-] [81400] Writing DB stats keystone:SELECT=100 {{(pid=81400) stat_writer /usr/local/lib/python3.8/dist-packages/dbcounter.py:114}}
Oct 06 04:18:58.960891 dv-cinder-860227-2-iscsi devstack@keystone.service[81399]: DEBUG keystone.server.flask.request_processing.middleware.auth_context [None req-b8b0a948-586e-444c-9a57-c366e8a1404a None admin] RBAC: auth_context: {'token': , 'domain_id': None, 'trust_id': None, 'trustor_id': None, 'trustee_id': None, 'domain_name': None, 'group_ids': [], 'user_id': 'f6cec6cd063d4a0684ad9f283f12b406', 'user_domain_id': 'default', 'system_scope': 'all', 'project_id': None, 'project_domain_id': None, 'roles': ['admin', 'member', 'reader'], 'is_admin_project': True, 'service_user_id': None, 'service_user_domain_id': None, 'service_project_id': None, 'service_project_domain_id': None, 'service_roles': []} {{(pid=81399) fill_context /opt/stack/keystone/keystone/server/flask/request_processing/middleware/auth_context.py:478}}
Oct 06 04:18:58.961491 dv-cinder-860227-2-iscsi devstack@keystone.service[81399]: DEBUG keystone.server.flask.request_processing.req_logging [None req-b8b0a948-586e-444c-9a57-c366e8a1404a None admin] REQUEST_METHOD: `GET` {{(pid=81399) log_request_info /opt/stack/keystone/keystone/server/flask/request_processing/req_logging.py:27}}
Oct 06 04:18:58.961764 dv-cinder-860227-2-iscsi devstack@keystone.service[81399]: DEBUG keystone.server.flask.request_processing.req_logging [None req-b8b0a948-586e-444c-9a57-c366e8a1404a None admin] SCRIPT_NAME: `/identity` {{(pid=81399) log_request_info /opt/stack/keystone/keystone/server/flask/request_processing/req_logging.py:28}}
Oct 06 04:18:58.962028 dv-cinder-860227-2-iscsi devstack@keystone.service[81399]: DEBUG keystone.server.flask.request_processing.req_logging [None req-b8b0a948-586e-444c-9a57-c366e8a1404a None admin] PATH_INFO: `/v3/auth/tokens` {{(pid=81399) log_request_info /opt/stack/keystone/keystone/server/flask/request_processing/req_logging.py:29}}
Oct 06 04:18:59.009012 dv-cinder-860227-2-iscsi devstack@keystone.service[81400]: DEBUG keystone.server.flask.request_processing.middleware.auth_context [None req-b5b55a99-76ba-4e1f-923a-1abd0242c2e6 None admin] Validating token access rules against request {{(pid=81400) validate_allowed_request /usr/local/lib/python3.8/dist-packages/keystonemiddleware/auth_token/__init__.py:545}}
Oct 06 04:18:59.054624 dv-cinder-860227-2-iscsi devstack@keystone.service[81399]: DEBUG keystone.common.rbac_enforcer.enforcer [None req-b8b0a948-586e-444c-9a57-c366e8a1404a None admin] RBAC: Authorizing `identity:validate_token()` {{(pid=81399) enforce_call /opt/stack/keystone/keystone/common/rbac_enforcer/enforcer.py:449}}
Oct 06 04:18:59.055708 dv-cinder-860227-2-iscsi devstack@keystone.service[81400]: DEBUG keystone.server.flask.request_processing.middleware.auth_context [None req-1af5fd5e-93df-46fe-bf11-2b9086cc358f None admin] RBAC: auth_context: {'token': , 'domain_id': None, 'trust_id': None, 'trustor_id': None, 'trustee_id': None, 'domain_name': None, 'group_ids': [], 'user_id': 'f6cec6cd063d4a0684ad9f283f12b406', 'user_domain_id': 'default', 'system_scope': 'all', 'project_id': None, 'project_domain_id': None, 'roles': ['admin', 'member', 'reader'], 'is_admin_project': True, 'service_user_id': None, 'service_user_domain_id': None, 'service_project_id': None, 'service_project_domain_id': None, 'service_roles': []} {{(pid=81400) fill_context /opt/stack/keystone/keystone/server/flask/request_processing/middleware/auth_context.py:478}}
Oct 06 04:18:59.056111 dv-cinder-860227-2-iscsi devstack@keystone.service[81399]: DEBUG keystone.common.rbac_enforcer.enforcer [None req-b8b0a948-586e-444c-9a57-c366e8a1404a None admin] RBAC: Authorization granted {{(pid=81399) enforce_call /opt/stack/keystone/keystone/common/rbac_enforcer/enforcer.py:457}}
Oct 06 04:18:59.056749 dv-cinder-860227-2-iscsi devstack@keystone.service[81400]: DEBUG keystone.server.flask.request_processing.req_logging [None req-1af5fd5e-93df-46fe-bf11-2b9086cc358f None admin] REQUEST_METHOD: `GET` {{(pid=81400) log_request_info /opt/stack/keystone/keystone/server/flask/request_processing/req_logging.py:27}}
Oct 06 04:18:59.057247 dv-cinder-860227-2-iscsi devstack@keystone.service[81400]: DEBUG keystone.server.flask.request_processing.req_logging [None req-1af5fd5e-93df-46fe-bf11-2b9086cc358f None admin] SCRIPT_NAME: `/identity` {{(pid=81400) log_request_info /opt/stack/keystone/keystone/server/flask/request_processing/req_logging.py:28}}
Oct 06 04:18:59.057723 dv-cinder-860227-2-iscsi devstack@keystone.service[81400]: DEBUG keystone.server.flask.request_processing.req_logging [None req-1af5fd5e-93df-46fe-bf11-2b9086cc358f None admin] PATH_INFO: `/v3/role_assignments` {{(pid=81400) log_request_info /opt/stack/keystone/keystone/server/flask/request_processing/req_logging.py:29}}
Oct 06 04:18:59.058651 dv-cinder-860227-2-iscsi devstack@keystone.service[81400]: DEBUG keystone.common.rbac_enforcer.enforcer [None req-1af5fd5e-93df-46fe-bf11-2b9086cc358f None admin] RBAC: Adding query filter params (role.id=5cef7e0c81c54474b23931f34295ad6e, user.id=24416cddd8174632a3ef736d69595b4c, scope.system=all) {{(pid=81400) _extract_filter_values /opt/stack/keystone/keystone/common/rbac_enforcer/enforcer.py:167}}
Oct 06 04:18:59.059852 dv-cinder-860227-2-iscsi devstack@keystone.service[81400]: DEBUG keystone.common.rbac_enforcer.enforcer [None req-1af5fd5e-93df-46fe-bf11-2b9086cc358f None admin] RBAC: Authorizing `identity:list_role_assignments()` {{(pid=81400) enforce_call /opt/stack/keystone/keystone/common/rbac_enforcer/enforcer.py:449}}
Oct 06 04:18:59.061548 dv-cinder-860227-2-iscsi devstack@keystone.service[81400]: DEBUG keystone.common.rbac_enforcer.enforcer [None req-1af5fd5e-93df-46fe-bf11-2b9086cc358f None admin] RBAC: Authorization granted {{(pid=81400) enforce_call /opt/stack/keystone/keystone/common/rbac_enforcer/enforcer.py:457}}
Oct 06 04:18:59.074646 dv-cinder-860227-2-iscsi devstack@keystone.service[81400]: [pid: 81400|app: 0|req: 183/359] 10.222.0.33 () {56 vars in 1308 bytes} [Thu Oct 6 04:18:58 2022] GET /identity/v3/role_assignments?user.id=24416cddd8174632a3ef736d69595b4c&scope.system=all&role.id=5cef7e0c81c54474b23931f34295ad6e => generated 510 bytes in 195 msecs (HTTP/1.1 200) 5 headers in 177 bytes (1 switches on core 0)
Oct 06 04:18:59.076330 dv-cinder-860227-2-iscsi devstack@keystone.service[81400]: DEBUG keystone.server.flask.request_processing.req_logging [None req-5518e172-f2fa-4495-a5a2-9db792800a37 None None] REQUEST_METHOD: `GET` {{(pid=81400) log_request_info /opt/stack/keystone/keystone/server/flask/request_processing/req_logging.py:27}}
Oct 06 04:18:59.076612 dv-cinder-860227-2-iscsi devstack@keystone.service[81400]: DEBUG keystone.server.flask.request_processing.req_logging [None req-5518e172-f2fa-4495-a5a2-9db792800a37 None None] SCRIPT_NAME: `/identity` {{(pid=81400) log_request_info /opt/stack/keystone/keystone/server/flask/request_processing/req_logging.py:28}}
Oct 06 04:18:59.076939 dv-cinder-860227-2-iscsi devstack@keystone.service[81400]: DEBUG keystone.server.flask.request_processing.req_logging [None req-5518e172-f2fa-4495-a5a2-9db792800a37 None None] PATH_INFO: `/` {{(pid=81400) log_request_info /opt/stack/keystone/keystone/server/flask/request_processing/req_logging.py:29}}
Oct 06 04:18:59.078217 dv-cinder-860227-2-iscsi devstack@keystone.service[81400]: [pid: 81400|app: 0|req: 184/360] 10.222.0.33 () {54 vars in 927 bytes} [Thu Oct 6 04:18:59 2022] GET /identity => generated 270 bytes in 3 msecs (HTTP/1.1 300) 6 headers in 234 bytes (1 switches on core 0)
Oct 06 04:18:59.078951 dv-cinder-860227-2-iscsi devstack@keystone.service[81400]: DEBUG keystone.server.flask.request_processing.middleware.auth_context [None req-5518e172-f2fa-4495-a5a2-9db792800a37 None None] Authenticating user token {{(pid=81400) process_request /usr/local/lib/python3.8/dist-packages/keystonemiddleware/auth_token/__init__.py:407}}
Oct 06 04:18:59.099000 dv-cinder-860227-2-iscsi devstack@keystone.service[81399]: DEBUG dbcounter [-] [81399] Writing DB stats keystone:SELECT=100 {{(pid=81399) stat_writer /usr/local/lib/python3.8/dist-packages/dbcounter.py:114}}
Oct 06 04:18:59.195060 dv-cinder-860227-2-iscsi devstack@keystone.service[81400]: DEBUG dbcounter [-] [81400] Writing DB stats keystone:SELECT=100 {{(pid=81400) stat_writer /usr/local/lib/python3.8/dist-packages/dbcounter.py:114}}
Oct 06 04:18:59.211334 dv-cinder-860227-2-iscsi devstack@keystone.service[81399]: [pid: 81399|app: 0|req: 177/361] 10.222.0.33 () {58 vars in 1282 bytes} [Thu Oct 6 04:18:58 2022] GET /identity/v3/auth/tokens => generated 799 bytes in 468 msecs (HTTP/1.1 200) 6 headers in 358 bytes (1 switches on core 0)
Oct 06 04:18:59.214501 dv-cinder-860227-2-iscsi devstack@keystone.service[81399]: DEBUG keystone.server.flask.request_processing.middleware.auth_context [None req-b8b0a948-586e-444c-9a57-c366e8a1404a None admin] Authenticating user token {{(pid=81399) process_request /usr/local/lib/python3.8/dist-packages/keystonemiddleware/auth_token/__init__.py:407}}
Oct 06 04:18:59.243590 dv-cinder-860227-2-iscsi devstack@keystone.service[81400]: DEBUG keystone.server.flask.request_processing.middleware.auth_context [None req-5518e172-f2fa-4495-a5a2-9db792800a37 None None] Validating token access rules against request {{(pid=81400) validate_allowed_request /usr/local/lib/python3.8/dist-packages/keystonemiddleware/auth_token/__init__.py:545}}
Oct 06 04:18:59.287526 dv-cinder-860227-2-iscsi devstack@keystone.service[81400]: DEBUG keystone.server.flask.request_processing.middleware.auth_context [None req-16367511-ffaf-4e1b-b598-ffa7f4474f6c None admin] RBAC: auth_context: {'token': , 'domain_id': None, 'trust_id': None, 'trustor_id': None, 'trustee_id': None, 'domain_name': None, 'group_ids': [], 'user_id': 'f6cec6cd063d4a0684ad9f283f12b406', 'user_domain_id': 'default', 'system_scope': 'all', 'project_id': None, 'project_domain_id': None, 'roles': ['admin', 'member', 'reader'], 'is_admin_project': True, 'service_user_id': None, 'service_user_domain_id': None, 'service_project_id': None, 'service_project_domain_id': None, 'service_roles': []} {{(pid=81400) fill_context /opt/stack/keystone/keystone/server/flask/request_processing/middleware/auth_context.py:478}}
Oct 06 04:18:59.288526 dv-cinder-860227-2-iscsi devstack@keystone.service[81400]: DEBUG keystone.server.flask.request_processing.req_logging [None req-16367511-ffaf-4e1b-b598-ffa7f4474f6c None admin] REQUEST_METHOD: `GET` {{(pid=81400) log_request_info /opt/stack/keystone/keystone/server/flask/request_processing/req_logging.py:27}}
Oct 06 04:18:59.288991 dv-cinder-860227-2-iscsi devstack@keystone.service[81400]: DEBUG keystone.server.flask.request_processing.req_logging [None req-16367511-ffaf-4e1b-b598-ffa7f4474f6c None admin] SCRIPT_NAME: `/identity` {{(pid=81400) log_request_info /opt/stack/keystone/keystone/server/flask/request_processing/req_logging.py:28}}
Oct 06 04:18:59.289433 dv-cinder-860227-2-iscsi devstack@keystone.service[81400]: DEBUG keystone.server.flask.request_processing.req_logging [None req-16367511-ffaf-4e1b-b598-ffa7f4474f6c None admin] PATH_INFO: `/v3/roles` {{(pid=81400) log_request_info /opt/stack/keystone/keystone/server/flask/request_processing/req_logging.py:29}}
Oct 06 04:18:59.290281 dv-cinder-860227-2-iscsi devstack@keystone.service[81400]: DEBUG keystone.common.rbac_enforcer.enforcer [None req-16367511-ffaf-4e1b-b598-ffa7f4474f6c None admin] RBAC: Adding query filter params (name=member) {{(pid=81400) _extract_filter_values /opt/stack/keystone/keystone/common/rbac_enforcer/enforcer.py:167}}
Oct 06 04:18:59.290780 dv-cinder-860227-2-iscsi devstack@keystone.service[81400]: DEBUG keystone.common.rbac_enforcer.enforcer [None req-16367511-ffaf-4e1b-b598-ffa7f4474f6c None admin] RBAC: Authorizing `identity:list_roles()` {{(pid=81400) enforce_call /opt/stack/keystone/keystone/common/rbac_enforcer/enforcer.py:449}}
Oct 06 04:18:59.292460 dv-cinder-860227-2-iscsi devstack@keystone.service[81400]: DEBUG keystone.common.rbac_enforcer.enforcer [None req-16367511-ffaf-4e1b-b598-ffa7f4474f6c None admin] RBAC: Authorization granted {{(pid=81400) enforce_call /opt/stack/keystone/keystone/common/rbac_enforcer/enforcer.py:457}}
Oct 06 04:18:59.305815 dv-cinder-860227-2-iscsi devstack@keystone.service[81400]: [pid: 81400|app: 0|req: 185/362] 10.222.0.33 () {56 vars in 1101 bytes} [Thu Oct 6 04:18:59 2022] GET /identity/v3/roles?name=member => generated 341 bytes in 227 msecs (HTTP/1.1 200) 5 headers in 177 bytes (1 switches on core 0)
Oct 06 04:18:59.307457 dv-cinder-860227-2-iscsi devstack@keystone.service[81400]: DEBUG keystone.server.flask.request_processing.req_logging [None req-0fdeef6d-f0c9-4544-9f4b-44e784aafbd2 None None] REQUEST_METHOD: `POST` {{(pid=81400) log_request_info /opt/stack/keystone/keystone/server/flask/request_processing/req_logging.py:27}}
Oct 06 04:18:59.307910 dv-cinder-860227-2-iscsi devstack@keystone.service[81400]: DEBUG keystone.server.flask.request_processing.req_logging [None req-0fdeef6d-f0c9-4544-9f4b-44e784aafbd2 None None] SCRIPT_NAME: `/identity` {{(pid=81400) log_request_info /opt/stack/keystone/keystone/server/flask/request_processing/req_logging.py:28}}
Oct 06 04:18:59.308374 dv-cinder-860227-2-iscsi devstack@keystone.service[81400]: DEBUG keystone.server.flask.request_processing.req_logging [None req-0fdeef6d-f0c9-4544-9f4b-44e784aafbd2 None None] PATH_INFO: `/v3/auth/tokens` {{(pid=81400) log_request_info /opt/stack/keystone/keystone/server/flask/request_processing/req_logging.py:29}}
Oct 06 04:18:59.329141 dv-cinder-860227-2-iscsi devstack@keystone.service[81400]: DEBUG keystone.auth.core [None req-0fdeef6d-f0c9-4544-9f4b-44e784aafbd2 None None] MFA Rules not processed for user `f6cec6cd063d4a0684ad9f283f12b406`. Rule list: `[]` (Enabled: `True`). {{(pid=81400) check_auth_methods_against_rules /opt/stack/keystone/keystone/auth/core.py:438}}
Oct 06 04:18:59.330650 dv-cinder-860227-2-iscsi devstack@keystone.service[81400]: DEBUG keystone.common.fernet_utils [None req-0fdeef6d-f0c9-4544-9f4b-44e784aafbd2 None None] Loaded 2 Fernet keys from /etc/keystone/fernet-keys/, but `[fernet_tokens] max_active_keys = 3`; perhaps there have not been enough key rotations to reach `max_active_keys` yet? {{(pid=81400) load_keys /opt/stack/keystone/keystone/common/fernet_utils.py:286}}
Oct 06 04:18:59.360694 dv-cinder-860227-2-iscsi devstack@keystone.service[81399]: DEBUG keystone.server.flask.request_processing.middleware.auth_context [None req-b8b0a948-586e-444c-9a57-c366e8a1404a None admin] Validating token access rules against request {{(pid=81399) validate_allowed_request /usr/local/lib/python3.8/dist-packages/keystonemiddleware/auth_token/__init__.py:545}}
Oct 06 04:18:59.400887 dv-cinder-860227-2-iscsi devstack@keystone.service[81399]: DEBUG dbcounter [-] [81399] Writing DB stats keystone:SELECT=100 {{(pid=81399) stat_writer /usr/local/lib/python3.8/dist-packages/dbcounter.py:114}}
Oct 06 04:18:59.416339 dv-cinder-860227-2-iscsi devstack@keystone.service[81399]: DEBUG keystone.server.flask.request_processing.middleware.auth_context [None req-2371313e-d964-4d29-acf3-1e90a81b8900 None admin] RBAC: auth_context: {'token': , 'domain_id': None, 'trust_id': None, 'trustor_id': None, 'trustee_id': None, 'domain_name': None, 'group_ids': [], 'user_id': 'f6cec6cd063d4a0684ad9f283f12b406', 'user_domain_id': 'default', 'system_scope': 'all', 'project_id': None, 'project_domain_id': None, 'roles': ['admin', 'member', 'reader'], 'is_admin_project': True, 'service_user_id': None, 'service_user_domain_id': None, 'service_project_id': None, 'service_project_domain_id': None, 'service_roles': []} {{(pid=81399) fill_context /opt/stack/keystone/keystone/server/flask/request_processing/middleware/auth_context.py:478}}
Oct 06 04:18:59.416962 dv-cinder-860227-2-iscsi devstack@keystone.service[81399]: DEBUG keystone.server.flask.request_processing.req_logging [None req-2371313e-d964-4d29-acf3-1e90a81b8900 None admin] REQUEST_METHOD: `GET` {{(pid=81399) log_request_info /opt/stack/keystone/keystone/server/flask/request_processing/req_logging.py:27}}
Oct 06 04:18:59.417240 dv-cinder-860227-2-iscsi devstack@keystone.service[81399]: DEBUG keystone.server.flask.request_processing.req_logging [None req-2371313e-d964-4d29-acf3-1e90a81b8900 None admin] SCRIPT_NAME: `/identity` {{(pid=81399) log_request_info /opt/stack/keystone/keystone/server/flask/request_processing/req_logging.py:28}}
Oct 06 04:18:59.417513 dv-cinder-860227-2-iscsi devstack@keystone.service[81399]: DEBUG keystone.server.flask.request_processing.req_logging [None req-2371313e-d964-4d29-acf3-1e90a81b8900 None admin] PATH_INFO: `/v3/auth/tokens` {{(pid=81399) log_request_info /opt/stack/keystone/keystone/server/flask/request_processing/req_logging.py:29}}
Oct 06 04:18:59.423279 dv-cinder-860227-2-iscsi devstack@keystone.service[81400]: [pid: 81400|app: 0|req: 186/363] 10.222.0.33 () {58 vars in 1024 bytes} [Thu Oct 6 04:18:59 2022] POST /identity/v3/auth/tokens => generated 799 bytes in 116 msecs (HTTP/1.1 201) 6 headers in 363 bytes (1 switches on core 0)
Oct 06 04:18:59.424160 dv-cinder-860227-2-iscsi devstack@keystone.service[81400]: DEBUG keystone.server.flask.request_processing.middleware.auth_context [None req-0fdeef6d-f0c9-4544-9f4b-44e784aafbd2 None None] Authenticating user token {{(pid=81400) process_request /usr/local/lib/python3.8/dist-packages/keystonemiddleware/auth_token/__init__.py:407}}
Oct 06 04:18:59.494865 dv-cinder-860227-2-iscsi devstack@keystone.service[81399]: DEBUG keystone.common.rbac_enforcer.enforcer [None req-2371313e-d964-4d29-acf3-1e90a81b8900 None admin] RBAC: Authorizing `identity:validate_token()` {{(pid=81399) enforce_call /opt/stack/keystone/keystone/common/rbac_enforcer/enforcer.py:449}}
Oct 06 04:18:59.496570 dv-cinder-860227-2-iscsi devstack@keystone.service[81399]: DEBUG keystone.common.rbac_enforcer.enforcer [None req-2371313e-d964-4d29-acf3-1e90a81b8900 None admin] RBAC: Authorization granted {{(pid=81399) enforce_call /opt/stack/keystone/keystone/common/rbac_enforcer/enforcer.py:457}}
Oct 06 04:18:59.502133 dv-cinder-860227-2-iscsi devstack@keystone.service[81400]: DEBUG dbcounter [-] [81400] Writing DB stats keystone:SELECT=100 {{(pid=81400) stat_writer /usr/local/lib/python3.8/dist-packages/dbcounter.py:114}}
Oct 06 04:18:59.547179 dv-cinder-860227-2-iscsi devstack@keystone.service[81400]: DEBUG keystone.server.flask.request_processing.middleware.auth_context [None req-0fdeef6d-f0c9-4544-9f4b-44e784aafbd2 None None] Validating token access rules against request {{(pid=81400) validate_allowed_request /usr/local/lib/python3.8/dist-packages/keystonemiddleware/auth_token/__init__.py:545}}
Oct 06 04:18:59.593811 dv-cinder-860227-2-iscsi devstack@keystone.service[81400]: DEBUG keystone.server.flask.request_processing.middleware.auth_context [None req-b89cad5d-ec6f-46d0-93ff-6b3347021e94 None admin] RBAC: auth_context: {'token': , 'domain_id': None, 'trust_id': None, 'trustor_id': None, 'trustee_id': None, 'domain_name': None, 'group_ids': [], 'user_id': 'f6cec6cd063d4a0684ad9f283f12b406', 'user_domain_id': 'default', 'system_scope': 'all', 'project_id': None, 'project_domain_id': None, 'roles': ['admin', 'member', 'reader'], 'is_admin_project': True, 'service_user_id': None, 'service_user_domain_id': None, 'service_project_id': None, 'service_project_domain_id': None, 'service_roles': []} {{(pid=81400) fill_context /opt/stack/keystone/keystone/server/flask/request_processing/middleware/auth_context.py:478}}
Oct 06 04:18:59.594460 dv-cinder-860227-2-iscsi devstack@keystone.service[81400]: DEBUG keystone.server.flask.request_processing.req_logging [None req-b89cad5d-ec6f-46d0-93ff-6b3347021e94 None admin] REQUEST_METHOD: `GET` {{(pid=81400) log_request_info /opt/stack/keystone/keystone/server/flask/request_processing/req_logging.py:27}}
Oct 06 04:18:59.594735 dv-cinder-860227-2-iscsi devstack@keystone.service[81400]: DEBUG keystone.server.flask.request_processing.req_logging [None req-b89cad5d-ec6f-46d0-93ff-6b3347021e94 None admin] SCRIPT_NAME: `/identity` {{(pid=81400) log_request_info /opt/stack/keystone/keystone/server/flask/request_processing/req_logging.py:28}}
Oct 06 04:18:59.595023 dv-cinder-860227-2-iscsi devstack@keystone.service[81400]: DEBUG keystone.server.flask.request_processing.req_logging [None req-b89cad5d-ec6f-46d0-93ff-6b3347021e94 None admin] PATH_INFO: `/v3/projects/5698e9901f634a3695852e6b8b460d47` {{(pid=81400) log_request_info /opt/stack/keystone/keystone/server/flask/request_processing/req_logging.py:29}}
Oct 06 04:18:59.596243 dv-cinder-860227-2-iscsi devstack@keystone.service[81400]: DEBUG keystone.common.rbac_enforcer.enforcer [None req-b89cad5d-ec6f-46d0-93ff-6b3347021e94 None admin] RBAC: Authorizing `identity:get_project(project_id=5698e9901f634a3695852e6b8b460d47)` {{(pid=81400) enforce_call /opt/stack/keystone/keystone/common/rbac_enforcer/enforcer.py:449}}
Oct 06 04:18:59.597736 dv-cinder-860227-2-iscsi devstack@keystone.service[81400]: DEBUG keystone.common.rbac_enforcer.enforcer [None req-b89cad5d-ec6f-46d0-93ff-6b3347021e94 None admin] RBAC: Authorization granted {{(pid=81400) enforce_call /opt/stack/keystone/keystone/common/rbac_enforcer/enforcer.py:457}}
Oct 06 04:18:59.600870 dv-cinder-860227-2-iscsi devstack@keystone.service[81400]: [pid: 81400|app: 0|req: 187/364] 10.222.0.33 () {56 vars in 1186 bytes} [Thu Oct 6 04:18:59 2022] GET /identity/v3/projects/5698e9901f634a3695852e6b8b460d47 => generated 302 bytes in 177 msecs (HTTP/1.1 200) 5 headers in 177 bytes (1 switches on core 0)
Oct 06 04:18:59.601721 dv-cinder-860227-2-iscsi devstack@keystone.service[81400]: DEBUG keystone.server.flask.request_processing.middleware.auth_context [None req-b89cad5d-ec6f-46d0-93ff-6b3347021e94 None admin] Authenticating user token {{(pid=81400) process_request /usr/local/lib/python3.8/dist-packages/keystonemiddleware/auth_token/__init__.py:407}}
Oct 06 04:18:59.611154 dv-cinder-860227-2-iscsi devstack@keystone.service[81399]: [pid: 81399|app: 0|req: 178/365] 10.222.0.33 () {58 vars in 1282 bytes} [Thu Oct 6 04:18:59 2022] GET /identity/v3/auth/tokens => generated 799 bytes in 399 msecs (HTTP/1.1 200) 6 headers in 358 bytes (1 switches on core 0)
Oct 06 04:18:59.612530 dv-cinder-860227-2-iscsi devstack@keystone.service[81399]: DEBUG keystone.server.flask.request_processing.middleware.auth_context [None req-2371313e-d964-4d29-acf3-1e90a81b8900 None admin] Authenticating user token {{(pid=81399) process_request /usr/local/lib/python3.8/dist-packages/keystonemiddleware/auth_token/__init__.py:407}}
Oct 06 04:18:59.645328 dv-cinder-860227-2-iscsi devstack@keystone.service[81399]: DEBUG dbcounter [-] [81399] Writing DB stats keystone:SELECT=100 {{(pid=81399) stat_writer /usr/local/lib/python3.8/dist-packages/dbcounter.py:114}}
Oct 06 04:18:59.730139 dv-cinder-860227-2-iscsi devstack@keystone.service[81400]: DEBUG keystone.server.flask.request_processing.middleware.auth_context [None req-b89cad5d-ec6f-46d0-93ff-6b3347021e94 None admin] Validating token access rules against request {{(pid=81400) validate_allowed_request /usr/local/lib/python3.8/dist-packages/keystonemiddleware/auth_token/__init__.py:545}}
Oct 06 04:18:59.745315 dv-cinder-860227-2-iscsi devstack@keystone.service[81399]: DEBUG keystone.server.flask.request_processing.middleware.auth_context [None req-2371313e-d964-4d29-acf3-1e90a81b8900 None admin] Validating token access rules against request {{(pid=81399) validate_allowed_request /usr/local/lib/python3.8/dist-packages/keystonemiddleware/auth_token/__init__.py:545}}
Oct 06 04:18:59.775522 dv-cinder-860227-2-iscsi devstack@keystone.service[81400]: DEBUG keystone.server.flask.request_processing.middleware.auth_context [None req-1689fdeb-d34c-499a-b833-68f7b89fa584 None admin] RBAC: auth_context: {'token': , 'domain_id': None, 'trust_id': None, 'trustor_id': None, 'trustee_id': None, 'domain_name': None, 'group_ids': [], 'user_id': 'f6cec6cd063d4a0684ad9f283f12b406', 'user_domain_id': 'default', 'system_scope': 'all', 'project_id': None, 'project_domain_id': None, 'roles': ['admin', 'member', 'reader'], 'is_admin_project': True, 'service_user_id': None, 'service_user_domain_id': None, 'service_project_id': None, 'service_project_domain_id': None, 'service_roles': []} {{(pid=81400) fill_context /opt/stack/keystone/keystone/server/flask/request_processing/middleware/auth_context.py:478}}
Oct 06 04:18:59.776330 dv-cinder-860227-2-iscsi devstack@keystone.service[81400]: DEBUG keystone.server.flask.request_processing.req_logging [None req-1689fdeb-d34c-499a-b833-68f7b89fa584 None admin] REQUEST_METHOD: `GET` {{(pid=81400) log_request_info /opt/stack/keystone/keystone/server/flask/request_processing/req_logging.py:27}}
Oct 06 04:18:59.776611 dv-cinder-860227-2-iscsi devstack@keystone.service[81400]: DEBUG keystone.server.flask.request_processing.req_logging [None req-1689fdeb-d34c-499a-b833-68f7b89fa584 None admin] SCRIPT_NAME: `/identity` {{(pid=81400) log_request_info /opt/stack/keystone/keystone/server/flask/request_processing/req_logging.py:28}}
Oct 06 04:18:59.776885 dv-cinder-860227-2-iscsi devstack@keystone.service[81400]: DEBUG keystone.server.flask.request_processing.req_logging [None req-1689fdeb-d34c-499a-b833-68f7b89fa584 None admin] PATH_INFO: `/v3/auth/tokens` {{(pid=81400) log_request_info /opt/stack/keystone/keystone/server/flask/request_processing/req_logging.py:29}}
Oct 06 04:18:59.780388 dv-cinder-860227-2-iscsi devstack@keystone.service[81400]: DEBUG dbcounter [-] [81400] Writing DB stats keystone:SELECT=100 {{(pid=81400) stat_writer /usr/local/lib/python3.8/dist-packages/dbcounter.py:114}}
