Oct 06 07:53:22.804866 dv-cinder-860212-3-iscsi devstack@keystone.service[81480]: [pid: 81480|app: 0|req: 110/224] 10.222.0.30 () {56 vars in 1177 bytes} [Thu Oct 6 07:53:22 2022] GET /identity/v3/users/24b1ed517c454625a2a733a06aa4fb70 => generated 283 bytes in 185 msecs (HTTP/1.1 200) 5 headers in 177 bytes (1 switches on core 0)
Oct 06 07:53:22.805441 dv-cinder-860212-3-iscsi devstack@keystone.service[81480]: DEBUG keystone.server.flask.request_processing.middleware.auth_context [None req-3addd593-0b4c-4e7f-9b1f-623cc2b1ba76 None admin] Authenticating user token {{(pid=81480) process_request /usr/local/lib/python3.8/dist-packages/keystonemiddleware/auth_token/__init__.py:407}}
Oct 06 07:53:22.813817 dv-cinder-860212-3-iscsi devstack@keystone.service[81479]: DEBUG keystone.server.flask.request_processing.middleware.auth_context [None req-0f19510c-9bd8-4738-88c1-ed0aa5e1d6fa None admin] Validating token access rules against request {{(pid=81479) validate_allowed_request /usr/local/lib/python3.8/dist-packages/keystonemiddleware/auth_token/__init__.py:545}}
Oct 06 07:53:22.849752 dv-cinder-860212-3-iscsi devstack@keystone.service[81479]: DEBUG keystone.server.flask.request_processing.middleware.auth_context [None req-660a6a0d-0e33-47ed-895e-b191ff429fe2 None admin] RBAC: auth_context: {'token': , 'domain_id': None, 'trust_id': None, 'trustor_id': None, 'trustee_id': None, 'domain_name': None, 'group_ids': [], 'user_id': '93747f497a1f4adcb4b8ddb03adfe01c', 'user_domain_id': 'default', 'system_scope': 'all', 'project_id': None, 'project_domain_id': None, 'roles': ['admin', 'member', 'reader'], 'is_admin_project': True, 'service_user_id': None, 'service_user_domain_id': None, 'service_project_id': None, 'service_project_domain_id': None, 'service_roles': []} {{(pid=81479) fill_context /opt/stack/keystone/keystone/server/flask/request_processing/middleware/auth_context.py:478}}
Oct 06 07:53:22.850387 dv-cinder-860212-3-iscsi devstack@keystone.service[81479]: DEBUG keystone.server.flask.request_processing.req_logging [None req-660a6a0d-0e33-47ed-895e-b191ff429fe2 None admin] REQUEST_METHOD: `GET` {{(pid=81479) log_request_info /opt/stack/keystone/keystone/server/flask/request_processing/req_logging.py:27}}
Oct 06 07:53:22.850667 dv-cinder-860212-3-iscsi devstack@keystone.service[81479]: DEBUG keystone.server.flask.request_processing.req_logging [None req-660a6a0d-0e33-47ed-895e-b191ff429fe2 None admin] SCRIPT_NAME: `/identity` {{(pid=81479) log_request_info /opt/stack/keystone/keystone/server/flask/request_processing/req_logging.py:28}}
Oct 06 07:53:22.850956 dv-cinder-860212-3-iscsi devstack@keystone.service[81479]: DEBUG keystone.server.flask.request_processing.req_logging [None req-660a6a0d-0e33-47ed-895e-b191ff429fe2 None admin] PATH_INFO: `/v3/roles/anotherrole` {{(pid=81479) log_request_info /opt/stack/keystone/keystone/server/flask/request_processing/req_logging.py:29}}
Oct 06 07:53:22.863252 dv-cinder-860212-3-iscsi devstack@keystone.service[81479]: DEBUG keystone.common.rbac_enforcer.enforcer [None req-660a6a0d-0e33-47ed-895e-b191ff429fe2 None admin] Extracting inferred target data resulted in "NOT FOUND (404)". {{(pid=81479) enforce_call /opt/stack/keystone/keystone/common/rbac_enforcer/enforcer.py:409}}
Oct 06 07:53:22.868186 dv-cinder-860212-3-iscsi devstack@keystone.service[81479]: ERROR keystone.server.flask.application [None req-660a6a0d-0e33-47ed-895e-b191ff429fe2 None admin] Could not find role: anotherrole.: keystone.exception.RoleNotFound: Could not find role: anotherrole.
Oct 06 07:53:22.868186 dv-cinder-860212-3-iscsi devstack@keystone.service[81479]: ERROR keystone.server.flask.application
Traceback (most recent call last):
Oct 06 07:53:22.868186 dv-cinder-860212-3-iscsi devstack@keystone.service[81479]: ERROR keystone.server.flask.application
File "/usr/local/lib/python3.8/dist-packages/flask/app.py", line 1820, in full_dispatch_request
Oct 06 07:53:22.868186 dv-cinder-860212-3-iscsi devstack@keystone.service[81479]: ERROR keystone.server.flask.application rv = self.dispatch_request()
Oct 06 07:53:22.868186 dv-cinder-860212-3-iscsi devstack@keystone.service[81479]: ERROR keystone.server.flask.application
File "/usr/local/lib/python3.8/dist-packages/flask/app.py", line 1796, in dispatch_request
Oct 06 07:53:22.868186 dv-cinder-860212-3-iscsi devstack@keystone.service[81479]: ERROR keystone.server.flask.application return self.ensure_sync(self.view_functions[rule.endpoint])(**view_args)
Oct 06 07:53:22.868186 dv-cinder-860212-3-iscsi devstack@keystone.service[81479]: ERROR keystone.server.flask.application
File "/usr/local/lib/python3.8/dist-packages/flask_restful/__init__.py", line 467, in wrapper
Oct 06 07:53:22.868186 dv-cinder-860212-3-iscsi devstack@keystone.service[81479]: ERROR keystone.server.flask.application resp = resource(*args, **kwargs)
Oct 06 07:53:22.868186 dv-cinder-860212-3-iscsi devstack@keystone.service[81479]: ERROR keystone.server.flask.application
File "/usr/local/lib/python3.8/dist-packages/flask/views.py", line 107, in view
Oct 06 07:53:22.868186 dv-cinder-860212-3-iscsi devstack@keystone.service[81479]: ERROR keystone.server.flask.application return current_app.ensure_sync(self.dispatch_request)(**kwargs)
Oct 06 07:53:22.868186 dv-cinder-860212-3-iscsi devstack@keystone.service[81479]: ERROR keystone.server.flask.application
File "/usr/local/lib/python3.8/dist-packages/flask_restful/__init__.py", line 582, in dispatch_request
Oct 06 07:53:22.868186 dv-cinder-860212-3-iscsi devstack@keystone.service[81479]: ERROR keystone.server.flask.application resp = meth(*args, **kwargs)
Oct 06 07:53:22.868186 dv-cinder-860212-3-iscsi devstack@keystone.service[81479]: ERROR keystone.server.flask.application
File "/opt/stack/keystone/keystone/api/roles.py", line 50, in get
Oct 06 07:53:22.868186 dv-cinder-860212-3-iscsi devstack@keystone.service[81479]: ERROR keystone.server.flask.application return self._get_role(role_id)
Oct 06 07:53:22.868186 dv-cinder-860212-3-iscsi devstack@keystone.service[81479]: ERROR keystone.server.flask.application
File "/opt/stack/keystone/keystone/api/roles.py", line 70, in _get_role
Oct 06 07:53:22.868186 dv-cinder-860212-3-iscsi devstack@keystone.service[81479]: ERROR keystone.server.flask.application ENFORCER.enforce_call(action='identity:get_role')
Oct 06 07:53:22.869271 dv-cinder-860212-3-iscsi devstack@keystone.service[81479]: ERROR keystone.server.flask.application
File "/opt/stack/keystone/keystone/common/rbac_enforcer/enforcer.py", line 402, in enforce_call
Oct 06 07:53:22.869271 dv-cinder-860212-3-iscsi devstack@keystone.service[81479]: ERROR keystone.server.flask.application policy_dict.update(cls._extract_member_target_data(
Oct 06 07:53:22.869271 dv-cinder-860212-3-iscsi devstack@keystone.service[81479]: ERROR keystone.server.flask.application
File "/opt/stack/keystone/keystone/common/rbac_enforcer/enforcer.py", line 234, in _extract_member_target_data
Oct 06 07:53:22.869271 dv-cinder-860212-3-iscsi devstack@keystone.service[81479]: ERROR keystone.server.flask.application member_name: func(flask.request.view_args[key])
Oct 06 07:53:22.869271 dv-cinder-860212-3-iscsi devstack@keystone.service[81479]: ERROR keystone.server.flask.application
File "/opt/stack/keystone/keystone/common/manager.py", line 115, in wrapped
Oct 06 07:53:22.869271 dv-cinder-860212-3-iscsi devstack@keystone.service[81479]: ERROR keystone.server.flask.application __ret_val = __f(*args, **kwargs)
Oct 06 07:53:22.869271 dv-cinder-860212-3-iscsi devstack@keystone.service[81479]: ERROR keystone.server.flask.application
File "/usr/local/lib/python3.8/dist-packages/decorator.py", line 232, in fun
Oct 06 07:53:22.869271 dv-cinder-860212-3-iscsi devstack@keystone.service[81479]: ERROR keystone.server.flask.application return caller(func, *(extras + args), **kw)
Oct 06 07:53:22.869271 dv-cinder-860212-3-iscsi devstack@keystone.service[81479]: ERROR keystone.server.flask.application
File "/usr/local/lib/python3.8/dist-packages/dogpile/cache/region.py", line 1577, in get_or_create_for_user_func
Oct 06 07:53:22.869271 dv-cinder-860212-3-iscsi devstack@keystone.service[81479]: ERROR keystone.server.flask.application return self.get_or_create(
Oct 06 07:53:22.869271 dv-cinder-860212-3-iscsi devstack@keystone.service[81479]: ERROR keystone.server.flask.application
File "/usr/local/lib/python3.8/dist-packages/dogpile/cache/region.py", line 1042, in get_or_create
Oct 06 07:53:22.869271 dv-cinder-860212-3-iscsi devstack@keystone.service[81479]: ERROR keystone.server.flask.application with Lock(
Oct 06 07:53:22.869271 dv-cinder-860212-3-iscsi devstack@keystone.service[81479]: ERROR keystone.server.flask.application
File "/usr/local/lib/python3.8/dist-packages/dogpile/lock.py", line 185, in __enter__
Oct 06 07:53:22.869271 dv-cinder-860212-3-iscsi devstack@keystone.service[81479]: ERROR keystone.server.flask.application return self._enter()
Oct 06 07:53:22.869271 dv-cinder-860212-3-iscsi devstack@keystone.service[81479]: ERROR keystone.server.flask.application
File "/usr/local/lib/python3.8/dist-packages/dogpile/lock.py", line 94, in _enter
Oct 06 07:53:22.869271 dv-cinder-860212-3-iscsi devstack@keystone.service[81479]: ERROR keystone.server.flask.application generated = self._enter_create(value, createdtime)
Oct 06 07:53:22.870074 dv-cinder-860212-3-iscsi devstack@keystone.service[81479]: ERROR keystone.server.flask.application
File "/usr/local/lib/python3.8/dist-packages/dogpile/lock.py", line 178, in _enter_create
Oct 06 07:53:22.870074 dv-cinder-860212-3-iscsi devstack@keystone.service[81479]: ERROR keystone.server.flask.application return self.creator()
Oct 06 07:53:22.870074 dv-cinder-860212-3-iscsi devstack@keystone.service[81479]: ERROR keystone.server.flask.application
File "/usr/local/lib/python3.8/dist-packages/dogpile/cache/region.py", line 995, in gen_value
Oct 06 07:53:22.870074 dv-cinder-860212-3-iscsi devstack@keystone.service[81479]: ERROR keystone.server.flask.application created_value = creator(
Oct 06 07:53:22.870074 dv-cinder-860212-3-iscsi devstack@keystone.service[81479]: ERROR keystone.server.flask.application
File "/opt/stack/keystone/keystone/assignment/core.py", line 1276, in get_role
Oct 06 07:53:22.870074 dv-cinder-860212-3-iscsi devstack@keystone.service[81479]: ERROR keystone.server.flask.application return self.driver.get_role(role_id)
Oct 06 07:53:22.870074 dv-cinder-860212-3-iscsi devstack@keystone.service[81479]: ERROR keystone.server.flask.application
File "/opt/stack/keystone/keystone/assignment/role_backends/sql.py", line 70, in get_role
Oct 06 07:53:22.870074 dv-cinder-860212-3-iscsi devstack@keystone.service[81479]: ERROR keystone.server.flask.application return self._get_role(session, role_id).to_dict()
Oct 06 07:53:22.870074 dv-cinder-860212-3-iscsi devstack@keystone.service[81479]: ERROR keystone.server.flask.application
File "/opt/stack/keystone/keystone/assignment/role_backends/sql.py", line 65, in _get_role
Oct 06 07:53:22.870074 dv-cinder-860212-3-iscsi devstack@keystone.service[81479]: ERROR keystone.server.flask.application raise exception.RoleNotFound(role_id=role_id)
Oct 06 07:53:22.870074 dv-cinder-860212-3-iscsi devstack@keystone.service[81479]: ERROR keystone.server.flask.application keystone.exception.RoleNotFound: Could not find role: anotherrole.
Oct 06 07:53:22.870074 dv-cinder-860212-3-iscsi devstack@keystone.service[81479]: ERROR keystone.server.flask.application
Oct 06 07:53:22.870074 dv-cinder-860212-3-iscsi devstack@keystone.service[81479]: [pid: 81479|app: 0|req: 115/225] 10.222.0.30 () {56 vars in 1114 bytes} [Thu Oct 6 07:53:22 2022] GET /identity/v3/roles/anotherrole => generated 89 bytes in 165 msecs (HTTP/1.1 404) 5 headers in 183 bytes (1 switches on core 0)
Oct 06 07:53:22.871287 dv-cinder-860212-3-iscsi devstack@keystone.service[81479]: DEBUG keystone.server.flask.request_processing.middleware.auth_context [None req-660a6a0d-0e33-47ed-895e-b191ff429fe2 None admin] Authenticating user token {{(pid=81479) process_request /usr/local/lib/python3.8/dist-packages/keystonemiddleware/auth_token/__init__.py:407}}
Oct 06 07:53:22.938929 dv-cinder-860212-3-iscsi devstack@keystone.service[81480]: DEBUG keystone.server.flask.request_processing.middleware.auth_context [None req-3addd593-0b4c-4e7f-9b1f-623cc2b1ba76 None admin] Validating token access rules against request {{(pid=81480) validate_allowed_request /usr/local/lib/python3.8/dist-packages/keystonemiddleware/auth_token/__init__.py:545}}
Oct 06 07:53:22.977380 dv-cinder-860212-3-iscsi devstack@keystone.service[81480]: DEBUG keystone.server.flask.request_processing.middleware.auth_context [None req-0626c53f-6780-48fb-834c-9ad37f8d9d85 None admin] RBAC: auth_context: {'token': , 'domain_id': None, 'trust_id': None, 'trustor_id': None, 'trustee_id': None, 'domain_name': None, 'group_ids': [], 'user_id': '93747f497a1f4adcb4b8ddb03adfe01c', 'user_domain_id': 'default', 'system_scope': 'all', 'project_id': None, 'project_domain_id': None, 'roles': ['admin', 'member', 'reader'], 'is_admin_project': True, 'service_user_id': None, 'service_user_domain_id': None, 'service_project_id': None, 'service_project_domain_id': None, 'service_roles': []} {{(pid=81480) fill_context /opt/stack/keystone/keystone/server/flask/request_processing/middleware/auth_context.py:478}}
Oct 06 07:53:22.978210 dv-cinder-860212-3-iscsi devstack@keystone.service[81480]: DEBUG keystone.server.flask.request_processing.req_logging [None req-0626c53f-6780-48fb-834c-9ad37f8d9d85 None admin] REQUEST_METHOD: `GET` {{(pid=81480) log_request_info /opt/stack/keystone/keystone/server/flask/request_processing/req_logging.py:27}}
Oct 06 07:53:22.978487 dv-cinder-860212-3-iscsi devstack@keystone.service[81480]: DEBUG keystone.server.flask.request_processing.req_logging [None req-0626c53f-6780-48fb-834c-9ad37f8d9d85 None admin] SCRIPT_NAME: `/identity` {{(pid=81480) log_request_info /opt/stack/keystone/keystone/server/flask/request_processing/req_logging.py:28}}
Oct 06 07:53:22.980476 dv-cinder-860212-3-iscsi devstack@keystone.service[81480]: DEBUG keystone.server.flask.request_processing.req_logging [None req-0626c53f-6780-48fb-834c-9ad37f8d9d85 None admin] PATH_INFO: `/v3/auth/tokens` {{(pid=81480) log_request_info /opt/stack/keystone/keystone/server/flask/request_processing/req_logging.py:29}}
Oct 06 07:53:23.004099 dv-cinder-860212-3-iscsi devstack@keystone.service[81479]: DEBUG keystone.server.flask.request_processing.middleware.auth_context [None req-660a6a0d-0e33-47ed-895e-b191ff429fe2 None admin] Validating token access rules against request {{(pid=81479) validate_allowed_request /usr/local/lib/python3.8/dist-packages/keystonemiddleware/auth_token/__init__.py:545}}
Oct 06 07:53:23.029728 dv-cinder-860212-3-iscsi devstack@keystone.service[81480]: DEBUG dbcounter [-] [81480] Writing DB stats keystone:SELECT=100 {{(pid=81480) stat_writer /usr/local/lib/python3.8/dist-packages/dbcounter.py:114}}
Oct 06 07:53:23.040413 dv-cinder-860212-3-iscsi devstack@keystone.service[81479]: DEBUG dbcounter [-] [81479] Writing DB stats keystone:SELECT=100 {{(pid=81479) stat_writer /usr/local/lib/python3.8/dist-packages/dbcounter.py:114}}
Oct 06 07:53:23.049759 dv-cinder-860212-3-iscsi devstack@keystone.service[81479]: DEBUG keystone.server.flask.request_processing.middleware.auth_context [None req-458ec432-993a-450a-868b-2119445e1738 None admin] RBAC: auth_context: {'token': , 'domain_id': None, 'trust_id': None, 'trustor_id': None, 'trustee_id': None, 'domain_name': None, 'group_ids': [], 'user_id': '93747f497a1f4adcb4b8ddb03adfe01c', 'user_domain_id': 'default', 'system_scope': 'all', 'project_id': None, 'project_domain_id': None, 'roles': ['admin', 'member', 'reader'], 'is_admin_project': True, 'service_user_id': None, 'service_user_domain_id': None, 'service_project_id': None, 'service_project_domain_id': None, 'service_roles': []} {{(pid=81479) fill_context /opt/stack/keystone/keystone/server/flask/request_processing/middleware/auth_context.py:478}}
Oct 06 07:53:23.050839 dv-cinder-860212-3-iscsi devstack@keystone.service[81479]: DEBUG keystone.server.flask.request_processing.req_logging [None req-458ec432-993a-450a-868b-2119445e1738 None admin] REQUEST_METHOD: `GET` {{(pid=81479) log_request_info /opt/stack/keystone/keystone/server/flask/request_processing/req_logging.py:27}}
Oct 06 07:53:23.051194 dv-cinder-860212-3-iscsi devstack@keystone.service[81479]: DEBUG keystone.server.flask.request_processing.req_logging [None req-458ec432-993a-450a-868b-2119445e1738 None admin] SCRIPT_NAME: `/identity` {{(pid=81479) log_request_info /opt/stack/keystone/keystone/server/flask/request_processing/req_logging.py:28}}
Oct 06 07:53:23.051745 dv-cinder-860212-3-iscsi devstack@keystone.service[81479]: DEBUG keystone.server.flask.request_processing.req_logging [None req-458ec432-993a-450a-868b-2119445e1738 None admin] PATH_INFO: `/v3/projects/39c302b22dd04479bf8305109d613551` {{(pid=81479) log_request_info /opt/stack/keystone/keystone/server/flask/request_processing/req_logging.py:29}}
Oct 06 07:53:23.053137 dv-cinder-860212-3-iscsi devstack@keystone.service[81479]: DEBUG keystone.common.rbac_enforcer.enforcer [None req-458ec432-993a-450a-868b-2119445e1738 None admin] RBAC: Authorizing `identity:get_project(project_id=39c302b22dd04479bf8305109d613551)` {{(pid=81479) enforce_call /opt/stack/keystone/keystone/common/rbac_enforcer/enforcer.py:449}}
Oct 06 07:53:23.055223 dv-cinder-860212-3-iscsi devstack@keystone.service[81479]: DEBUG keystone.common.rbac_enforcer.enforcer [None req-458ec432-993a-450a-868b-2119445e1738 None admin] RBAC: Authorization granted {{(pid=81479) enforce_call /opt/stack/keystone/keystone/common/rbac_enforcer/enforcer.py:457}}
Oct 06 07:53:23.057668 dv-cinder-860212-3-iscsi devstack@keystone.service[81479]: [pid: 81479|app: 0|req: 116/226] 10.222.0.30 () {56 vars in 1186 bytes} [Thu Oct 6 07:53:22 2022] GET /identity/v3/projects/39c302b22dd04479bf8305109d613551 => generated 302 bytes in 188 msecs (HTTP/1.1 200) 5 headers in 177 bytes (1 switches on core 0)
Oct 06 07:53:23.058689 dv-cinder-860212-3-iscsi devstack@keystone.service[81479]: DEBUG keystone.server.flask.request_processing.middleware.auth_context [None req-458ec432-993a-450a-868b-2119445e1738 None admin] Authenticating user token {{(pid=81479) process_request /usr/local/lib/python3.8/dist-packages/keystonemiddleware/auth_token/__init__.py:407}}
Oct 06 07:53:23.066636 dv-cinder-860212-3-iscsi devstack@keystone.service[81480]: DEBUG keystone.common.rbac_enforcer.enforcer [None req-0626c53f-6780-48fb-834c-9ad37f8d9d85 None admin] RBAC: Authorizing `identity:validate_token()` {{(pid=81480) enforce_call /opt/stack/keystone/keystone/common/rbac_enforcer/enforcer.py:449}}
Oct 06 07:53:23.068152 dv-cinder-860212-3-iscsi devstack@keystone.service[81480]: DEBUG keystone.common.rbac_enforcer.enforcer [None req-0626c53f-6780-48fb-834c-9ad37f8d9d85 None admin] RBAC: Authorization granted {{(pid=81480) enforce_call /opt/stack/keystone/keystone/common/rbac_enforcer/enforcer.py:457}}
Oct 06 07:53:23.181289 dv-cinder-860212-3-iscsi devstack@keystone.service[81479]: DEBUG keystone.server.flask.request_processing.middleware.auth_context [None req-458ec432-993a-450a-868b-2119445e1738 None admin] Validating token access rules against request {{(pid=81479) validate_allowed_request /usr/local/lib/python3.8/dist-packages/keystonemiddleware/auth_token/__init__.py:545}}
Oct 06 07:53:23.191073 dv-cinder-860212-3-iscsi devstack@keystone.service[81480]: [pid: 81480|app: 0|req: 111/227] 10.222.0.30 () {58 vars in 1282 bytes} [Thu Oct 6 07:53:22 2022] GET /identity/v3/auth/tokens => generated 799 bytes in 386 msecs (HTTP/1.1 200) 6 headers in 358 bytes (1 switches on core 0)
Oct 06 07:53:23.191899 dv-cinder-860212-3-iscsi devstack@keystone.service[81480]: DEBUG keystone.server.flask.request_processing.middleware.auth_context [None req-0626c53f-6780-48fb-834c-9ad37f8d9d85 None admin] Authenticating user token {{(pid=81480) process_request /usr/local/lib/python3.8/dist-packages/keystonemiddleware/auth_token/__init__.py:407}}
Oct 06 07:53:23.225725 dv-cinder-860212-3-iscsi devstack@keystone.service[81479]: DEBUG keystone.server.flask.request_processing.middleware.auth_context [None req-b15e73e1-6e44-45ce-a344-8b93dd724cc6 None admin] RBAC: auth_context: {'token': , 'domain_id': None, 'trust_id': None, 'trustor_id': None, 'trustee_id': None, 'domain_name': None, 'group_ids': [], 'user_id': '93747f497a1f4adcb4b8ddb03adfe01c', 'user_domain_id': 'default', 'system_scope': 'all', 'project_id': None, 'project_domain_id': None, 'roles': ['admin', 'member', 'reader'], 'is_admin_project': True, 'service_user_id': None, 'service_user_domain_id': None, 'service_project_id': None, 'service_project_domain_id': None, 'service_roles': []} {{(pid=81479) fill_context /opt/stack/keystone/keystone/server/flask/request_processing/middleware/auth_context.py:478}}
Oct 06 07:53:23.226339 dv-cinder-860212-3-iscsi devstack@keystone.service[81479]: DEBUG keystone.server.flask.request_processing.req_logging [None req-b15e73e1-6e44-45ce-a344-8b93dd724cc6 None admin] REQUEST_METHOD: `GET` {{(pid=81479) log_request_info /opt/stack/keystone/keystone/server/flask/request_processing/req_logging.py:27}}
Oct 06 07:53:23.226613 dv-cinder-860212-3-iscsi devstack@keystone.service[81479]: DEBUG keystone.server.flask.request_processing.req_logging [None req-b15e73e1-6e44-45ce-a344-8b93dd724cc6 None admin] SCRIPT_NAME: `/identity` {{(pid=81479) log_request_info /opt/stack/keystone/keystone/server/flask/request_processing/req_logging.py:28}}
Oct 06 07:53:23.226886 dv-cinder-860212-3-iscsi devstack@keystone.service[81479]: DEBUG keystone.server.flask.request_processing.req_logging [None req-b15e73e1-6e44-45ce-a344-8b93dd724cc6 None admin] PATH_INFO: `/v3/roles` {{(pid=81479) log_request_info /opt/stack/keystone/keystone/server/flask/request_processing/req_logging.py:29}}
Oct 06 07:53:23.228141 dv-cinder-860212-3-iscsi devstack@keystone.service[81479]: DEBUG keystone.common.rbac_enforcer.enforcer [None req-b15e73e1-6e44-45ce-a344-8b93dd724cc6 None admin] RBAC: Adding query filter params (name=anotherrole) {{(pid=81479) _extract_filter_values /opt/stack/keystone/keystone/common/rbac_enforcer/enforcer.py:167}}
Oct 06 07:53:23.228615 dv-cinder-860212-3-iscsi devstack@keystone.service[81479]: DEBUG keystone.common.rbac_enforcer.enforcer [None req-b15e73e1-6e44-45ce-a344-8b93dd724cc6 None admin] RBAC: Authorizing `identity:list_roles()` {{(pid=81479) enforce_call /opt/stack/keystone/keystone/common/rbac_enforcer/enforcer.py:449}}
Oct 06 07:53:23.230084 dv-cinder-860212-3-iscsi devstack@keystone.service[81479]: DEBUG keystone.common.rbac_enforcer.enforcer [None req-b15e73e1-6e44-45ce-a344-8b93dd724cc6 None admin] RBAC: Authorization granted {{(pid=81479) enforce_call /opt/stack/keystone/keystone/common/rbac_enforcer/enforcer.py:457}}
Oct 06 07:53:23.239082 dv-cinder-860212-3-iscsi devstack@keystone.service[81479]: [pid: 81479|app: 0|req: 117/228] 10.222.0.30 () {56 vars in 1111 bytes} [Thu Oct 6 07:53:23 2022] GET /identity/v3/roles?name=anotherrole => generated 334 bytes in 181 msecs (HTTP/1.1 200) 5 headers in 177 bytes (1 switches on core 0)
Oct 06 07:53:23.239987 dv-cinder-860212-3-iscsi devstack@keystone.service[81479]: DEBUG keystone.server.flask.request_processing.middleware.auth_context [None req-b15e73e1-6e44-45ce-a344-8b93dd724cc6 None admin] Authenticating user token {{(pid=81479) process_request /usr/local/lib/python3.8/dist-packages/keystonemiddleware/auth_token/__init__.py:407}}
Oct 06 07:53:23.289338 dv-cinder-860212-3-iscsi devstack@keystone.service[81480]: DEBUG dbcounter [-] [81480] Writing DB stats keystone:SELECT=100 {{(pid=81480) stat_writer /usr/local/lib/python3.8/dist-packages/dbcounter.py:114}}
Oct 06 07:53:23.301506 dv-cinder-860212-3-iscsi devstack@keystone.service[81479]: DEBUG dbcounter [-] [81479] Writing DB stats keystone:SELECT=100 {{(pid=81479) stat_writer /usr/local/lib/python3.8/dist-packages/dbcounter.py:114}}
Oct 06 07:53:23.332562 dv-cinder-860212-3-iscsi devstack@keystone.service[81480]: DEBUG keystone.server.flask.request_processing.middleware.auth_context [None req-0626c53f-6780-48fb-834c-9ad37f8d9d85 None admin] Validating token access rules against request {{(pid=81480) validate_allowed_request /usr/local/lib/python3.8/dist-packages/keystonemiddleware/auth_token/__init__.py:545}}
Oct 06 07:53:23.349665 dv-cinder-860212-3-iscsi devstack@keystone.service[81479]: DEBUG keystone.server.flask.request_processing.middleware.auth_context [None req-b15e73e1-6e44-45ce-a344-8b93dd724cc6 None admin] Validating token access rules against request {{(pid=81479) validate_allowed_request /usr/local/lib/python3.8/dist-packages/keystonemiddleware/auth_token/__init__.py:545}}
Oct 06 07:53:23.373971 dv-cinder-860212-3-iscsi devstack@keystone.service[81480]: DEBUG keystone.server.flask.request_processing.middleware.auth_context [None req-b555fdb6-7636-4d75-8b4d-ccd9b474a618 None admin] RBAC: auth_context: {'token': , 'domain_id': None, 'trust_id': None, 'trustor_id': None, 'trustee_id': None, 'domain_name': None, 'group_ids': [], 'user_id': '93747f497a1f4adcb4b8ddb03adfe01c', 'user_domain_id': 'default', 'system_scope': 'all', 'project_id': None, 'project_domain_id': None, 'roles': ['admin', 'member', 'reader'], 'is_admin_project': True, 'service_user_id': None, 'service_user_domain_id': None, 'service_project_id': None, 'service_project_domain_id': None, 'service_roles': []} {{(pid=81480) fill_context /opt/stack/keystone/keystone/server/flask/request_processing/middleware/auth_context.py:478}}
Oct 06 07:53:23.374891 dv-cinder-860212-3-iscsi devstack@keystone.service[81480]: DEBUG keystone.server.flask.request_processing.req_logging [None req-b555fdb6-7636-4d75-8b4d-ccd9b474a618 None admin] REQUEST_METHOD: `PUT` {{(pid=81480) log_request_info /opt/stack/keystone/keystone/server/flask/request_processing/req_logging.py:27}}
Oct 06 07:53:23.375576 dv-cinder-860212-3-iscsi devstack@keystone.service[81480]: DEBUG keystone.server.flask.request_processing.req_logging [None req-b555fdb6-7636-4d75-8b4d-ccd9b474a618 None admin] SCRIPT_NAME: `/identity` {{(pid=81480) log_request_info /opt/stack/keystone/keystone/server/flask/request_processing/req_logging.py:28}}
Oct 06 07:53:23.375988 dv-cinder-860212-3-iscsi devstack@keystone.service[81480]: DEBUG keystone.server.flask.request_processing.req_logging [None req-b555fdb6-7636-4d75-8b4d-ccd9b474a618 None admin] PATH_INFO: `/v3/projects/39c302b22dd04479bf8305109d613551/users/24b1ed517c454625a2a733a06aa4fb70/roles/4c34f0f69c3a408fa32dbc52c64e7cfb` {{(pid=81480) log_request_info /opt/stack/keystone/keystone/server/flask/request_processing/req_logging.py:29}}
Oct 06 07:53:23.378761 dv-cinder-860212-3-iscsi devstack@keystone.service[81480]: DEBUG keystone.common.rbac_enforcer.enforcer [None req-b555fdb6-7636-4d75-8b4d-ccd9b474a618 None admin] RBAC: Authorizing `identity:create_grant(project_id=39c302b22dd04479bf8305109d613551, user_id=24b1ed517c454625a2a733a06aa4fb70, role_id=4c34f0f69c3a408fa32dbc52c64e7cfb)` {{(pid=81480) enforce_call /opt/stack/keystone/keystone/common/rbac_enforcer/enforcer.py:449}}
Oct 06 07:53:23.380444 dv-cinder-860212-3-iscsi devstack@keystone.service[81480]: DEBUG keystone.common.rbac_enforcer.enforcer [None req-b555fdb6-7636-4d75-8b4d-ccd9b474a618 None admin] RBAC: Authorization granted {{(pid=81480) enforce_call /opt/stack/keystone/keystone/common/rbac_enforcer/enforcer.py:457}}
Oct 06 07:53:23.387259 dv-cinder-860212-3-iscsi devstack@keystone.service[81479]: DEBUG keystone.server.flask.request_processing.middleware.auth_context [None req-d47f9055-c56e-468e-9fdb-877e49a3785b None admin] RBAC: auth_context: {'token': , 'domain_id': None, 'trust_id': None, 'trustor_id': None, 'trustee_id': None, 'domain_name': None, 'group_ids': [], 'user_id': '93747f497a1f4adcb4b8ddb03adfe01c', 'user_domain_id': 'default', 'system_scope': 'all', 'project_id': None, 'project_domain_id': None, 'roles': ['admin', 'member', 'reader'], 'is_admin_project': True, 'service_user_id': None, 'service_user_domain_id': None, 'service_project_id': None, 'service_project_domain_id': None, 'service_roles': []} {{(pid=81479) fill_context /opt/stack/keystone/keystone/server/flask/request_processing/middleware/auth_context.py:478}}
Oct 06 07:53:23.387937 dv-cinder-860212-3-iscsi devstack@keystone.service[81479]: DEBUG keystone.server.flask.request_processing.req_logging [None req-d47f9055-c56e-468e-9fdb-877e49a3785b None admin] REQUEST_METHOD: `GET` {{(pid=81479) log_request_info /opt/stack/keystone/keystone/server/flask/request_processing/req_logging.py:27}}
Oct 06 07:53:23.388212 dv-cinder-860212-3-iscsi devstack@keystone.service[81479]: DEBUG keystone.server.flask.request_processing.req_logging [None req-d47f9055-c56e-468e-9fdb-877e49a3785b None admin] SCRIPT_NAME: `/identity` {{(pid=81479) log_request_info /opt/stack/keystone/keystone/server/flask/request_processing/req_logging.py:28}}
Oct 06 07:53:23.388479 dv-cinder-860212-3-iscsi devstack@keystone.service[81479]: DEBUG keystone.server.flask.request_processing.req_logging [None req-d47f9055-c56e-468e-9fdb-877e49a3785b None admin] PATH_INFO: `/v3/projects/39c302b22dd04479bf8305109d613551` {{(pid=81479) log_request_info /opt/stack/keystone/keystone/server/flask/request_processing/req_logging.py:29}}
Oct 06 07:53:23.389637 dv-cinder-860212-3-iscsi devstack@keystone.service[81479]: DEBUG keystone.common.rbac_enforcer.enforcer [None req-d47f9055-c56e-468e-9fdb-877e49a3785b None admin] RBAC: Authorizing `identity:get_project(project_id=39c302b22dd04479bf8305109d613551)` {{(pid=81479) enforce_call /opt/stack/keystone/keystone/common/rbac_enforcer/enforcer.py:449}}
Oct 06 07:53:23.391270 dv-cinder-860212-3-iscsi devstack@keystone.service[81479]: DEBUG keystone.common.rbac_enforcer.enforcer [None req-d47f9055-c56e-468e-9fdb-877e49a3785b None admin] RBAC: Authorization granted {{(pid=81479) enforce_call /opt/stack/keystone/keystone/common/rbac_enforcer/enforcer.py:457}}
Oct 06 07:53:23.395079 dv-cinder-860212-3-iscsi devstack@keystone.service[81479]: [pid: 81479|app: 0|req: 118/229] 10.222.0.30 () {56 vars in 1186 bytes} [Thu Oct 6 07:53:23 2022] GET /identity/v3/projects/39c302b22dd04479bf8305109d613551 => generated 302 bytes in 153 msecs (HTTP/1.1 200) 5 headers in 177 bytes (1 switches on core 0)
Oct 06 07:53:23.395079 dv-cinder-860212-3-iscsi devstack@keystone.service[81479]: DEBUG keystone.server.flask.request_processing.middleware.auth_context [None req-d47f9055-c56e-468e-9fdb-877e49a3785b None admin] Authenticating user token {{(pid=81479) process_request /usr/local/lib/python3.8/dist-packages/keystonemiddleware/auth_token/__init__.py:407}}
Oct 06 07:53:23.447966 dv-cinder-860212-3-iscsi devstack@keystone.service[81480]: [pid: 81480|app: 0|req: 112/230] 10.222.0.30 () {58 vars in 1439 bytes} [Thu Oct 6 07:53:23 2022] PUT /identity/v3/projects/39c302b22dd04479bf8305109d613551/users/24b1ed517c454625a2a733a06aa4fb70/roles/4c34f0f69c3a408fa32dbc52c64e7cfb => generated 0 bytes in 256 msecs (HTTP/1.1 204) 3 headers in 132 bytes (0 switches on core 0)
Oct 06 07:53:23.448868 dv-cinder-860212-3-iscsi devstack@keystone.service[81480]: DEBUG keystone.server.flask.request_processing.middleware.auth_context [None req-b555fdb6-7636-4d75-8b4d-ccd9b474a618 None admin] Authenticating user token {{(pid=81480) process_request /usr/local/lib/python3.8/dist-packages/keystonemiddleware/auth_token/__init__.py:407}}
Oct 06 07:53:23.533677 dv-cinder-860212-3-iscsi devstack@keystone.service[81479]: DEBUG keystone.server.flask.request_processing.middleware.auth_context [None req-d47f9055-c56e-468e-9fdb-877e49a3785b None admin] Validating token access rules against request {{(pid=81479) validate_allowed_request /usr/local/lib/python3.8/dist-packages/keystonemiddleware/auth_token/__init__.py:545}}
Oct 06 07:53:23.565454 dv-cinder-860212-3-iscsi devstack@keystone.service[81480]: DEBUG keystone.server.flask.request_processing.middleware.auth_context [None req-b555fdb6-7636-4d75-8b4d-ccd9b474a618 None admin] Validating token access rules against request {{(pid=81480) validate_allowed_request /usr/local/lib/python3.8/dist-packages/keystonemiddleware/auth_token/__init__.py:545}}
Oct 06 07:53:23.570714 dv-cinder-860212-3-iscsi devstack@keystone.service[81479]: DEBUG dbcounter [-] [81479] Writing DB stats keystone:SELECT=100 {{(pid=81479) stat_writer /usr/local/lib/python3.8/dist-packages/dbcounter.py:114}}
Oct 06 07:53:23.584178 dv-cinder-860212-3-iscsi devstack@keystone.service[81479]: DEBUG keystone.server.flask.request_processing.middleware.auth_context [None req-e94fbd8a-ab7e-4033-8008-1db0036764f3 None admin] RBAC: auth_context: {'token': , 'domain_id': None, 'trust_id': None, 'trustor_id': None, 'trustee_id': None, 'domain_name': None, 'group_ids': [], 'user_id': '93747f497a1f4adcb4b8ddb03adfe01c', 'user_domain_id': 'default', 'system_scope': 'all', 'project_id': None, 'project_domain_id': None, 'roles': ['admin', 'member', 'reader'], 'is_admin_project': True, 'service_user_id': None, 'service_user_domain_id': None, 'service_project_id': None, 'service_project_domain_id': None, 'service_roles': []} {{(pid=81479) fill_context /opt/stack/keystone/keystone/server/flask/request_processing/middleware/auth_context.py:478}}
Oct 06 07:53:23.585445 dv-cinder-860212-3-iscsi devstack@keystone.service[81479]: DEBUG keystone.server.flask.request_processing.req_logging [None req-e94fbd8a-ab7e-4033-8008-1db0036764f3 None admin] REQUEST_METHOD: `GET` {{(pid=81479) log_request_info /opt/stack/keystone/keystone/server/flask/request_processing/req_logging.py:27}}
Oct 06 07:53:23.587457 dv-cinder-860212-3-iscsi devstack@keystone.service[81479]: DEBUG keystone.server.flask.request_processing.req_logging [None req-e94fbd8a-ab7e-4033-8008-1db0036764f3 None admin] SCRIPT_NAME: `/identity` {{(pid=81479) log_request_info /opt/stack/keystone/keystone/server/flask/request_processing/req_logging.py:28}}
Oct 06 07:53:23.587457 dv-cinder-860212-3-iscsi devstack@keystone.service[81479]: DEBUG keystone.server.flask.request_processing.req_logging [None req-e94fbd8a-ab7e-4033-8008-1db0036764f3 None admin] PATH_INFO: `/v3/users/24b1ed517c454625a2a733a06aa4fb70` {{(pid=81479) log_request_info /opt/stack/keystone/keystone/server/flask/request_processing/req_logging.py:29}}
Oct 06 07:53:23.588185 dv-cinder-860212-3-iscsi devstack@keystone.service[81479]: DEBUG keystone.common.rbac_enforcer.enforcer [None req-e94fbd8a-ab7e-4033-8008-1db0036764f3 None admin] RBAC: Authorizing `identity:get_user(user_id=24b1ed517c454625a2a733a06aa4fb70)` {{(pid=81479) enforce_call /opt/stack/keystone/keystone/common/rbac_enforcer/enforcer.py:449}}
Oct 06 07:53:23.590486 dv-cinder-860212-3-iscsi devstack@keystone.service[81479]: DEBUG keystone.common.rbac_enforcer.enforcer [None req-e94fbd8a-ab7e-4033-8008-1db0036764f3 None admin] RBAC: Authorization granted {{(pid=81479) enforce_call /opt/stack/keystone/keystone/common/rbac_enforcer/enforcer.py:457}}
Oct 06 07:53:23.593291 dv-cinder-860212-3-iscsi devstack@keystone.service[81479]: [pid: 81479|app: 0|req: 119/231] 10.222.0.30 () {56 vars in 1177 bytes} [Thu Oct 6 07:53:23 2022] GET /identity/v3/users/24b1ed517c454625a2a733a06aa4fb70 => generated 283 bytes in 199 msecs (HTTP/1.1 200) 5 headers in 177 bytes (1 switches on core 0)
Oct 06 07:53:23.599782 dv-cinder-860212-3-iscsi devstack@keystone.service[81479]: DEBUG keystone.server.flask.request_processing.middleware.auth_context [None req-e94fbd8a-ab7e-4033-8008-1db0036764f3 None admin] Authenticating user token {{(pid=81479) process_request /usr/local/lib/python3.8/dist-packages/keystonemiddleware/auth_token/__init__.py:407}}
Oct 06 07:53:23.604840 dv-cinder-860212-3-iscsi devstack@keystone.service[81480]: DEBUG dbcounter [-] [81480] Writing DB stats keystone:SELECT=99,keystone:INSERT=1 {{(pid=81480) stat_writer /usr/local/lib/python3.8/dist-packages/dbcounter.py:114}}
Oct 06 07:53:23.612092 dv-cinder-860212-3-iscsi devstack@keystone.service[81480]: DEBUG keystone.server.flask.request_processing.middleware.auth_context [None req-58cbf53e-dab3-4dae-9210-819fde0c6897 None admin] RBAC: auth_context: {'token': , 'domain_id': None, 'trust_id': None, 'trustor_id': None, 'trustee_id': None, 'domain_name': None, 'group_ids': [], 'user_id': '93747f497a1f4adcb4b8ddb03adfe01c', 'user_domain_id': 'default', 'system_scope': 'all', 'project_id': None, 'project_domain_id': None, 'roles': ['admin', 'member', 'reader'], 'is_admin_project': True, 'service_user_id': None, 'service_user_domain_id': None, 'service_project_id': None, 'service_project_domain_id': None, 'service_roles': []} {{(pid=81480) fill_context /opt/stack/keystone/keystone/server/flask/request_processing/middleware/auth_context.py:478}}
Oct 06 07:53:23.612874 dv-cinder-860212-3-iscsi devstack@keystone.service[81480]: DEBUG keystone.server.flask.request_processing.req_logging [None req-58cbf53e-dab3-4dae-9210-819fde0c6897 None admin] REQUEST_METHOD: `GET` {{(pid=81480) log_request_info /opt/stack/keystone/keystone/server/flask/request_processing/req_logging.py:27}}
Oct 06 07:53:23.613247 dv-cinder-860212-3-iscsi devstack@keystone.service[81480]: DEBUG keystone.server.flask.request_processing.req_logging [None req-58cbf53e-dab3-4dae-9210-819fde0c6897 None admin] SCRIPT_NAME: `/identity` {{(pid=81480) log_request_info /opt/stack/keystone/keystone/server/flask/request_processing/req_logging.py:28}}
Oct 06 07:53:23.613614 dv-cinder-860212-3-iscsi devstack@keystone.service[81480]: DEBUG keystone.server.flask.request_processing.req_logging [None req-58cbf53e-dab3-4dae-9210-819fde0c6897 None admin] PATH_INFO: `/v3/role_assignments` {{(pid=81480) log_request_info /opt/stack/keystone/keystone/server/flask/request_processing/req_logging.py:29}}
Oct 06 07:53:23.614757 dv-cinder-860212-3-iscsi devstack@keystone.service[81480]: DEBUG keystone.common.rbac_enforcer.enforcer [None req-58cbf53e-dab3-4dae-9210-819fde0c6897 None admin] RBAC: Adding query filter params (role.id=dd5cafa908a74cfd8e1a8baa44122242, scope.project.id=39c302b22dd04479bf8305109d613551, user.id=111855efac094907a56d3a29d5f61ee8) {{(pid=81480) _extract_filter_values /opt/stack/keystone/keystone/common/rbac_enforcer/enforcer.py:167}}
Oct 06 07:53:23.615315 dv-cinder-860212-3-iscsi devstack@keystone.service[81480]: DEBUG keystone.common.rbac_enforcer.enforcer [None req-58cbf53e-dab3-4dae-9210-819fde0c6897 None admin] RBAC: Authorizing `identity:list_role_assignments()` {{(pid=81480) enforce_call /opt/stack/keystone/keystone/common/rbac_enforcer/enforcer.py:449}}
Oct 06 07:53:23.616893 dv-cinder-860212-3-iscsi devstack@keystone.service[81480]: DEBUG keystone.common.rbac_enforcer.enforcer [None req-58cbf53e-dab3-4dae-9210-819fde0c6897 None admin] RBAC: Authorization granted {{(pid=81480) enforce_call /opt/stack/keystone/keystone/common/rbac_enforcer/enforcer.py:457}}
Oct 06 07:53:23.624030 dv-cinder-860212-3-iscsi devstack@keystone.service[81480]: [pid: 81480|app: 0|req: 113/232] 10.222.0.30 () {56 vars in 1374 bytes} [Thu Oct 6 07:53:23 2022] GET /identity/v3/role_assignments?user.id=111855efac094907a56d3a29d5f61ee8&scope.project.id=39c302b22dd04479bf8305109d613551&role.id=dd5cafa908a74cfd8e1a8baa44122242 => generated 259 bytes in 176 msecs (HTTP/1.1 200) 5 headers in 177 bytes (1 switches on core 0)
Oct 06 07:53:23.733245 dv-cinder-860212-3-iscsi devstack@keystone.service[81479]: DEBUG keystone.server.flask.request_processing.middleware.auth_context [None req-e94fbd8a-ab7e-4033-8008-1db0036764f3 None admin] Validating token access rules against request {{(pid=81479) validate_allowed_request /usr/local/lib/python3.8/dist-packages/keystonemiddleware/auth_token/__init__.py:545}}
Oct 06 07:53:23.772606 dv-cinder-860212-3-iscsi devstack@keystone.service[81479]: DEBUG keystone.server.flask.request_processing.middleware.auth_context [None req-c3849a2e-2d8b-426e-a0bf-53c415a77d55 None admin] RBAC: auth_context: {'token': , 'domain_id': None, 'trust_id': None, 'trustor_id': None, 'trustee_id': None, 'domain_name': None, 'group_ids': [], 'user_id': '93747f497a1f4adcb4b8ddb03adfe01c', 'user_domain_id': 'default', 'system_scope': 'all', 'project_id': None, 'project_domain_id': None, 'roles': ['admin', 'member', 'reader'], 'is_admin_project': True, 'service_user_id': None, 'service_user_domain_id': None, 'service_project_id': None, 'service_project_domain_id': None, 'service_roles': []} {{(pid=81479) fill_context /opt/stack/keystone/keystone/server/flask/request_processing/middleware/auth_context.py:478}}
Oct 06 07:53:23.773511 dv-cinder-860212-3-iscsi devstack@keystone.service[81479]: DEBUG keystone.server.flask.request_processing.req_logging [None req-c3849a2e-2d8b-426e-a0bf-53c415a77d55 None admin] REQUEST_METHOD: `GET` {{(pid=81479) log_request_info /opt/stack/keystone/keystone/server/flask/request_processing/req_logging.py:27}}
Oct 06 07:53:23.773929 dv-cinder-860212-3-iscsi devstack@keystone.service[81479]: DEBUG keystone.server.flask.request_processing.req_logging [None req-c3849a2e-2d8b-426e-a0bf-53c415a77d55 None admin] SCRIPT_NAME: `/identity` {{(pid=81479) log_request_info /opt/stack/keystone/keystone/server/flask/request_processing/req_logging.py:28}}
Oct 06 07:53:23.774422 dv-cinder-860212-3-iscsi devstack@keystone.service[81479]: DEBUG keystone.server.flask.request_processing.req_logging [None req-c3849a2e-2d8b-426e-a0bf-53c415a77d55 None admin] PATH_INFO: `/v3/projects/39c302b22dd04479bf8305109d613551` {{(pid=81479) log_request_info /opt/stack/keystone/keystone/server/flask/request_processing/req_logging.py:29}}
Oct 06 07:53:23.775824 dv-cinder-860212-3-iscsi devstack@keystone.service[81479]: DEBUG keystone.common.rbac_enforcer.enforcer [None req-c3849a2e-2d8b-426e-a0bf-53c415a77d55 None admin] RBAC: Authorizing `identity:get_project(project_id=39c302b22dd04479bf8305109d613551)` {{(pid=81479) enforce_call /opt/stack/keystone/keystone/common/rbac_enforcer/enforcer.py:449}}
Oct 06 07:53:23.777448 dv-cinder-860212-3-iscsi devstack@keystone.service[81479]: DEBUG keystone.common.rbac_enforcer.enforcer [None req-c3849a2e-2d8b-426e-a0bf-53c415a77d55 None admin] RBAC: Authorization granted {{(pid=81479) enforce_call /opt/stack/keystone/keystone/common/rbac_enforcer/enforcer.py:457}}
Oct 06 07:53:23.779347 dv-cinder-860212-3-iscsi devstack@keystone.service[81479]: [pid: 81479|app: 0|req: 120/233] 10.222.0.30 () {56 vars in 1186 bytes} [Thu Oct 6 07:53:23 2022] GET /identity/v3/projects/39c302b22dd04479bf8305109d613551 => generated 302 bytes in 180 msecs (HTTP/1.1 200) 5 headers in 177 bytes (1 switches on core 0)
Oct 06 07:53:23.788375 dv-cinder-860212-3-iscsi devstack@keystone.service[81480]: DEBUG keystone.server.flask.request_processing.middleware.auth_context [None req-58cbf53e-dab3-4dae-9210-819fde0c6897 None admin] Authenticating user token {{(pid=81480) process_request /usr/local/lib/python3.8/dist-packages/keystonemiddleware/auth_token/__init__.py:407}}
Oct 06 07:53:23.917073 dv-cinder-860212-3-iscsi devstack@keystone.service[81480]: DEBUG keystone.server.flask.request_processing.middleware.auth_context [None req-58cbf53e-dab3-4dae-9210-819fde0c6897 None admin] Validating token access rules against request {{(pid=81480) validate_allowed_request /usr/local/lib/python3.8/dist-packages/keystonemiddleware/auth_token/__init__.py:545}}
Oct 06 07:53:23.960741 dv-cinder-860212-3-iscsi devstack@keystone.service[81480]: DEBUG keystone.server.flask.request_processing.middleware.auth_context [None req-40dbb40b-4ce6-4ba6-ac6f-7c4b0b863179 None admin] RBAC: auth_context: {'token': , 'domain_id': None, 'trust_id': None, 'trustor_id': None, 'trustee_id': None, 'domain_name': None, 'group_ids': [], 'user_id': '93747f497a1f4adcb4b8ddb03adfe01c', 'user_domain_id': 'default', 'system_scope': 'all', 'project_id': None, 'project_domain_id': None, 'roles': ['admin', 'member', 'reader'], 'is_admin_project': True, 'service_user_id': None, 'service_user_domain_id': None, 'service_project_id': None, 'service_project_domain_id': None, 'service_roles': []} {{(pid=81480) fill_context /opt/stack/keystone/keystone/server/flask/request_processing/middleware/auth_context.py:478}}
Oct 06 07:53:23.961431 dv-cinder-860212-3-iscsi devstack@keystone.service[81480]: DEBUG keystone.server.flask.request_processing.req_logging [None req-40dbb40b-4ce6-4ba6-ac6f-7c4b0b863179 None admin] REQUEST_METHOD: `PUT` {{(pid=81480) log_request_info /opt/stack/keystone/keystone/server/flask/request_processing/req_logging.py:27}}
Oct 06 07:53:23.961712 dv-cinder-860212-3-iscsi devstack@keystone.service[81480]: DEBUG keystone.server.flask.request_processing.req_logging [None req-40dbb40b-4ce6-4ba6-ac6f-7c4b0b863179 None admin] SCRIPT_NAME: `/identity` {{(pid=81480) log_request_info /opt/stack/keystone/keystone/server/flask/request_processing/req_logging.py:28}}
Oct 06 07:53:23.962080 dv-cinder-860212-3-iscsi devstack@keystone.service[81480]: DEBUG keystone.server.flask.request_processing.req_logging [None req-40dbb40b-4ce6-4ba6-ac6f-7c4b0b863179 None admin] PATH_INFO: `/v3/projects/39c302b22dd04479bf8305109d613551/users/24b1ed517c454625a2a733a06aa4fb70/roles/d9b2237fd9884cc39771e75bf902e203` {{(pid=81480) log_request_info /opt/stack/keystone/keystone/server/flask/request_processing/req_logging.py:29}}
Oct 06 07:53:23.964887 dv-cinder-860212-3-iscsi devstack@keystone.service[81480]: DEBUG keystone.common.rbac_enforcer.enforcer [None req-40dbb40b-4ce6-4ba6-ac6f-7c4b0b863179 None admin] RBAC: Authorizing `identity:create_grant(project_id=39c302b22dd04479bf8305109d613551, user_id=24b1ed517c454625a2a733a06aa4fb70, role_id=d9b2237fd9884cc39771e75bf902e203)` {{(pid=81480) enforce_call /opt/stack/keystone/keystone/common/rbac_enforcer/enforcer.py:449}}
Oct 06 07:53:23.967377 dv-cinder-860212-3-iscsi devstack@keystone.service[81480]: DEBUG keystone.common.rbac_enforcer.enforcer [None req-40dbb40b-4ce6-4ba6-ac6f-7c4b0b863179 None admin] RBAC: Authorization granted {{(pid=81480) enforce_call /opt/stack/keystone/keystone/common/rbac_enforcer/enforcer.py:457}}
Oct 06 07:53:24.070983 dv-cinder-860212-3-iscsi devstack@keystone.service[81480]: [pid: 81480|app: 0|req: 114/234] 10.222.0.30 () {58 vars in 1439 bytes} [Thu Oct 6 07:53:23 2022] PUT /identity/v3/projects/39c302b22dd04479bf8305109d613551/users/24b1ed517c454625a2a733a06aa4fb70/roles/d9b2237fd9884cc39771e75bf902e203 => generated 0 bytes in 283 msecs (HTTP/1.1 204) 3 headers in 132 bytes (0 switches on core 0)
Oct 06 07:53:25.099603 dv-cinder-860212-3-iscsi devstack@keystone.service[81479]: DEBUG keystone.server.flask.request_processing.req_logging [None req-5e57eecb-e447-42ef-9ef6-c06db8f031a9 None None] REQUEST_METHOD: `GET` {{(pid=81479) log_request_info /opt/stack/keystone/keystone/server/flask/request_processing/req_logging.py:27}}
Oct 06 07:53:25.100111 dv-cinder-860212-3-iscsi devstack@keystone.service[81479]: DEBUG keystone.server.flask.request_processing.req_logging [None req-5e57eecb-e447-42ef-9ef6-c06db8f031a9 None None] SCRIPT_NAME: `/identity` {{(pid=81479) log_request_info /opt/stack/keystone/keystone/server/flask/request_processing/req_logging.py:28}}
Oct 06 07:53:25.100214 dv-cinder-860212-3-iscsi devstack@keystone.service[81479]: DEBUG keystone.server.flask.request_processing.req_logging [None req-5e57eecb-e447-42ef-9ef6-c06db8f031a9 None None] PATH_INFO: `/` {{(pid=81479) log_request_info /opt/stack/keystone/keystone/server/flask/request_processing/req_logging.py:29}}
Oct 06 07:53:25.101733 dv-cinder-860212-3-iscsi devstack@keystone.service[81479]: [pid: 81479|app: 0|req: 121/235] 10.222.0.30 () {54 vars in 927 bytes} [Thu Oct 6 07:53:25 2022] GET /identity => generated 270 bytes in 3 msecs (HTTP/1.1 300) 6 headers in 234 bytes (1 switches on core 0)
Oct 06 07:53:25.108130 dv-cinder-860212-3-iscsi devstack@keystone.service[81480]: DEBUG keystone.server.flask.request_processing.req_logging [None req-ec58f192-93a2-4ba1-986c-241a6cb46e6a None None] REQUEST_METHOD: `POST` {{(pid=81480) log_request_info /opt/stack/keystone/keystone/server/flask/request_processing/req_logging.py:27}}
Oct 06 07:53:25.108580 dv-cinder-860212-3-iscsi devstack@keystone.service[81480]: DEBUG keystone.server.flask.request_processing.req_logging [None req-ec58f192-93a2-4ba1-986c-241a6cb46e6a None None] SCRIPT_NAME: `/identity` {{(pid=81480) log_request_info /opt/stack/keystone/keystone/server/flask/request_processing/req_logging.py:28}}
Oct 06 07:53:25.108660 dv-cinder-860212-3-iscsi devstack@keystone.service[81480]: DEBUG keystone.server.flask.request_processing.req_logging [None req-ec58f192-93a2-4ba1-986c-241a6cb46e6a None None] PATH_INFO: `/v3/auth/tokens` {{(pid=81480) log_request_info /opt/stack/keystone/keystone/server/flask/request_processing/req_logging.py:29}}
Oct 06 07:53:25.128147 dv-cinder-860212-3-iscsi devstack@keystone.service[81480]: DEBUG keystone.auth.core [None req-ec58f192-93a2-4ba1-986c-241a6cb46e6a None None] MFA Rules not processed for user `93747f497a1f4adcb4b8ddb03adfe01c`. Rule list: `[]` (Enabled: `True`). {{(pid=81480) check_auth_methods_against_rules /opt/stack/keystone/keystone/auth/core.py:438}}
Oct 06 07:53:25.129332 dv-cinder-860212-3-iscsi devstack@keystone.service[81480]: DEBUG keystone.common.fernet_utils [None req-ec58f192-93a2-4ba1-986c-241a6cb46e6a None None] Loaded 2 Fernet keys from /etc/keystone/fernet-keys/, but `[fernet_tokens] max_active_keys = 3`; perhaps there have not been enough key rotations to reach `max_active_keys` yet? {{(pid=81480) load_keys /opt/stack/keystone/keystone/common/fernet_utils.py:286}}
Oct 06 07:53:25.207695 dv-cinder-860212-3-iscsi devstack@keystone.service[81480]: DEBUG dbcounter [-] [81480] Writing DB stats keystone:SELECT=99,keystone:INSERT=1 {{(pid=81480) stat_writer /usr/local/lib/python3.8/dist-packages/dbcounter.py:114}}
