Oct 04 08:47:15.650696 dv-cinder-860212-1-smb neutron-server[118154]: DEBUG neutron.plugins.ml2.drivers.mech_agent [None req-c12f022b-2e84-4cd4-ae98-f1d112f0b6c1 None None] Checking agent: {'id': 'fb3ce011-9db5-4e46-b880-b20c20c100ad', 'agent_type': 'Open vSwitch agent', 'binary': 'neutron-openvswitch-agent', 'topic': 'N/A', 'host': 'dv-cinder-860212-1-smb', 'admin_state_up': True, 'created_at': datetime.datetime(2022, 10, 4, 8, 38, 58), 'started_at': datetime.datetime(2022, 10, 4, 8, 39, 28), 'heartbeat_timestamp': datetime.datetime(2022, 10, 4, 8, 46, 58), 'description': None, 'resources_synced': None, 'availability_zone': None, 'alive': True, 'configurations': {'arp_responder_enabled': False, 'baremetal_smartnic': False, 'bridge_mappings': {'physnet1': 'br-data'}, 'datapath_type': 'system', 'devices': 0, 'enable_distributed_routing': False, 'extensions': [], 'in_distributed_mode': False, 'integration_bridge': 'br-int', 'l2_population': False, 'log_agent_heartbeats': False, 'ovs_capabilities': {'datapath_types': ['netdev', 'system'], 'iface_types': ['erspan', 'geneve', 'gre', 'internal', 'ip6erspan', 'ip6gre', 'lisp', 'patch', 'stt', 'system', 'tap', 'vxlan']}, 'ovs_hybrid_plug': False, 'resource_provider_bandwidths': {}, 'resource_provider_hypervisors': {'br-data': 'dv-cinder-860212-1-smb'}, 'resource_provider_inventory_defaults': {'allocation_ratio': 1.0, 'min_unit': 1, 'step_size': 1, 'reserved': 0}, 'resource_provider_packet_processing_inventory_defaults': {'allocation_ratio': 1.0, 'min_unit': 1, 'step_size': 1, 'reserved': 0}, 'resource_provider_packet_processing_with_direction': {}, 'resource_provider_packet_processing_without_direction': {}, 'tunnel_types': [], 'tunneling_ip': None, 'vhostuser_socket_dir': '/var/run/openvswitch'}, 'resource_versions': {'AddressGroup': '1.2', 'Agent': '1.1', 'ConntrackHelper': '1.0', 'LocalIPAssociation': '1.0', 'Log': '1.0', 'NDPProxy': '1.0', 'Network': '1.1', 'Port': '1.7', 'PortForwarding': '1.3', 'QosPolicy': '1.10', 'SecurityGroup': '1.5', 'SecurityGroupRule': '1.2', 'SubPort': '1.0', 'Subnet': '1.1', 'Trunk': '1.1'}} {{(pid=118154) bind_port /opt/stack/neutron/neutron/plugins/ml2/drivers/mech_agent.py:127}}
Oct 04 08:47:15.651622 dv-cinder-860212-1-smb neutron-server[118154]: DEBUG neutron.plugins.ml2.drivers.mech_agent [None req-c12f022b-2e84-4cd4-ae98-f1d112f0b6c1 None None] Checking segment: {'id': '4d12b416-2806-4dc3-83e2-f1238ec2b5a9', 'network_type': 'vlan', 'physical_network': 'physnet1', 'segmentation_id': 334, 'network_id': '140f84ae-23d8-44a7-b09c-11a4607a9aa5'} for mappings: {'physnet1': 'br-data'} with network types: ['local', 'flat', 'vlan'] {{(pid=118154) check_segment_for_agent /opt/stack/neutron/neutron/plugins/ml2/drivers/mech_agent.py:399}}
Oct 04 08:47:15.651622 dv-cinder-860212-1-smb neutron-server[118154]: DEBUG neutron_lib.callbacks.manager [None req-c12f022b-2e84-4cd4-ae98-f1d112f0b6c1 None None] Publish callbacks [] for ovs_bridge_name (None), before_read {{(pid=118154) _notify_loop /usr/local/lib/python3.8/dist-packages/neutron_lib/callbacks/manager.py:176}}
Oct 04 08:47:15.651870 dv-cinder-860212-1-smb neutron-server[118154]: DEBUG neutron.plugins.ml2.drivers.mech_agent [None req-c12f022b-2e84-4cd4-ae98-f1d112f0b6c1 None None] Bound using segment: {'id': '4d12b416-2806-4dc3-83e2-f1238ec2b5a9', 'network_type': 'vlan', 'physical_network': 'physnet1', 'segmentation_id': 334, 'network_id': '140f84ae-23d8-44a7-b09c-11a4607a9aa5'} {{(pid=118154) bind_port /opt/stack/neutron/neutron/plugins/ml2/drivers/mech_agent.py:137}}
Oct 04 08:47:15.652294 dv-cinder-860212-1-smb neutron-server[118154]: DEBUG neutron.plugins.ml2.managers [None req-c12f022b-2e84-4cd4-ae98-f1d112f0b6c1 None None] Bound port: f8cade4f-320d-4197-8596-54fca27489f0, host: dv-cinder-860212-1-smb, vif_type: ovs, vif_details: {"connectivity": "l2", "port_filter": true, "ovs_hybrid_plug": false, "datapath_type": "system", "bridge_name": "br-int"}, binding_levels: [{'bound_driver': 'openvswitch', 'bound_segment': {'id': '4d12b416-2806-4dc3-83e2-f1238ec2b5a9', 'network_type': 'vlan', 'physical_network': 'physnet1', 'segmentation_id': 334, 'network_id': '140f84ae-23d8-44a7-b09c-11a4607a9aa5'}}] {{(pid=118154) _bind_port_level /opt/stack/neutron/neutron/plugins/ml2/managers.py:947}}
Oct 04 08:47:15.652826 dv-cinder-860212-1-smb neutron-server[118154]: DEBUG neutron_lib.callbacks.manager [None req-c12f022b-2e84-4cd4-ae98-f1d112f0b6c1 None None] Publish callbacks ['neutron.plugins.ml2.plugin.SecurityGroupDbMixin._ensure_default_security_group_handler-3506291'] for port (f8cade4f-320d-4197-8596-54fca27489f0), before_update {{(pid=118154) _notify_loop /usr/local/lib/python3.8/dist-packages/neutron_lib/callbacks/manager.py:176}}
Oct 04 08:47:15.659217 dv-cinder-860212-1-smb neutron-server[118154]: DEBUG dbcounter [-] [118154] Writing DB stats neutron:SELECT=92,neutron:INSERT=3,neutron:UPDATE=5 {{(pid=118154) stat_writer /usr/local/lib/python3.8/dist-packages/dbcounter.py:114}}
Oct 04 08:47:15.674950 dv-cinder-860212-1-smb neutron-server[118154]: DEBUG neutron.db.db_base_plugin_common [None req-c6d25cb5-ceb2-4955-bc16-4225cfca067c None None] Allocated IP 172.20.0.2 (65b43ee7-09af-486d-a2ca-07b08ca15dcc/f49d48cc-10d9-4a57-b7c6-fc5de8af5c89/be7c00c4-d0c7-454d-8da9-16b6e1964d74) {{(pid=118154) _store_ip_allocation /opt/stack/neutron/neutron/db/db_base_plugin_common.py:131}}
Oct 04 08:47:15.715165 dv-cinder-860212-1-smb neutron-server[118153]: DEBUG neutron_lib.callbacks.manager [None req-e8a44247-226a-4ef9-b1b8-20c9955acad2 admin admin] Publish callbacks [] for router_gateway (7fc1341c-2391-4478-902f-7d8f6e819425), precommit_update {{(pid=118153) _notify_loop /usr/local/lib/python3.8/dist-packages/neutron_lib/callbacks/manager.py:176}}
Oct 04 08:47:15.722207 dv-cinder-860212-1-smb neutron-server[118153]: DEBUG neutron.scheduler.base_scheduler [None req-e661b09d-a88b-468f-a8d1-551881dbd859 admin admin] Resources bound (agent type, host, resource id): (DHCP agent, dv-cinder-860212-1-smb, e850cebf-ecb4-401e-9867-61b013d8f7e1) {{(pid=118153) schedule /opt/stack/neutron/neutron/scheduler/base_scheduler.py:57}}
Oct 04 08:47:15.727691 dv-cinder-860212-1-smb neutron-server[118153]: DEBUG neutron.pecan_wsgi.hooks.policy_enforcement [None req-e661b09d-a88b-468f-a8d1-551881dbd859 admin admin] Attributes excluded by policy engine: ['standard_attr_id', 'shared', 'network'] {{(pid=118153) _exclude_attributes_by_policy /opt/stack/neutron/neutron/pecan_wsgi/hooks/policy_enforcement.py:259}}
Oct 04 08:47:15.728620 dv-cinder-860212-1-smb neutron-server[118153]: DEBUG neutron_lib.callbacks.manager [None req-e661b09d-a88b-468f-a8d1-551881dbd859 admin admin] Publish callbacks ['neutron.api.rpc.agentnotifiers.dhcp_rpc_agent_api.DhcpAgentNotifyAPI._send_dhcp_notification-545128'] for subnet (None), before_response {{(pid=118153) _notify_loop /usr/local/lib/python3.8/dist-packages/neutron_lib/callbacks/manager.py:176}}
Oct 04 08:47:15.736503 dv-cinder-860212-1-smb neutron-server[118154]: DEBUG neutron.api.rpc.handlers.dhcp_rpc [None req-c97d8e96-2b36-48bc-b2db-c0d2bef56ce6 None None] Network e850cebf-ecb4-401e-9867-61b013d8f7e1 requested from dv-cinder-860212-1-smb {{(pid=118154) get_network_info /opt/stack/neutron/neutron/api/rpc/handlers/dhcp_rpc.py:193}}
Oct 04 08:47:15.737263 dv-cinder-860212-1-smb neutron-server[118152]: DEBUG neutron_lib.callbacks.manager [None req-4db11cec-49d2-412c-862b-28144e48065b admin admin] Publish callbacks [] for port (58320bd6-fc61-41fb-9b43-248e83379bdc), precommit_create {{(pid=118152) _notify_loop /usr/local/lib/python3.8/dist-packages/neutron_lib/callbacks/manager.py:176}}
Oct 04 08:47:15.744829 dv-cinder-860212-1-smb neutron-server[118153]: DEBUG neutron.scheduler.base_scheduler [None req-ff50aa59-7552-4b29-9627-39dcb82828ea admin admin] Resources bound (agent type, host, resource id): (DHCP agent, dv-cinder-860212-1-smb, 12add7af-0e43-445b-aaf3-9fd5d31bba86) {{(pid=118153) schedule /opt/stack/neutron/neutron/scheduler/base_scheduler.py:57}}
Oct 04 08:47:15.749657 dv-cinder-860212-1-smb neutron-server[118153]: DEBUG neutron.pecan_wsgi.hooks.policy_enforcement [None req-ff50aa59-7552-4b29-9627-39dcb82828ea admin admin] Attributes excluded by policy engine: ['standard_attr_id', 'shared', 'network'] {{(pid=118153) _exclude_attributes_by_policy /opt/stack/neutron/neutron/pecan_wsgi/hooks/policy_enforcement.py:259}}
Oct 04 08:47:15.750253 dv-cinder-860212-1-smb neutron-server[118153]: DEBUG neutron_lib.callbacks.manager [None req-ff50aa59-7552-4b29-9627-39dcb82828ea admin admin] Publish callbacks ['neutron.api.rpc.agentnotifiers.dhcp_rpc_agent_api.DhcpAgentNotifyAPI._send_dhcp_notification-545128'] for subnet (None), before_response {{(pid=118153) _notify_loop /usr/local/lib/python3.8/dist-packages/neutron_lib/callbacks/manager.py:176}}
Oct 04 08:47:15.771498 dv-cinder-860212-1-smb neutron-server[118152]: DEBUG neutron.wsgi [-] (118152) accepted ('10.222.0.45', 59150) {{(pid=118152) server /usr/local/lib/python3.8/dist-packages/eventlet/wsgi.py:1004}}
Oct 04 08:47:15.773486 dv-cinder-860212-1-smb neutron-server[118153]: INFO neutron.wsgi [None req-e661b09d-a88b-468f-a8d1-551881dbd859 admin admin] 10.222.0.45 "POST /networking/v2.0/subnets HTTP/1.1" status: 201 len: 848 time: 1.4527760
Oct 04 08:47:15.779060 dv-cinder-860212-1-smb neutron-server[118154]: DEBUG neutron.api.rpc.handlers.dhcp_rpc [None req-ea645161-bf79-495a-b319-4703a01c42f3 None None] Network 12add7af-0e43-445b-aaf3-9fd5d31bba86 requested from dv-cinder-860212-1-smb {{(pid=118154) get_network_info /opt/stack/neutron/neutron/api/rpc/handlers/dhcp_rpc.py:193}}
Oct 04 08:47:15.786779 dv-cinder-860212-1-smb neutron-server[118152]: DEBUG neutron.api.v2.base [None req-d206183b-0d0f-47d1-b40b-71448b77120d admin admin] Request body: {'router': {'name': 'tempest-DeleteServersTestJSON-1282412461-router', 'tenant_id': '9cb2556ba8d8495d9fefef939185bdb8', 'external_gateway_info': {'network_id': '88d06652-b994-423d-b9a3-c11bc294552a'}}} {{(pid=118152) prepare_request_body /opt/stack/neutron/neutron/api/v2/base.py:730}}
Oct 04 08:47:15.791703 dv-cinder-860212-1-smb neutron-server[118153]: INFO neutron.wsgi [None req-ff50aa59-7552-4b29-9627-39dcb82828ea admin admin] 10.222.0.45 "POST /networking/v2.0/subnets HTTP/1.1" status: 201 len: 855 time: 1.3853931
Oct 04 08:47:15.794383 dv-cinder-860212-1-smb neutron-server[118152]: DEBUG neutron.wsgi [-] (118152) accepted ('10.222.0.45', 59156) {{(pid=118152) server /usr/local/lib/python3.8/dist-packages/eventlet/wsgi.py:1004}}
Oct 04 08:47:15.800950 dv-cinder-860212-1-smb neutron-server[118152]: DEBUG dbcounter [-] [118152] Writing DB stats neutron:SELECT=88,neutron:INSERT=6,neutron:UPDATE=6 {{(pid=118152) stat_writer /usr/local/lib/python3.8/dist-packages/dbcounter.py:114}}
Oct 04 08:47:15.807224 dv-cinder-860212-1-smb neutron-server[118152]: DEBUG neutron.api.v2.base [None req-332a00b2-5e8c-4e6f-aaf0-bc81188cefcb admin admin] Request body: {'router': {'name': 'tempest-ServerRescueNegativeTestJSON-1268115993-router', 'tenant_id': '70a49f262cb54654b0613fad8daa2124', 'external_gateway_info': {'network_id': '88d06652-b994-423d-b9a3-c11bc294552a'}}} {{(pid=118152) prepare_request_body /opt/stack/neutron/neutron/api/v2/base.py:730}}
Oct 04 08:47:15.836882 dv-cinder-860212-1-smb neutron-server[118152]: DEBUG neutron_lib.callbacks.manager [None req-d206183b-0d0f-47d1-b40b-71448b77120d admin admin] Publish callbacks ['neutron.services.l3_router.l3_router_plugin.L3_HA_NAT_db_mixin._before_router_create_handler-485080', 'neutron.services.l3_router.service_providers.driver_controller.DriverController._check_router_request-6032'] for router (af0e9001-b9bb-4e57-8975-5699a2fc340e), before_create {{(pid=118152) _notify_loop /usr/local/lib/python3.8/dist-packages/neutron_lib/callbacks/manager.py:176}}
Oct 04 08:47:15.838305 dv-cinder-860212-1-smb neutron-server[118152]: DEBUG neutron_lib.callbacks.manager [None req-d206183b-0d0f-47d1-b40b-71448b77120d admin admin] Publish callbacks ['neutron.services.l3_router.l3_router_plugin.L3_HA_NAT_db_mixin._precommit_router_create-484084', 'neutron.services.l3_router.l3_router_plugin.DVRResourceOperationHandler._set_distributed_flag-445343', 'neutron.services.l3_router.l3_router_plugin.RouterAvailabilityZoneMixin._process_az_request-363463', 'neutron.services.l3_router.service_providers.driver_controller.DriverController._set_router_provider-6027'] for router (af0e9001-b9bb-4e57-8975-5699a2fc340e), precommit_create {{(pid=118152) _notify_loop /usr/local/lib/python3.8/dist-packages/neutron_lib/callbacks/manager.py:176}}
Oct 04 08:47:15.849827 dv-cinder-860212-1-smb neutron-server[118152]: DEBUG neutron_lib.callbacks.manager [None req-4db11cec-49d2-412c-862b-28144e48065b admin admin] Publish callbacks ['neutron.plugins.ml2.plugin.SecurityGroupServerNotifierRpcMixin._notify_sg_on_port_change-3538604', 'neutron.plugins.ml2.ovo_rpc._ObjectChangeHandler.handle_event-159773', 'neutron.api.rpc.agentnotifiers.dhcp_rpc_agent_api.DhcpAgentNotifyAPI._native_event_send_dhcp_notification-545150', 'neutron.db.l3_dvrscheduler_db._notify_l3_agent_new_port-8767597969372'] for port (58320bd6-fc61-41fb-9b43-248e83379bdc), after_create {{(pid=118152) _notify_loop /usr/local/lib/python3.8/dist-packages/neutron_lib/callbacks/manager.py:176}}
Oct 04 08:47:15.856031 dv-cinder-860212-1-smb neutron-server[118154]: DEBUG neutron.plugins.ml2.db [None req-c12f022b-2e84-4cd4-ae98-f1d112f0b6c1 None None] For port f8cade4f-320d-4197-8596-54fca27489f0, host dv-cinder-860212-1-smb, cleared binding levels {{(pid=118154) clear_binding_levels /opt/stack/neutron/neutron/plugins/ml2/db.py:87}}
Oct 04 08:47:15.910746 dv-cinder-860212-1-smb neutron-server[118154]: DEBUG neutron.plugins.ml2.db [None req-c12f022b-2e84-4cd4-ae98-f1d112f0b6c1 None None] For port f8cade4f-320d-4197-8596-54fca27489f0, host dv-cinder-860212-1-smb, set binding levels [PortBindingLevel(driver='openvswitch',host='dv-cinder-860212-1-smb',level=0,port_id=f8cade4f-320d-4197-8596-54fca27489f0,segment=NetworkSegment(4d12b416-2806-4dc3-83e2-f1238ec2b5a9),segment_id=4d12b416-2806-4dc3-83e2-f1238ec2b5a9)] {{(pid=118154) set_binding_levels /opt/stack/neutron/neutron/plugins/ml2/db.py:59}}
Oct 04 08:47:15.912671 dv-cinder-860212-1-smb neutron-server[118152]: DEBUG neutron_lib.callbacks.manager [None req-332a00b2-5e8c-4e6f-aaf0-bc81188cefcb admin admin] Publish callbacks ['neutron.services.l3_router.l3_router_plugin.L3_HA_NAT_db_mixin._before_router_create_handler-485080', 'neutron.services.l3_router.service_providers.driver_controller.DriverController._check_router_request-6032'] for router (a573050c-6423-4431-ad09-cd0bbb60cd03), before_create {{(pid=118152) _notify_loop /usr/local/lib/python3.8/dist-packages/neutron_lib/callbacks/manager.py:176}}
Oct 04 08:47:15.914366 dv-cinder-860212-1-smb neutron-server[118152]: DEBUG neutron_lib.callbacks.manager [None req-332a00b2-5e8c-4e6f-aaf0-bc81188cefcb admin admin] Publish callbacks ['neutron.services.l3_router.l3_router_plugin.L3_HA_NAT_db_mixin._precommit_router_create-484084', 'neutron.services.l3_router.l3_router_plugin.DVRResourceOperationHandler._set_distributed_flag-445343', 'neutron.services.l3_router.l3_router_plugin.RouterAvailabilityZoneMixin._process_az_request-363463', 'neutron.services.l3_router.service_providers.driver_controller.DriverController._set_router_provider-6027'] for router (a573050c-6423-4431-ad09-cd0bbb60cd03), precommit_create {{(pid=118152) _notify_loop /usr/local/lib/python3.8/dist-packages/neutron_lib/callbacks/manager.py:176}}
Oct 04 08:47:15.932032 dv-cinder-860212-1-smb neutron-server[118152]: DEBUG neutron.scheduler.dhcp_agent_scheduler [None req-4db11cec-49d2-412c-862b-28144e48065b admin admin] Network 88d06652-b994-423d-b9a3-c11bc294552a is already hosted by enough agents. {{(pid=118152) _get_dhcp_agents_hosting_network /opt/stack/neutron/neutron/scheduler/dhcp_agent_scheduler.py:275}}
Oct 04 08:47:15.959117 dv-cinder-860212-1-smb neutron-server[118153]: DEBUG dbcounter [-] [118153] Writing DB stats neutron:INSERT=7,neutron:SELECT=85,neutron:UPDATE=4,neutron:DELETE=4 {{(pid=118153) stat_writer /usr/local/lib/python3.8/dist-packages/dbcounter.py:114}}
Oct 04 08:47:15.996147 dv-cinder-860212-1-smb neutron-server[118154]: DEBUG neutron_lib.callbacks.manager [None req-c12f022b-2e84-4cd4-ae98-f1d112f0b6c1 None None] Publish callbacks ['neutron.plugins.ml2.plugin.SecurityGroupServerNotifierRpcMixin._notify_sg_on_port_change-3538604', 'neutron.plugins.ml2.ovo_rpc._ObjectChangeHandler.handle_event-159773', 'neutron.api.rpc.agentnotifiers.dhcp_rpc_agent_api.DhcpAgentNotifyAPI._native_event_send_dhcp_notification-545150', 'neutron.db.l3_db.L3RpcNotifierMixin._notify_gateway_port_ip_changed-8767598424257', 'neutron.db.l3_dvrscheduler_db._notify_l3_agent_port_update-8767597969390', 'neutron.db.l3_hascheduler_db._notify_l3_agent_ha_port_update-8767597967620'] for port (f8cade4f-320d-4197-8596-54fca27489f0), after_update {{(pid=118154) _notify_loop /usr/local/lib/python3.8/dist-packages/neutron_lib/callbacks/manager.py:176}}
Oct 04 08:47:16.014490 dv-cinder-860212-1-smb neutron-server[118152]: DEBUG neutron.scheduler.base_scheduler [None req-4db11cec-49d2-412c-862b-28144e48065b admin admin] Resources bound (agent type, host, resource id): {{(pid=118152) schedule /opt/stack/neutron/neutron/scheduler/base_scheduler.py:57}}
Oct 04 08:47:16.019377 dv-cinder-860212-1-smb neutron-server[118152]: DEBUG neutron.db.l3_dvrscheduler_db [None req-4db11cec-49d2-412c-862b-28144e48065b admin admin] Received port after_create {{(pid=118152) _notify_l3_agent_new_port /opt/stack/neutron/neutron/db/l3_dvrscheduler_db.py:541}}
Oct 04 08:47:16.034506 dv-cinder-860212-1-smb neutron-server[118152]: DEBUG neutron_lib.callbacks.manager [None req-d206183b-0d0f-47d1-b40b-71448b77120d admin admin] Publish callbacks [] for router_controller (af0e9001-b9bb-4e57-8975-5699a2fc340e), precommit_add_association {{(pid=118152) _notify_loop /usr/local/lib/python3.8/dist-packages/neutron_lib/callbacks/manager.py:176}}
Oct 04 08:47:16.098020 dv-cinder-860212-1-smb neutron-server[118152]: DEBUG neutron.api.rpc.handlers.resources_rpc [None req-4db11cec-49d2-412c-862b-28144e48065b admin admin] Pushing event updated for resources: {'Port': ['ID=58320bd6-fc61-41fb-9b43-248e83379bdc,revision_number=1']} {{(pid=118152) push /opt/stack/neutron/neutron/api/rpc/handlers/resources_rpc.py:237}}
Oct 04 08:47:16.267756 dv-cinder-860212-1-smb neutron-server[118152]: DEBUG neutron_lib.callbacks.manager [None req-332a00b2-5e8c-4e6f-aaf0-bc81188cefcb admin admin] Publish callbacks [] for router_controller (a573050c-6423-4431-ad09-cd0bbb60cd03), precommit_add_association {{(pid=118152) _notify_loop /usr/local/lib/python3.8/dist-packages/neutron_lib/callbacks/manager.py:176}}
Oct 04 08:47:16.342057 dv-cinder-860212-1-smb neutron-server[118154]: DEBUG neutron_lib.callbacks.manager [None req-c6d25cb5-ceb2-4955-bc16-4225cfca067c None None] Publish callbacks [] for port (be7c00c4-d0c7-454d-8da9-16b6e1964d74), precommit_create {{(pid=118154) _notify_loop /usr/local/lib/python3.8/dist-packages/neutron_lib/callbacks/manager.py:176}}
Oct 04 08:47:16.365708 dv-cinder-860212-1-smb neutron-server[118154]: DEBUG neutron.api.rpc.handlers.dhcp_rpc [None req-2cdbb419-82a5-4139-9ea6-d451cbb7017c None None] Create dhcp port {'port': {'name': '', 'admin_state_up': True, 'device_id': 'dhcp1ee0e476-5058-50e9-acaa-8f8a53c26841-e850cebf-ecb4-401e-9867-61b013d8f7e1', 'network_id': 'e850cebf-ecb4-401e-9867-61b013d8f7e1', 'project_id': '9cb2556ba8d8495d9fefef939185bdb8', 'fixed_ips': [{'subnet_id': 'c0f708dd-1131-4300-848c-2a47e2258fb9'}]}} from dv-cinder-860212-1-smb. {{(pid=118154) create_dhcp_port /opt/stack/neutron/neutron/api/rpc/handlers/dhcp_rpc.py:282}}
Oct 04 08:47:16.369318 dv-cinder-860212-1-smb neutron-server[118154]: DEBUG neutron_lib.callbacks.manager [None req-2cdbb419-82a5-4139-9ea6-d451cbb7017c None None] Publish callbacks ['neutron.plugins.ml2.plugin.SecurityGroupDbMixin._ensure_default_security_group_handler-3506291'] for port (None), before_create {{(pid=118154) _notify_loop /usr/local/lib/python3.8/dist-packages/neutron_lib/callbacks/manager.py:176}}
Oct 04 08:47:16.380934 dv-cinder-860212-1-smb neutron-server[118153]: DEBUG neutron_lib.callbacks.manager [None req-e8a44247-226a-4ef9-b1b8-20c9955acad2 admin admin] Publish callbacks [] for router_gateway (7fc1341c-2391-4478-902f-7d8f6e819425), before_create {{(pid=118153) _notify_loop /usr/local/lib/python3.8/dist-packages/neutron_lib/callbacks/manager.py:176}}
Oct 04 08:47:16.418302 dv-cinder-860212-1-smb neutron-server[118154]: DEBUG neutron_lib.callbacks.manager [None req-c6d25cb5-ceb2-4955-bc16-4225cfca067c None None] Publish callbacks ['neutron.plugins.ml2.plugin.SecurityGroupServerNotifierRpcMixin._notify_sg_on_port_change-3538604', 'neutron.plugins.ml2.ovo_rpc._ObjectChangeHandler.handle_event-159773', 'neutron.api.rpc.agentnotifiers.dhcp_rpc_agent_api.DhcpAgentNotifyAPI._native_event_send_dhcp_notification-545150', 'neutron.db.l3_dvrscheduler_db._notify_l3_agent_new_port-8767597969372'] for port (be7c00c4-d0c7-454d-8da9-16b6e1964d74), after_create {{(pid=118154) _notify_loop /usr/local/lib/python3.8/dist-packages/neutron_lib/callbacks/manager.py:176}}
Oct 04 08:47:16.424513 dv-cinder-860212-1-smb neutron-server[118154]: DEBUG neutron.api.rpc.handlers.dhcp_rpc [None req-99cc8633-cc46-4a53-84b6-0237fe3d2d39 None None] Create dhcp port {'port': {'name': '', 'admin_state_up': True, 'device_id': 'dhcp1ee0e476-5058-50e9-acaa-8f8a53c26841-12add7af-0e43-445b-aaf3-9fd5d31bba86', 'network_id': '12add7af-0e43-445b-aaf3-9fd5d31bba86', 'project_id': '70a49f262cb54654b0613fad8daa2124', 'fixed_ips': [{'subnet_id': '964b7511-f5dc-41d6-a990-90c7935d3288'}]}} from dv-cinder-860212-1-smb. {{(pid=118154) create_dhcp_port /opt/stack/neutron/neutron/api/rpc/handlers/dhcp_rpc.py:282}}
Oct 04 08:47:16.436272 dv-cinder-860212-1-smb neutron-server[118154]: DEBUG neutron_lib.callbacks.manager [None req-99cc8633-cc46-4a53-84b6-0237fe3d2d39 None None] Publish callbacks ['neutron.plugins.ml2.plugin.SecurityGroupDbMixin._ensure_default_security_group_handler-3506291'] for port (None), before_create {{(pid=118154) _notify_loop /usr/local/lib/python3.8/dist-packages/neutron_lib/callbacks/manager.py:176}}
Oct 04 08:47:16.445823 dv-cinder-860212-1-smb neutron-server[118153]: DEBUG neutron_lib.callbacks.manager [None req-e8a44247-226a-4ef9-b1b8-20c9955acad2 admin admin] Publish callbacks ['neutron.plugins.ml2.plugin.SecurityGroupDbMixin._ensure_default_security_group_handler-3506291'] for port (None), before_create {{(pid=118153) _notify_loop /usr/local/lib/python3.8/dist-packages/neutron_lib/callbacks/manager.py:176}}
Oct 04 08:47:16.573795 dv-cinder-860212-1-smb neutron-server[118152]: DEBUG dbcounter [-] [118152] Writing DB stats neutron:SELECT=84,neutron:INSERT=12,neutron:UPDATE=4 {{(pid=118152) stat_writer /usr/local/lib/python3.8/dist-packages/dbcounter.py:114}}
Oct 04 08:47:16.574713 dv-cinder-860212-1-smb neutron-server[118152]: DEBUG neutron_lib.callbacks.manager [None req-4db11cec-49d2-412c-862b-28144e48065b admin admin] Publish callbacks [] for router_gateway (13fc74d3-112c-47cf-aed4-c51a098c9398), after_create {{(pid=118152) _notify_loop /usr/local/lib/python3.8/dist-packages/neutron_lib/callbacks/manager.py:176}}
Oct 04 08:47:16.675495 dv-cinder-860212-1-smb neutron-server[118154]: DEBUG neutron.db.db_base_plugin_common [None req-99cc8633-cc46-4a53-84b6-0237fe3d2d39 None None] Allocated IP 172.20.0.2 (12add7af-0e43-445b-aaf3-9fd5d31bba86/964b7511-f5dc-41d6-a990-90c7935d3288/92ddb52e-ddaa-4b81-96e7-33a376491509) {{(pid=118154) _store_ip_allocation /opt/stack/neutron/neutron/db/db_base_plugin_common.py:131}}
Oct 04 08:47:16.778379 dv-cinder-860212-1-smb neutron-server[118152]: DEBUG neutron_lib.callbacks.manager [None req-d206183b-0d0f-47d1-b40b-71448b77120d admin admin] Publish callbacks [] for router_gateway (af0e9001-b9bb-4e57-8975-5699a2fc340e), precommit_update {{(pid=118152) _notify_loop /usr/local/lib/python3.8/dist-packages/neutron_lib/callbacks/manager.py:176}}
Oct 04 08:47:16.964930 dv-cinder-860212-1-smb neutron-server[118153]: DEBUG neutron.db.db_base_plugin_common [None req-e8a44247-226a-4ef9-b1b8-20c9955acad2 admin admin] Allocated IP 172.28.0.182 (88d06652-b994-423d-b9a3-c11bc294552a/94751cf8-f96f-4984-97d8-f6249fff234d/d788d541-dc20-47d9-a05d-1d617566192c) {{(pid=118153) _store_ip_allocation /opt/stack/neutron/neutron/db/db_base_plugin_common.py:131}}
Oct 04 08:47:17.192611 dv-cinder-860212-1-smb neutron-server[118154]: DEBUG dbcounter [-] [118154] Writing DB stats neutron:UPDATE=6,neutron:SELECT=88,neutron:INSERT=6 {{(pid=118154) stat_writer /usr/local/lib/python3.8/dist-packages/dbcounter.py:114}}
Oct 04 08:47:17.200350 dv-cinder-860212-1-smb neutron-server[118154]: DEBUG dbcounter [-] [118154] Writing DB stats neutron:SELECT=89,neutron:INSERT=6,neutron:UPDATE=5 {{(pid=118154) stat_writer /usr/local/lib/python3.8/dist-packages/dbcounter.py:114}}
Oct 04 08:47:17.213410 dv-cinder-860212-1-smb neutron-server[118154]: DEBUG neutron.api.rpc.handlers.resources_rpc [None req-c12f022b-2e84-4cd4-ae98-f1d112f0b6c1 None None] Pushing event updated for resources: {'Port': ['ID=f8cade4f-320d-4197-8596-54fca27489f0,revision_number=2']} {{(pid=118154) push /opt/stack/neutron/neutron/api/rpc/handlers/resources_rpc.py:237}}
Oct 04 08:47:17.230048 dv-cinder-860212-1-smb neutron-server[118154]: DEBUG neutron_lib.callbacks.manager [None req-99cc8633-cc46-4a53-84b6-0237fe3d2d39 None None] Publish callbacks [] for port (92ddb52e-ddaa-4b81-96e7-33a376491509), precommit_create {{(pid=118154) _notify_loop /usr/local/lib/python3.8/dist-packages/neutron_lib/callbacks/manager.py:176}}
Oct 04 08:47:17.262116 dv-cinder-860212-1-smb neutron-server[118154]: DEBUG neutron.scheduler.dhcp_agent_scheduler [None req-c6d25cb5-ceb2-4955-bc16-4225cfca067c None None] Network 65b43ee7-09af-486d-a2ca-07b08ca15dcc is already hosted by enough agents. {{(pid=118154) _get_dhcp_agents_hosting_network /opt/stack/neutron/neutron/scheduler/dhcp_agent_scheduler.py:275}}
Oct 04 08:47:17.274839 dv-cinder-860212-1-smb neutron-server[118152]: DEBUG neutron_lib.callbacks.manager [None req-332a00b2-5e8c-4e6f-aaf0-bc81188cefcb admin admin] Publish callbacks [] for router_gateway (a573050c-6423-4431-ad09-cd0bbb60cd03), precommit_update {{(pid=118152) _notify_loop /usr/local/lib/python3.8/dist-packages/neutron_lib/callbacks/manager.py:176}}
Oct 04 08:47:17.282287 dv-cinder-860212-1-smb neutron-server[118153]: DEBUG neutron_lib.callbacks.manager [None req-e8a44247-226a-4ef9-b1b8-20c9955acad2 admin admin] Publish callbacks [] for port (d788d541-dc20-47d9-a05d-1d617566192c), precommit_create {{(pid=118153) _notify_loop /usr/local/lib/python3.8/dist-packages/neutron_lib/callbacks/manager.py:176}}
Oct 04 08:47:17.313930 dv-cinder-860212-1-smb neutron-server[118154]: DEBUG neutron.scheduler.base_scheduler [None req-c6d25cb5-ceb2-4955-bc16-4225cfca067c None None] Resources bound (agent type, host, resource id): {{(pid=118154) schedule /opt/stack/neutron/neutron/scheduler/base_scheduler.py:57}}
Oct 04 08:47:17.321612 dv-cinder-860212-1-smb neutron-server[118154]: DEBUG neutron.db.l3_dvrscheduler_db [None req-c6d25cb5-ceb2-4955-bc16-4225cfca067c None None] Received port after_create {{(pid=118154) _notify_l3_agent_new_port /opt/stack/neutron/neutron/db/l3_dvrscheduler_db.py:541}}
Oct 04 08:47:17.329244 dv-cinder-860212-1-smb neutron-server[118154]: DEBUG neutron_lib.callbacks.manager [None req-99cc8633-cc46-4a53-84b6-0237fe3d2d39 None None] Publish callbacks ['neutron.plugins.ml2.plugin.SecurityGroupServerNotifierRpcMixin._notify_sg_on_port_change-3538604', 'neutron.plugins.ml2.ovo_rpc._ObjectChangeHandler.handle_event-159773', 'neutron.api.rpc.agentnotifiers.dhcp_rpc_agent_api.DhcpAgentNotifyAPI._native_event_send_dhcp_notification-545150', 'neutron.db.l3_dvrscheduler_db._notify_l3_agent_new_port-8767597969372'] for port (92ddb52e-ddaa-4b81-96e7-33a376491509), after_create {{(pid=118154) _notify_loop /usr/local/lib/python3.8/dist-packages/neutron_lib/callbacks/manager.py:176}}
Oct 04 08:47:17.355405 dv-cinder-860212-1-smb neutron-server[118153]: DEBUG neutron_lib.callbacks.manager [None req-e8a44247-226a-4ef9-b1b8-20c9955acad2 admin admin] Publish callbacks ['neutron.plugins.ml2.plugin.SecurityGroupServerNotifierRpcMixin._notify_sg_on_port_change-3538604', 'neutron.plugins.ml2.ovo_rpc._ObjectChangeHandler.handle_event-159773', 'neutron.api.rpc.agentnotifiers.dhcp_rpc_agent_api.DhcpAgentNotifyAPI._native_event_send_dhcp_notification-545150', 'neutron.db.l3_dvrscheduler_db._notify_l3_agent_new_port-8767597969372'] for port (d788d541-dc20-47d9-a05d-1d617566192c), after_create {{(pid=118153) _notify_loop /usr/local/lib/python3.8/dist-packages/neutron_lib/callbacks/manager.py:176}}
Oct 04 08:47:17.454370 dv-cinder-860212-1-smb neutron-server[118153]: DEBUG neutron.api.rpc.handlers.resources_rpc [None req-e8a44247-226a-4ef9-b1b8-20c9955acad2 admin admin] Pushing event updated for resources: {'Port': ['ID=d788d541-dc20-47d9-a05d-1d617566192c,revision_number=1']} {{(pid=118153) push /opt/stack/neutron/neutron/api/rpc/handlers/resources_rpc.py:237}}
Oct 04 08:47:17.498720 dv-cinder-860212-1-smb neutron-server[118154]: DEBUG neutron.api.rpc.handlers.resources_rpc [None req-c6d25cb5-ceb2-4955-bc16-4225cfca067c None None] Pushing event updated for resources: {'Port': ['ID=be7c00c4-d0c7-454d-8da9-16b6e1964d74,revision_number=1']} {{(pid=118154) push /opt/stack/neutron/neutron/api/rpc/handlers/resources_rpc.py:237}}
Oct 04 08:47:17.519998 dv-cinder-860212-1-smb neutron-server[118153]: DEBUG neutron.scheduler.dhcp_agent_scheduler [None req-e8a44247-226a-4ef9-b1b8-20c9955acad2 admin admin] Network 88d06652-b994-423d-b9a3-c11bc294552a is already hosted by enough agents. {{(pid=118153) _get_dhcp_agents_hosting_network /opt/stack/neutron/neutron/scheduler/dhcp_agent_scheduler.py:275}}
Oct 04 08:47:17.523724 dv-cinder-860212-1-smb neutron-server[118153]: DEBUG neutron.scheduler.base_scheduler [None req-e8a44247-226a-4ef9-b1b8-20c9955acad2 admin admin] Resources bound (agent type, host, resource id): {{(pid=118153) schedule /opt/stack/neutron/neutron/scheduler/base_scheduler.py:57}}
Oct 04 08:47:17.524570 dv-cinder-860212-1-smb neutron-server[118154]: DEBUG neutron.scheduler.dhcp_agent_scheduler [None req-99cc8633-cc46-4a53-84b6-0237fe3d2d39 None None] Network 12add7af-0e43-445b-aaf3-9fd5d31bba86 is already hosted by enough agents. {{(pid=118154) _get_dhcp_agents_hosting_network /opt/stack/neutron/neutron/scheduler/dhcp_agent_scheduler.py:275}}
Oct 04 08:47:17.527734 dv-cinder-860212-1-smb neutron-server[118153]: DEBUG neutron.db.l3_dvrscheduler_db [None req-e8a44247-226a-4ef9-b1b8-20c9955acad2 admin admin] Received port after_create {{(pid=118153) _notify_l3_agent_new_port /opt/stack/neutron/neutron/db/l3_dvrscheduler_db.py:541}}
Oct 04 08:47:17.634103 dv-cinder-860212-1-smb neutron-server[118154]: DEBUG neutron.scheduler.base_scheduler [None req-99cc8633-cc46-4a53-84b6-0237fe3d2d39 None None] Resources bound (agent type, host, resource id): {{(pid=118154) schedule /opt/stack/neutron/neutron/scheduler/base_scheduler.py:57}}
Oct 04 08:47:17.644433 dv-cinder-860212-1-smb neutron-server[118152]: DEBUG dbcounter [-] [118152] Writing DB stats neutron:SELECT=92,neutron:INSERT=5,neutron:UPDATE=3 {{(pid=118152) stat_writer /usr/local/lib/python3.8/dist-packages/dbcounter.py:114}}
Oct 04 08:47:17.654633 dv-cinder-860212-1-smb neutron-server[118154]: DEBUG neutron.plugins.ml2.managers [None req-c6d25cb5-ceb2-4955-bc16-4225cfca067c None None] Attempting to bind port be7c00c4-d0c7-454d-8da9-16b6e1964d74 on host dv-cinder-860212-1-smb for vnic_type normal with profile {{(pid=118154) bind_port /opt/stack/neutron/neutron/plugins/ml2/managers.py:810}}
Oct 04 08:47:17.655001 dv-cinder-860212-1-smb neutron-server[118154]: DEBUG neutron.plugins.ml2.managers [None req-c6d25cb5-ceb2-4955-bc16-4225cfca067c None None] Attempting to bind port be7c00c4-d0c7-454d-8da9-16b6e1964d74 by drivers openvswitch,hyperv on host dv-cinder-860212-1-smb at level 0 using segments [{'id': '7bf019f3-03b1-4b2c-9d2e-070b1bd12f29', 'network_type': 'vlan', 'physical_network': 'physnet1', 'segmentation_id': 330, 'network_id': '65b43ee7-09af-486d-a2ca-07b08ca15dcc'}] {{(pid=118154) _bind_port_level /opt/stack/neutron/neutron/plugins/ml2/managers.py:835}}
Oct 04 08:47:17.655357 dv-cinder-860212-1-smb neutron-server[118154]: DEBUG neutron.plugins.ml2.drivers.mech_agent [None req-c6d25cb5-ceb2-4955-bc16-4225cfca067c None None] Attempting to bind port be7c00c4-d0c7-454d-8da9-16b6e1964d74 on network 65b43ee7-09af-486d-a2ca-07b08ca15dcc {{(pid=118154) bind_port /opt/stack/neutron/neutron/plugins/ml2/drivers/mech_agent.py:91}}
Oct 04 08:47:17.661565 dv-cinder-860212-1-smb neutron-server[118154]: DEBUG neutron.db.l3_dvrscheduler_db [None req-99cc8633-cc46-4a53-84b6-0237fe3d2d39 None None] Received port after_create {{(pid=118154) _notify_l3_agent_new_port /opt/stack/neutron/neutron/db/l3_dvrscheduler_db.py:541}}
Oct 04 08:47:17.704206 dv-cinder-860212-1-smb neutron-server[118154]: DEBUG neutron.api.rpc.handlers.dhcp_rpc [None req-34c6da4b-5cca-4d80-bcec-7aeedbbda7b8 None None] Network 140f84ae-23d8-44a7-b09c-11a4607a9aa5 requested from dv-cinder-860212-1-smb {{(pid=118154) get_network_info /opt/stack/neutron/neutron/api/rpc/handlers/dhcp_rpc.py:193}}
Oct 04 08:47:17.749904 dv-cinder-860212-1-smb neutron-server[118154]: DEBUG neutron.api.rpc.handlers.resources_rpc [None req-99cc8633-cc46-4a53-84b6-0237fe3d2d39 None None] Pushing event updated for resources: {'Port': ['ID=92ddb52e-ddaa-4b81-96e7-33a376491509,revision_number=1']} {{(pid=118154) push /opt/stack/neutron/neutron/api/rpc/handlers/resources_rpc.py:237}}
Oct 04 08:47:17.782401 dv-cinder-860212-1-smb neutron-server[118154]: DEBUG neutron.db.db_base_plugin_common [None req-2cdbb419-82a5-4139-9ea6-d451cbb7017c None None] Allocated IP 172.20.0.2 (e850cebf-ecb4-401e-9867-61b013d8f7e1/c0f708dd-1131-4300-848c-2a47e2258fb9/041bc331-8422-4e18-ae46-8883f916c19d) {{(pid=118154) _store_ip_allocation /opt/stack/neutron/neutron/db/db_base_plugin_common.py:131}}
Oct 04 08:47:17.811205 dv-cinder-860212-1-smb neutron-server[118152]: DEBUG neutron_lib.callbacks.manager [None req-332a00b2-5e8c-4e6f-aaf0-bc81188cefcb admin admin] Publish callbacks [] for router_gateway (a573050c-6423-4431-ad09-cd0bbb60cd03), before_create {{(pid=118152) _notify_loop /usr/local/lib/python3.8/dist-packages/neutron_lib/callbacks/manager.py:176}}
Oct 04 08:47:17.857569 dv-cinder-860212-1-smb neutron-server[118152]: DEBUG neutron_lib.callbacks.manager [None req-4db11cec-49d2-412c-862b-28144e48065b admin admin] Publish callbacks ['neutron.services.l3_router.l3_router_plugin.L3_HA_NAT_db_mixin._after_router_create-484067', 'neutron.services.l3_router.l3_router_plugin.DVRResourceOperationHandler._create_snat_interfaces_after_change-490702'] for router (13fc74d3-112c-47cf-aed4-c51a098c9398), after_create {{(pid=118152) _notify_loop /usr/local/lib/python3.8/dist-packages/neutron_lib/callbacks/manager.py:176}}
Oct 04 08:47:17.860730 dv-cinder-860212-1-smb neutron-server[118152]: DEBUG neutron_lib.callbacks.manager [None req-d206183b-0d0f-47d1-b40b-71448b77120d admin admin] Publish callbacks [] for router_gateway (af0e9001-b9bb-4e57-8975-5699a2fc340e), before_create {{(pid=118152) _notify_loop /usr/local/lib/python3.8/dist-packages/neutron_lib/callbacks/manager.py:176}}
Oct 04 08:47:17.867425 dv-cinder-860212-1-smb neutron-server[118154]: DEBUG dbcounter [-] [118154] Writing DB stats neutron:SELECT=92,neutron:INSERT=4,neutron:UPDATE=4 {{(pid=118154) stat_writer /usr/local/lib/python3.8/dist-packages/dbcounter.py:114}}
Oct 04 08:47:17.873418 dv-cinder-860212-1-smb neutron-server[118153]: DEBUG neutron_lib.callbacks.manager [None req-e8a44247-226a-4ef9-b1b8-20c9955acad2 admin admin] Publish callbacks [] for router_gateway (7fc1341c-2391-4478-902f-7d8f6e819425), after_create {{(pid=118153) _notify_loop /usr/local/lib/python3.8/dist-packages/neutron_lib/callbacks/manager.py:176}}
Oct 04 08:47:17.888974 dv-cinder-860212-1-smb neutron-server[118152]: DEBUG neutron_lib.callbacks.manager [None req-332a00b2-5e8c-4e6f-aaf0-bc81188cefcb admin admin] Publish callbacks ['neutron.plugins.ml2.plugin.SecurityGroupDbMixin._ensure_default_security_group_handler-3506291'] for port (None), before_create {{(pid=118152) _notify_loop /usr/local/lib/python3.8/dist-packages/neutron_lib/callbacks/manager.py:176}}
Oct 04 08:47:17.954233 dv-cinder-860212-1-smb neutron-server[118152]: DEBUG neutron_lib.callbacks.manager [None req-d206183b-0d0f-47d1-b40b-71448b77120d admin admin] Publish callbacks ['neutron.plugins.ml2.plugin.SecurityGroupDbMixin._ensure_default_security_group_handler-3506291'] for port (None), before_create {{(pid=118152) _notify_loop /usr/local/lib/python3.8/dist-packages/neutron_lib/callbacks/manager.py:176}}
Oct 04 08:47:18.050208 dv-cinder-860212-1-smb neutron-server[118154]: DEBUG neutron.plugins.ml2.managers [None req-99cc8633-cc46-4a53-84b6-0237fe3d2d39 None None] Attempting to bind port 92ddb52e-ddaa-4b81-96e7-33a376491509 on host dv-cinder-860212-1-smb for vnic_type normal with profile {{(pid=118154) bind_port /opt/stack/neutron/neutron/plugins/ml2/managers.py:810}}
Oct 04 08:47:18.050636 dv-cinder-860212-1-smb neutron-server[118154]: DEBUG neutron.plugins.ml2.managers [None req-99cc8633-cc46-4a53-84b6-0237fe3d2d39 None None] Attempting to bind port 92ddb52e-ddaa-4b81-96e7-33a376491509 by drivers openvswitch,hyperv on host dv-cinder-860212-1-smb at level 0 using segments [{'id': '0dae90b0-fb16-4dbd-a3fd-a63efb22bfa3', 'network_type': 'vlan', 'physical_network': 'physnet1', 'segmentation_id': 329, 'network_id': '12add7af-0e43-445b-aaf3-9fd5d31bba86'}] {{(pid=118154) _bind_port_level /opt/stack/neutron/neutron/plugins/ml2/managers.py:835}}
Oct 04 08:47:18.051006 dv-cinder-860212-1-smb neutron-server[118154]: DEBUG neutron.plugins.ml2.drivers.mech_agent [None req-99cc8633-cc46-4a53-84b6-0237fe3d2d39 None None] Attempting to bind port 92ddb52e-ddaa-4b81-96e7-33a376491509 on network 12add7af-0e43-445b-aaf3-9fd5d31bba86 {{(pid=118154) bind_port /opt/stack/neutron/neutron/plugins/ml2/drivers/mech_agent.py:91}}
Oct 04 08:47:18.117159 dv-cinder-860212-1-smb neutron-server[118154]: DEBUG neutron.db.provisioning_blocks [None req-461baedd-6c42-456e-8b82-9be115b12118 None None] Provisioning complete for port f8cade4f-320d-4197-8596-54fca27489f0 triggered by entity DHCP. {{(pid=118154) provisioning_complete /opt/stack/neutron/neutron/db/provisioning_blocks.py:144}}
Oct 04 08:47:18.117841 dv-cinder-860212-1-smb neutron-server[118154]: DEBUG neutron_lib.callbacks.manager [None req-461baedd-6c42-456e-8b82-9be115b12118 None None] Publish callbacks ['neutron.plugins.ml2.plugin.Ml2Plugin._port_provisioned-3642819'] for port (f8cade4f-320d-4197-8596-54fca27489f0), provisioning_complete {{(pid=118154) _notify_loop /usr/local/lib/python3.8/dist-packages/neutron_lib/callbacks/manager.py:176}}
Oct 04 08:47:18.118317 dv-cinder-860212-1-smb neutron-server[118154]: INFO neutron.plugins.ml2.plugin [None req-461baedd-6c42-456e-8b82-9be115b12118 None None] Attempt 1 to provision port f8cade4f-320d-4197-8596-54fca27489f0
Oct 04 08:47:18.127196 dv-cinder-860212-1-smb neutron-server[118154]: DEBUG neutron.plugins.ml2.drivers.mech_agent [None req-99cc8633-cc46-4a53-84b6-0237fe3d2d39 None None] Checking agent: {'id': 'fb3ce011-9db5-4e46-b880-b20c20c100ad', 'agent_type': 'Open vSwitch agent', 'binary': 'neutron-openvswitch-agent', 'topic': 'N/A', 'host': 'dv-cinder-860212-1-smb', 'admin_state_up': True, 'created_at': datetime.datetime(2022, 10, 4, 8, 38, 58), 'started_at': datetime.datetime(2022, 10, 4, 8, 39, 28), 'heartbeat_timestamp': datetime.datetime(2022, 10, 4, 8, 46, 58), 'description': None, 'resources_synced': None, 'availability_zone': None, 'alive': True, 'configurations': {'arp_responder_enabled': False, 'baremetal_smartnic': False, 'bridge_mappings': {'physnet1': 'br-data'}, 'datapath_type': 'system', 'devices': 0, 'enable_distributed_routing': False, 'extensions': [], 'in_distributed_mode': False, 'integration_bridge': 'br-int', 'l2_population': False, 'log_agent_heartbeats': False, 'ovs_capabilities': {'datapath_types': ['netdev', 'system'], 'iface_types': ['erspan', 'geneve', 'gre', 'internal', 'ip6erspan', 'ip6gre', 'lisp', 'patch', 'stt', 'system', 'tap', 'vxlan']}, 'ovs_hybrid_plug': False, 'resource_provider_bandwidths': {}, 'resource_provider_hypervisors': {'br-data': 'dv-cinder-860212-1-smb'}, 'resource_provider_inventory_defaults': {'allocation_ratio': 1.0, 'min_unit': 1, 'step_size': 1, 'reserved': 0}, 'resource_provider_packet_processing_inventory_defaults': {'allocation_ratio': 1.0, 'min_unit': 1, 'step_size': 1, 'reserved': 0}, 'resource_provider_packet_processing_with_direction': {}, 'resource_provider_packet_processing_without_direction': {}, 'tunnel_types': [], 'tunneling_ip': None, 'vhostuser_socket_dir': '/var/run/openvswitch'}, 'resource_versions': {'AddressGroup': '1.2', 'Agent': '1.1', 'ConntrackHelper': '1.0', 'LocalIPAssociation': '1.0', 'Log': '1.0', 'NDPProxy': '1.0', 'Network': '1.1', 'Port': '1.7', 'PortForwarding': '1.3', 'QosPolicy': '1.10', 'SecurityGroup': '1.5', 'SecurityGroupRule': '1.2', 'SubPort': '1.0', 'Subnet': '1.1', 'Trunk': '1.1'}} {{(pid=118154) bind_port /opt/stack/neutron/neutron/plugins/ml2/drivers/mech_agent.py:127}}
Oct 04 08:47:18.127845 dv-cinder-860212-1-smb neutron-server[118154]: DEBUG neutron.plugins.ml2.drivers.mech_agent [None req-99cc8633-cc46-4a53-84b6-0237fe3d2d39 None None] Checking segment: {'id': '0dae90b0-fb16-4dbd-a3fd-a63efb22bfa3', 'network_type': 'vlan', 'physical_network': 'physnet1', 'segmentation_id': 329, 'network_id': '12add7af-0e43-445b-aaf3-9fd5d31bba86'} for mappings: {'physnet1': 'br-data'} with network types: ['local', 'flat', 'vlan'] {{(pid=118154) check_segment_for_agent /opt/stack/neutron/neutron/plugins/ml2/drivers/mech_agent.py:399}}
Oct 04 08:47:18.128423 dv-cinder-860212-1-smb neutron-server[118154]: DEBUG neutron_lib.callbacks.manager [None req-99cc8633-cc46-4a53-84b6-0237fe3d2d39 None None] Publish callbacks [] for ovs_bridge_name (None), before_read {{(pid=118154) _notify_loop /usr/local/lib/python3.8/dist-packages/neutron_lib/callbacks/manager.py:176}}
Oct 04 08:47:18.128992 dv-cinder-860212-1-smb neutron-server[118154]: DEBUG neutron.plugins.ml2.drivers.mech_agent [None req-99cc8633-cc46-4a53-84b6-0237fe3d2d39 None None] Bound using segment: {'id': '0dae90b0-fb16-4dbd-a3fd-a63efb22bfa3', 'network_type': 'vlan', 'physical_network': 'physnet1', 'segmentation_id': 329, 'network_id': '12add7af-0e43-445b-aaf3-9fd5d31bba86'} {{(pid=118154) bind_port /opt/stack/neutron/neutron/plugins/ml2/drivers/mech_agent.py:137}}
Oct 04 08:47:18.129981 dv-cinder-860212-1-smb neutron-server[118154]: DEBUG neutron.plugins.ml2.managers [None req-99cc8633-cc46-4a53-84b6-0237fe3d2d39 None None] Bound port: 92ddb52e-ddaa-4b81-96e7-33a376491509, host: dv-cinder-860212-1-smb, vif_type: ovs, vif_details: {"connectivity": "l2", "port_filter": true, "ovs_hybrid_plug": false, "datapath_type": "system", "bridge_name": "br-int"}, binding_levels: [{'bound_driver': 'openvswitch', 'bound_segment': {'id': '0dae90b0-fb16-4dbd-a3fd-a63efb22bfa3', 'network_type': 'vlan', 'physical_network': 'physnet1', 'segmentation_id': 329, 'network_id': '12add7af-0e43-445b-aaf3-9fd5d31bba86'}}] {{(pid=118154) _bind_port_level /opt/stack/neutron/neutron/plugins/ml2/managers.py:947}}
Oct 04 08:47:18.130528 dv-cinder-860212-1-smb neutron-server[118154]: DEBUG neutron_lib.callbacks.manager [None req-99cc8633-cc46-4a53-84b6-0237fe3d2d39 None None] Publish callbacks ['neutron.plugins.ml2.plugin.SecurityGroupDbMixin._ensure_default_security_group_handler-3506291'] for port (92ddb52e-ddaa-4b81-96e7-33a376491509), before_update {{(pid=118154) _notify_loop /usr/local/lib/python3.8/dist-packages/neutron_lib/callbacks/manager.py:176}}
Oct 04 08:47:18.230744 dv-cinder-860212-1-smb neutron-server[118154]: DEBUG neutron.plugins.ml2.db [None req-99cc8633-cc46-4a53-84b6-0237fe3d2d39 None None] For port 92ddb52e-ddaa-4b81-96e7-33a376491509, host dv-cinder-860212-1-smb, cleared binding levels {{(pid=118154) clear_binding_levels /opt/stack/neutron/neutron/plugins/ml2/db.py:87}}
Oct 04 08:47:18.231545 dv-cinder-860212-1-smb neutron-server[118152]: DEBUG dbcounter [-] [118152] Writing DB stats neutron:SELECT=95,neutron:INSERT=4,neutron:UPDATE=1 {{(pid=118152) stat_writer /usr/local/lib/python3.8/dist-packages/dbcounter.py:114}}
Oct 04 08:47:18.235115 dv-cinder-860212-1-smb neutron-server[118154]: DEBUG neutron.plugins.ml2.db [None req-99cc8633-cc46-4a53-84b6-0237fe3d2d39 None None] For port 92ddb52e-ddaa-4b81-96e7-33a376491509, host dv-cinder-860212-1-smb, set binding levels [PortBindingLevel(driver='openvswitch',host='dv-cinder-860212-1-smb',level=0,port_id=92ddb52e-ddaa-4b81-96e7-33a376491509,segment=NetworkSegment(0dae90b0-fb16-4dbd-a3fd-a63efb22bfa3),segment_id=0dae90b0-fb16-4dbd-a3fd-a63efb22bfa3)] {{(pid=118154) set_binding_levels /opt/stack/neutron/neutron/plugins/ml2/db.py:59}}
Oct 04 08:47:18.307227 dv-cinder-860212-1-smb neutron-server[118152]: DEBUG neutron.db.db_base_plugin_common [None req-332a00b2-5e8c-4e6f-aaf0-bc81188cefcb admin admin] Allocated IP 172.28.0.66 (88d06652-b994-423d-b9a3-c11bc294552a/94751cf8-f96f-4984-97d8-f6249fff234d/ac51b64e-094c-4267-9d36-b051713dd021) {{(pid=118152) _store_ip_allocation /opt/stack/neutron/neutron/db/db_base_plugin_common.py:131}}
Oct 04 08:47:18.309731 dv-cinder-860212-1-smb neutron-server[118154]: DEBUG neutron.plugins.ml2.drivers.mech_agent [None req-c6d25cb5-ceb2-4955-bc16-4225cfca067c None None] Checking agent: {'id': 'fb3ce011-9db5-4e46-b880-b20c20c100ad', 'agent_type': 'Open vSwitch agent', 'binary': 'neutron-openvswitch-agent', 'topic': 'N/A', 'host': 'dv-cinder-860212-1-smb', 'admin_state_up': True, 'created_at': datetime.datetime(2022, 10, 4, 8, 38, 58), 'started_at': datetime.datetime(2022, 10, 4, 8, 39, 28), 'heartbeat_timestamp': datetime.datetime(2022, 10, 4, 8, 46, 58), 'description': None, 'resources_synced': None, 'availability_zone': None, 'alive': True, 'configurations': {'arp_responder_enabled': False, 'baremetal_smartnic': False, 'bridge_mappings': {'physnet1': 'br-data'}, 'datapath_type': 'system', 'devices': 0, 'enable_distributed_routing': False, 'extensions': [], 'in_distributed_mode': False, 'integration_bridge': 'br-int', 'l2_population': False, 'log_agent_heartbeats': False, 'ovs_capabilities': {'datapath_types': ['netdev', 'system'], 'iface_types': ['erspan', 'geneve', 'gre', 'internal', 'ip6erspan', 'ip6gre', 'lisp', 'patch', 'stt', 'system', 'tap', 'vxlan']}, 'ovs_hybrid_plug': False, 'resource_provider_bandwidths': {}, 'resource_provider_hypervisors': {'br-data': 'dv-cinder-860212-1-smb'}, 'resource_provider_inventory_defaults': {'allocation_ratio': 1.0, 'min_unit': 1, 'step_size': 1, 'reserved': 0}, 'resource_provider_packet_processing_inventory_defaults': {'allocation_ratio': 1.0, 'min_unit': 1, 'step_size': 1, 'reserved': 0}, 'resource_provider_packet_processing_with_direction': {}, 'resource_provider_packet_processing_without_direction': {}, 'tunnel_types': [], 'tunneling_ip': None, 'vhostuser_socket_dir': '/var/run/openvswitch'}, 'resource_versions': {'AddressGroup': '1.2', 'Agent': '1.1', 'ConntrackHelper': '1.0', 'LocalIPAssociation': '1.0', 'Log': '1.0', 'NDPProxy': '1.0', 'Network': '1.1', 'Port': '1.7', 'PortForwarding': '1.3', 'QosPolicy': '1.10', 'SecurityGroup': '1.5', 'SecurityGroupRule': '1.2', 'SubPort': '1.0', 'Subnet': '1.1', 'Trunk': '1.1'}} {{(pid=118154) bind_port /opt/stack/neutron/neutron/plugins/ml2/drivers/mech_agent.py:127}}
Oct 04 08:47:18.314327 dv-cinder-860212-1-smb neutron-server[118154]: DEBUG neutron.plugins.ml2.drivers.mech_agent [None req-c6d25cb5-ceb2-4955-bc16-4225cfca067c None None] Checking segment: {'id': '7bf019f3-03b1-4b2c-9d2e-070b1bd12f29', 'network_type': 'vlan', 'physical_network': 'physnet1', 'segmentation_id': 330, 'network_id': '65b43ee7-09af-486d-a2ca-07b08ca15dcc'} for mappings: {'physnet1': 'br-data'} with network types: ['local', 'flat', 'vlan'] {{(pid=118154) check_segment_for_agent /opt/stack/neutron/neutron/plugins/ml2/drivers/mech_agent.py:399}}
Oct 04 08:47:18.314802 dv-cinder-860212-1-smb neutron-server[118154]: DEBUG neutron_lib.callbacks.manager [None req-c6d25cb5-ceb2-4955-bc16-4225cfca067c None None] Publish callbacks [] for ovs_bridge_name (None), before_read {{(pid=118154) _notify_loop /usr/local/lib/python3.8/dist-packages/neutron_lib/callbacks/manager.py:176}}
Oct 04 08:47:18.317702 dv-cinder-860212-1-smb neutron-server[118154]: DEBUG neutron.plugins.ml2.drivers.mech_agent [None req-c6d25cb5-ceb2-4955-bc16-4225cfca067c None None] Bound using segment: {'id': '7bf019f3-03b1-4b2c-9d2e-070b1bd12f29', 'network_type': 'vlan', 'physical_network': 'physnet1', 'segmentation_id': 330, 'network_id': '65b43ee7-09af-486d-a2ca-07b08ca15dcc'} {{(pid=118154) bind_port /opt/stack/neutron/neutron/plugins/ml2/drivers/mech_agent.py:137}}
Oct 04 08:47:18.318377 dv-cinder-860212-1-smb neutron-server[118154]: DEBUG neutron.plugins.ml2.managers [None req-c6d25cb5-ceb2-4955-bc16-4225cfca067c None None] Bound port: be7c00c4-d0c7-454d-8da9-16b6e1964d74, host: dv-cinder-860212-1-smb, vif_type: ovs, vif_details: {"connectivity": "l2", "port_filter": true, "ovs_hybrid_plug": false, "datapath_type": "system", "bridge_name": "br-int"}, binding_levels: [{'bound_driver': 'openvswitch', 'bound_segment': {'id': '7bf019f3-03b1-4b2c-9d2e-070b1bd12f29', 'network_type': 'vlan', 'physical_network': 'physnet1', 'segmentation_id': 330, 'network_id': '65b43ee7-09af-486d-a2ca-07b08ca15dcc'}}] {{(pid=118154) _bind_port_level /opt/stack/neutron/neutron/plugins/ml2/managers.py:947}}
