Nov 02 03:33:14.041137 dv-cinder-860209-6-smb devstack@n-api.service[125339]: DEBUG nova.api.openstack.wsgi_app [-] oslo_reports.file_event_handler_interval = 1 {{(pid=125339) log_opt_values /usr/local/lib/python3.8/dist-packages/oslo_config/cfg.py:2609}}
Nov 02 03:33:14.041452 dv-cinder-860209-6-smb devstack@n-api.service[125339]: DEBUG nova.api.openstack.wsgi_app [-] oslo_reports.log_dir = None {{(pid=125339) log_opt_values /usr/local/lib/python3.8/dist-packages/oslo_config/cfg.py:2609}}
Nov 02 03:33:14.041700 dv-cinder-860209-6-smb devstack@n-api.service[125339]: DEBUG nova.api.openstack.wsgi_app [-] ******************************************************************************** {{(pid=125339) log_opt_values /usr/local/lib/python3.8/dist-packages/oslo_config/cfg.py:2613}}
Nov 02 03:33:14.078565 dv-cinder-860209-6-smb devstack@n-api.service[125338]: INFO dbcounter [None req-2482efff-4b32-49a9-9b83-07f85602e781 None None] Registered counter for database nova_api
Nov 02 03:33:14.099609 dv-cinder-860209-6-smb devstack@n-api.service[125338]: DEBUG oslo_db.sqlalchemy.engines [None req-2482efff-4b32-49a9-9b83-07f85602e781 None None] MySQL server mode set to STRICT_TRANS_TABLES,STRICT_ALL_TABLES,NO_ZERO_IN_DATE,NO_ZERO_DATE,ERROR_FOR_DIVISION_BY_ZERO,TRADITIONAL,NO_ENGINE_SUBSTITUTION {{(pid=125338) _check_effective_sql_mode /usr/local/lib/python3.8/dist-packages/oslo_db/sqlalchemy/engines.py:326}}
Nov 02 03:33:14.105067 dv-cinder-860209-6-smb devstack@n-api.service[125339]: INFO dbcounter [None req-fe40bb85-2bce-4aed-8f58-b009033c031f None None] Registered counter for database nova_api
Nov 02 03:33:14.108671 dv-cinder-860209-6-smb devstack@n-api.service[125338]: DEBUG dbcounter [-] [125338] Writer thread running {{(pid=125338) stat_writer /usr/local/lib/python3.8/dist-packages/dbcounter.py:99}}
Nov 02 03:33:14.125325 dv-cinder-860209-6-smb devstack@n-api.service[125339]: DEBUG oslo_db.sqlalchemy.engines [None req-fe40bb85-2bce-4aed-8f58-b009033c031f None None] MySQL server mode set to STRICT_TRANS_TABLES,STRICT_ALL_TABLES,NO_ZERO_IN_DATE,NO_ZERO_DATE,ERROR_FOR_DIVISION_BY_ZERO,TRADITIONAL,NO_ENGINE_SUBSTITUTION {{(pid=125339) _check_effective_sql_mode /usr/local/lib/python3.8/dist-packages/oslo_db/sqlalchemy/engines.py:326}}
Nov 02 03:33:14.132140 dv-cinder-860209-6-smb devstack@n-api.service[125339]: DEBUG dbcounter [-] [125339] Writer thread running {{(pid=125339) stat_writer /usr/local/lib/python3.8/dist-packages/dbcounter.py:99}}
Nov 02 03:33:14.167139 dv-cinder-860209-6-smb devstack@n-api.service[125338]: DEBUG nova.context [None req-2482efff-4b32-49a9-9b83-07f85602e781 None None] Found 2 cells: 00000000-0000-0000-0000-000000000000(cell0),7f6410d8-2798-48e4-813c-4c43ace57aac(cell1) {{(pid=125338) load_cells /opt/stack/nova/nova/context.py:464}}
Nov 02 03:33:14.171222 dv-cinder-860209-6-smb devstack@n-api.service[125338]: DEBUG oslo_concurrency.lockutils [None req-2482efff-4b32-49a9-9b83-07f85602e781 None None] Acquiring lock "00000000-0000-0000-0000-000000000000" by "nova.context.set_target_cell..get_or_set_cached_cell_and_set_connections" {{(pid=125338) inner /usr/local/lib/python3.8/dist-packages/oslo_concurrency/lockutils.py:404}}
Nov 02 03:33:14.171708 dv-cinder-860209-6-smb devstack@n-api.service[125338]: DEBUG oslo_concurrency.lockutils [None req-2482efff-4b32-49a9-9b83-07f85602e781 None None] Lock "00000000-0000-0000-0000-000000000000" acquired by "nova.context.set_target_cell..get_or_set_cached_cell_and_set_connections" :: waited 0.001s {{(pid=125338) inner /usr/local/lib/python3.8/dist-packages/oslo_concurrency/lockutils.py:409}}
Nov 02 03:33:14.173344 dv-cinder-860209-6-smb devstack@n-api.service[125338]: DEBUG oslo_concurrency.lockutils [None req-2482efff-4b32-49a9-9b83-07f85602e781 None None] Lock "00000000-0000-0000-0000-000000000000" "released" by "nova.context.set_target_cell..get_or_set_cached_cell_and_set_connections" :: held 0.002s {{(pid=125338) inner /usr/local/lib/python3.8/dist-packages/oslo_concurrency/lockutils.py:423}}
Nov 02 03:33:14.174075 dv-cinder-860209-6-smb devstack@n-api.service[125338]: DEBUG oslo_concurrency.lockutils [None req-2482efff-4b32-49a9-9b83-07f85602e781 None None] Acquiring lock "7f6410d8-2798-48e4-813c-4c43ace57aac" by "nova.context.set_target_cell..get_or_set_cached_cell_and_set_connections" {{(pid=125338) inner /usr/local/lib/python3.8/dist-packages/oslo_concurrency/lockutils.py:404}}
Nov 02 03:33:14.174531 dv-cinder-860209-6-smb devstack@n-api.service[125338]: DEBUG oslo_concurrency.lockutils [None req-2482efff-4b32-49a9-9b83-07f85602e781 None None] Lock "7f6410d8-2798-48e4-813c-4c43ace57aac" acquired by "nova.context.set_target_cell..get_or_set_cached_cell_and_set_connections" :: waited 0.000s {{(pid=125338) inner /usr/local/lib/python3.8/dist-packages/oslo_concurrency/lockutils.py:409}}
Nov 02 03:33:14.176552 dv-cinder-860209-6-smb devstack@n-api.service[125338]: DEBUG oslo_concurrency.lockutils [None req-2482efff-4b32-49a9-9b83-07f85602e781 None None] Lock "7f6410d8-2798-48e4-813c-4c43ace57aac" "released" by "nova.context.set_target_cell..get_or_set_cached_cell_and_set_connections" :: held 0.002s {{(pid=125338) inner /usr/local/lib/python3.8/dist-packages/oslo_concurrency/lockutils.py:423}}
Nov 02 03:33:14.178582 dv-cinder-860209-6-smb devstack@n-api.service[125338]: INFO dbcounter [None req-2482efff-4b32-49a9-9b83-07f85602e781 None None] Registered counter for database nova_cell0
Nov 02 03:33:14.183658 dv-cinder-860209-6-smb devstack@n-api.service[125338]: INFO dbcounter [None req-2482efff-4b32-49a9-9b83-07f85602e781 None None] Registered counter for database nova_cell1
Nov 02 03:33:14.190113 dv-cinder-860209-6-smb devstack@n-api.service[125339]: DEBUG nova.context [None req-fe40bb85-2bce-4aed-8f58-b009033c031f None None] Found 2 cells: 00000000-0000-0000-0000-000000000000(cell0),7f6410d8-2798-48e4-813c-4c43ace57aac(cell1) {{(pid=125339) load_cells /opt/stack/nova/nova/context.py:464}}
Nov 02 03:33:14.191828 dv-cinder-860209-6-smb devstack@n-api.service[125338]: DEBUG oslo_db.sqlalchemy.engines [None req-2482efff-4b32-49a9-9b83-07f85602e781 None None] MySQL server mode set to STRICT_TRANS_TABLES,STRICT_ALL_TABLES,NO_ZERO_IN_DATE,NO_ZERO_DATE,ERROR_FOR_DIVISION_BY_ZERO,TRADITIONAL,NO_ENGINE_SUBSTITUTION {{(pid=125338) _check_effective_sql_mode /usr/local/lib/python3.8/dist-packages/oslo_db/sqlalchemy/engines.py:326}}
Nov 02 03:33:14.194243 dv-cinder-860209-6-smb devstack@n-api.service[125339]: DEBUG oslo_concurrency.lockutils [None req-fe40bb85-2bce-4aed-8f58-b009033c031f None None] Acquiring lock "00000000-0000-0000-0000-000000000000" by "nova.context.set_target_cell..get_or_set_cached_cell_and_set_connections" {{(pid=125339) inner /usr/local/lib/python3.8/dist-packages/oslo_concurrency/lockutils.py:404}}
Nov 02 03:33:14.194731 dv-cinder-860209-6-smb devstack@n-api.service[125339]: DEBUG oslo_concurrency.lockutils [None req-fe40bb85-2bce-4aed-8f58-b009033c031f None None] Lock "00000000-0000-0000-0000-000000000000" acquired by "nova.context.set_target_cell..get_or_set_cached_cell_and_set_connections" :: waited 0.001s {{(pid=125339) inner /usr/local/lib/python3.8/dist-packages/oslo_concurrency/lockutils.py:409}}
Nov 02 03:33:14.195567 dv-cinder-860209-6-smb devstack@n-api.service[125338]: DEBUG oslo_db.sqlalchemy.engines [None req-2482efff-4b32-49a9-9b83-07f85602e781 None None] MySQL server mode set to STRICT_TRANS_TABLES,STRICT_ALL_TABLES,NO_ZERO_IN_DATE,NO_ZERO_DATE,ERROR_FOR_DIVISION_BY_ZERO,TRADITIONAL,NO_ENGINE_SUBSTITUTION {{(pid=125338) _check_effective_sql_mode /usr/local/lib/python3.8/dist-packages/oslo_db/sqlalchemy/engines.py:326}}
Nov 02 03:33:14.196869 dv-cinder-860209-6-smb devstack@n-api.service[125339]: DEBUG oslo_concurrency.lockutils [None req-fe40bb85-2bce-4aed-8f58-b009033c031f None None] Lock "00000000-0000-0000-0000-000000000000" "released" by "nova.context.set_target_cell..get_or_set_cached_cell_and_set_connections" :: held 0.002s {{(pid=125339) inner /usr/local/lib/python3.8/dist-packages/oslo_concurrency/lockutils.py:423}}
Nov 02 03:33:14.197625 dv-cinder-860209-6-smb devstack@n-api.service[125339]: DEBUG oslo_concurrency.lockutils [None req-fe40bb85-2bce-4aed-8f58-b009033c031f None None] Acquiring lock "7f6410d8-2798-48e4-813c-4c43ace57aac" by "nova.context.set_target_cell..get_or_set_cached_cell_and_set_connections" {{(pid=125339) inner /usr/local/lib/python3.8/dist-packages/oslo_concurrency/lockutils.py:404}}
Nov 02 03:33:14.198081 dv-cinder-860209-6-smb devstack@n-api.service[125339]: DEBUG oslo_concurrency.lockutils [None req-fe40bb85-2bce-4aed-8f58-b009033c031f None None] Lock "7f6410d8-2798-48e4-813c-4c43ace57aac" acquired by "nova.context.set_target_cell..get_or_set_cached_cell_and_set_connections" :: waited 0.000s {{(pid=125339) inner /usr/local/lib/python3.8/dist-packages/oslo_concurrency/lockutils.py:409}}
Nov 02 03:33:14.198390 dv-cinder-860209-6-smb devstack@n-api.service[125338]: DEBUG dbcounter [-] [125338] Writer thread running {{(pid=125338) stat_writer /usr/local/lib/python3.8/dist-packages/dbcounter.py:99}}
Nov 02 03:33:14.200110 dv-cinder-860209-6-smb devstack@n-api.service[125339]: DEBUG oslo_concurrency.lockutils [None req-fe40bb85-2bce-4aed-8f58-b009033c031f None None] Lock "7f6410d8-2798-48e4-813c-4c43ace57aac" "released" by "nova.context.set_target_cell..get_or_set_cached_cell_and_set_connections" :: held 0.002s {{(pid=125339) inner /usr/local/lib/python3.8/dist-packages/oslo_concurrency/lockutils.py:423}}
Nov 02 03:33:14.202182 dv-cinder-860209-6-smb devstack@n-api.service[125339]: INFO dbcounter [None req-fe40bb85-2bce-4aed-8f58-b009033c031f None None] Registered counter for database nova_cell0
Nov 02 03:33:14.206380 dv-cinder-860209-6-smb devstack@n-api.service[125339]: INFO dbcounter [None req-fe40bb85-2bce-4aed-8f58-b009033c031f None None] Registered counter for database nova_cell1
Nov 02 03:33:14.213859 dv-cinder-860209-6-smb devstack@n-api.service[125339]: DEBUG oslo_db.sqlalchemy.engines [None req-fe40bb85-2bce-4aed-8f58-b009033c031f None None] MySQL server mode set to STRICT_TRANS_TABLES,STRICT_ALL_TABLES,NO_ZERO_IN_DATE,NO_ZERO_DATE,ERROR_FOR_DIVISION_BY_ZERO,TRADITIONAL,NO_ENGINE_SUBSTITUTION {{(pid=125339) _check_effective_sql_mode /usr/local/lib/python3.8/dist-packages/oslo_db/sqlalchemy/engines.py:326}}
Nov 02 03:33:14.217619 dv-cinder-860209-6-smb devstack@n-api.service[125339]: DEBUG oslo_db.sqlalchemy.engines [None req-fe40bb85-2bce-4aed-8f58-b009033c031f None None] MySQL server mode set to STRICT_TRANS_TABLES,STRICT_ALL_TABLES,NO_ZERO_IN_DATE,NO_ZERO_DATE,ERROR_FOR_DIVISION_BY_ZERO,TRADITIONAL,NO_ENGINE_SUBSTITUTION {{(pid=125339) _check_effective_sql_mode /usr/local/lib/python3.8/dist-packages/oslo_db/sqlalchemy/engines.py:326}}
Nov 02 03:33:14.220165 dv-cinder-860209-6-smb devstack@n-api.service[125339]: DEBUG dbcounter [-] [125339] Writer thread running {{(pid=125339) stat_writer /usr/local/lib/python3.8/dist-packages/dbcounter.py:99}}
Nov 02 03:33:14.345341 dv-cinder-860209-6-smb devstack@n-api.service[125338]: DEBUG dbcounter [-] [125338] Writer thread running {{(pid=125338) stat_writer /usr/local/lib/python3.8/dist-packages/dbcounter.py:99}}
Nov 02 03:33:14.357173 dv-cinder-860209-6-smb devstack@n-api.service[125338]: INFO dbcounter [None req-2482efff-4b32-49a9-9b83-07f85602e781 None None] Registered counter for database nova_cell0
Nov 02 03:33:14.363208 dv-cinder-860209-6-smb devstack@n-api.service[125339]: DEBUG dbcounter [-] [125339] Writer thread running {{(pid=125339) stat_writer /usr/local/lib/python3.8/dist-packages/dbcounter.py:99}}
Nov 02 03:33:14.365334 dv-cinder-860209-6-smb devstack@n-api.service[125338]: DEBUG oslo_db.sqlalchemy.engines [None req-2482efff-4b32-49a9-9b83-07f85602e781 None None] MySQL server mode set to STRICT_TRANS_TABLES,STRICT_ALL_TABLES,NO_ZERO_IN_DATE,NO_ZERO_DATE,ERROR_FOR_DIVISION_BY_ZERO,TRADITIONAL,NO_ENGINE_SUBSTITUTION {{(pid=125338) _check_effective_sql_mode /usr/local/lib/python3.8/dist-packages/oslo_db/sqlalchemy/engines.py:326}}
Nov 02 03:33:14.371452 dv-cinder-860209-6-smb devstack@n-api.service[125338]: DEBUG dbcounter [-] [125338] Writer thread running {{(pid=125338) stat_writer /usr/local/lib/python3.8/dist-packages/dbcounter.py:99}}
Nov 02 03:33:14.373615 dv-cinder-860209-6-smb devstack@n-api.service[125339]: INFO dbcounter [None req-fe40bb85-2bce-4aed-8f58-b009033c031f None None] Registered counter for database nova_cell0
Nov 02 03:33:14.382955 dv-cinder-860209-6-smb devstack@n-api.service[125339]: DEBUG oslo_db.sqlalchemy.engines [None req-fe40bb85-2bce-4aed-8f58-b009033c031f None None] MySQL server mode set to STRICT_TRANS_TABLES,STRICT_ALL_TABLES,NO_ZERO_IN_DATE,NO_ZERO_DATE,ERROR_FOR_DIVISION_BY_ZERO,TRADITIONAL,NO_ENGINE_SUBSTITUTION {{(pid=125339) _check_effective_sql_mode /usr/local/lib/python3.8/dist-packages/oslo_db/sqlalchemy/engines.py:326}}
Nov 02 03:33:14.388159 dv-cinder-860209-6-smb devstack@n-api.service[125339]: DEBUG dbcounter [-] [125339] Writer thread running {{(pid=125339) stat_writer /usr/local/lib/python3.8/dist-packages/dbcounter.py:99}}
Nov 02 03:33:14.709565 dv-cinder-860209-6-smb devstack@n-api.service[125338]: WARNING keystonemiddleware.auth_token [None req-2482efff-4b32-49a9-9b83-07f85602e781 None None] AuthToken middleware is set with keystone_authtoken.service_token_roles_required set to False. This is backwards compatible but deprecated behaviour. Please set this to True.
Nov 02 03:33:14.709784 dv-cinder-860209-6-smb devstack@n-api.service[125339]: WARNING keystonemiddleware.auth_token [None req-fe40bb85-2bce-4aed-8f58-b009033c031f None None] AuthToken middleware is set with keystone_authtoken.service_token_roles_required set to False. This is backwards compatible but deprecated behaviour. Please set this to True.
Nov 02 03:33:14.717749 dv-cinder-860209-6-smb devstack@n-api.service[125338]: WARNING keystonemiddleware.auth_token [None req-2482efff-4b32-49a9-9b83-07f85602e781 None None] Configuring www_authenticate_uri to point to the public identity endpoint is required; clients may not be able to authenticate against an admin endpoint
Nov 02 03:33:14.718004 dv-cinder-860209-6-smb devstack@n-api.service[125339]: WARNING keystonemiddleware.auth_token [None req-fe40bb85-2bce-4aed-8f58-b009033c031f None None] Configuring www_authenticate_uri to point to the public identity endpoint is required; clients may not be able to authenticate against an admin endpoint
Nov 02 03:33:15.066954 dv-cinder-860209-6-smb devstack@n-api.service[125339]: WARNING keystonemiddleware.auth_token [None req-fe40bb85-2bce-4aed-8f58-b009033c031f None None] AuthToken middleware is set with keystone_authtoken.service_token_roles_required set to False. This is backwards compatible but deprecated behaviour. Please set this to True.
Nov 02 03:33:15.073590 dv-cinder-860209-6-smb devstack@n-api.service[125339]: WARNING keystonemiddleware.auth_token [None req-fe40bb85-2bce-4aed-8f58-b009033c031f None None] Configuring www_authenticate_uri to point to the public identity endpoint is required; clients may not be able to authenticate against an admin endpoint
Nov 02 03:33:15.078925 dv-cinder-860209-6-smb devstack@n-api.service[125339]: WSGI app 0 (mountpoint='') ready in 6 seconds on interpreter 0x5653174b99c0 pid: 125339 (default app)
Nov 02 03:33:15.084906 dv-cinder-860209-6-smb devstack@n-api.service[125338]: WARNING keystonemiddleware.auth_token [None req-2482efff-4b32-49a9-9b83-07f85602e781 None None] AuthToken middleware is set with keystone_authtoken.service_token_roles_required set to False. This is backwards compatible but deprecated behaviour. Please set this to True.
Nov 02 03:33:15.091442 dv-cinder-860209-6-smb devstack@n-api.service[125338]: WARNING keystonemiddleware.auth_token [None req-2482efff-4b32-49a9-9b83-07f85602e781 None None] Configuring www_authenticate_uri to point to the public identity endpoint is required; clients may not be able to authenticate against an admin endpoint
Nov 02 03:33:15.097182 dv-cinder-860209-6-smb devstack@n-api.service[125338]: WSGI app 0 (mountpoint='') ready in 6 seconds on interpreter 0x5653174b99c0 pid: 125338 (default app)
Nov 02 03:33:51.403147 dv-cinder-860209-6-smb devstack@n-api.service[125339]: DEBUG dbcounter [-] [125339] Writing DB stats nova_api:SELECT=3 {{(pid=125339) stat_writer /usr/local/lib/python3.8/dist-packages/dbcounter.py:114}}
Nov 02 03:33:51.404116 dv-cinder-860209-6-smb devstack@n-api.service[125339]: DEBUG dbcounter [-] [125339] Writing DB stats nova_cell0:SELECT=3 {{(pid=125339) stat_writer /usr/local/lib/python3.8/dist-packages/dbcounter.py:114}}
Nov 02 03:33:51.409255 dv-cinder-860209-6-smb devstack@n-api.service[125339]: DEBUG dbcounter [-] [125339] Writing DB stats nova_cell1:SELECT=3 {{(pid=125339) stat_writer /usr/local/lib/python3.8/dist-packages/dbcounter.py:114}}
Nov 02 03:33:51.411508 dv-cinder-860209-6-smb devstack@n-api.service[125339]: DEBUG dbcounter [-] [125339] Writing DB stats nova_cell0:SELECT=3 {{(pid=125339) stat_writer /usr/local/lib/python3.8/dist-packages/dbcounter.py:114}}
Nov 02 03:33:52.530283 dv-cinder-860209-6-smb devstack@n-api.service[125339]: DEBUG nova.api.openstack.wsgi [None req-3487f396-f9b7-4196-a8f6-8af6aaf65bad tempest-VolumesSnapshotsTestJSON-2047256657 tempest-VolumesSnapshotsTestJSON-2047256657-project] Action: 'create', calling method: .version_select at 0x7ffb54977ee0>, body: {"volume": {"size": 1, "display_name": "tempest-VolumesSnapshotsTestJSON-volume-266577460"}} {{(pid=125339) _process_stack /opt/stack/nova/nova/api/openstack/wsgi.py:511}}
Nov 02 03:33:53.385651 dv-cinder-860209-6-smb devstack@n-api.service[125339]: INFO nova.api.openstack.requestlog [None req-3487f396-f9b7-4196-a8f6-8af6aaf65bad tempest-VolumesSnapshotsTestJSON-2047256657 tempest-VolumesSnapshotsTestJSON-2047256657-project] 10.222.0.20 "POST /compute/v2.1/os-volumes" status: 200 len: 344 microversion: 2.1 time: 1.988405
Nov 02 03:33:53.386803 dv-cinder-860209-6-smb devstack@n-api.service[125339]: [pid: 125339|app: 0|req: 1/1] 10.222.0.20 () {60 vars in 1155 bytes} [Wed Nov 2 03:33:51 2022] POST /compute/v2.1/os-volumes => generated 344 bytes in 1991 msecs (HTTP/1.1 200) 10 headers in 448 bytes (1 switches on core 0)
Nov 02 03:33:53.405561 dv-cinder-860209-6-smb devstack@n-api.service[125338]: DEBUG dbcounter [-] [125338] Writing DB stats nova_api:SELECT=3 {{(pid=125338) stat_writer /usr/local/lib/python3.8/dist-packages/dbcounter.py:114}}
Nov 02 03:33:53.406769 dv-cinder-860209-6-smb devstack@n-api.service[125338]: DEBUG dbcounter [-] [125338] Writing DB stats nova_cell1:SELECT=3 {{(pid=125338) stat_writer /usr/local/lib/python3.8/dist-packages/dbcounter.py:114}}
Nov 02 03:33:53.407636 dv-cinder-860209-6-smb devstack@n-api.service[125338]: DEBUG dbcounter [-] [125338] Writing DB stats nova_cell0:SELECT=3 {{(pid=125338) stat_writer /usr/local/lib/python3.8/dist-packages/dbcounter.py:114}}
Nov 02 03:33:53.410407 dv-cinder-860209-6-smb devstack@n-api.service[125338]: DEBUG dbcounter [-] [125338] Writing DB stats nova_cell0:SELECT=3 {{(pid=125338) stat_writer /usr/local/lib/python3.8/dist-packages/dbcounter.py:114}}
Nov 02 03:33:53.681343 dv-cinder-860209-6-smb devstack@n-api.service[125339]: DEBUG nova.api.openstack.wsgi [None req-df563603-0f09-4e82-be20-d92fd18fd53d tempest-VolumesTestJSON-1609703012 tempest-VolumesTestJSON-1609703012-project] Calling method '.version_select at 0x7ffb547f0d30>' {{(pid=125339) _process_stack /opt/stack/nova/nova/api/openstack/wsgi.py:513}}
Nov 02 03:33:53.825554 dv-cinder-860209-6-smb devstack@n-api.service[125339]: INFO nova.api.openstack.requestlog [None req-df563603-0f09-4e82-be20-d92fd18fd53d tempest-VolumesTestJSON-1609703012 tempest-VolumesTestJSON-1609703012-project] 10.222.0.20 "GET /compute/v2.1/os-volumes/a1447e1c-dd93-4378-a496-7cbee32cd9db" status: 200 len: 351 microversion: 2.1 time: 0.148007
Nov 02 03:33:53.826213 dv-cinder-860209-6-smb devstack@n-api.service[125339]: [pid: 125339|app: 0|req: 2/2] 10.222.0.20 () {58 vars in 1245 bytes} [Wed Nov 2 03:33:53 2022] GET /compute/v2.1/os-volumes/a1447e1c-dd93-4378-a496-7cbee32cd9db => generated 351 bytes in 150 msecs (HTTP/1.1 200) 9 headers in 357 bytes (2 switches on core 0)
Nov 02 03:33:53.977232 dv-cinder-860209-6-smb devstack@n-api.service[125338]: DEBUG nova.api.openstack.wsgi [None req-182bc68f-3c79-4e22-a46a-24097b83d9db tempest-VolumesSnapshotsTestJSON-2047256657 tempest-VolumesSnapshotsTestJSON-2047256657-project] Calling method '.version_select at 0x7ffb54972a60>' {{(pid=125338) _process_stack /opt/stack/nova/nova/api/openstack/wsgi.py:513}}
Nov 02 03:33:54.880884 dv-cinder-860209-6-smb devstack@n-api.service[125338]: INFO nova.api.openstack.requestlog [None req-182bc68f-3c79-4e22-a46a-24097b83d9db tempest-VolumesSnapshotsTestJSON-2047256657 tempest-VolumesSnapshotsTestJSON-2047256657-project] 10.222.0.20 "GET /compute/v2.1/os-volumes/264ba38a-4535-4ddc-b46b-47dd86596d11" status: 200 len: 345 microversion: 2.1 time: 1.480334
Nov 02 03:33:54.883619 dv-cinder-860209-6-smb devstack@n-api.service[125338]: [pid: 125338|app: 0|req: 1/3] 10.222.0.20 () {58 vars in 1245 bytes} [Wed Nov 2 03:33:53 2022] GET /compute/v2.1/os-volumes/264ba38a-4535-4ddc-b46b-47dd86596d11 => generated 345 bytes in 1485 msecs (HTTP/1.1 200) 9 headers in 357 bytes (1 switches on core 0)
Nov 02 03:33:54.897294 dv-cinder-860209-6-smb devstack@n-api.service[125339]: DEBUG nova.api.openstack.wsgi [None req-f434ac04-3efe-41af-83d3-1b8a41e20cf4 tempest-VolumesSnapshotsTestJSON-2047256657 tempest-VolumesSnapshotsTestJSON-2047256657-project] Action: 'create', calling method: .version_select at 0x7ffb5478d430>, body: {"snapshot": {"volume_id": "264ba38a-4535-4ddc-b46b-47dd86596d11", "display_name": "tempest-VolumesSnapshotsTestJSON-Snapshot-1377981195"}} {{(pid=125339) _process_stack /opt/stack/nova/nova/api/openstack/wsgi.py:511}}
Nov 02 03:33:55.330995 dv-cinder-860209-6-smb devstack@n-api.service[125339]: INFO nova.api.openstack.requestlog [None req-f434ac04-3efe-41af-83d3-1b8a41e20cf4 tempest-VolumesSnapshotsTestJSON-2047256657 tempest-VolumesSnapshotsTestJSON-2047256657-project] 10.222.0.20 "POST /compute/v2.1/os-snapshots" status: 200 len: 287 microversion: 2.1 time: 0.437433
Nov 02 03:33:55.333047 dv-cinder-860209-6-smb devstack@n-api.service[125339]: [pid: 125339|app: 0|req: 3/4] 10.222.0.20 () {60 vars in 1162 bytes} [Wed Nov 2 03:33:54 2022] POST /compute/v2.1/os-snapshots => generated 287 bytes in 441 msecs (HTTP/1.1 200) 9 headers in 357 bytes (2 switches on core 0)
Nov 02 03:33:55.347927 dv-cinder-860209-6-smb devstack@n-api.service[125338]: DEBUG nova.api.openstack.wsgi [None req-80273cfa-47f5-4fec-9a83-25b86b50bf94 tempest-VolumesSnapshotsTestJSON-2047256657 tempest-VolumesSnapshotsTestJSON-2047256657-project] Calling method '.version_select at 0x7ffb5482dd30>' {{(pid=125338) _process_stack /opt/stack/nova/nova/api/openstack/wsgi.py:513}}
Nov 02 03:33:55.683209 dv-cinder-860209-6-smb devstack@n-api.service[125339]: DEBUG nova.api.openstack.wsgi [None req-fa49aabf-e4c2-40e0-baa0-2ad998fa6d00 tempest-VolumesTestJSON-1609703012 tempest-VolumesTestJSON-1609703012-project] Calling method '.version_select at 0x7ffb54796670>' {{(pid=125339) _process_stack /opt/stack/nova/nova/api/openstack/wsgi.py:513}}
Nov 02 03:33:55.790006 dv-cinder-860209-6-smb devstack@n-api.service[125338]: INFO nova.api.openstack.requestlog [None req-80273cfa-47f5-4fec-9a83-25b86b50bf94 tempest-VolumesSnapshotsTestJSON-2047256657 tempest-VolumesSnapshotsTestJSON-2047256657-project] 10.222.0.20 "GET /compute/v2.1/os-snapshots/6da3032c-845e-4096-bbff-92dcc8ec2282" status: 200 len: 287 microversion: 2.1 time: 0.448788
Nov 02 03:33:55.791469 dv-cinder-860209-6-smb devstack@n-api.service[125338]: [pid: 125338|app: 0|req: 2/5] 10.222.0.20 () {58 vars in 1251 bytes} [Wed Nov 2 03:33:55 2022] GET /compute/v2.1/os-snapshots/6da3032c-845e-4096-bbff-92dcc8ec2282 => generated 287 bytes in 451 msecs (HTTP/1.1 200) 9 headers in 357 bytes (1 switches on core 0)
Nov 02 03:33:55.803666 dv-cinder-860209-6-smb devstack@n-api.service[125338]: DEBUG nova.api.openstack.wsgi [None req-7903c567-fa5b-4a6f-b903-dc4e4f20b3a9 tempest-VolumesSnapshotsTestJSON-2047256657 tempest-VolumesSnapshotsTestJSON-2047256657-project] Calling method '.version_select at 0x7ffb547fa430>' {{(pid=125338) _process_stack /opt/stack/nova/nova/api/openstack/wsgi.py:513}}
Nov 02 03:33:55.809300 dv-cinder-860209-6-smb devstack@n-api.service[125339]: INFO nova.api.openstack.requestlog [None req-fa49aabf-e4c2-40e0-baa0-2ad998fa6d00 tempest-VolumesTestJSON-1609703012 tempest-VolumesTestJSON-1609703012-project] 10.222.0.20 "GET /compute/v2.1/os-volumes/f963d94e-6833-48c3-9bc3-2ea101c38eda" status: 200 len: 351 microversion: 2.1 time: 0.143342
Nov 02 03:33:55.810294 dv-cinder-860209-6-smb devstack@n-api.service[125339]: [pid: 125339|app: 0|req: 4/6] 10.222.0.20 () {58 vars in 1245 bytes} [Wed Nov 2 03:33:55 2022] GET /compute/v2.1/os-volumes/f963d94e-6833-48c3-9bc3-2ea101c38eda => generated 351 bytes in 146 msecs (HTTP/1.1 200) 9 headers in 357 bytes (1 switches on core 0)
Nov 02 03:33:55.896600 dv-cinder-860209-6-smb devstack@n-api.service[125338]: INFO nova.api.openstack.requestlog [None req-7903c567-fa5b-4a6f-b903-dc4e4f20b3a9 tempest-VolumesSnapshotsTestJSON-2047256657 tempest-VolumesSnapshotsTestJSON-2047256657-project] 10.222.0.20 "GET /compute/v2.1/os-snapshots" status: 200 len: 291 microversion: 2.1 time: 0.097382
Nov 02 03:33:55.905856 dv-cinder-860209-6-smb devstack@n-api.service[125338]: [pid: 125338|app: 0|req: 3/7] 10.222.0.20 () {58 vars in 1140 bytes} [Wed Nov 2 03:33:55 2022] GET /compute/v2.1/os-snapshots => generated 291 bytes in 107 msecs (HTTP/1.1 200) 9 headers in 357 bytes (1 switches on core 0)
Nov 02 03:33:55.911147 dv-cinder-860209-6-smb devstack@n-api.service[125339]: DEBUG nova.api.openstack.wsgi [None req-57293d18-7008-4002-a1f7-63ee04523ac3 tempest-VolumesSnapshotsTestJSON-2047256657 tempest-VolumesSnapshotsTestJSON-2047256657-project] Calling method '.version_select at 0x7ffb5478dca0>' {{(pid=125339) _process_stack /opt/stack/nova/nova/api/openstack/wsgi.py:513}}
Nov 02 03:33:55.961798 dv-cinder-860209-6-smb devstack@n-api.service[125339]: INFO nova.api.openstack.requestlog [None req-57293d18-7008-4002-a1f7-63ee04523ac3 tempest-VolumesSnapshotsTestJSON-2047256657 tempest-VolumesSnapshotsTestJSON-2047256657-project] 10.222.0.20 "GET /compute/v2.1/os-snapshots/6da3032c-845e-4096-bbff-92dcc8ec2282" status: 200 len: 288 microversion: 2.1 time: 0.054629
Nov 02 03:33:55.966278 dv-cinder-860209-6-smb devstack@n-api.service[125339]: [pid: 125339|app: 0|req: 5/8] 10.222.0.20 () {58 vars in 1251 bytes} [Wed Nov 2 03:33:55 2022] GET /compute/v2.1/os-snapshots/6da3032c-845e-4096-bbff-92dcc8ec2282 => generated 288 bytes in 60 msecs (HTTP/1.1 200) 9 headers in 357 bytes (2 switches on core 0)
Nov 02 03:33:55.978051 dv-cinder-860209-6-smb devstack@n-api.service[125338]: DEBUG nova.api.openstack.wsgi [None req-299d6cb7-4440-4c1a-9361-884c6d8b4457 tempest-VolumesSnapshotsTestJSON-2047256657 tempest-VolumesSnapshotsTestJSON-2047256657-project] Calling method '.version_select at 0x7ffb547fa160>' {{(pid=125338) _process_stack /opt/stack/nova/nova/api/openstack/wsgi.py:513}}
Nov 02 03:33:56.146433 dv-cinder-860209-6-smb devstack@n-api.service[125338]: INFO nova.api.openstack.requestlog [None req-299d6cb7-4440-4c1a-9361-884c6d8b4457 tempest-VolumesSnapshotsTestJSON-2047256657 tempest-VolumesSnapshotsTestJSON-2047256657-project] 10.222.0.20 "DELETE /compute/v2.1/os-snapshots/6da3032c-845e-4096-bbff-92dcc8ec2282" status: 202 len: 0 microversion: 2.1 time: 0.172683
Nov 02 03:33:56.147091 dv-cinder-860209-6-smb devstack@n-api.service[125338]: [pid: 125338|app: 0|req: 4/9] 10.222.0.20 () {58 vars in 1254 bytes} [Wed Nov 2 03:33:55 2022] DELETE /compute/v2.1/os-snapshots/6da3032c-845e-4096-bbff-92dcc8ec2282 => generated 0 bytes in 174 msecs (HTTP/1.1 202) 9 headers in 361 bytes (1 switches on core 0)
Nov 02 03:33:56.156564 dv-cinder-860209-6-smb devstack@n-api.service[125339]: DEBUG nova.api.openstack.wsgi [None req-c6c228fe-b546-4958-8e36-572de2cfa220 tempest-VolumesSnapshotsTestJSON-2047256657 tempest-VolumesSnapshotsTestJSON-2047256657-project] Calling method '.version_select at 0x7ffb5478d430>' {{(pid=125339) _process_stack /opt/stack/nova/nova/api/openstack/wsgi.py:513}}
Nov 02 03:33:56.244281 dv-cinder-860209-6-smb devstack@n-api.service[125339]: INFO nova.api.openstack.requestlog [None req-c6c228fe-b546-4958-8e36-572de2cfa220 tempest-VolumesSnapshotsTestJSON-2047256657 tempest-VolumesSnapshotsTestJSON-2047256657-project] 10.222.0.20 "GET /compute/v2.1/os-snapshots/6da3032c-845e-4096-bbff-92dcc8ec2282" status: 200 len: 287 microversion: 2.1 time: 0.092428
Nov 02 03:33:56.244970 dv-cinder-860209-6-smb devstack@n-api.service[125339]: [pid: 125339|app: 0|req: 6/10] 10.222.0.20 () {58 vars in 1251 bytes} [Wed Nov 2 03:33:56 2022] GET /compute/v2.1/os-snapshots/6da3032c-845e-4096-bbff-92dcc8ec2282 => generated 287 bytes in 94 msecs (HTTP/1.1 200) 9 headers in 357 bytes (1 switches on core 0)
Nov 02 03:33:57.262647 dv-cinder-860209-6-smb devstack@n-api.service[125338]: DEBUG nova.api.openstack.wsgi [None req-1c43acc3-8014-4d33-ac25-fe63118fc5bf tempest-VolumesSnapshotsTestJSON-2047256657 tempest-VolumesSnapshotsTestJSON-2047256657-project] Calling method '.version_select at 0x7ffb54801430>' {{(pid=125338) _process_stack /opt/stack/nova/nova/api/openstack/wsgi.py:513}}
Nov 02 03:33:57.305387 dv-cinder-860209-6-smb devstack@n-api.service[125338]: INFO nova.api.openstack.wsgi [None req-1c43acc3-8014-4d33-ac25-fe63118fc5bf tempest-VolumesSnapshotsTestJSON-2047256657 tempest-VolumesSnapshotsTestJSON-2047256657-project] HTTP exception thrown: Snapshot 6da3032c-845e-4096-bbff-92dcc8ec2282 could not be found.
Nov 02 03:33:57.310932 dv-cinder-860209-6-smb devstack@n-api.service[125338]: DEBUG nova.api.openstack.wsgi [None req-1c43acc3-8014-4d33-ac25-fe63118fc5bf tempest-VolumesSnapshotsTestJSON-2047256657 tempest-VolumesSnapshotsTestJSON-2047256657-project] Request method failure captured:
Nov 02 03:33:57.310932 dv-cinder-860209-6-smb devstack@n-api.service[125338]: request: GET /compute/v2.1/os-snapshots/6da3032c-845e-4096-bbff-92dcc8ec2282 HTTP/1.1
Nov 02 03:33:57.310932 dv-cinder-860209-6-smb devstack@n-api.service[125338]: Accept: application/json
Nov 02 03:33:57.310932 dv-cinder-860209-6-smb devstack@n-api.service[125338]: Accept-Encoding: identity
Nov 02 03:33:57.310932 dv-cinder-860209-6-smb devstack@n-api.service[125338]: Connection: close
Nov 02 03:33:57.310932 dv-cinder-860209-6-smb devstack@n-api.service[125338]: Content-Length: 0
Nov 02 03:33:57.310932 dv-cinder-860209-6-smb devstack@n-api.service[125338]: Content-Type: application/json
Nov 02 03:33:57.310932 dv-cinder-860209-6-smb devstack@n-api.service[125338]: Host: 10.222.0.20
Nov 02 03:33:57.310932 dv-cinder-860209-6-smb devstack@n-api.service[125338]: Openstack-System-Scope: None
Nov 02 03:33:57.310932 dv-cinder-860209-6-smb devstack@n-api.service[125338]: User-Agent: python-urllib3/1.26.12
Nov 02 03:33:57.310932 dv-cinder-860209-6-smb devstack@n-api.service[125338]: X-Auth-Token: gAAAAABjYeUffqi_5OC3nBgqL6hgBaIiLfXuytcnTEyvOn1AF8UqcqpAyHeQNlSpZG0txeSmOTnO2o6omqgh31fWu-clfawunMIaD_7EP3XB2XPzPpupa9PNwWn-9XMGKQl6zoi0O1LgjyS6kQ0OP4V6rue5hiJ4IpryeIsvPVuAmFq5THlfagc
Nov 02 03:33:57.310932 dv-cinder-860209-6-smb devstack@n-api.service[125338]: X-Domain-Id: None
Nov 02 03:33:57.310932 dv-cinder-860209-6-smb devstack@n-api.service[125338]: X-Domain-Name: None
Nov 02 03:33:57.310932 dv-cinder-860209-6-smb devstack@n-api.service[125338]: X-Identity-Status: Confirmed
Nov 02 03:33:57.310932 dv-cinder-860209-6-smb devstack@n-api.service[125338]: X-Is-Admin-Project: True
Nov 02 03:33:57.310932 dv-cinder-860209-6-smb devstack@n-api.service[125338]: X-Project-Domain-Id: default
Nov 02 03:33:57.310932 dv-cinder-860209-6-smb devstack@n-api.service[125338]: X-Project-Domain-Name: Default
Nov 02 03:33:57.310932 dv-cinder-860209-6-smb devstack@n-api.service[125338]: X-Project-Id: 0f27e83b47b14e39ade5e433aa67ee06
Nov 02 03:33:57.310932 dv-cinder-860209-6-smb devstack@n-api.service[125338]: X-Project-Name: tempest-VolumesSnapshotsTestJSON-2047256657
Nov 02 03:33:57.310932 dv-cinder-860209-6-smb devstack@n-api.service[125338]: X-Role: member,reader
Nov 02 03:33:57.310932 dv-cinder-860209-6-smb devstack@n-api.service[125338]: X-Roles: member,reader
Nov 02 03:33:57.312711 dv-cinder-860209-6-smb devstack@n-api.service[125338]: X-Service-Catalog: [{"type": "compute", "name": "nova", "endpoints": [{"region": "RegionOne", "publicURL": "http://10.222.0.20/compute/v2.1"}]}, {"type": "object-store", "name": "swift", "endpoints": [{"region": "RegionOne", "adminURL": "http://10.222.0.20:8080", "publicURL": "http://10.222.0.20:8080/v1/AUTH_0f27e83b47b14e39ade5e433aa67ee06"}]}, {"type": "network", "name": "neutron", "endpoints": [{"region": "RegionOne", "publicURL": "http://10.222.0.20:9696/networking"}]}, {"type": "identity", "name": "keystone", "endpoints": [{"region": "RegionOne", "publicURL": "http://10.222.0.20/identity"}]}, {"type": "compute_legacy", "name": "nova_legacy", "endpoints": [{"region": "RegionOne", "publicURL": "http://10.222.0.20/compute/v2/0f27e83b47b14e39ade5e433aa67ee06"}]}, {"type": "image", "name": "glance", "endpoints": [{"region": "RegionOne", "publicURL": "http://10.222.0.20/image"}]}, {"type": "volumev3", "name": "cinderv3", "endpoints": [{"region": "RegionOne", "publicURL": "http://10.222.0.20/volume/v3/0f27e83b47b14e39ade5e433aa67ee06"}]}, {"type": "block-storage", "name": "cinder", "endpoints": [{"region": "RegionOne", "publicURL": "http://10.222.0.20/volume/v3/0f27e83b47b14e39ade5e433aa67ee06"}]}, {"type": "placement", "name": "placement", "endpoints": [{"region": "RegionOne", "publicURL": "http://10.222.0.20/placement"}]}]
Nov 02 03:33:57.312711 dv-cinder-860209-6-smb devstack@n-api.service[125338]: X-Tenant: tempest-VolumesSnapshotsTestJSON-2047256657
Nov 02 03:33:57.312711 dv-cinder-860209-6-smb devstack@n-api.service[125338]: X-Tenant-Id: 0f27e83b47b14e39ade5e433aa67ee06
Nov 02 03:33:57.312711 dv-cinder-860209-6-smb devstack@n-api.service[125338]: X-Tenant-Name: tempest-VolumesSnapshotsTestJSON-2047256657
Nov 02 03:33:57.312711 dv-cinder-860209-6-smb devstack@n-api.service[125338]: X-User: tempest-VolumesSnapshotsTestJSON-2047256657-project
Nov 02 03:33:57.312711 dv-cinder-860209-6-smb devstack@n-api.service[125338]: X-User-Domain-Id: default
Nov 02 03:33:57.312711 dv-cinder-860209-6-smb devstack@n-api.service[125338]: X-User-Domain-Name: Default
Nov 02 03:33:57.312711 dv-cinder-860209-6-smb devstack@n-api.service[125338]: X-User-Id: e5a74c677cfc479290dae484dc34df26
Nov 02 03:33:57.312711 dv-cinder-860209-6-smb devstack@n-api.service[125338]: X-User-Name: tempest-VolumesSnapshotsTestJSON-2047256657-project
Nov 02 03:33:57.312711 dv-cinder-860209-6-smb devstack@n-api.service[125338]: method:
Nov 02 03:33:57.312711 dv-cinder-860209-6-smb devstack@n-api.service[125338]: exception: Snapshot 6da3032c-845e-4096-bbff-92dcc8ec2282 could not be found.
Nov 02 03:33:57.312711 dv-cinder-860209-6-smb devstack@n-api.service[125338]: action_args: {'id': '6da3032c-845e-4096-bbff-92dcc8ec2282'}
Nov 02 03:33:57.312711 dv-cinder-860209-6-smb devstack@n-api.service[125338]: {{(pid=125338) _process_stack /opt/stack/nova/nova/api/openstack/wsgi.py:541}}
Nov 02 03:33:57.313777 dv-cinder-860209-6-smb devstack@n-api.service[125338]: ERROR nova.api.openstack.wsgi
Traceback (most recent call last):
Nov 02 03:33:57.313777 dv-cinder-860209-6-smb devstack@n-api.service[125338]: ERROR nova.api.openstack.wsgi
File "/opt/stack/nova/nova/volume/cinder.py", line 464, in wrapper
Nov 02 03:33:57.313777 dv-cinder-860209-6-smb devstack@n-api.service[125338]: ERROR nova.api.openstack.wsgi res = method(self, ctx, snapshot_id, *args, **kwargs)
Nov 02 03:33:57.313777 dv-cinder-860209-6-smb devstack@n-api.service[125338]: ERROR nova.api.openstack.wsgi
File "/opt/stack/nova/nova/volume/cinder.py", line 701, in get_snapshot
Nov 02 03:33:57.313777 dv-cinder-860209-6-smb devstack@n-api.service[125338]: ERROR nova.api.openstack.wsgi item = cinderclient(context).volume_snapshots.get(snapshot_id)
Nov 02 03:33:57.313777 dv-cinder-860209-6-smb devstack@n-api.service[125338]: ERROR nova.api.openstack.wsgi
File "/usr/local/lib/python3.8/dist-packages/cinderclient/v3/volume_snapshots.py", line 160, in get
Nov 02 03:33:57.313777 dv-cinder-860209-6-smb devstack@n-api.service[125338]: ERROR nova.api.openstack.wsgi return self._get("/snapshots/%s" % snapshot_id, "snapshot")
Nov 02 03:33:57.313777 dv-cinder-860209-6-smb devstack@n-api.service[125338]: ERROR nova.api.openstack.wsgi
File "/usr/local/lib/python3.8/dist-packages/cinderclient/base.py", line 297, in _get
Nov 02 03:33:57.313777 dv-cinder-860209-6-smb devstack@n-api.service[125338]: ERROR nova.api.openstack.wsgi resp, body = self.api.client.get(url)
Nov 02 03:33:57.313777 dv-cinder-860209-6-smb devstack@n-api.service[125338]: ERROR nova.api.openstack.wsgi
File "/usr/local/lib/python3.8/dist-packages/cinderclient/client.py", line 224, in get
Nov 02 03:33:57.313777 dv-cinder-860209-6-smb devstack@n-api.service[125338]: ERROR nova.api.openstack.wsgi return self._cs_request(url, 'GET', **kwargs)
Nov 02 03:33:57.313777 dv-cinder-860209-6-smb devstack@n-api.service[125338]: ERROR nova.api.openstack.wsgi
File "/usr/local/lib/python3.8/dist-packages/cinderclient/client.py", line 215, in _cs_request
Nov 02 03:33:57.313777 dv-cinder-860209-6-smb devstack@n-api.service[125338]: ERROR nova.api.openstack.wsgi return self.request(url, method, **kwargs)
Nov 02 03:33:57.313777 dv-cinder-860209-6-smb devstack@n-api.service[125338]: ERROR nova.api.openstack.wsgi
File "/usr/local/lib/python3.8/dist-packages/cinderclient/client.py", line 201, in request
Nov 02 03:33:57.313777 dv-cinder-860209-6-smb devstack@n-api.service[125338]: ERROR nova.api.openstack.wsgi raise exceptions.from_response(resp, body)
Nov 02 03:33:57.313777 dv-cinder-860209-6-smb devstack@n-api.service[125338]: ERROR nova.api.openstack.wsgi cinderclient.exceptions.NotFound: Snapshot 6da3032c-845e-4096-bbff-92dcc8ec2282 could not be found. (HTTP 404) (Request-ID: req-3fead8c8-70a8-4873-ab1d-10529bfdb445)
Nov 02 03:33:57.313777 dv-cinder-860209-6-smb devstack@n-api.service[125338]: ERROR nova.api.openstack.wsgi
Nov 02 03:33:57.313777 dv-cinder-860209-6-smb devstack@n-api.service[125338]: ERROR nova.api.openstack.wsgi During handling of the above exception, another exception occurred:
Nov 02 03:33:57.315176 dv-cinder-860209-6-smb devstack@n-api.service[125338]: ERROR nova.api.openstack.wsgi
Nov 02 03:33:57.315176 dv-cinder-860209-6-smb devstack@n-api.service[125338]: ERROR nova.api.openstack.wsgi
Traceback (most recent call last):
Nov 02 03:33:57.315176 dv-cinder-860209-6-smb devstack@n-api.service[125338]: ERROR nova.api.openstack.wsgi
File "/opt/stack/nova/nova/api/openstack/compute/volumes.py", line 617, in show
Nov 02 03:33:57.315176 dv-cinder-860209-6-smb devstack@n-api.service[125338]: ERROR nova.api.openstack.wsgi vol = self.volume_api.get_snapshot(context, id)
Nov 02 03:33:57.315176 dv-cinder-860209-6-smb devstack@n-api.service[125338]: ERROR nova.api.openstack.wsgi
File "/opt/stack/nova/nova/volume/cinder.py", line 395, in wrapper
Nov 02 03:33:57.315176 dv-cinder-860209-6-smb devstack@n-api.service[125338]: ERROR nova.api.openstack.wsgi res = method(self, ctx, *args, **kwargs)
Nov 02 03:33:57.315176 dv-cinder-860209-6-smb devstack@n-api.service[125338]: ERROR nova.api.openstack.wsgi
File "/opt/stack/nova/nova/volume/cinder.py", line 466, in wrapper
Nov 02 03:33:57.315176 dv-cinder-860209-6-smb devstack@n-api.service[125338]: ERROR nova.api.openstack.wsgi _reraise(exception.SnapshotNotFound(snapshot_id=snapshot_id))
Nov 02 03:33:57.315176 dv-cinder-860209-6-smb devstack@n-api.service[125338]: ERROR nova.api.openstack.wsgi
File "/opt/stack/nova/nova/volume/cinder.py", line 486, in _reraise
Nov 02 03:33:57.315176 dv-cinder-860209-6-smb devstack@n-api.service[125338]: ERROR nova.api.openstack.wsgi raise desired_exc.with_traceback(sys.exc_info()[2])
Nov 02 03:33:57.315176 dv-cinder-860209-6-smb devstack@n-api.service[125338]: ERROR nova.api.openstack.wsgi
File "/opt/stack/nova/nova/volume/cinder.py", line 464, in wrapper
Nov 02 03:33:57.315176 dv-cinder-860209-6-smb devstack@n-api.service[125338]: ERROR nova.api.openstack.wsgi res = method(self, ctx, snapshot_id, *args, **kwargs)
Nov 02 03:33:57.315176 dv-cinder-860209-6-smb devstack@n-api.service[125338]: ERROR nova.api.openstack.wsgi
File "/opt/stack/nova/nova/volume/cinder.py", line 701, in get_snapshot
Nov 02 03:33:57.315176 dv-cinder-860209-6-smb devstack@n-api.service[125338]: ERROR nova.api.openstack.wsgi item = cinderclient(context).volume_snapshots.get(snapshot_id)
Nov 02 03:33:57.315176 dv-cinder-860209-6-smb devstack@n-api.service[125338]: ERROR nova.api.openstack.wsgi
File "/usr/local/lib/python3.8/dist-packages/cinderclient/v3/volume_snapshots.py", line 160, in get
Nov 02 03:33:57.315176 dv-cinder-860209-6-smb devstack@n-api.service[125338]: ERROR nova.api.openstack.wsgi return self._get("/snapshots/%s" % snapshot_id, "snapshot")
Nov 02 03:33:57.315176 dv-cinder-860209-6-smb devstack@n-api.service[125338]: ERROR nova.api.openstack.wsgi
File "/usr/local/lib/python3.8/dist-packages/cinderclient/base.py", line 297, in _get
Nov 02 03:33:57.315176 dv-cinder-860209-6-smb devstack@n-api.service[125338]: ERROR nova.api.openstack.wsgi resp, body = self.api.client.get(url)
Nov 02 03:33:57.315176 dv-cinder-860209-6-smb devstack@n-api.service[125338]: ERROR nova.api.openstack.wsgi
File "/usr/local/lib/python3.8/dist-packages/cinderclient/client.py", line 224, in get
Nov 02 03:33:57.318251 dv-cinder-860209-6-smb devstack@n-api.service[125338]: ERROR nova.api.openstack.wsgi return self._cs_request(url, 'GET', **kwargs)
Nov 02 03:33:57.318251 dv-cinder-860209-6-smb devstack@n-api.service[125338]: ERROR nova.api.openstack.wsgi
File "/usr/local/lib/python3.8/dist-packages/cinderclient/client.py", line 215, in _cs_request
Nov 02 03:33:57.318251 dv-cinder-860209-6-smb devstack@n-api.service[125338]: ERROR nova.api.openstack.wsgi return self.request(url, method, **kwargs)
Nov 02 03:33:57.318251 dv-cinder-860209-6-smb devstack@n-api.service[125338]: ERROR nova.api.openstack.wsgi
File "/usr/local/lib/python3.8/dist-packages/cinderclient/client.py", line 201, in request
Nov 02 03:33:57.318251 dv-cinder-860209-6-smb devstack@n-api.service[125338]: ERROR nova.api.openstack.wsgi raise exceptions.from_response(resp, body)
Nov 02 03:33:57.318251 dv-cinder-860209-6-smb devstack@n-api.service[125338]: ERROR nova.api.openstack.wsgi nova.exception.SnapshotNotFound: Snapshot 6da3032c-845e-4096-bbff-92dcc8ec2282 could not be found.
Nov 02 03:33:57.318251 dv-cinder-860209-6-smb devstack@n-api.service[125338]: ERROR nova.api.openstack.wsgi
Nov 02 03:33:57.318251 dv-cinder-860209-6-smb devstack@n-api.service[125338]: ERROR nova.api.openstack.wsgi During handling of the above exception, another exception occurred:
Nov 02 03:33:57.318251 dv-cinder-860209-6-smb devstack@n-api.service[125338]: ERROR nova.api.openstack.wsgi
Nov 02 03:33:57.318251 dv-cinder-860209-6-smb devstack@n-api.service[125338]: ERROR nova.api.openstack.wsgi
Traceback (most recent call last):
Nov 02 03:33:57.318251 dv-cinder-860209-6-smb devstack@n-api.service[125338]: ERROR nova.api.openstack.wsgi
File "/opt/stack/nova/nova/api/openstack/wsgi.py", line 539, in _process_stack
Nov 02 03:33:57.318251 dv-cinder-860209-6-smb devstack@n-api.service[125338]: ERROR nova.api.openstack.wsgi action_result = self.dispatch(meth, request, action_args)
Nov 02 03:33:57.318251 dv-cinder-860209-6-smb devstack@n-api.service[125338]: ERROR nova.api.openstack.wsgi
File "/opt/stack/nova/nova/api/openstack/wsgi.py", line 630, in dispatch
Nov 02 03:33:57.318251 dv-cinder-860209-6-smb devstack@n-api.service[125338]: ERROR nova.api.openstack.wsgi return method(req=request, **action_args)
Nov 02 03:33:57.318251 dv-cinder-860209-6-smb devstack@n-api.service[125338]: ERROR nova.api.openstack.wsgi
File "/opt/stack/nova/nova/api/openstack/wsgi.py", line 794, in version_select
Nov 02 03:33:57.318251 dv-cinder-860209-6-smb devstack@n-api.service[125338]: ERROR nova.api.openstack.wsgi return func.func(self, *args, **kwargs)
Nov 02 03:33:57.318251 dv-cinder-860209-6-smb devstack@n-api.service[125338]: ERROR nova.api.openstack.wsgi
File "/opt/stack/nova/nova/api/openstack/wsgi.py", line 664, in wrapped
Nov 02 03:33:57.318251 dv-cinder-860209-6-smb devstack@n-api.service[125338]: ERROR nova.api.openstack.wsgi return f(*args, **kwargs)
Nov 02 03:33:57.318251 dv-cinder-860209-6-smb devstack@n-api.service[125338]: ERROR nova.api.openstack.wsgi
File "/opt/stack/nova/nova/api/openstack/compute/volumes.py", line 619, in show
Nov 02 03:33:57.318251 dv-cinder-860209-6-smb devstack@n-api.service[125338]: ERROR nova.api.openstack.wsgi raise exc.HTTPNotFound(explanation=e.format_message())
Nov 02 03:33:57.321266 dv-cinder-860209-6-smb devstack@n-api.service[125338]: ERROR nova.api.openstack.wsgi webob.exc.HTTPNotFound: Snapshot 6da3032c-845e-4096-bbff-92dcc8ec2282 could not be found.
Nov 02 03:33:57.321266 dv-cinder-860209-6-smb devstack@n-api.service[125338]: ERROR nova.api.openstack.wsgi
Nov 02 03:33:57.321266 dv-cinder-860209-6-smb devstack@n-api.service[125338]: ERROR nova.api.openstack.wsgi During handling of the above exception, another exception occurred:
Nov 02 03:33:57.321266 dv-cinder-860209-6-smb devstack@n-api.service[125338]: ERROR nova.api.openstack.wsgi
Nov 02 03:33:57.321266 dv-cinder-860209-6-smb devstack@n-api.service[125338]: ERROR nova.api.openstack.wsgi
Traceback (most recent call last):
Nov 02 03:33:57.321266 dv-cinder-860209-6-smb devstack@n-api.service[125338]: ERROR nova.api.openstack.wsgi
File "/opt/stack/nova/nova/api/openstack/wsgi.py", line 539, in _process_stack
Nov 02 03:33:57.321266 dv-cinder-860209-6-smb devstack@n-api.service[125338]: ERROR nova.api.openstack.wsgi action_result = self.dispatch(meth, request, action_args)
Nov 02 03:33:57.321266 dv-cinder-860209-6-smb devstack@n-api.service[125338]: ERROR nova.api.openstack.wsgi
File "/opt/stack/nova/nova/api/openstack/wsgi.py", line 372, in __exit__
Nov 02 03:33:57.321266 dv-cinder-860209-6-smb devstack@n-api.service[125338]: ERROR nova.api.openstack.wsgi raise Fault(ex_value)
Nov 02 03:33:57.321266 dv-cinder-860209-6-smb devstack@n-api.service[125338]: ERROR nova.api.openstack.wsgi nova.api.openstack.wsgi.Fault: Snapshot 6da3032c-845e-4096-bbff-92dcc8ec2282 could not be found.
Nov 02 03:33:57.321266 dv-cinder-860209-6-smb devstack@n-api.service[125338]: ERROR nova.api.openstack.wsgi
Nov 02 03:33:57.321266 dv-cinder-860209-6-smb devstack@n-api.service[125338]: DEBUG nova.api.openstack.wsgi [None req-1c43acc3-8014-4d33-ac25-fe63118fc5bf tempest-VolumesSnapshotsTestJSON-2047256657 tempest-VolumesSnapshotsTestJSON-2047256657-project] Returning 404 to user: Snapshot 6da3032c-845e-4096-bbff-92dcc8ec2282 could not be found. {{(pid=125338) __call__ /opt/stack/nova/nova/api/openstack/wsgi.py:942}}
Nov 02 03:33:57.323750 dv-cinder-860209-6-smb devstack@n-api.service[125338]: INFO nova.api.openstack.requestlog [None req-1c43acc3-8014-4d33-ac25-fe63118fc5bf tempest-VolumesSnapshotsTestJSON-2047256657 tempest-VolumesSnapshotsTestJSON-2047256657-project] 10.222.0.20 "GET /compute/v2.1/os-snapshots/6da3032c-845e-4096-bbff-92dcc8ec2282" status: 404 len: 111 microversion: 2.1 time: 0.059241
Nov 02 03:33:57.325414 dv-cinder-860209-6-smb devstack@n-api.service[125338]: [pid: 125338|app: 0|req: 5/11] 10.222.0.20 () {58 vars in 1251 bytes} [Wed Nov 2 03:33:57 2022] GET /compute/v2.1/os-snapshots/6da3032c-845e-4096-bbff-92dcc8ec2282 => generated 111 bytes in 67 msecs (HTTP/1.1 404) 9 headers in 379 bytes (1 switches on core 0)
Nov 02 03:33:57.336601 dv-cinder-860209-6-smb devstack@n-api.service[125339]: DEBUG nova.api.openstack.wsgi [None req-0a437bc0-e9b3-4992-94d5-462d102cdd4d tempest-VolumesSnapshotsTestJSON-2047256657 tempest-VolumesSnapshotsTestJSON-2047256657-project] Calling method '.version_select at 0x7ffb547f0ee0>' {{(pid=125339) _process_stack /opt/stack/nova/nova/api/openstack/wsgi.py:513}}
Nov 02 03:33:57.505262 dv-cinder-860209-6-smb devstack@n-api.service[125339]: INFO nova.api.openstack.requestlog [None req-0a437bc0-e9b3-4992-94d5-462d102cdd4d tempest-VolumesSnapshotsTestJSON-2047256657 tempest-VolumesSnapshotsTestJSON-2047256657-project] 10.222.0.20 "DELETE /compute/v2.1/os-volumes/264ba38a-4535-4ddc-b46b-47dd86596d11" status: 202 len: 0 microversion: 2.1 time: 0.175554
Nov 02 03:33:57.505993 dv-cinder-860209-6-smb devstack@n-api.service[125339]: [pid: 125339|app: 0|req: 7/12] 10.222.0.20 () {58 vars in 1248 bytes} [Wed Nov 2 03:33:57 2022] DELETE /compute/v2.1/os-volumes/264ba38a-4535-4ddc-b46b-47dd86596d11 => generated 0 bytes in 177 msecs (HTTP/1.1 202) 9 headers in 361 bytes (1 switches on core 0)
Nov 02 03:33:57.526137 dv-cinder-860209-6-smb devstack@n-api.service[125338]: DEBUG nova.api.openstack.wsgi [None req-b4c5f04a-baa5-4aec-9b5d-f1fc327afeb4 tempest-VolumesSnapshotsTestJSON-2047256657 tempest-VolumesSnapshotsTestJSON-2047256657-project] Calling method '.version_select at 0x7ffb547721f0>' {{(pid=125338) _process_stack /opt/stack/nova/nova/api/openstack/wsgi.py:513}}
Nov 02 03:33:57.618291 dv-cinder-860209-6-smb devstack@n-api.service[125339]: DEBUG nova.api.openstack.wsgi [None req-a6982261-e96a-4670-8138-b9e86ab60256 tempest-VolumesTestJSON-1609703012 tempest-VolumesTestJSON-1609703012-project] Calling method '.version_select at 0x7ffb547f0e50>' {{(pid=125339) _process_stack /opt/stack/nova/nova/api/openstack/wsgi.py:513}}
