Oct 06 11:05:32.517985 dv-cinder-860209-2-smb devstack@c-api.service[113421]: DEBUG cinder.api.openstack.wsgi [None req-5c56ebcc-f486-4c8c-95ea-6dd4604b5a47 tempest-UserMessagesTest-2038176688 tempest-UserMessagesTest-2038176688-project] Empty body provided in request {{(pid=113421) get_body /opt/stack/cinder/cinder/api/openstack/wsgi.py:715}}
Oct 06 11:05:32.518353 dv-cinder-860209-2-smb devstack@c-api.service[113421]: DEBUG cinder.api.openstack.wsgi [None req-5c56ebcc-f486-4c8c-95ea-6dd4604b5a47 tempest-UserMessagesTest-2038176688 tempest-UserMessagesTest-2038176688-project] Calling method 'version_select' {{(pid=113421) _process_stack /opt/stack/cinder/cinder/api/openstack/wsgi.py:868}}
Oct 06 11:05:32.523646 dv-cinder-860209-2-smb devstack@c-api.service[113421]: INFO cinder.api.openstack.wsgi [None req-5c56ebcc-f486-4c8c-95ea-6dd4604b5a47 tempest-UserMessagesTest-2038176688 tempest-UserMessagesTest-2038176688-project] http://10.222.0.46/volume/v3/0a7fb2458dde49fabae980a0c4e20981/messages/f1f833cc-5465-478e-b791-deab1ca3d3a7 returned with HTTP 404
Oct 06 11:05:32.524673 dv-cinder-860209-2-smb devstack@c-api.service[113421]: [pid: 113421|app: 0|req: 132/234] 10.222.0.46 () {60 vars in 1368 bytes} [Thu Oct 6 11:05:32 2022] GET /volume/v3/0a7fb2458dde49fabae980a0c4e20981/messages/f1f833cc-5465-478e-b791-deab1ca3d3a7 => generated 110 bytes in 12 msecs (HTTP/1.1 404) 7 headers in 292 bytes (1 switches on core 0)
Oct 06 11:05:32.531016 dv-cinder-860209-2-smb devstack@c-api.service[113421]: DEBUG cinder.api.middleware.request_id [None req-33c48c67-38c2-447a-867a-7644de35a699 None None] RequestId filter calling following filter/app {{(pid=113421) _context_setter /opt/stack/cinder/cinder/api/middleware/request_id.py:62}}
Oct 06 11:05:32.535070 dv-cinder-860209-2-smb devstack@c-api.service[113421]: INFO cinder.api.openstack.wsgi [None req-33c48c67-38c2-447a-867a-7644de35a699 tempest-UserMessagesTest-2058803647 tempest-UserMessagesTest-2058803647-project-admin] POST http://10.222.0.46/volume/v3/d5c5edbcba3e47cc933649cf284075b5/types
Oct 06 11:05:32.536052 dv-cinder-860209-2-smb devstack@c-api.service[113421]: DEBUG cinder.api.openstack.wsgi [None req-33c48c67-38c2-447a-867a-7644de35a699 tempest-UserMessagesTest-2058803647 tempest-UserMessagesTest-2058803647-project-admin] Action: 'create', calling method: _create, body: {"volume_type": {"name": "tempest-UserMessagesTest-volume-type-1878090990", "extra_specs": {"storage_protocol": "tempest-storage_protocol-376463950", "vendor_name": "tempest-vendor_name-977309397"}}} {{(pid=113421) _process_stack /opt/stack/cinder/cinder/api/openstack/wsgi.py:866}}
Oct 06 11:05:32.537971 dv-cinder-860209-2-smb devstack@c-api.service[113422]: INFO cinder.api.openstack.wsgi [None req-b4ce15a4-f728-41a3-9cbd-2a4feea7d400 tempest-GroupSnapshotsTest-517141374 tempest-GroupSnapshotsTest-517141374-project] http://10.222.0.46/volume/v3/71e87aab9a85440ca3f04eeb3c3b7ffc/groups/bdd68a4d-b8a9-4a82-8c3e-ab1b135ce4af returned with HTTP 200
Oct 06 11:05:32.539232 dv-cinder-860209-2-smb devstack@c-api.service[113422]: [pid: 113422|app: 0|req: 103/235] 10.222.0.46 () {60 vars in 1363 bytes} [Thu Oct 6 11:05:32 2022] GET /volume/v3/71e87aab9a85440ca3f04eeb3c3b7ffc/groups/bdd68a4d-b8a9-4a82-8c3e-ab1b135ce4af => generated 391 bytes in 42 msecs (HTTP/1.1 200) 7 headers in 286 bytes (2 switches on core 0)
Oct 06 11:05:32.562984 dv-cinder-860209-2-smb devstack@c-api.service[113421]: INFO cinder.api.openstack.wsgi [None req-33c48c67-38c2-447a-867a-7644de35a699 tempest-UserMessagesTest-2058803647 tempest-UserMessagesTest-2058803647-project-admin] http://10.222.0.46/volume/v3/d5c5edbcba3e47cc933649cf284075b5/types returned with HTTP 200
Oct 06 11:05:32.563726 dv-cinder-860209-2-smb devstack@c-api.service[113421]: [pid: 113421|app: 0|req: 133/236] 10.222.0.46 () {60 vars in 1230 bytes} [Thu Oct 6 11:05:32 2022] POST /volume/v3/d5c5edbcba3e47cc933649cf284075b5/types => generated 326 bytes in 34 msecs (HTTP/1.1 200) 7 headers in 285 bytes (1 switches on core 0)
Oct 06 11:05:32.571936 dv-cinder-860209-2-smb devstack@c-api.service[113422]: DEBUG cinder.api.middleware.request_id [None req-be73df22-c536-4213-853b-623764b8a201 None None] RequestId filter calling following filter/app {{(pid=113422) _context_setter /opt/stack/cinder/cinder/api/middleware/request_id.py:62}}
Oct 06 11:05:32.576123 dv-cinder-860209-2-smb devstack@c-api.service[113422]: INFO cinder.api.openstack.wsgi [None req-be73df22-c536-4213-853b-623764b8a201 tempest-UserMessagesTest-2038176688 tempest-UserMessagesTest-2038176688-project] POST http://10.222.0.46/volume/v3/0a7fb2458dde49fabae980a0c4e20981/volumes
Oct 06 11:05:32.577008 dv-cinder-860209-2-smb devstack@c-api.service[113422]: DEBUG cinder.api.openstack.wsgi [None req-be73df22-c536-4213-853b-623764b8a201 tempest-UserMessagesTest-2038176688 tempest-UserMessagesTest-2038176688-project] Action: 'create', calling method: create, body: {"volume": {"volume_type": "252aaf27-09e0-4469-8608-d1e827f6aaac", "size": 1, "name": "tempest-UserMessagesTest-Volume-1838587318"}} {{(pid=113422) _process_stack /opt/stack/cinder/cinder/api/openstack/wsgi.py:866}}
Oct 06 11:05:32.579910 dv-cinder-860209-2-smb devstack@c-api.service[113422]: DEBUG cinder.api.v3.volumes [None req-be73df22-c536-4213-853b-623764b8a201 tempest-UserMessagesTest-2038176688 tempest-UserMessagesTest-2038176688-project] Create volume request body: {'volume': {'volume_type': '252aaf27-09e0-4469-8608-d1e827f6aaac', 'size': 1, 'name': 'tempest-UserMessagesTest-Volume-1838587318'}} {{(pid=113422) create /opt/stack/cinder/cinder/api/v3/volumes.py:298}}
Oct 06 11:05:32.587376 dv-cinder-860209-2-smb devstack@c-api.service[113422]: INFO cinder.api.v3.volumes [None req-be73df22-c536-4213-853b-623764b8a201 tempest-UserMessagesTest-2038176688 tempest-UserMessagesTest-2038176688-project] Create volume of 1 GB
Oct 06 11:05:32.588066 dv-cinder-860209-2-smb devstack@c-api.service[113422]: /usr/local/lib/python3.8/dist-packages/oslo_context/context.py:100: DeprecationWarning: Policy enforcement is depending on the value of is_admin. This key is deprecated. Please update your policy file to use the standard policy values.
Oct 06 11:05:32.588066 dv-cinder-860209-2-smb devstack@c-api.service[113422]: warnings.warn('Policy enforcement is depending on the value of '
Oct 06 11:05:32.589099 dv-cinder-860209-2-smb devstack@c-api.service[113422]: INFO cinder.volume.api [None req-be73df22-c536-4213-853b-623764b8a201 tempest-UserMessagesTest-2038176688 tempest-UserMessagesTest-2038176688-project] Availability Zones retrieved successfully.
Oct 06 11:05:32.604804 dv-cinder-860209-2-smb devstack@c-api.service[113422]: DEBUG cinder.volume.api [None req-be73df22-c536-4213-853b-623764b8a201 tempest-UserMessagesTest-2038176688 tempest-UserMessagesTest-2038176688-project] Flow 'volume_create_api' (10ccd7c9-2560-4e5f-84c9-486b43930934) transitioned into state 'RUNNING' from state 'PENDING' {{(pid=113422) _flow_receiver /usr/local/lib/python3.8/dist-packages/taskflow/listeners/logging.py:141}}
Oct 06 11:05:32.607322 dv-cinder-860209-2-smb devstack@c-api.service[113422]: DEBUG cinder.volume.api [None req-be73df22-c536-4213-853b-623764b8a201 tempest-UserMessagesTest-2038176688 tempest-UserMessagesTest-2038176688-project] Task 'cinder.volume.flows.api.create_volume.ExtractVolumeRequestTask;volume:create' (10626d34-c463-4799-a7a8-d1a47c00c1c2) transitioned into state 'RUNNING' from state 'PENDING' {{(pid=113422) _task_receiver /usr/local/lib/python3.8/dist-packages/taskflow/listeners/logging.py:190}}
Oct 06 11:05:32.610312 dv-cinder-860209-2-smb devstack@c-api.service[113422]: DEBUG cinder.volume.flows.api.create_volume [None req-be73df22-c536-4213-853b-623764b8a201 tempest-UserMessagesTest-2038176688 tempest-UserMessagesTest-2038176688-project] Validating volume size '1' using validate_int {{(pid=113422) _extract_size /opt/stack/cinder/cinder/volume/flows/api/create_volume.py:228}}
Oct 06 11:05:32.637812 dv-cinder-860209-2-smb devstack@c-api.service[113422]: DEBUG cinder.volume.api [None req-be73df22-c536-4213-853b-623764b8a201 tempest-UserMessagesTest-2038176688 tempest-UserMessagesTest-2038176688-project] Task 'cinder.volume.flows.api.create_volume.ExtractVolumeRequestTask;volume:create' (10626d34-c463-4799-a7a8-d1a47c00c1c2) transitioned into state 'SUCCESS' from state 'RUNNING' with result '{'size': 1, 'snapshot_id': None, 'source_volid': None, 'volume_type': VolumeType(created_at=2022-10-06T11:05:33Z,deleted=False,deleted_at=None,description=None,extra_specs={storage_protocol='tempest-storage_protocol-376463950',vendor_name='tempest-vendor_name-977309397'},id=252aaf27-09e0-4469-8608-d1e827f6aaac,is_public=True,name='tempest-UserMessagesTest-volume-type-1878090990',projects=[],qos_specs=,qos_specs_id=None,updated_at=None), 'volume_type_id': '252aaf27-09e0-4469-8608-d1e827f6aaac', 'encryption_key_id': None, 'qos_specs': None, 'consistencygroup_id': None, 'cgsnapshot_id': None, 'group_id': None, 'replication_status': 'disabled', 'refresh_az': False, 'backup_id': None, 'multiattach': False, 'availability_zones': ['nova']}' {{(pid=113422) _task_receiver /usr/local/lib/python3.8/dist-packages/taskflow/listeners/logging.py:178}}
Oct 06 11:05:32.639757 dv-cinder-860209-2-smb devstack@c-api.service[113422]: DEBUG cinder.volume.api [None req-be73df22-c536-4213-853b-623764b8a201 tempest-UserMessagesTest-2038176688 tempest-UserMessagesTest-2038176688-project] Task 'cinder.volume.flows.api.create_volume.QuotaReserveTask;volume:create' (89f7f220-aad1-4ae8-b2d8-37b2b296f43e) transitioned into state 'RUNNING' from state 'PENDING' {{(pid=113422) _task_receiver /usr/local/lib/python3.8/dist-packages/taskflow/listeners/logging.py:190}}
Oct 06 11:05:32.655141 dv-cinder-860209-2-smb devstack@c-api.service[113421]: DEBUG cinder.api.middleware.request_id [None req-89d59801-9618-4b22-88a1-1c582535cadd None None] RequestId filter calling following filter/app {{(pid=113421) _context_setter /opt/stack/cinder/cinder/api/middleware/request_id.py:62}}
Oct 06 11:05:32.659552 dv-cinder-860209-2-smb devstack@c-api.service[113421]: INFO cinder.api.openstack.wsgi [None req-89d59801-9618-4b22-88a1-1c582535cadd tempest-VolumeTypesAccessTest-927621124 tempest-VolumeTypesAccessTest-927621124-project] GET http://10.222.0.46/volume/v3/f978627ab6354756ae04ae014345f5ec/volumes/28815c8a-ed23-4ece-be38-183b9d9e5d5f
Oct 06 11:05:32.660006 dv-cinder-860209-2-smb devstack@c-api.service[113421]: DEBUG cinder.api.openstack.wsgi [None req-89d59801-9618-4b22-88a1-1c582535cadd tempest-VolumeTypesAccessTest-927621124 tempest-VolumeTypesAccessTest-927621124-project] Empty body provided in request {{(pid=113421) get_body /opt/stack/cinder/cinder/api/openstack/wsgi.py:715}}
Oct 06 11:05:32.660524 dv-cinder-860209-2-smb devstack@c-api.service[113421]: DEBUG cinder.api.openstack.wsgi [None req-89d59801-9618-4b22-88a1-1c582535cadd tempest-VolumeTypesAccessTest-927621124 tempest-VolumeTypesAccessTest-927621124-project] Calling method 'show' {{(pid=113421) _process_stack /opt/stack/cinder/cinder/api/openstack/wsgi.py:868}}
Oct 06 11:05:32.675710 dv-cinder-860209-2-smb devstack@c-api.service[113421]: INFO cinder.api.openstack.wsgi [None req-89d59801-9618-4b22-88a1-1c582535cadd tempest-VolumeTypesAccessTest-927621124 tempest-VolumeTypesAccessTest-927621124-project] http://10.222.0.46/volume/v3/f978627ab6354756ae04ae014345f5ec/volumes/28815c8a-ed23-4ece-be38-183b9d9e5d5f returned with HTTP 404
Oct 06 11:05:32.676777 dv-cinder-860209-2-smb devstack@c-api.service[113421]: [pid: 113421|app: 0|req: 134/237] 10.222.0.46 () {58 vars in 1325 bytes} [Thu Oct 6 11:05:32 2022] GET /volume/v3/f978627ab6354756ae04ae014345f5ec/volumes/28815c8a-ed23-4ece-be38-183b9d9e5d5f => generated 109 bytes in 24 msecs (HTTP/1.1 404) 7 headers in 292 bytes (2 switches on core 0)
Oct 06 11:05:32.688336 dv-cinder-860209-2-smb devstack@c-api.service[113422]: WARNING cinder.quota [None req-be73df22-c536-4213-853b-623764b8a201 tempest-UserMessagesTest-2038176688 tempest-UserMessagesTest-2038176688-project] Deprecated: Default quota for resource: volumes_tempest-UserMessagesTest-volume-type-1878090990 is set by the default quota flag: quota_volumes_tempest-UserMessagesTest-volume-type-1878090990, it is now deprecated. Please use the default quota class for default quota.
Oct 06 11:05:32.689350 dv-cinder-860209-2-smb devstack@c-api.service[113422]: WARNING cinder.quota [None req-be73df22-c536-4213-853b-623764b8a201 tempest-UserMessagesTest-2038176688 tempest-UserMessagesTest-2038176688-project] Deprecated: Default quota for resource: gigabytes_tempest-UserMessagesTest-volume-type-1878090990 is set by the default quota flag: quota_gigabytes_tempest-UserMessagesTest-volume-type-1878090990, it is now deprecated. Please use the default quota class for default quota.
Oct 06 11:05:32.690125 dv-cinder-860209-2-smb devstack@c-api.service[113421]: DEBUG cinder.api.middleware.request_id [None req-52583db7-af8b-4efe-bd5c-8f6d95f4fff0 None None] RequestId filter calling following filter/app {{(pid=113421) _context_setter /opt/stack/cinder/cinder/api/middleware/request_id.py:62}}
Oct 06 11:05:32.703907 dv-cinder-860209-2-smb devstack@c-api.service[113421]: INFO cinder.api.openstack.wsgi [None req-52583db7-af8b-4efe-bd5c-8f6d95f4fff0 tempest-VolumeTypesAccessTest-2098828571 tempest-VolumeTypesAccessTest-2098828571-project-admin] DELETE http://10.222.0.46/volume/v3/853a340a34614c309e18a064006f6989/types/d10aa72f-8f67-40ea-8ac2-f439226d4f83
Oct 06 11:05:32.704410 dv-cinder-860209-2-smb devstack@c-api.service[113421]: DEBUG cinder.api.openstack.wsgi [None req-52583db7-af8b-4efe-bd5c-8f6d95f4fff0 tempest-VolumeTypesAccessTest-2098828571 tempest-VolumeTypesAccessTest-2098828571-project-admin] Empty body provided in request {{(pid=113421) get_body /opt/stack/cinder/cinder/api/openstack/wsgi.py:715}}
Oct 06 11:05:32.704896 dv-cinder-860209-2-smb devstack@c-api.service[113421]: DEBUG cinder.api.openstack.wsgi [None req-52583db7-af8b-4efe-bd5c-8f6d95f4fff0 tempest-VolumeTypesAccessTest-2098828571 tempest-VolumeTypesAccessTest-2098828571-project-admin] Calling method '_delete' {{(pid=113421) _process_stack /opt/stack/cinder/cinder/api/openstack/wsgi.py:868}}
Oct 06 11:05:32.732409 dv-cinder-860209-2-smb devstack@c-api.service[113422]: DEBUG cinder.quota [None req-be73df22-c536-4213-853b-623764b8a201 tempest-UserMessagesTest-2038176688 tempest-UserMessagesTest-2038176688-project] Created reservations ['756bcd74-1f4b-413a-829b-dff92d147612', '5ac3f906-bee3-4f6a-8bde-79b7d062f4df', '0898621c-c504-4456-ad9e-358f6e4529da', 'be2efe4a-463a-4023-a1b8-0e08fcc30064'] {{(pid=113422) reserve /opt/stack/cinder/cinder/quota.py:755}}
Oct 06 11:05:32.736235 dv-cinder-860209-2-smb devstack@c-api.service[113422]: DEBUG cinder.volume.api [None req-be73df22-c536-4213-853b-623764b8a201 tempest-UserMessagesTest-2038176688 tempest-UserMessagesTest-2038176688-project] Task 'cinder.volume.flows.api.create_volume.QuotaReserveTask;volume:create' (89f7f220-aad1-4ae8-b2d8-37b2b296f43e) transitioned into state 'SUCCESS' from state 'RUNNING' with result '{'reservations': ['756bcd74-1f4b-413a-829b-dff92d147612', '5ac3f906-bee3-4f6a-8bde-79b7d062f4df', '0898621c-c504-4456-ad9e-358f6e4529da', 'be2efe4a-463a-4023-a1b8-0e08fcc30064']}' {{(pid=113422) _task_receiver /usr/local/lib/python3.8/dist-packages/taskflow/listeners/logging.py:178}}
Oct 06 11:05:32.738613 dv-cinder-860209-2-smb devstack@c-api.service[113422]: DEBUG cinder.volume.api [None req-be73df22-c536-4213-853b-623764b8a201 tempest-UserMessagesTest-2038176688 tempest-UserMessagesTest-2038176688-project] Task 'cinder.volume.flows.api.create_volume.EntryCreateTask;volume:create' (efa938b9-d8c6-4139-a018-b8f623255f41) transitioned into state 'RUNNING' from state 'PENDING' {{(pid=113422) _task_receiver /usr/local/lib/python3.8/dist-packages/taskflow/listeners/logging.py:190}}
Oct 06 11:05:32.766196 dv-cinder-860209-2-smb devstack@c-api.service[113421]: INFO cinder.api.openstack.wsgi [None req-52583db7-af8b-4efe-bd5c-8f6d95f4fff0 tempest-VolumeTypesAccessTest-2098828571 tempest-VolumeTypesAccessTest-2098828571-project-admin] http://10.222.0.46/volume/v3/853a340a34614c309e18a064006f6989/types/d10aa72f-8f67-40ea-8ac2-f439226d4f83 returned with HTTP 202
Oct 06 11:05:32.769802 dv-cinder-860209-2-smb devstack@c-api.service[113422]: DEBUG cinder.volume.api [None req-be73df22-c536-4213-853b-623764b8a201 tempest-UserMessagesTest-2038176688 tempest-UserMessagesTest-2038176688-project] Task 'cinder.volume.flows.api.create_volume.EntryCreateTask;volume:create' (efa938b9-d8c6-4139-a018-b8f623255f41) transitioned into state 'SUCCESS' from state 'RUNNING' with result '{'volume_id': '39f54e7c-aac6-49f8-a179-486c0f3a2b98', 'volume_properties': VolumeProperties(attach_status='detached',availability_zone='nova',cgsnapshot_id=None,consistencygroup_id=None,display_description=None,display_name='tempest-UserMessagesTest-Volume-1838587318',encryption_key_id=None,group_id=None,group_type_id=,metadata={},multiattach=False,project_id='0a7fb2458dde49fabae980a0c4e20981',qos_specs=None,replication_status=,reservations=['756bcd74-1f4b-413a-829b-dff92d147612','5ac3f906-bee3-4f6a-8bde-79b7d062f4df','0898621c-c504-4456-ad9e-358f6e4529da','be2efe4a-463a-4023-a1b8-0e08fcc30064'],size=1,snapshot_id=None,source_replicaid=,source_volid=None,status='creating',user_id='bdd8b9e773894b86be9f2bf5bc4f5f6a',volume_type_id=252aaf27-09e0-4469-8608-d1e827f6aaac), 'volume': Volume(_name_id=None,admin_metadata=,attach_status='detached',availability_zone='nova',bootable=False,cluster=,cluster_name=None,consistencygroup=,consistencygroup_id=None,created_at=2022-10-06T11:05:32Z,deleted=False,deleted_at=None,display_description=None,display_name='tempest-UserMessagesTest-Volume-1838587318',ec2_id=None,encryption_key_id=None,glance_metadata=,group=,group_id=None,host=None,id=39f54e7c-aac6-49f8-a179-486c0f3a2b98,launched_at=None,metadata={},migration_status=None,multiattach=False,previous_status=None,project_id='0a7fb2458dde49fabae980a0c4e20981',provider_auth=None,provider_geometry=None,provider_id=None,provider_location=None,replication_driver_data=None,replication_extended_status=None,replication_status=None,scheduled_at=None,service_uuid=None,shared_targets=True,size=1,snapshot_id=None,snapshots=,source_volid=None,status='creating',terminated_at=None,updated_at=None,use_quota=True,user_id='bdd8b9e773894b86be9f2bf5bc4f5f6a',volume_attachment=VolumeAttachmentList,volume_type=VolumeType(252aaf27-09e0-4469-8608-d1e827f6aaac),volume_type_id=252aaf27-09e0-4469-8608-d1e827f6aaac)}' {{(pid=113422) _task_receiver /usr/local/lib/python3.8/dist-packages/taskflow/listeners/logging.py:178}}
Oct 06 11:05:32.770689 dv-cinder-860209-2-smb devstack@c-api.service[113421]: [pid: 113421|app: 0|req: 135/238] 10.222.0.46 () {58 vars in 1322 bytes} [Thu Oct 6 11:05:32 2022] DELETE /volume/v3/853a340a34614c309e18a064006f6989/types/d10aa72f-8f67-40ea-8ac2-f439226d4f83 => generated 0 bytes in 84 msecs (HTTP/1.1 202) 6 headers in 233 bytes (1 switches on core 0)
Oct 06 11:05:32.772378 dv-cinder-860209-2-smb devstack@c-api.service[113421]: DEBUG cinder.api.middleware.request_id [None req-8e10e1d8-26ec-4e0b-8e55-b3d6fbaf4c97 None None] RequestId filter calling following filter/app {{(pid=113421) _context_setter /opt/stack/cinder/cinder/api/middleware/request_id.py:62}}
Oct 06 11:05:32.773119 dv-cinder-860209-2-smb devstack@c-api.service[113422]: DEBUG cinder.volume.api [None req-be73df22-c536-4213-853b-623764b8a201 tempest-UserMessagesTest-2038176688 tempest-UserMessagesTest-2038176688-project] Task 'cinder.volume.flows.api.create_volume.QuotaCommitTask;volume:create' (aa662b64-e3fb-45f1-8cc7-a1c51361e312) transitioned into state 'RUNNING' from state 'PENDING' {{(pid=113422) _task_receiver /usr/local/lib/python3.8/dist-packages/taskflow/listeners/logging.py:190}}
Oct 06 11:05:32.776742 dv-cinder-860209-2-smb devstack@c-api.service[113421]: INFO cinder.api.openstack.wsgi [None req-8e10e1d8-26ec-4e0b-8e55-b3d6fbaf4c97 tempest-VolumeTypesAccessTest-2098828571 tempest-VolumeTypesAccessTest-2098828571-project-admin] GET http://10.222.0.46/volume/v3/853a340a34614c309e18a064006f6989/types/d10aa72f-8f67-40ea-8ac2-f439226d4f83
Oct 06 11:05:32.777353 dv-cinder-860209-2-smb devstack@c-api.service[113421]: DEBUG cinder.api.openstack.wsgi [None req-8e10e1d8-26ec-4e0b-8e55-b3d6fbaf4c97 tempest-VolumeTypesAccessTest-2098828571 tempest-VolumeTypesAccessTest-2098828571-project-admin] Empty body provided in request {{(pid=113421) get_body /opt/stack/cinder/cinder/api/openstack/wsgi.py:715}}
Oct 06 11:05:32.778358 dv-cinder-860209-2-smb devstack@c-api.service[113421]: DEBUG cinder.api.openstack.wsgi [None req-8e10e1d8-26ec-4e0b-8e55-b3d6fbaf4c97 tempest-VolumeTypesAccessTest-2098828571 tempest-VolumeTypesAccessTest-2098828571-project-admin] Calling method 'show' {{(pid=113421) _process_stack /opt/stack/cinder/cinder/api/openstack/wsgi.py:868}}
Oct 06 11:05:32.788347 dv-cinder-860209-2-smb devstack@c-api.service[113421]: INFO cinder.api.openstack.wsgi [None req-8e10e1d8-26ec-4e0b-8e55-b3d6fbaf4c97 tempest-VolumeTypesAccessTest-2098828571 tempest-VolumeTypesAccessTest-2098828571-project-admin] http://10.222.0.46/volume/v3/853a340a34614c309e18a064006f6989/types/d10aa72f-8f67-40ea-8ac2-f439226d4f83 returned with HTTP 404
Oct 06 11:05:32.795543 dv-cinder-860209-2-smb devstack@c-api.service[113421]: [pid: 113421|app: 0|req: 136/239] 10.222.0.46 () {58 vars in 1319 bytes} [Thu Oct 6 11:05:32 2022] GET /volume/v3/853a340a34614c309e18a064006f6989/types/d10aa72f-8f67-40ea-8ac2-f439226d4f83 => generated 114 bytes in 24 msecs (HTTP/1.1 404) 7 headers in 292 bytes (1 switches on core 0)
Oct 06 11:05:32.816930 dv-cinder-860209-2-smb devstack@c-api.service[113422]: DEBUG cinder.volume.api [None req-be73df22-c536-4213-853b-623764b8a201 tempest-UserMessagesTest-2038176688 tempest-UserMessagesTest-2038176688-project] Task 'cinder.volume.flows.api.create_volume.QuotaCommitTask;volume:create' (aa662b64-e3fb-45f1-8cc7-a1c51361e312) transitioned into state 'SUCCESS' from state 'RUNNING' with result '{'volume_properties': VolumeProperties(attach_status='detached',availability_zone='nova',cgsnapshot_id=None,consistencygroup_id=None,display_description=None,display_name='tempest-UserMessagesTest-Volume-1838587318',encryption_key_id=None,group_id=None,group_type_id=,metadata={},multiattach=False,project_id='0a7fb2458dde49fabae980a0c4e20981',qos_specs=None,replication_status=,reservations=['756bcd74-1f4b-413a-829b-dff92d147612','5ac3f906-bee3-4f6a-8bde-79b7d062f4df','0898621c-c504-4456-ad9e-358f6e4529da','be2efe4a-463a-4023-a1b8-0e08fcc30064'],size=1,snapshot_id=None,source_replicaid=,source_volid=None,status='creating',user_id='bdd8b9e773894b86be9f2bf5bc4f5f6a',volume_type_id=252aaf27-09e0-4469-8608-d1e827f6aaac)}' {{(pid=113422) _task_receiver /usr/local/lib/python3.8/dist-packages/taskflow/listeners/logging.py:178}}
Oct 06 11:05:32.818676 dv-cinder-860209-2-smb devstack@c-api.service[113422]: DEBUG cinder.volume.api [None req-be73df22-c536-4213-853b-623764b8a201 tempest-UserMessagesTest-2038176688 tempest-UserMessagesTest-2038176688-project] Task 'cinder.volume.flows.api.create_volume.VolumeCastTask;volume:create' (f17d4ef0-c653-4f20-9809-6a17efeea7e0) transitioned into state 'RUNNING' from state 'PENDING' {{(pid=113422) _task_receiver /usr/local/lib/python3.8/dist-packages/taskflow/listeners/logging.py:190}}
Oct 06 11:05:32.836843 dv-cinder-860209-2-smb devstack@c-api.service[113422]: DEBUG cinder.volume.api [None req-be73df22-c536-4213-853b-623764b8a201 tempest-UserMessagesTest-2038176688 tempest-UserMessagesTest-2038176688-project] Task 'cinder.volume.flows.api.create_volume.VolumeCastTask;volume:create' (f17d4ef0-c653-4f20-9809-6a17efeea7e0) transitioned into state 'SUCCESS' from state 'RUNNING' with result 'None' {{(pid=113422) _task_receiver /usr/local/lib/python3.8/dist-packages/taskflow/listeners/logging.py:178}}
Oct 06 11:05:32.839596 dv-cinder-860209-2-smb devstack@c-api.service[113422]: DEBUG cinder.volume.api [None req-be73df22-c536-4213-853b-623764b8a201 tempest-UserMessagesTest-2038176688 tempest-UserMessagesTest-2038176688-project] Flow 'volume_create_api' (10ccd7c9-2560-4e5f-84c9-486b43930934) transitioned into state 'SUCCESS' from state 'RUNNING' {{(pid=113422) _flow_receiver /usr/local/lib/python3.8/dist-packages/taskflow/listeners/logging.py:141}}
Oct 06 11:05:32.840558 dv-cinder-860209-2-smb devstack@c-api.service[113422]: INFO cinder.volume.api [None req-be73df22-c536-4213-853b-623764b8a201 tempest-UserMessagesTest-2038176688 tempest-UserMessagesTest-2038176688-project] Create volume request issued successfully.
Oct 06 11:05:32.841946 dv-cinder-860209-2-smb devstack@c-api.service[113422]: INFO cinder.api.openstack.wsgi [None req-be73df22-c536-4213-853b-623764b8a201 tempest-UserMessagesTest-2038176688 tempest-UserMessagesTest-2038176688-project] http://10.222.0.46/volume/v3/0a7fb2458dde49fabae980a0c4e20981/volumes returned with HTTP 202
Oct 06 11:05:32.843127 dv-cinder-860209-2-smb devstack@c-api.service[113422]: [pid: 113422|app: 0|req: 104/240] 10.222.0.46 () {62 vars in 1276 bytes} [Thu Oct 6 11:05:32 2022] POST /volume/v3/0a7fb2458dde49fabae980a0c4e20981/volumes => generated 852 bytes in 272 msecs (HTTP/1.1 202) 7 headers in 291 bytes (1 switches on core 0)
Oct 06 11:05:32.859552 dv-cinder-860209-2-smb devstack@c-api.service[113421]: DEBUG cinder.api.middleware.request_id [None req-ddc38910-e054-4852-82ae-162f2007d013 None None] RequestId filter calling following filter/app {{(pid=113421) _context_setter /opt/stack/cinder/cinder/api/middleware/request_id.py:62}}
Oct 06 11:05:32.863255 dv-cinder-860209-2-smb devstack@c-api.service[113421]: INFO cinder.api.openstack.wsgi [None req-ddc38910-e054-4852-82ae-162f2007d013 tempest-UserMessagesTest-2038176688 tempest-UserMessagesTest-2038176688-project] GET http://10.222.0.46/volume/v3/0a7fb2458dde49fabae980a0c4e20981/volumes/39f54e7c-aac6-49f8-a179-486c0f3a2b98
Oct 06 11:05:32.863747 dv-cinder-860209-2-smb devstack@c-api.service[113421]: DEBUG cinder.api.openstack.wsgi [None req-ddc38910-e054-4852-82ae-162f2007d013 tempest-UserMessagesTest-2038176688 tempest-UserMessagesTest-2038176688-project] Empty body provided in request {{(pid=113421) get_body /opt/stack/cinder/cinder/api/openstack/wsgi.py:715}}
Oct 06 11:05:32.864353 dv-cinder-860209-2-smb devstack@c-api.service[113421]: DEBUG cinder.api.openstack.wsgi [None req-ddc38910-e054-4852-82ae-162f2007d013 tempest-UserMessagesTest-2038176688 tempest-UserMessagesTest-2038176688-project] Calling method 'show' {{(pid=113421) _process_stack /opt/stack/cinder/cinder/api/openstack/wsgi.py:868}}
Oct 06 11:05:32.886088 dv-cinder-860209-2-smb devstack@c-api.service[113421]: /usr/local/lib/python3.8/dist-packages/oslo_context/context.py:100: DeprecationWarning: Policy enforcement is depending on the value of is_admin. This key is deprecated. Please update your policy file to use the standard policy values.
Oct 06 11:05:32.886088 dv-cinder-860209-2-smb devstack@c-api.service[113421]: warnings.warn('Policy enforcement is depending on the value of '
Oct 06 11:05:32.894209 dv-cinder-860209-2-smb devstack@c-api.service[113421]: INFO cinder.volume.api [None req-ddc38910-e054-4852-82ae-162f2007d013 tempest-UserMessagesTest-2038176688 tempest-UserMessagesTest-2038176688-project] Volume info retrieved successfully.
Oct 06 11:05:32.906767 dv-cinder-860209-2-smb devstack@c-api.service[113421]: INFO cinder.api.openstack.wsgi [None req-ddc38910-e054-4852-82ae-162f2007d013 tempest-UserMessagesTest-2038176688 tempest-UserMessagesTest-2038176688-project] http://10.222.0.46/volume/v3/0a7fb2458dde49fabae980a0c4e20981/volumes/39f54e7c-aac6-49f8-a179-486c0f3a2b98 returned with HTTP 200
Oct 06 11:05:32.907902 dv-cinder-860209-2-smb devstack@c-api.service[113421]: [pid: 113421|app: 0|req: 137/241] 10.222.0.46 () {60 vars in 1365 bytes} [Thu Oct 6 11:05:32 2022] GET /volume/v3/0a7fb2458dde49fabae980a0c4e20981/volumes/39f54e7c-aac6-49f8-a179-486c0f3a2b98 => generated 920 bytes in 50 msecs (HTTP/1.1 200) 7 headers in 285 bytes (1 switches on core 0)
Oct 06 11:05:33.338930 dv-cinder-860209-2-smb devstack@c-api.service[113422]: DEBUG cinder.api.middleware.request_id [None req-d94f4ecd-2f61-41f2-8ee7-01d1b83f8506 None None] RequestId filter calling following filter/app {{(pid=113422) _context_setter /opt/stack/cinder/cinder/api/middleware/request_id.py:62}}
Oct 06 11:05:33.461895 dv-cinder-860209-2-smb devstack@c-api.service[113422]: INFO cinder.api.openstack.wsgi [None req-d94f4ecd-2f61-41f2-8ee7-01d1b83f8506 tempest-VolumesDeleteCascade-1468513818 tempest-VolumesDeleteCascade-1468513818-project] POST http://10.222.0.46/volume/v3/ebb8c9a1fa7f4e0b9a17db925b98aceb/volumes
Oct 06 11:05:33.462459 dv-cinder-860209-2-smb devstack@c-api.service[113422]: DEBUG cinder.api.openstack.wsgi [None req-d94f4ecd-2f61-41f2-8ee7-01d1b83f8506 tempest-VolumesDeleteCascade-1468513818 tempest-VolumesDeleteCascade-1468513818-project] Action: 'create', calling method: create, body: {"volume": {"size": 1, "name": "tempest-VolumesDeleteCascade-Volume-1851295076"}} {{(pid=113422) _process_stack /opt/stack/cinder/cinder/api/openstack/wsgi.py:866}}
Oct 06 11:05:33.464525 dv-cinder-860209-2-smb devstack@c-api.service[113422]: DEBUG cinder.api.v3.volumes [None req-d94f4ecd-2f61-41f2-8ee7-01d1b83f8506 tempest-VolumesDeleteCascade-1468513818 tempest-VolumesDeleteCascade-1468513818-project] Create volume request body: {'volume': {'size': 1, 'name': 'tempest-VolumesDeleteCascade-Volume-1851295076'}} {{(pid=113422) create /opt/stack/cinder/cinder/api/v3/volumes.py:298}}
Oct 06 11:05:33.464838 dv-cinder-860209-2-smb devstack@c-api.service[113422]: INFO cinder.api.v3.volumes [None req-d94f4ecd-2f61-41f2-8ee7-01d1b83f8506 tempest-VolumesDeleteCascade-1468513818 tempest-VolumesDeleteCascade-1468513818-project] Create volume of 1 GB
Oct 06 11:05:33.465484 dv-cinder-860209-2-smb devstack@c-api.service[113422]: /usr/local/lib/python3.8/dist-packages/oslo_context/context.py:100: DeprecationWarning: Policy enforcement is depending on the value of is_admin. This key is deprecated. Please update your policy file to use the standard policy values.
Oct 06 11:05:33.465484 dv-cinder-860209-2-smb devstack@c-api.service[113422]: warnings.warn('Policy enforcement is depending on the value of '
Oct 06 11:05:33.473139 dv-cinder-860209-2-smb devstack@c-api.service[113422]: INFO cinder.volume.api [None req-d94f4ecd-2f61-41f2-8ee7-01d1b83f8506 tempest-VolumesDeleteCascade-1468513818 tempest-VolumesDeleteCascade-1468513818-project] Availability Zones retrieved successfully.
Oct 06 11:05:33.489584 dv-cinder-860209-2-smb devstack@c-api.service[113422]: DEBUG cinder.volume.api [None req-d94f4ecd-2f61-41f2-8ee7-01d1b83f8506 tempest-VolumesDeleteCascade-1468513818 tempest-VolumesDeleteCascade-1468513818-project] Flow 'volume_create_api' (bf2bb49c-0a2d-4f22-9782-96526e68649a) transitioned into state 'RUNNING' from state 'PENDING' {{(pid=113422) _flow_receiver /usr/local/lib/python3.8/dist-packages/taskflow/listeners/logging.py:141}}
Oct 06 11:05:33.492073 dv-cinder-860209-2-smb devstack@c-api.service[113422]: DEBUG cinder.volume.api [None req-d94f4ecd-2f61-41f2-8ee7-01d1b83f8506 tempest-VolumesDeleteCascade-1468513818 tempest-VolumesDeleteCascade-1468513818-project] Task 'cinder.volume.flows.api.create_volume.ExtractVolumeRequestTask;volume:create' (b1aa61e6-a9eb-4b56-858b-233166f11c4c) transitioned into state 'RUNNING' from state 'PENDING' {{(pid=113422) _task_receiver /usr/local/lib/python3.8/dist-packages/taskflow/listeners/logging.py:190}}
Oct 06 11:05:33.494494 dv-cinder-860209-2-smb devstack@c-api.service[113422]: DEBUG cinder.volume.flows.api.create_volume [None req-d94f4ecd-2f61-41f2-8ee7-01d1b83f8506 tempest-VolumesDeleteCascade-1468513818 tempest-VolumesDeleteCascade-1468513818-project] Validating volume size '1' using validate_int {{(pid=113422) _extract_size /opt/stack/cinder/cinder/volume/flows/api/create_volume.py:228}}
Oct 06 11:05:33.527990 dv-cinder-860209-2-smb devstack@c-api.service[113422]: DEBUG cinder.volume.api [None req-d94f4ecd-2f61-41f2-8ee7-01d1b83f8506 tempest-VolumesDeleteCascade-1468513818 tempest-VolumesDeleteCascade-1468513818-project] Task 'cinder.volume.flows.api.create_volume.ExtractVolumeRequestTask;volume:create' (b1aa61e6-a9eb-4b56-858b-233166f11c4c) transitioned into state 'SUCCESS' from state 'RUNNING' with result '{'size': 1, 'snapshot_id': None, 'source_volid': None, 'volume_type': VolumeType(created_at=2022-10-06T10:54:55Z,deleted=False,deleted_at=None,description='Default Volume Type',extra_specs={},id=b9a5b5a6-981d-47f9-989a-e5a36a8baa9e,is_public=True,name='__DEFAULT__',projects=[],qos_specs=,qos_specs_id=None,updated_at=2022-10-06T10:54:55Z), 'volume_type_id': 'b9a5b5a6-981d-47f9-989a-e5a36a8baa9e', 'encryption_key_id': None, 'qos_specs': None, 'consistencygroup_id': None, 'cgsnapshot_id': None, 'group_id': None, 'replication_status': 'disabled', 'refresh_az': False, 'backup_id': None, 'multiattach': False, 'availability_zones': ['nova']}' {{(pid=113422) _task_receiver /usr/local/lib/python3.8/dist-packages/taskflow/listeners/logging.py:178}}
Oct 06 11:05:33.530317 dv-cinder-860209-2-smb devstack@c-api.service[113422]: DEBUG cinder.volume.api [None req-d94f4ecd-2f61-41f2-8ee7-01d1b83f8506 tempest-VolumesDeleteCascade-1468513818 tempest-VolumesDeleteCascade-1468513818-project] Task 'cinder.volume.flows.api.create_volume.QuotaReserveTask;volume:create' (2f4a0485-77d6-4693-aeab-e28d9d6c8a0b) transitioned into state 'RUNNING' from state 'PENDING' {{(pid=113422) _task_receiver /usr/local/lib/python3.8/dist-packages/taskflow/listeners/logging.py:190}}
Oct 06 11:05:33.549429 dv-cinder-860209-2-smb devstack@c-api.service[113421]: DEBUG cinder.api.middleware.request_id [None req-61a56a32-59fe-4ebc-a356-f33917677270 None None] RequestId filter calling following filter/app {{(pid=113421) _context_setter /opt/stack/cinder/cinder/api/middleware/request_id.py:62}}
Oct 06 11:05:33.554075 dv-cinder-860209-2-smb devstack@c-api.service[113421]: INFO cinder.api.openstack.wsgi [None req-61a56a32-59fe-4ebc-a356-f33917677270 tempest-GroupSnapshotsTest-517141374 tempest-GroupSnapshotsTest-517141374-project] GET http://10.222.0.46/volume/v3/71e87aab9a85440ca3f04eeb3c3b7ffc/groups/bdd68a4d-b8a9-4a82-8c3e-ab1b135ce4af
Oct 06 11:05:33.554742 dv-cinder-860209-2-smb devstack@c-api.service[113421]: DEBUG cinder.api.openstack.wsgi [None req-61a56a32-59fe-4ebc-a356-f33917677270 tempest-GroupSnapshotsTest-517141374 tempest-GroupSnapshotsTest-517141374-project] Empty body provided in request {{(pid=113421) get_body /opt/stack/cinder/cinder/api/openstack/wsgi.py:715}}
Oct 06 11:05:33.555210 dv-cinder-860209-2-smb devstack@c-api.service[113421]: DEBUG cinder.api.openstack.wsgi [None req-61a56a32-59fe-4ebc-a356-f33917677270 tempest-GroupSnapshotsTest-517141374 tempest-GroupSnapshotsTest-517141374-project] Calling method 'version_select' {{(pid=113421) _process_stack /opt/stack/cinder/cinder/api/openstack/wsgi.py:868}}
Oct 06 11:05:33.555558 dv-cinder-860209-2-smb devstack@c-api.service[113421]: DEBUG cinder.api.v3.groups [None req-61a56a32-59fe-4ebc-a356-f33917677270 tempest-GroupSnapshotsTest-517141374 tempest-GroupSnapshotsTest-517141374-project] show called for member bdd68a4d-b8a9-4a82-8c3e-ab1b135ce4af {{(pid=113421) show /opt/stack/cinder/cinder/api/v3/groups.py:58}}
Oct 06 11:05:33.561893 dv-cinder-860209-2-smb devstack@c-api.service[113421]: /usr/local/lib/python3.8/dist-packages/oslo_context/context.py:100: DeprecationWarning: Policy enforcement is depending on the value of is_admin. This key is deprecated. Please update your policy file to use the standard policy values.
Oct 06 11:05:33.561893 dv-cinder-860209-2-smb devstack@c-api.service[113421]: warnings.warn('Policy enforcement is depending on the value of '
Oct 06 11:05:33.565083 dv-cinder-860209-2-smb devstack@c-api.service[113422]: DEBUG dbcounter [-] [113422] Writing DB stats cinder:SELECT=79,cinder:UPDATE=13,cinder:INSERT=8 {{(pid=113422) stat_writer /usr/local/lib/python3.8/dist-packages/dbcounter.py:114}}
Oct 06 11:05:33.583330 dv-cinder-860209-2-smb devstack@c-api.service[113421]: INFO cinder.api.openstack.wsgi [None req-61a56a32-59fe-4ebc-a356-f33917677270 tempest-GroupSnapshotsTest-517141374 tempest-GroupSnapshotsTest-517141374-project] http://10.222.0.46/volume/v3/71e87aab9a85440ca3f04eeb3c3b7ffc/groups/bdd68a4d-b8a9-4a82-8c3e-ab1b135ce4af returned with HTTP 200
Oct 06 11:05:33.584704 dv-cinder-860209-2-smb devstack@c-api.service[113421]: [pid: 113421|app: 0|req: 138/242] 10.222.0.46 () {60 vars in 1363 bytes} [Thu Oct 6 11:05:33 2022] GET /volume/v3/71e87aab9a85440ca3f04eeb3c3b7ffc/groups/bdd68a4d-b8a9-4a82-8c3e-ab1b135ce4af => generated 392 bytes in 36 msecs (HTTP/1.1 200) 7 headers in 286 bytes (2 switches on core 0)
Oct 06 11:05:33.595073 dv-cinder-860209-2-smb devstack@c-api.service[113421]: DEBUG cinder.api.middleware.request_id [None req-c0dc34b9-9fdb-4d4b-8d90-09f81cadab80 None None] RequestId filter calling following filter/app {{(pid=113421) _context_setter /opt/stack/cinder/cinder/api/middleware/request_id.py:62}}
Oct 06 11:05:33.599158 dv-cinder-860209-2-smb devstack@c-api.service[113421]: INFO cinder.api.openstack.wsgi [None req-c0dc34b9-9fdb-4d4b-8d90-09f81cadab80 tempest-GroupSnapshotsTest-517141374 tempest-GroupSnapshotsTest-517141374-project] PUT http://10.222.0.46/volume/v3/71e87aab9a85440ca3f04eeb3c3b7ffc/groups/bdd68a4d-b8a9-4a82-8c3e-ab1b135ce4af
Oct 06 11:05:33.599909 dv-cinder-860209-2-smb devstack@c-api.service[113421]: DEBUG cinder.api.openstack.wsgi [None req-c0dc34b9-9fdb-4d4b-8d90-09f81cadab80 tempest-GroupSnapshotsTest-517141374 tempest-GroupSnapshotsTest-517141374-project] Action: 'update', calling method: version_select, body: {"group": {"remove_volumes": "d715d803-4107-4294-95c1-f57e0431c71e"}} {{(pid=113421) _process_stack /opt/stack/cinder/cinder/api/openstack/wsgi.py:866}}
Oct 06 11:05:33.602306 dv-cinder-860209-2-smb devstack@c-api.service[113421]: DEBUG cinder.api.v3.groups [None req-c0dc34b9-9fdb-4d4b-8d90-09f81cadab80 tempest-GroupSnapshotsTest-517141374 tempest-GroupSnapshotsTest-517141374-project] Update called for group bdd68a4d-b8a9-4a82-8c3e-ab1b135ce4af. {{(pid=113421) update /opt/stack/cinder/cinder/api/v3/groups.py:302}}
Oct 06 11:05:33.602609 dv-cinder-860209-2-smb devstack@c-api.service[113421]: INFO cinder.api.v3.groups [None req-c0dc34b9-9fdb-4d4b-8d90-09f81cadab80 tempest-GroupSnapshotsTest-517141374 tempest-GroupSnapshotsTest-517141374-project] Updating group bdd68a4d-b8a9-4a82-8c3e-ab1b135ce4af with name None description: None add_volumes: None remove_volumes: d715d803-4107-4294-95c1-f57e0431c71e.
Oct 06 11:05:33.609184 dv-cinder-860209-2-smb devstack@c-api.service[113421]: /usr/local/lib/python3.8/dist-packages/oslo_context/context.py:100: DeprecationWarning: Policy enforcement is depending on the value of is_admin. This key is deprecated. Please update your policy file to use the standard policy values.
Oct 06 11:05:33.609184 dv-cinder-860209-2-smb devstack@c-api.service[113421]: warnings.warn('Policy enforcement is depending on the value of '
Oct 06 11:05:33.611661 dv-cinder-860209-2-smb devstack@c-api.service[113421]: DEBUG dbcounter [-] [113421] Writing DB stats cinder:SELECT=81,cinder:UPDATE=14,cinder:INSERT=5 {{(pid=113421) stat_writer /usr/local/lib/python3.8/dist-packages/dbcounter.py:114}}
Oct 06 11:05:33.654938 dv-cinder-860209-2-smb devstack@c-api.service[113422]: DEBUG cinder.quota [None req-d94f4ecd-2f61-41f2-8ee7-01d1b83f8506 tempest-VolumesDeleteCascade-1468513818 tempest-VolumesDeleteCascade-1468513818-project] Created reservations ['50b07026-a791-4757-88d2-753a05eb9a0b', '656e4a0d-5d83-4f9d-a410-8922f4e1fe7d', '16910729-0d76-4ffd-a309-c685999da4ca', '9ed80469-6ed2-4db7-aaeb-ecbfd4d4cca9'] {{(pid=113422) reserve /opt/stack/cinder/cinder/quota.py:755}}
Oct 06 11:05:33.657284 dv-cinder-860209-2-smb devstack@c-api.service[113421]: INFO cinder.api.openstack.wsgi [None req-c0dc34b9-9fdb-4d4b-8d90-09f81cadab80 tempest-GroupSnapshotsTest-517141374 tempest-GroupSnapshotsTest-517141374-project] http://10.222.0.46/volume/v3/71e87aab9a85440ca3f04eeb3c3b7ffc/groups/bdd68a4d-b8a9-4a82-8c3e-ab1b135ce4af returned with HTTP 202
Oct 06 11:05:33.657456 dv-cinder-860209-2-smb devstack@c-api.service[113422]: DEBUG cinder.volume.api [None req-d94f4ecd-2f61-41f2-8ee7-01d1b83f8506 tempest-VolumesDeleteCascade-1468513818 tempest-VolumesDeleteCascade-1468513818-project] Task 'cinder.volume.flows.api.create_volume.QuotaReserveTask;volume:create' (2f4a0485-77d6-4693-aeab-e28d9d6c8a0b) transitioned into state 'SUCCESS' from state 'RUNNING' with result '{'reservations': ['50b07026-a791-4757-88d2-753a05eb9a0b', '656e4a0d-5d83-4f9d-a410-8922f4e1fe7d', '16910729-0d76-4ffd-a309-c685999da4ca', '9ed80469-6ed2-4db7-aaeb-ecbfd4d4cca9']}' {{(pid=113422) _task_receiver /usr/local/lib/python3.8/dist-packages/taskflow/listeners/logging.py:178}}
Oct 06 11:05:33.659478 dv-cinder-860209-2-smb devstack@c-api.service[113422]: DEBUG cinder.volume.api [None req-d94f4ecd-2f61-41f2-8ee7-01d1b83f8506 tempest-VolumesDeleteCascade-1468513818 tempest-VolumesDeleteCascade-1468513818-project] Task 'cinder.volume.flows.api.create_volume.EntryCreateTask;volume:create' (f5b96cb5-32a2-4c86-a76b-cb766b17d37e) transitioned into state 'RUNNING' from state 'PENDING' {{(pid=113422) _task_receiver /usr/local/lib/python3.8/dist-packages/taskflow/listeners/logging.py:190}}
Oct 06 11:05:33.660331 dv-cinder-860209-2-smb devstack@c-api.service[113421]: [pid: 113421|app: 0|req: 139/243] 10.222.0.46 () {62 vars in 1383 bytes} [Thu Oct 6 11:05:33 2022] PUT /volume/v3/71e87aab9a85440ca3f04eeb3c3b7ffc/groups/bdd68a4d-b8a9-4a82-8c3e-ab1b135ce4af => generated 0 bytes in 68 msecs (HTTP/1.1 202) 6 headers in 234 bytes (2 switches on core 0)
Oct 06 11:05:33.662838 dv-cinder-860209-2-smb devstack@c-api.service[113421]: DEBUG cinder.api.middleware.request_id [None req-14efe03b-9854-4e30-9301-426b41f729f6 None None] RequestId filter calling following filter/app {{(pid=113421) _context_setter /opt/stack/cinder/cinder/api/middleware/request_id.py:62}}
Oct 06 11:05:33.667107 dv-cinder-860209-2-smb devstack@c-api.service[113421]: INFO cinder.api.openstack.wsgi [None req-14efe03b-9854-4e30-9301-426b41f729f6 tempest-GroupSnapshotsTest-517141374 tempest-GroupSnapshotsTest-517141374-project] GET http://10.222.0.46/volume/v3/71e87aab9a85440ca3f04eeb3c3b7ffc/groups/bdd68a4d-b8a9-4a82-8c3e-ab1b135ce4af
Oct 06 11:05:33.667719 dv-cinder-860209-2-smb devstack@c-api.service[113421]: DEBUG cinder.api.openstack.wsgi [None req-14efe03b-9854-4e30-9301-426b41f729f6 tempest-GroupSnapshotsTest-517141374 tempest-GroupSnapshotsTest-517141374-project] Empty body provided in request {{(pid=113421) get_body /opt/stack/cinder/cinder/api/openstack/wsgi.py:715}}
Oct 06 11:05:33.668664 dv-cinder-860209-2-smb devstack@c-api.service[113421]: DEBUG cinder.api.openstack.wsgi [None req-14efe03b-9854-4e30-9301-426b41f729f6 tempest-GroupSnapshotsTest-517141374 tempest-GroupSnapshotsTest-517141374-project] Calling method 'version_select' {{(pid=113421) _process_stack /opt/stack/cinder/cinder/api/openstack/wsgi.py:868}}
Oct 06 11:05:33.669222 dv-cinder-860209-2-smb devstack@c-api.service[113421]: DEBUG cinder.api.v3.groups [None req-14efe03b-9854-4e30-9301-426b41f729f6 tempest-GroupSnapshotsTest-517141374 tempest-GroupSnapshotsTest-517141374-project] show called for member bdd68a4d-b8a9-4a82-8c3e-ab1b135ce4af {{(pid=113421) show /opt/stack/cinder/cinder/api/v3/groups.py:58}}
Oct 06 11:05:33.675400 dv-cinder-860209-2-smb devstack@c-api.service[113421]: /usr/local/lib/python3.8/dist-packages/oslo_context/context.py:100: DeprecationWarning: Policy enforcement is depending on the value of is_admin. This key is deprecated. Please update your policy file to use the standard policy values.
Oct 06 11:05:33.675400 dv-cinder-860209-2-smb devstack@c-api.service[113421]: warnings.warn('Policy enforcement is depending on the value of '
Oct 06 11:05:33.683471 dv-cinder-860209-2-smb devstack@c-api.service[113422]: DEBUG cinder.volume.api [None req-d94f4ecd-2f61-41f2-8ee7-01d1b83f8506 tempest-VolumesDeleteCascade-1468513818 tempest-VolumesDeleteCascade-1468513818-project] Task 'cinder.volume.flows.api.create_volume.EntryCreateTask;volume:create' (f5b96cb5-32a2-4c86-a76b-cb766b17d37e) transitioned into state 'SUCCESS' from state 'RUNNING' with result '{'volume_id': 'd0a643ef-7999-4c21-bc0e-ecb6e2bde4b5', 'volume_properties': VolumeProperties(attach_status='detached',availability_zone='nova',cgsnapshot_id=None,consistencygroup_id=None,display_description=None,display_name='tempest-VolumesDeleteCascade-Volume-1851295076',encryption_key_id=None,group_id=None,group_type_id=,metadata={},multiattach=False,project_id='ebb8c9a1fa7f4e0b9a17db925b98aceb',qos_specs=None,replication_status=,reservations=['50b07026-a791-4757-88d2-753a05eb9a0b','656e4a0d-5d83-4f9d-a410-8922f4e1fe7d','16910729-0d76-4ffd-a309-c685999da4ca','9ed80469-6ed2-4db7-aaeb-ecbfd4d4cca9'],size=1,snapshot_id=None,source_replicaid=,source_volid=None,status='creating',user_id='563f4b481791426a8d61b4250071c94b',volume_type_id=b9a5b5a6-981d-47f9-989a-e5a36a8baa9e), 'volume': Volume(_name_id=None,admin_metadata=,attach_status='detached',availability_zone='nova',bootable=False,cluster=,cluster_name=None,consistencygroup=,consistencygroup_id=None,created_at=2022-10-06T11:05:33Z,deleted=False,deleted_at=None,display_description=None,display_name='tempest-VolumesDeleteCascade-Volume-1851295076',ec2_id=None,encryption_key_id=None,glance_metadata=,group=,group_id=None,host=None,id=d0a643ef-7999-4c21-bc0e-ecb6e2bde4b5,launched_at=None,metadata={},migration_status=None,multiattach=False,previous_status=None,project_id='ebb8c9a1fa7f4e0b9a17db925b98aceb',provider_auth=None,provider_geometry=None,provider_id=None,provider_location=None,replication_driver_data=None,replication_extended_status=None,replication_status=None,scheduled_at=None,service_uuid=None,shared_targets=True,size=1,snapshot_id=None,snapshots=,source_volid=None,status='creating',terminated_at=None,updated_at=None,use_quota=True,user_id='563f4b481791426a8d61b4250071c94b',volume_attachment=VolumeAttachmentList,volume_type=VolumeType(b9a5b5a6-981d-47f9-989a-e5a36a8baa9e),volume_type_id=b9a5b5a6-981d-47f9-989a-e5a36a8baa9e)}' {{(pid=113422) _task_receiver /usr/local/lib/python3.8/dist-packages/taskflow/listeners/logging.py:178}}
Oct 06 11:05:33.685382 dv-cinder-860209-2-smb devstack@c-api.service[113422]: DEBUG cinder.volume.api [None req-d94f4ecd-2f61-41f2-8ee7-01d1b83f8506 tempest-VolumesDeleteCascade-1468513818 tempest-VolumesDeleteCascade-1468513818-project] Task 'cinder.volume.flows.api.create_volume.QuotaCommitTask;volume:create' (160af489-9323-46b7-8f6a-5bf6b97ac137) transitioned into state 'RUNNING' from state 'PENDING' {{(pid=113422) _task_receiver /usr/local/lib/python3.8/dist-packages/taskflow/listeners/logging.py:190}}
Oct 06 11:05:33.692378 dv-cinder-860209-2-smb devstack@c-api.service[113421]: INFO cinder.api.openstack.wsgi [None req-14efe03b-9854-4e30-9301-426b41f729f6 tempest-GroupSnapshotsTest-517141374 tempest-GroupSnapshotsTest-517141374-project] http://10.222.0.46/volume/v3/71e87aab9a85440ca3f04eeb3c3b7ffc/groups/bdd68a4d-b8a9-4a82-8c3e-ab1b135ce4af returned with HTTP 200
Oct 06 11:05:33.693410 dv-cinder-860209-2-smb devstack@c-api.service[113421]: [pid: 113421|app: 0|req: 140/244] 10.222.0.46 () {60 vars in 1363 bytes} [Thu Oct 6 11:05:33 2022] GET /volume/v3/71e87aab9a85440ca3f04eeb3c3b7ffc/groups/bdd68a4d-b8a9-4a82-8c3e-ab1b135ce4af => generated 391 bytes in 31 msecs (HTTP/1.1 200) 7 headers in 286 bytes (2 switches on core 0)
Oct 06 11:05:33.715123 dv-cinder-860209-2-smb devstack@c-api.service[113422]: DEBUG cinder.volume.api [None req-d94f4ecd-2f61-41f2-8ee7-01d1b83f8506 tempest-VolumesDeleteCascade-1468513818 tempest-VolumesDeleteCascade-1468513818-project] Task 'cinder.volume.flows.api.create_volume.QuotaCommitTask;volume:create' (160af489-9323-46b7-8f6a-5bf6b97ac137) transitioned into state 'SUCCESS' from state 'RUNNING' with result '{'volume_properties': VolumeProperties(attach_status='detached',availability_zone='nova',cgsnapshot_id=None,consistencygroup_id=None,display_description=None,display_name='tempest-VolumesDeleteCascade-Volume-1851295076',encryption_key_id=None,group_id=None,group_type_id=,metadata={},multiattach=False,project_id='ebb8c9a1fa7f4e0b9a17db925b98aceb',qos_specs=None,replication_status=,reservations=['50b07026-a791-4757-88d2-753a05eb9a0b','656e4a0d-5d83-4f9d-a410-8922f4e1fe7d','16910729-0d76-4ffd-a309-c685999da4ca','9ed80469-6ed2-4db7-aaeb-ecbfd4d4cca9'],size=1,snapshot_id=None,source_replicaid=,source_volid=None,status='creating',user_id='563f4b481791426a8d61b4250071c94b',volume_type_id=b9a5b5a6-981d-47f9-989a-e5a36a8baa9e)}' {{(pid=113422) _task_receiver /usr/local/lib/python3.8/dist-packages/taskflow/listeners/logging.py:178}}
Oct 06 11:05:33.716975 dv-cinder-860209-2-smb devstack@c-api.service[113422]: DEBUG cinder.volume.api [None req-d94f4ecd-2f61-41f2-8ee7-01d1b83f8506 tempest-VolumesDeleteCascade-1468513818 tempest-VolumesDeleteCascade-1468513818-project] Task 'cinder.volume.flows.api.create_volume.VolumeCastTask;volume:create' (0422362a-17fd-4029-8bf2-aab8e9c776f8) transitioned into state 'RUNNING' from state 'PENDING' {{(pid=113422) _task_receiver /usr/local/lib/python3.8/dist-packages/taskflow/listeners/logging.py:190}}
