Oct 06 10:50:45.925127 dv-cinder-860209-2-iscsi devstack@keystone.service[81403]: DEBUG keystone.server.flask.request_processing.middleware.auth_context [None req-3adbe8f0-aa10-4752-80d1-7a18d165c0f4 None admin] Validating token access rules against request {{(pid=81403) validate_allowed_request /usr/local/lib/python3.8/dist-packages/keystonemiddleware/auth_token/__init__.py:545}}
Oct 06 10:50:45.993798 dv-cinder-860209-2-iscsi devstack@keystone.service[81404]: DEBUG dbcounter [-] [81404] Writing DB stats keystone:SELECT=100 {{(pid=81404) stat_writer /usr/local/lib/python3.8/dist-packages/dbcounter.py:114}}
Oct 06 10:50:45.997738 dv-cinder-860209-2-iscsi devstack@keystone.service[81403]: DEBUG keystone.server.flask.request_processing.middleware.auth_context [None req-4513de03-a0a4-4f86-95fb-41db4373eb2a None admin] RBAC: auth_context: {'token': , 'domain_id': None, 'trust_id': None, 'trustor_id': None, 'trustee_id': None, 'domain_name': None, 'group_ids': [], 'user_id': 'dd261f057dda47fbbc28e2f5e9b2f3e7', 'user_domain_id': 'default', 'system_scope': 'all', 'project_id': None, 'project_domain_id': None, 'roles': ['admin', 'member', 'reader'], 'is_admin_project': True, 'service_user_id': None, 'service_user_domain_id': None, 'service_project_id': None, 'service_project_domain_id': None, 'service_roles': []} {{(pid=81403) fill_context /opt/stack/keystone/keystone/server/flask/request_processing/middleware/auth_context.py:478}}
Oct 06 10:50:45.998356 dv-cinder-860209-2-iscsi devstack@keystone.service[81403]: DEBUG keystone.server.flask.request_processing.req_logging [None req-4513de03-a0a4-4f86-95fb-41db4373eb2a None admin] REQUEST_METHOD: `GET` {{(pid=81403) log_request_info /opt/stack/keystone/keystone/server/flask/request_processing/req_logging.py:27}}
Oct 06 10:50:45.998612 dv-cinder-860209-2-iscsi devstack@keystone.service[81403]: DEBUG keystone.server.flask.request_processing.req_logging [None req-4513de03-a0a4-4f86-95fb-41db4373eb2a None admin] SCRIPT_NAME: `/identity` {{(pid=81403) log_request_info /opt/stack/keystone/keystone/server/flask/request_processing/req_logging.py:28}}
Oct 06 10:50:46.000350 dv-cinder-860209-2-iscsi devstack@keystone.service[81403]: DEBUG keystone.server.flask.request_processing.req_logging [None req-4513de03-a0a4-4f86-95fb-41db4373eb2a None admin] PATH_INFO: `/v3/roles` {{(pid=81403) log_request_info /opt/stack/keystone/keystone/server/flask/request_processing/req_logging.py:29}}
Oct 06 10:50:46.001025 dv-cinder-860209-2-iscsi devstack@keystone.service[81403]: DEBUG keystone.common.rbac_enforcer.enforcer [None req-4513de03-a0a4-4f86-95fb-41db4373eb2a None admin] RBAC: Adding query filter params (name=anotherrole) {{(pid=81403) _extract_filter_values /opt/stack/keystone/keystone/common/rbac_enforcer/enforcer.py:167}}
Oct 06 10:50:46.001324 dv-cinder-860209-2-iscsi devstack@keystone.service[81403]: DEBUG keystone.common.rbac_enforcer.enforcer [None req-4513de03-a0a4-4f86-95fb-41db4373eb2a None admin] RBAC: Authorizing `identity:list_roles()` {{(pid=81403) enforce_call /opt/stack/keystone/keystone/common/rbac_enforcer/enforcer.py:449}}
Oct 06 10:50:46.003485 dv-cinder-860209-2-iscsi devstack@keystone.service[81403]: DEBUG keystone.common.rbac_enforcer.enforcer [None req-4513de03-a0a4-4f86-95fb-41db4373eb2a None admin] RBAC: Authorization granted {{(pid=81403) enforce_call /opt/stack/keystone/keystone/common/rbac_enforcer/enforcer.py:457}}
Oct 06 10:50:46.024073 dv-cinder-860209-2-iscsi devstack@keystone.service[81403]: [pid: 81403|app: 0|req: 172/342] 10.222.0.52 () {56 vars in 1111 bytes} [Thu Oct 6 10:50:45 2022] GET /identity/v3/roles?name=anotherrole => generated 334 bytes in 285 msecs (HTTP/1.1 200) 5 headers in 177 bytes (2 switches on core 0)
Oct 06 10:50:46.035196 dv-cinder-860209-2-iscsi devstack@keystone.service[81403]: DEBUG keystone.server.flask.request_processing.middleware.auth_context [None req-4513de03-a0a4-4f86-95fb-41db4373eb2a None admin] Authenticating user token {{(pid=81403) process_request /usr/local/lib/python3.8/dist-packages/keystonemiddleware/auth_token/__init__.py:407}}
Oct 06 10:50:46.143626 dv-cinder-860209-2-iscsi devstack@keystone.service[81404]: [pid: 81404|app: 0|req: 171/343] 10.222.0.52 () {58 vars in 1282 bytes} [Thu Oct 6 10:50:45 2022] GET /identity/v3/auth/tokens => generated 799 bytes in 538 msecs (HTTP/1.1 200) 6 headers in 358 bytes (1 switches on core 0)
Oct 06 10:50:46.160210 dv-cinder-860209-2-iscsi devstack@keystone.service[81404]: DEBUG keystone.server.flask.request_processing.middleware.auth_context [None req-f76b92fb-3430-4de6-845b-720b32835dc6 None admin] Authenticating user token {{(pid=81404) process_request /usr/local/lib/python3.8/dist-packages/keystonemiddleware/auth_token/__init__.py:407}}
Oct 06 10:50:46.259792 dv-cinder-860209-2-iscsi devstack@keystone.service[81403]: DEBUG keystone.server.flask.request_processing.middleware.auth_context [None req-4513de03-a0a4-4f86-95fb-41db4373eb2a None admin] Validating token access rules against request {{(pid=81403) validate_allowed_request /usr/local/lib/python3.8/dist-packages/keystonemiddleware/auth_token/__init__.py:545}}
Oct 06 10:50:46.321882 dv-cinder-860209-2-iscsi devstack@keystone.service[81403]: DEBUG keystone.server.flask.request_processing.middleware.auth_context [None req-642f5130-e55c-481c-bcfa-83d29ae9c70b None admin] RBAC: auth_context: {'token': , 'domain_id': None, 'trust_id': None, 'trustor_id': None, 'trustee_id': None, 'domain_name': None, 'group_ids': [], 'user_id': 'dd261f057dda47fbbc28e2f5e9b2f3e7', 'user_domain_id': 'default', 'system_scope': 'all', 'project_id': None, 'project_domain_id': None, 'roles': ['admin', 'member', 'reader'], 'is_admin_project': True, 'service_user_id': None, 'service_user_domain_id': None, 'service_project_id': None, 'service_project_domain_id': None, 'service_roles': []} {{(pid=81403) fill_context /opt/stack/keystone/keystone/server/flask/request_processing/middleware/auth_context.py:478}}
Oct 06 10:50:46.322776 dv-cinder-860209-2-iscsi devstack@keystone.service[81403]: DEBUG keystone.server.flask.request_processing.req_logging [None req-642f5130-e55c-481c-bcfa-83d29ae9c70b None admin] REQUEST_METHOD: `GET` {{(pid=81403) log_request_info /opt/stack/keystone/keystone/server/flask/request_processing/req_logging.py:27}}
Oct 06 10:50:46.323202 dv-cinder-860209-2-iscsi devstack@keystone.service[81403]: DEBUG keystone.server.flask.request_processing.req_logging [None req-642f5130-e55c-481c-bcfa-83d29ae9c70b None admin] SCRIPT_NAME: `/identity` {{(pid=81403) log_request_info /opt/stack/keystone/keystone/server/flask/request_processing/req_logging.py:28}}
Oct 06 10:50:46.323771 dv-cinder-860209-2-iscsi devstack@keystone.service[81403]: DEBUG keystone.server.flask.request_processing.req_logging [None req-642f5130-e55c-481c-bcfa-83d29ae9c70b None admin] PATH_INFO: `/v3/auth/tokens` {{(pid=81403) log_request_info /opt/stack/keystone/keystone/server/flask/request_processing/req_logging.py:29}}
Oct 06 10:50:46.334952 dv-cinder-860209-2-iscsi devstack@keystone.service[81404]: DEBUG keystone.server.flask.request_processing.middleware.auth_context [None req-f76b92fb-3430-4de6-845b-720b32835dc6 None admin] Validating token access rules against request {{(pid=81404) validate_allowed_request /usr/local/lib/python3.8/dist-packages/keystonemiddleware/auth_token/__init__.py:545}}
Oct 06 10:50:46.339955 dv-cinder-860209-2-iscsi devstack@keystone.service[81403]: DEBUG dbcounter [-] [81403] Writing DB stats keystone:SELECT=100 {{(pid=81403) stat_writer /usr/local/lib/python3.8/dist-packages/dbcounter.py:114}}
Oct 06 10:50:46.373557 dv-cinder-860209-2-iscsi devstack@keystone.service[81404]: DEBUG keystone.server.flask.request_processing.middleware.auth_context [None req-d50b500b-3d7d-4512-9339-ecfadf33438e None admin] RBAC: auth_context: {'token': , 'domain_id': None, 'trust_id': None, 'trustor_id': None, 'trustee_id': None, 'domain_name': None, 'group_ids': [], 'user_id': 'dd261f057dda47fbbc28e2f5e9b2f3e7', 'user_domain_id': 'default', 'system_scope': 'all', 'project_id': None, 'project_domain_id': None, 'roles': ['admin', 'member', 'reader'], 'is_admin_project': True, 'service_user_id': None, 'service_user_domain_id': None, 'service_project_id': None, 'service_project_domain_id': None, 'service_roles': []} {{(pid=81404) fill_context /opt/stack/keystone/keystone/server/flask/request_processing/middleware/auth_context.py:478}}
Oct 06 10:50:46.374468 dv-cinder-860209-2-iscsi devstack@keystone.service[81404]: DEBUG keystone.server.flask.request_processing.req_logging [None req-d50b500b-3d7d-4512-9339-ecfadf33438e None admin] REQUEST_METHOD: `GET` {{(pid=81404) log_request_info /opt/stack/keystone/keystone/server/flask/request_processing/req_logging.py:27}}
Oct 06 10:50:46.374929 dv-cinder-860209-2-iscsi devstack@keystone.service[81404]: DEBUG keystone.server.flask.request_processing.req_logging [None req-d50b500b-3d7d-4512-9339-ecfadf33438e None admin] SCRIPT_NAME: `/identity` {{(pid=81404) log_request_info /opt/stack/keystone/keystone/server/flask/request_processing/req_logging.py:28}}
Oct 06 10:50:46.375374 dv-cinder-860209-2-iscsi devstack@keystone.service[81404]: DEBUG keystone.server.flask.request_processing.req_logging [None req-d50b500b-3d7d-4512-9339-ecfadf33438e None admin] PATH_INFO: `/v3/projects/7f87007362fc43378dacfe7a12000392` {{(pid=81404) log_request_info /opt/stack/keystone/keystone/server/flask/request_processing/req_logging.py:29}}
Oct 06 10:50:46.378143 dv-cinder-860209-2-iscsi devstack@keystone.service[81404]: DEBUG keystone.common.rbac_enforcer.enforcer [None req-d50b500b-3d7d-4512-9339-ecfadf33438e None admin] RBAC: Authorizing `identity:get_project(project_id=7f87007362fc43378dacfe7a12000392)` {{(pid=81404) enforce_call /opt/stack/keystone/keystone/common/rbac_enforcer/enforcer.py:449}}
Oct 06 10:50:46.379820 dv-cinder-860209-2-iscsi devstack@keystone.service[81404]: DEBUG keystone.common.rbac_enforcer.enforcer [None req-d50b500b-3d7d-4512-9339-ecfadf33438e None admin] RBAC: Authorization granted {{(pid=81404) enforce_call /opt/stack/keystone/keystone/common/rbac_enforcer/enforcer.py:457}}
Oct 06 10:50:46.381985 dv-cinder-860209-2-iscsi devstack@keystone.service[81404]: [pid: 81404|app: 0|req: 172/344] 10.222.0.52 () {56 vars in 1186 bytes} [Thu Oct 6 10:50:46 2022] GET /identity/v3/projects/7f87007362fc43378dacfe7a12000392 => generated 298 bytes in 222 msecs (HTTP/1.1 200) 5 headers in 177 bytes (2 switches on core 0)
Oct 06 10:50:46.383322 dv-cinder-860209-2-iscsi devstack@keystone.service[81404]: DEBUG keystone.server.flask.request_processing.req_logging [None req-b575de4e-df9a-48c9-b06f-2517da146e3b None None] REQUEST_METHOD: `GET` {{(pid=81404) log_request_info /opt/stack/keystone/keystone/server/flask/request_processing/req_logging.py:27}}
Oct 06 10:50:46.383778 dv-cinder-860209-2-iscsi devstack@keystone.service[81404]: DEBUG keystone.server.flask.request_processing.req_logging [None req-b575de4e-df9a-48c9-b06f-2517da146e3b None None] SCRIPT_NAME: `/identity` {{(pid=81404) log_request_info /opt/stack/keystone/keystone/server/flask/request_processing/req_logging.py:28}}
Oct 06 10:50:46.384248 dv-cinder-860209-2-iscsi devstack@keystone.service[81404]: DEBUG keystone.server.flask.request_processing.req_logging [None req-b575de4e-df9a-48c9-b06f-2517da146e3b None None] PATH_INFO: `/` {{(pid=81404) log_request_info /opt/stack/keystone/keystone/server/flask/request_processing/req_logging.py:29}}
Oct 06 10:50:46.385618 dv-cinder-860209-2-iscsi devstack@keystone.service[81404]: [pid: 81404|app: 0|req: 173/345] 10.222.0.52 () {54 vars in 927 bytes} [Thu Oct 6 10:50:46 2022] GET /identity => generated 270 bytes in 3 msecs (HTTP/1.1 300) 6 headers in 234 bytes (1 switches on core 0)
Oct 06 10:50:46.386853 dv-cinder-860209-2-iscsi devstack@keystone.service[81404]: DEBUG keystone.server.flask.request_processing.req_logging [None req-4961680d-3ee5-42e5-a4a3-96542d0f9daf None None] REQUEST_METHOD: `GET` {{(pid=81404) log_request_info /opt/stack/keystone/keystone/server/flask/request_processing/req_logging.py:27}}
Oct 06 10:50:46.387371 dv-cinder-860209-2-iscsi devstack@keystone.service[81404]: DEBUG keystone.server.flask.request_processing.req_logging [None req-4961680d-3ee5-42e5-a4a3-96542d0f9daf None None] SCRIPT_NAME: `/identity` {{(pid=81404) log_request_info /opt/stack/keystone/keystone/server/flask/request_processing/req_logging.py:28}}
Oct 06 10:50:46.387804 dv-cinder-860209-2-iscsi devstack@keystone.service[81404]: DEBUG keystone.server.flask.request_processing.req_logging [None req-4961680d-3ee5-42e5-a4a3-96542d0f9daf None None] PATH_INFO: `/` {{(pid=81404) log_request_info /opt/stack/keystone/keystone/server/flask/request_processing/req_logging.py:29}}
Oct 06 10:50:46.389465 dv-cinder-860209-2-iscsi devstack@keystone.service[81404]: [pid: 81404|app: 0|req: 174/346] 10.222.0.52 () {54 vars in 927 bytes} [Thu Oct 6 10:50:46 2022] GET /identity => generated 270 bytes in 3 msecs (HTTP/1.1 300) 6 headers in 234 bytes (1 switches on core 0)
Oct 06 10:50:46.397705 dv-cinder-860209-2-iscsi devstack@keystone.service[81404]: DEBUG keystone.server.flask.request_processing.req_logging [None req-e81e2be2-f043-4147-8286-43f7e52fce10 None None] REQUEST_METHOD: `POST` {{(pid=81404) log_request_info /opt/stack/keystone/keystone/server/flask/request_processing/req_logging.py:27}}
Oct 06 10:50:46.398297 dv-cinder-860209-2-iscsi devstack@keystone.service[81404]: DEBUG keystone.server.flask.request_processing.req_logging [None req-e81e2be2-f043-4147-8286-43f7e52fce10 None None] SCRIPT_NAME: `/identity` {{(pid=81404) log_request_info /opt/stack/keystone/keystone/server/flask/request_processing/req_logging.py:28}}
Oct 06 10:50:46.398772 dv-cinder-860209-2-iscsi devstack@keystone.service[81404]: DEBUG keystone.server.flask.request_processing.req_logging [None req-e81e2be2-f043-4147-8286-43f7e52fce10 None None] PATH_INFO: `/v3/auth/tokens` {{(pid=81404) log_request_info /opt/stack/keystone/keystone/server/flask/request_processing/req_logging.py:29}}
Oct 06 10:50:46.418284 dv-cinder-860209-2-iscsi devstack@keystone.service[81403]: DEBUG keystone.common.rbac_enforcer.enforcer [None req-642f5130-e55c-481c-bcfa-83d29ae9c70b None admin] RBAC: Authorizing `identity:validate_token()` {{(pid=81403) enforce_call /opt/stack/keystone/keystone/common/rbac_enforcer/enforcer.py:449}}
Oct 06 10:50:46.420286 dv-cinder-860209-2-iscsi devstack@keystone.service[81403]: DEBUG keystone.common.rbac_enforcer.enforcer [None req-642f5130-e55c-481c-bcfa-83d29ae9c70b None admin] RBAC: Authorization granted {{(pid=81403) enforce_call /opt/stack/keystone/keystone/common/rbac_enforcer/enforcer.py:457}}
Oct 06 10:50:46.420507 dv-cinder-860209-2-iscsi devstack@keystone.service[81404]: DEBUG keystone.auth.core [None req-e81e2be2-f043-4147-8286-43f7e52fce10 None None] MFA Rules not processed for user `dd261f057dda47fbbc28e2f5e9b2f3e7`. Rule list: `[]` (Enabled: `True`). {{(pid=81404) check_auth_methods_against_rules /opt/stack/keystone/keystone/auth/core.py:438}}
Oct 06 10:50:46.421740 dv-cinder-860209-2-iscsi devstack@keystone.service[81404]: DEBUG keystone.common.fernet_utils [None req-e81e2be2-f043-4147-8286-43f7e52fce10 None None] Loaded 2 Fernet keys from /etc/keystone/fernet-keys/, but `[fernet_tokens] max_active_keys = 3`; perhaps there have not been enough key rotations to reach `max_active_keys` yet? {{(pid=81404) load_keys /opt/stack/keystone/keystone/common/fernet_utils.py:286}}
Oct 06 10:50:46.426867 dv-cinder-860209-2-iscsi devstack@keystone.service[81404]: DEBUG dbcounter [-] [81404] Writing DB stats keystone:SELECT=100 {{(pid=81404) stat_writer /usr/local/lib/python3.8/dist-packages/dbcounter.py:114}}
Oct 06 10:50:46.519341 dv-cinder-860209-2-iscsi devstack@keystone.service[81404]: [pid: 81404|app: 0|req: 175/347] 10.222.0.52 () {58 vars in 1024 bytes} [Thu Oct 6 10:50:46 2022] POST /identity/v3/auth/tokens => generated 799 bytes in 122 msecs (HTTP/1.1 201) 6 headers in 363 bytes (1 switches on core 0)
Oct 06 10:50:46.520232 dv-cinder-860209-2-iscsi devstack@keystone.service[81404]: DEBUG keystone.server.flask.request_processing.middleware.auth_context [None req-e81e2be2-f043-4147-8286-43f7e52fce10 None None] Authenticating user token {{(pid=81404) process_request /usr/local/lib/python3.8/dist-packages/keystonemiddleware/auth_token/__init__.py:407}}
Oct 06 10:50:46.557139 dv-cinder-860209-2-iscsi devstack@keystone.service[81403]: [pid: 81403|app: 0|req: 173/348] 10.222.0.52 () {58 vars in 1282 bytes} [Thu Oct 6 10:50:46 2022] GET /identity/v3/auth/tokens => generated 799 bytes in 522 msecs (HTTP/1.1 200) 6 headers in 358 bytes (1 switches on core 0)
Oct 06 10:50:46.558544 dv-cinder-860209-2-iscsi devstack@keystone.service[81403]: DEBUG keystone.server.flask.request_processing.req_logging [None req-10675fc5-566e-4ab9-a363-bf2f162c8915 None None] REQUEST_METHOD: `POST` {{(pid=81403) log_request_info /opt/stack/keystone/keystone/server/flask/request_processing/req_logging.py:27}}
Oct 06 10:50:46.558883 dv-cinder-860209-2-iscsi devstack@keystone.service[81403]: DEBUG keystone.server.flask.request_processing.req_logging [None req-10675fc5-566e-4ab9-a363-bf2f162c8915 None None] SCRIPT_NAME: `/identity` {{(pid=81403) log_request_info /opt/stack/keystone/keystone/server/flask/request_processing/req_logging.py:28}}
Oct 06 10:50:46.559135 dv-cinder-860209-2-iscsi devstack@keystone.service[81403]: DEBUG keystone.server.flask.request_processing.req_logging [None req-10675fc5-566e-4ab9-a363-bf2f162c8915 None None] PATH_INFO: `/v3/auth/tokens` {{(pid=81403) log_request_info /opt/stack/keystone/keystone/server/flask/request_processing/req_logging.py:29}}
Oct 06 10:50:46.583682 dv-cinder-860209-2-iscsi devstack@keystone.service[81403]: DEBUG keystone.auth.core [None req-10675fc5-566e-4ab9-a363-bf2f162c8915 None None] MFA Rules not processed for user `dd261f057dda47fbbc28e2f5e9b2f3e7`. Rule list: `[]` (Enabled: `True`). {{(pid=81403) check_auth_methods_against_rules /opt/stack/keystone/keystone/auth/core.py:438}}
Oct 06 10:50:46.585184 dv-cinder-860209-2-iscsi devstack@keystone.service[81403]: DEBUG keystone.common.fernet_utils [None req-10675fc5-566e-4ab9-a363-bf2f162c8915 None None] Loaded 2 Fernet keys from /etc/keystone/fernet-keys/, but `[fernet_tokens] max_active_keys = 3`; perhaps there have not been enough key rotations to reach `max_active_keys` yet? {{(pid=81403) load_keys /opt/stack/keystone/keystone/common/fernet_utils.py:286}}
Oct 06 10:50:46.623599 dv-cinder-860209-2-iscsi devstack@keystone.service[81403]: DEBUG dbcounter [-] [81403] Writing DB stats keystone:SELECT=100 {{(pid=81403) stat_writer /usr/local/lib/python3.8/dist-packages/dbcounter.py:114}}
Oct 06 10:50:46.660053 dv-cinder-860209-2-iscsi devstack@keystone.service[81403]: [pid: 81403|app: 0|req: 174/349] 10.222.0.52 () {58 vars in 1024 bytes} [Thu Oct 6 10:50:46 2022] POST /identity/v3/auth/tokens => generated 799 bytes in 102 msecs (HTTP/1.1 201) 6 headers in 363 bytes (1 switches on core 0)
Oct 06 10:50:46.660763 dv-cinder-860209-2-iscsi devstack@keystone.service[81403]: DEBUG keystone.server.flask.request_processing.middleware.auth_context [None req-10675fc5-566e-4ab9-a363-bf2f162c8915 None None] Authenticating user token {{(pid=81403) process_request /usr/local/lib/python3.8/dist-packages/keystonemiddleware/auth_token/__init__.py:407}}
Oct 06 10:50:46.732466 dv-cinder-860209-2-iscsi devstack@keystone.service[81404]: DEBUG keystone.server.flask.request_processing.middleware.auth_context [None req-e81e2be2-f043-4147-8286-43f7e52fce10 None None] Validating token access rules against request {{(pid=81404) validate_allowed_request /usr/local/lib/python3.8/dist-packages/keystonemiddleware/auth_token/__init__.py:545}}
Oct 06 10:50:46.772293 dv-cinder-860209-2-iscsi devstack@keystone.service[81403]: DEBUG keystone.server.flask.request_processing.middleware.auth_context [None req-10675fc5-566e-4ab9-a363-bf2f162c8915 None None] Validating token access rules against request {{(pid=81403) validate_allowed_request /usr/local/lib/python3.8/dist-packages/keystonemiddleware/auth_token/__init__.py:545}}
Oct 06 10:50:46.809977 dv-cinder-860209-2-iscsi devstack@keystone.service[81403]: DEBUG keystone.server.flask.request_processing.middleware.auth_context [None req-272c4ff2-8503-4551-bfdb-4c5e78d81074 None admin] RBAC: auth_context: {'token': , 'domain_id': None, 'trust_id': None, 'trustor_id': None, 'trustee_id': None, 'domain_name': None, 'group_ids': [], 'user_id': 'dd261f057dda47fbbc28e2f5e9b2f3e7', 'user_domain_id': 'default', 'system_scope': 'all', 'project_id': None, 'project_domain_id': None, 'roles': ['admin', 'member', 'reader'], 'is_admin_project': True, 'service_user_id': None, 'service_user_domain_id': None, 'service_project_id': None, 'service_project_domain_id': None, 'service_roles': []} {{(pid=81403) fill_context /opt/stack/keystone/keystone/server/flask/request_processing/middleware/auth_context.py:478}}
Oct 06 10:50:46.810890 dv-cinder-860209-2-iscsi devstack@keystone.service[81403]: DEBUG keystone.server.flask.request_processing.req_logging [None req-272c4ff2-8503-4551-bfdb-4c5e78d81074 None admin] REQUEST_METHOD: `GET` {{(pid=81403) log_request_info /opt/stack/keystone/keystone/server/flask/request_processing/req_logging.py:27}}
Oct 06 10:50:46.811406 dv-cinder-860209-2-iscsi devstack@keystone.service[81403]: DEBUG keystone.server.flask.request_processing.req_logging [None req-272c4ff2-8503-4551-bfdb-4c5e78d81074 None admin] SCRIPT_NAME: `/identity` {{(pid=81403) log_request_info /opt/stack/keystone/keystone/server/flask/request_processing/req_logging.py:28}}
Oct 06 10:50:46.811816 dv-cinder-860209-2-iscsi devstack@keystone.service[81403]: DEBUG keystone.server.flask.request_processing.req_logging [None req-272c4ff2-8503-4551-bfdb-4c5e78d81074 None admin] PATH_INFO: `/v3/projects/7f87007362fc43378dacfe7a12000392` {{(pid=81403) log_request_info /opt/stack/keystone/keystone/server/flask/request_processing/req_logging.py:29}}
Oct 06 10:50:46.812304 dv-cinder-860209-2-iscsi devstack@keystone.service[81404]: DEBUG keystone.server.flask.request_processing.middleware.auth_context [None req-e0f526b7-c102-4b96-8c0a-fd42ac7f0232 None admin] RBAC: auth_context: {'token': , 'domain_id': None, 'trust_id': None, 'trustor_id': None, 'trustee_id': None, 'domain_name': None, 'group_ids': [], 'user_id': 'dd261f057dda47fbbc28e2f5e9b2f3e7', 'user_domain_id': 'default', 'system_scope': 'all', 'project_id': None, 'project_domain_id': None, 'roles': ['admin', 'member', 'reader'], 'is_admin_project': True, 'service_user_id': None, 'service_user_domain_id': None, 'service_project_id': None, 'service_project_domain_id': None, 'service_roles': []} {{(pid=81404) fill_context /opt/stack/keystone/keystone/server/flask/request_processing/middleware/auth_context.py:478}}
Oct 06 10:50:46.813042 dv-cinder-860209-2-iscsi devstack@keystone.service[81404]: DEBUG keystone.server.flask.request_processing.req_logging [None req-e0f526b7-c102-4b96-8c0a-fd42ac7f0232 None admin] REQUEST_METHOD: `GET` {{(pid=81404) log_request_info /opt/stack/keystone/keystone/server/flask/request_processing/req_logging.py:27}}
Oct 06 10:50:46.813422 dv-cinder-860209-2-iscsi devstack@keystone.service[81404]: DEBUG keystone.server.flask.request_processing.req_logging [None req-e0f526b7-c102-4b96-8c0a-fd42ac7f0232 None admin] SCRIPT_NAME: `/identity` {{(pid=81404) log_request_info /opt/stack/keystone/keystone/server/flask/request_processing/req_logging.py:28}}
Oct 06 10:50:46.813609 dv-cinder-860209-2-iscsi devstack@keystone.service[81403]: DEBUG keystone.common.rbac_enforcer.enforcer [None req-272c4ff2-8503-4551-bfdb-4c5e78d81074 None admin] RBAC: Authorizing `identity:get_project(project_id=7f87007362fc43378dacfe7a12000392)` {{(pid=81403) enforce_call /opt/stack/keystone/keystone/common/rbac_enforcer/enforcer.py:449}}
Oct 06 10:50:46.813926 dv-cinder-860209-2-iscsi devstack@keystone.service[81404]: DEBUG keystone.server.flask.request_processing.req_logging [None req-e0f526b7-c102-4b96-8c0a-fd42ac7f0232 None admin] PATH_INFO: `/v3/groups/3472354601c1437eab2c2ef020cd1e79` {{(pid=81404) log_request_info /opt/stack/keystone/keystone/server/flask/request_processing/req_logging.py:29}}
Oct 06 10:50:46.816327 dv-cinder-860209-2-iscsi devstack@keystone.service[81403]: DEBUG keystone.common.rbac_enforcer.enforcer [None req-272c4ff2-8503-4551-bfdb-4c5e78d81074 None admin] RBAC: Authorization granted {{(pid=81403) enforce_call /opt/stack/keystone/keystone/common/rbac_enforcer/enforcer.py:457}}
Oct 06 10:50:46.818140 dv-cinder-860209-2-iscsi devstack@keystone.service[81403]: [pid: 81403|app: 0|req: 175/350] 10.222.0.52 () {56 vars in 1186 bytes} [Thu Oct 6 10:50:46 2022] GET /identity/v3/projects/7f87007362fc43378dacfe7a12000392 => generated 298 bytes in 158 msecs (HTTP/1.1 200) 5 headers in 177 bytes (1 switches on core 0)
Oct 06 10:50:46.823598 dv-cinder-860209-2-iscsi devstack@keystone.service[81403]: DEBUG keystone.server.flask.request_processing.middleware.auth_context [None req-272c4ff2-8503-4551-bfdb-4c5e78d81074 None admin] Authenticating user token {{(pid=81403) process_request /usr/local/lib/python3.8/dist-packages/keystonemiddleware/auth_token/__init__.py:407}}
Oct 06 10:50:46.844545 dv-cinder-860209-2-iscsi devstack@keystone.service[81404]: DEBUG keystone.common.rbac_enforcer.enforcer [None req-e0f526b7-c102-4b96-8c0a-fd42ac7f0232 None admin] RBAC: Authorizing `identity:get_group(group_id=3472354601c1437eab2c2ef020cd1e79)` {{(pid=81404) enforce_call /opt/stack/keystone/keystone/common/rbac_enforcer/enforcer.py:449}}
Oct 06 10:50:46.846937 dv-cinder-860209-2-iscsi devstack@keystone.service[81404]: DEBUG keystone.common.rbac_enforcer.enforcer [None req-e0f526b7-c102-4b96-8c0a-fd42ac7f0232 None admin] RBAC: Authorization granted {{(pid=81404) enforce_call /opt/stack/keystone/keystone/common/rbac_enforcer/enforcer.py:457}}
Oct 06 10:50:46.848662 dv-cinder-860209-2-iscsi devstack@keystone.service[81404]: [pid: 81404|app: 0|req: 176/351] 10.222.0.52 () {56 vars in 1180 bytes} [Thu Oct 6 10:50:46 2022] GET /identity/v3/groups/3472354601c1437eab2c2ef020cd1e79 => generated 226 bytes in 329 msecs (HTTP/1.1 200) 5 headers in 177 bytes (1 switches on core 0)
Oct 06 10:50:46.854546 dv-cinder-860209-2-iscsi devstack@keystone.service[81404]: DEBUG keystone.server.flask.request_processing.middleware.auth_context [None req-e0f526b7-c102-4b96-8c0a-fd42ac7f0232 None admin] Authenticating user token {{(pid=81404) process_request /usr/local/lib/python3.8/dist-packages/keystonemiddleware/auth_token/__init__.py:407}}
Oct 06 10:50:46.870474 dv-cinder-860209-2-iscsi devstack@keystone.service[81403]: DEBUG dbcounter [-] [81403] Writing DB stats keystone:SELECT=100 {{(pid=81403) stat_writer /usr/local/lib/python3.8/dist-packages/dbcounter.py:114}}
Oct 06 10:50:46.873093 dv-cinder-860209-2-iscsi devstack@keystone.service[81404]: DEBUG dbcounter [-] [81404] Writing DB stats keystone:SELECT=100 {{(pid=81404) stat_writer /usr/local/lib/python3.8/dist-packages/dbcounter.py:114}}
Oct 06 10:50:46.938365 dv-cinder-860209-2-iscsi devstack@keystone.service[81403]: DEBUG keystone.server.flask.request_processing.middleware.auth_context [None req-272c4ff2-8503-4551-bfdb-4c5e78d81074 None admin] Validating token access rules against request {{(pid=81403) validate_allowed_request /usr/local/lib/python3.8/dist-packages/keystonemiddleware/auth_token/__init__.py:545}}
Oct 06 10:50:46.979707 dv-cinder-860209-2-iscsi devstack@keystone.service[81403]: DEBUG keystone.server.flask.request_processing.middleware.auth_context [None req-66d46aae-c8d6-4f72-9388-dc58e400ea4e None admin] RBAC: auth_context: {'token': , 'domain_id': None, 'trust_id': None, 'trustor_id': None, 'trustee_id': None, 'domain_name': None, 'group_ids': [], 'user_id': 'dd261f057dda47fbbc28e2f5e9b2f3e7', 'user_domain_id': 'default', 'system_scope': 'all', 'project_id': None, 'project_domain_id': None, 'roles': ['admin', 'member', 'reader'], 'is_admin_project': True, 'service_user_id': None, 'service_user_domain_id': None, 'service_project_id': None, 'service_project_domain_id': None, 'service_roles': []} {{(pid=81403) fill_context /opt/stack/keystone/keystone/server/flask/request_processing/middleware/auth_context.py:478}}
Oct 06 10:50:46.980370 dv-cinder-860209-2-iscsi devstack@keystone.service[81403]: DEBUG keystone.server.flask.request_processing.req_logging [None req-66d46aae-c8d6-4f72-9388-dc58e400ea4e None admin] REQUEST_METHOD: `GET` {{(pid=81403) log_request_info /opt/stack/keystone/keystone/server/flask/request_processing/req_logging.py:27}}
Oct 06 10:50:46.980701 dv-cinder-860209-2-iscsi devstack@keystone.service[81403]: DEBUG keystone.server.flask.request_processing.req_logging [None req-66d46aae-c8d6-4f72-9388-dc58e400ea4e None admin] SCRIPT_NAME: `/identity` {{(pid=81403) log_request_info /opt/stack/keystone/keystone/server/flask/request_processing/req_logging.py:28}}
Oct 06 10:50:46.980979 dv-cinder-860209-2-iscsi devstack@keystone.service[81403]: DEBUG keystone.server.flask.request_processing.req_logging [None req-66d46aae-c8d6-4f72-9388-dc58e400ea4e None admin] PATH_INFO: `/v3/groups/3472354601c1437eab2c2ef020cd1e79` {{(pid=81403) log_request_info /opt/stack/keystone/keystone/server/flask/request_processing/req_logging.py:29}}
Oct 06 10:50:46.982084 dv-cinder-860209-2-iscsi devstack@keystone.service[81403]: DEBUG keystone.common.rbac_enforcer.enforcer [None req-66d46aae-c8d6-4f72-9388-dc58e400ea4e None admin] RBAC: Authorizing `identity:get_group(group_id=3472354601c1437eab2c2ef020cd1e79)` {{(pid=81403) enforce_call /opt/stack/keystone/keystone/common/rbac_enforcer/enforcer.py:449}}
Oct 06 10:50:46.983732 dv-cinder-860209-2-iscsi devstack@keystone.service[81403]: DEBUG keystone.common.rbac_enforcer.enforcer [None req-66d46aae-c8d6-4f72-9388-dc58e400ea4e None admin] RBAC: Authorization granted {{(pid=81403) enforce_call /opt/stack/keystone/keystone/common/rbac_enforcer/enforcer.py:457}}
Oct 06 10:50:46.985915 dv-cinder-860209-2-iscsi devstack@keystone.service[81403]: [pid: 81403|app: 0|req: 176/352] 10.222.0.52 () {56 vars in 1180 bytes} [Thu Oct 6 10:50:46 2022] GET /identity/v3/groups/3472354601c1437eab2c2ef020cd1e79 => generated 226 bytes in 163 msecs (HTTP/1.1 200) 5 headers in 177 bytes (2 switches on core 0)
Oct 06 10:50:46.986686 dv-cinder-860209-2-iscsi devstack@keystone.service[81403]: DEBUG keystone.server.flask.request_processing.middleware.auth_context [None req-66d46aae-c8d6-4f72-9388-dc58e400ea4e None admin] Authenticating user token {{(pid=81403) process_request /usr/local/lib/python3.8/dist-packages/keystonemiddleware/auth_token/__init__.py:407}}
Oct 06 10:50:47.055241 dv-cinder-860209-2-iscsi devstack@keystone.service[81404]: DEBUG keystone.server.flask.request_processing.middleware.auth_context [None req-e0f526b7-c102-4b96-8c0a-fd42ac7f0232 None admin] Validating token access rules against request {{(pid=81404) validate_allowed_request /usr/local/lib/python3.8/dist-packages/keystonemiddleware/auth_token/__init__.py:545}}
Oct 06 10:50:47.105542 dv-cinder-860209-2-iscsi devstack@keystone.service[81404]: DEBUG keystone.server.flask.request_processing.middleware.auth_context [None req-92539ae5-e93d-4561-bd1c-551b19ea332f None admin] RBAC: auth_context: {'token': , 'domain_id': None, 'trust_id': None, 'trustor_id': None, 'trustee_id': None, 'domain_name': None, 'group_ids': [], 'user_id': 'dd261f057dda47fbbc28e2f5e9b2f3e7', 'user_domain_id': 'default', 'system_scope': 'all', 'project_id': None, 'project_domain_id': None, 'roles': ['admin', 'member', 'reader'], 'is_admin_project': True, 'service_user_id': None, 'service_user_domain_id': None, 'service_project_id': None, 'service_project_domain_id': None, 'service_roles': []} {{(pid=81404) fill_context /opt/stack/keystone/keystone/server/flask/request_processing/middleware/auth_context.py:478}}
Oct 06 10:50:47.107275 dv-cinder-860209-2-iscsi devstack@keystone.service[81404]: DEBUG keystone.server.flask.request_processing.req_logging [None req-92539ae5-e93d-4561-bd1c-551b19ea332f None admin] REQUEST_METHOD: `GET` {{(pid=81404) log_request_info /opt/stack/keystone/keystone/server/flask/request_processing/req_logging.py:27}}
Oct 06 10:50:47.107707 dv-cinder-860209-2-iscsi devstack@keystone.service[81404]: DEBUG keystone.server.flask.request_processing.req_logging [None req-92539ae5-e93d-4561-bd1c-551b19ea332f None admin] SCRIPT_NAME: `/identity` {{(pid=81404) log_request_info /opt/stack/keystone/keystone/server/flask/request_processing/req_logging.py:28}}
Oct 06 10:50:47.108171 dv-cinder-860209-2-iscsi devstack@keystone.service[81404]: DEBUG keystone.server.flask.request_processing.req_logging [None req-92539ae5-e93d-4561-bd1c-551b19ea332f None admin] PATH_INFO: `/v3/role_assignments` {{(pid=81404) log_request_info /opt/stack/keystone/keystone/server/flask/request_processing/req_logging.py:29}}
Oct 06 10:50:47.109141 dv-cinder-860209-2-iscsi devstack@keystone.service[81404]: DEBUG keystone.common.rbac_enforcer.enforcer [None req-92539ae5-e93d-4561-bd1c-551b19ea332f None admin] RBAC: Adding query filter params (group.id=3472354601c1437eab2c2ef020cd1e79, role.id=1a3c6cbe3fb44e9a812652129507717e, scope.project.id=7f87007362fc43378dacfe7a12000392) {{(pid=81404) _extract_filter_values /opt/stack/keystone/keystone/common/rbac_enforcer/enforcer.py:167}}
Oct 06 10:50:47.109592 dv-cinder-860209-2-iscsi devstack@keystone.service[81404]: DEBUG keystone.common.rbac_enforcer.enforcer [None req-92539ae5-e93d-4561-bd1c-551b19ea332f None admin] RBAC: Authorizing `identity:list_role_assignments()` {{(pid=81404) enforce_call /opt/stack/keystone/keystone/common/rbac_enforcer/enforcer.py:449}}
Oct 06 10:50:47.111295 dv-cinder-860209-2-iscsi devstack@keystone.service[81404]: DEBUG keystone.common.rbac_enforcer.enforcer [None req-92539ae5-e93d-4561-bd1c-551b19ea332f None admin] RBAC: Authorization granted {{(pid=81404) enforce_call /opt/stack/keystone/keystone/common/rbac_enforcer/enforcer.py:457}}
Oct 06 10:50:47.119202 dv-cinder-860209-2-iscsi devstack@keystone.service[81404]: [pid: 81404|app: 0|req: 177/353] 10.222.0.52 () {56 vars in 1376 bytes} [Thu Oct 6 10:50:46 2022] GET /identity/v3/role_assignments?group.id=3472354601c1437eab2c2ef020cd1e79&scope.project.id=7f87007362fc43378dacfe7a12000392&role.id=1a3c6cbe3fb44e9a812652129507717e => generated 260 bytes in 265 msecs (HTTP/1.1 200) 5 headers in 177 bytes (2 switches on core 0)
Oct 06 10:50:47.120420 dv-cinder-860209-2-iscsi devstack@keystone.service[81404]: DEBUG keystone.server.flask.request_processing.middleware.auth_context [None req-92539ae5-e93d-4561-bd1c-551b19ea332f None admin] Authenticating user token {{(pid=81404) process_request /usr/local/lib/python3.8/dist-packages/keystonemiddleware/auth_token/__init__.py:407}}
Oct 06 10:50:47.144550 dv-cinder-860209-2-iscsi devstack@keystone.service[81403]: DEBUG keystone.server.flask.request_processing.middleware.auth_context [None req-66d46aae-c8d6-4f72-9388-dc58e400ea4e None admin] Validating token access rules against request {{(pid=81403) validate_allowed_request /usr/local/lib/python3.8/dist-packages/keystonemiddleware/auth_token/__init__.py:545}}
Oct 06 10:50:47.156510 dv-cinder-860209-2-iscsi devstack@keystone.service[81403]: DEBUG dbcounter [-] [81403] Writing DB stats keystone:SELECT=100 {{(pid=81403) stat_writer /usr/local/lib/python3.8/dist-packages/dbcounter.py:114}}
Oct 06 10:50:47.194324 dv-cinder-860209-2-iscsi devstack@keystone.service[81403]: DEBUG keystone.server.flask.request_processing.middleware.auth_context [None req-f45c0589-c229-4c3f-9167-e86ec73c26de None admin] RBAC: auth_context: {'token': , 'domain_id': None, 'trust_id': None, 'trustor_id': None, 'trustee_id': None, 'domain_name': None, 'group_ids': [], 'user_id': 'dd261f057dda47fbbc28e2f5e9b2f3e7', 'user_domain_id': 'default', 'system_scope': 'all', 'project_id': None, 'project_domain_id': None, 'roles': ['admin', 'member', 'reader'], 'is_admin_project': True, 'service_user_id': None, 'service_user_domain_id': None, 'service_project_id': None, 'service_project_domain_id': None, 'service_roles': []} {{(pid=81403) fill_context /opt/stack/keystone/keystone/server/flask/request_processing/middleware/auth_context.py:478}}
Oct 06 10:50:47.195282 dv-cinder-860209-2-iscsi devstack@keystone.service[81403]: DEBUG keystone.server.flask.request_processing.req_logging [None req-f45c0589-c229-4c3f-9167-e86ec73c26de None admin] REQUEST_METHOD: `GET` {{(pid=81403) log_request_info /opt/stack/keystone/keystone/server/flask/request_processing/req_logging.py:27}}
Oct 06 10:50:47.195770 dv-cinder-860209-2-iscsi devstack@keystone.service[81403]: DEBUG keystone.server.flask.request_processing.req_logging [None req-f45c0589-c229-4c3f-9167-e86ec73c26de None admin] SCRIPT_NAME: `/identity` {{(pid=81403) log_request_info /opt/stack/keystone/keystone/server/flask/request_processing/req_logging.py:28}}
Oct 06 10:50:47.196287 dv-cinder-860209-2-iscsi devstack@keystone.service[81403]: DEBUG keystone.server.flask.request_processing.req_logging [None req-f45c0589-c229-4c3f-9167-e86ec73c26de None admin] PATH_INFO: `/v3/roles/reader` {{(pid=81403) log_request_info /opt/stack/keystone/keystone/server/flask/request_processing/req_logging.py:29}}
Oct 06 10:50:47.210431 dv-cinder-860209-2-iscsi devstack@keystone.service[81403]: DEBUG keystone.common.rbac_enforcer.enforcer [None req-f45c0589-c229-4c3f-9167-e86ec73c26de None admin] Extracting inferred target data resulted in "NOT FOUND (404)". {{(pid=81403) enforce_call /opt/stack/keystone/keystone/common/rbac_enforcer/enforcer.py:409}}
Oct 06 10:50:47.216836 dv-cinder-860209-2-iscsi devstack@keystone.service[81403]: ERROR keystone.server.flask.application [None req-f45c0589-c229-4c3f-9167-e86ec73c26de None admin] Could not find role: reader.: keystone.exception.RoleNotFound: Could not find role: reader.
Oct 06 10:50:47.216836 dv-cinder-860209-2-iscsi devstack@keystone.service[81403]: ERROR keystone.server.flask.application
Traceback (most recent call last):
Oct 06 10:50:47.216836 dv-cinder-860209-2-iscsi devstack@keystone.service[81403]: ERROR keystone.server.flask.application
File "/usr/local/lib/python3.8/dist-packages/flask/app.py", line 1820, in full_dispatch_request
Oct 06 10:50:47.216836 dv-cinder-860209-2-iscsi devstack@keystone.service[81403]: ERROR keystone.server.flask.application rv = self.dispatch_request()
Oct 06 10:50:47.216836 dv-cinder-860209-2-iscsi devstack@keystone.service[81403]: ERROR keystone.server.flask.application
File "/usr/local/lib/python3.8/dist-packages/flask/app.py", line 1796, in dispatch_request
Oct 06 10:50:47.216836 dv-cinder-860209-2-iscsi devstack@keystone.service[81403]: ERROR keystone.server.flask.application return self.ensure_sync(self.view_functions[rule.endpoint])(**view_args)
Oct 06 10:50:47.216836 dv-cinder-860209-2-iscsi devstack@keystone.service[81403]: ERROR keystone.server.flask.application
File "/usr/local/lib/python3.8/dist-packages/flask_restful/__init__.py", line 467, in wrapper
Oct 06 10:50:47.216836 dv-cinder-860209-2-iscsi devstack@keystone.service[81403]: ERROR keystone.server.flask.application resp = resource(*args, **kwargs)
Oct 06 10:50:47.216836 dv-cinder-860209-2-iscsi devstack@keystone.service[81403]: ERROR keystone.server.flask.application
File "/usr/local/lib/python3.8/dist-packages/flask/views.py", line 107, in view
Oct 06 10:50:47.216836 dv-cinder-860209-2-iscsi devstack@keystone.service[81403]: ERROR keystone.server.flask.application return current_app.ensure_sync(self.dispatch_request)(**kwargs)
Oct 06 10:50:47.216836 dv-cinder-860209-2-iscsi devstack@keystone.service[81403]: ERROR keystone.server.flask.application
File "/usr/local/lib/python3.8/dist-packages/flask_restful/__init__.py", line 582, in dispatch_request
Oct 06 10:50:47.216836 dv-cinder-860209-2-iscsi devstack@keystone.service[81403]: ERROR keystone.server.flask.application resp = meth(*args, **kwargs)
Oct 06 10:50:47.216836 dv-cinder-860209-2-iscsi devstack@keystone.service[81403]: ERROR keystone.server.flask.application
File "/opt/stack/keystone/keystone/api/roles.py", line 50, in get
Oct 06 10:50:47.216836 dv-cinder-860209-2-iscsi devstack@keystone.service[81403]: ERROR keystone.server.flask.application return self._get_role(role_id)
Oct 06 10:50:47.216836 dv-cinder-860209-2-iscsi devstack@keystone.service[81403]: ERROR keystone.server.flask.application
File "/opt/stack/keystone/keystone/api/roles.py", line 70, in _get_role
Oct 06 10:50:47.216836 dv-cinder-860209-2-iscsi devstack@keystone.service[81403]: ERROR keystone.server.flask.application ENFORCER.enforce_call(action='identity:get_role')
Oct 06 10:50:47.217808 dv-cinder-860209-2-iscsi devstack@keystone.service[81403]: ERROR keystone.server.flask.application
File "/opt/stack/keystone/keystone/common/rbac_enforcer/enforcer.py", line 402, in enforce_call
Oct 06 10:50:47.217808 dv-cinder-860209-2-iscsi devstack@keystone.service[81403]: ERROR keystone.server.flask.application policy_dict.update(cls._extract_member_target_data(
Oct 06 10:50:47.217808 dv-cinder-860209-2-iscsi devstack@keystone.service[81403]: ERROR keystone.server.flask.application
File "/opt/stack/keystone/keystone/common/rbac_enforcer/enforcer.py", line 234, in _extract_member_target_data
Oct 06 10:50:47.217808 dv-cinder-860209-2-iscsi devstack@keystone.service[81403]: ERROR keystone.server.flask.application member_name: func(flask.request.view_args[key])
Oct 06 10:50:47.217808 dv-cinder-860209-2-iscsi devstack@keystone.service[81403]: ERROR keystone.server.flask.application
File "/opt/stack/keystone/keystone/common/manager.py", line 115, in wrapped
Oct 06 10:50:47.217808 dv-cinder-860209-2-iscsi devstack@keystone.service[81403]: ERROR keystone.server.flask.application __ret_val = __f(*args, **kwargs)
Oct 06 10:50:47.217808 dv-cinder-860209-2-iscsi devstack@keystone.service[81403]: ERROR keystone.server.flask.application
File "/usr/local/lib/python3.8/dist-packages/decorator.py", line 232, in fun
Oct 06 10:50:47.217808 dv-cinder-860209-2-iscsi devstack@keystone.service[81403]: ERROR keystone.server.flask.application return caller(func, *(extras + args), **kw)
Oct 06 10:50:47.217808 dv-cinder-860209-2-iscsi devstack@keystone.service[81403]: ERROR keystone.server.flask.application
File "/usr/local/lib/python3.8/dist-packages/dogpile/cache/region.py", line 1577, in get_or_create_for_user_func
Oct 06 10:50:47.217808 dv-cinder-860209-2-iscsi devstack@keystone.service[81403]: ERROR keystone.server.flask.application return self.get_or_create(
Oct 06 10:50:47.217808 dv-cinder-860209-2-iscsi devstack@keystone.service[81403]: ERROR keystone.server.flask.application
File "/usr/local/lib/python3.8/dist-packages/dogpile/cache/region.py", line 1042, in get_or_create
Oct 06 10:50:47.217808 dv-cinder-860209-2-iscsi devstack@keystone.service[81403]: ERROR keystone.server.flask.application with Lock(
Oct 06 10:50:47.217808 dv-cinder-860209-2-iscsi devstack@keystone.service[81403]: ERROR keystone.server.flask.application
File "/usr/local/lib/python3.8/dist-packages/dogpile/lock.py", line 185, in __enter__
Oct 06 10:50:47.217808 dv-cinder-860209-2-iscsi devstack@keystone.service[81403]: ERROR keystone.server.flask.application return self._enter()
Oct 06 10:50:47.217808 dv-cinder-860209-2-iscsi devstack@keystone.service[81403]: ERROR keystone.server.flask.application
File "/usr/local/lib/python3.8/dist-packages/dogpile/lock.py", line 94, in _enter
Oct 06 10:50:47.217808 dv-cinder-860209-2-iscsi devstack@keystone.service[81403]: ERROR keystone.server.flask.application generated = self._enter_create(value, createdtime)
Oct 06 10:50:47.218628 dv-cinder-860209-2-iscsi devstack@keystone.service[81403]: ERROR keystone.server.flask.application
File "/usr/local/lib/python3.8/dist-packages/dogpile/lock.py", line 178, in _enter_create
Oct 06 10:50:47.218628 dv-cinder-860209-2-iscsi devstack@keystone.service[81403]: ERROR keystone.server.flask.application return self.creator()
Oct 06 10:50:47.218628 dv-cinder-860209-2-iscsi devstack@keystone.service[81403]: ERROR keystone.server.flask.application
File "/usr/local/lib/python3.8/dist-packages/dogpile/cache/region.py", line 995, in gen_value
Oct 06 10:50:47.218628 dv-cinder-860209-2-iscsi devstack@keystone.service[81403]: ERROR keystone.server.flask.application created_value = creator(
Oct 06 10:50:47.218628 dv-cinder-860209-2-iscsi devstack@keystone.service[81403]: ERROR keystone.server.flask.application
File "/opt/stack/keystone/keystone/assignment/core.py", line 1276, in get_role
Oct 06 10:50:47.218628 dv-cinder-860209-2-iscsi devstack@keystone.service[81403]: ERROR keystone.server.flask.application return self.driver.get_role(role_id)
Oct 06 10:50:47.218628 dv-cinder-860209-2-iscsi devstack@keystone.service[81403]: ERROR keystone.server.flask.application
File "/opt/stack/keystone/keystone/assignment/role_backends/sql.py", line 70, in get_role
Oct 06 10:50:47.218628 dv-cinder-860209-2-iscsi devstack@keystone.service[81403]: ERROR keystone.server.flask.application return self._get_role(session, role_id).to_dict()
Oct 06 10:50:47.218628 dv-cinder-860209-2-iscsi devstack@keystone.service[81403]: ERROR keystone.server.flask.application
File "/opt/stack/keystone/keystone/assignment/role_backends/sql.py", line 65, in _get_role
Oct 06 10:50:47.218628 dv-cinder-860209-2-iscsi devstack@keystone.service[81403]: ERROR keystone.server.flask.application raise exception.RoleNotFound(role_id=role_id)
Oct 06 10:50:47.218628 dv-cinder-860209-2-iscsi devstack@keystone.service[81403]: ERROR keystone.server.flask.application keystone.exception.RoleNotFound: Could not find role: reader.
Oct 06 10:50:47.218628 dv-cinder-860209-2-iscsi devstack@keystone.service[81403]: ERROR keystone.server.flask.application
Oct 06 10:50:47.221002 dv-cinder-860209-2-iscsi devstack@keystone.service[81404]: DEBUG dbcounter [-] [81404] Writing DB stats keystone:SELECT=100 {{(pid=81404) stat_writer /usr/local/lib/python3.8/dist-packages/dbcounter.py:114}}
Oct 06 10:50:47.221405 dv-cinder-860209-2-iscsi devstack@keystone.service[81403]: [pid: 81403|app: 0|req: 177/354] 10.222.0.52 () {56 vars in 1099 bytes} [Thu Oct 6 10:50:46 2022] GET /identity/v3/roles/reader => generated 84 bytes in 235 msecs (HTTP/1.1 404) 5 headers in 183 bytes (1 switches on core 0)
Oct 06 10:50:47.223025 dv-cinder-860209-2-iscsi devstack@keystone.service[81403]: DEBUG keystone.server.flask.request_processing.req_logging [None req-5e9df2b0-af30-463d-8ac5-1e247d0694a2 None None] REQUEST_METHOD: `GET` {{(pid=81403) log_request_info /opt/stack/keystone/keystone/server/flask/request_processing/req_logging.py:27}}
Oct 06 10:50:47.223584 dv-cinder-860209-2-iscsi devstack@keystone.service[81403]: DEBUG keystone.server.flask.request_processing.req_logging [None req-5e9df2b0-af30-463d-8ac5-1e247d0694a2 None None] SCRIPT_NAME: `/identity` {{(pid=81403) log_request_info /opt/stack/keystone/keystone/server/flask/request_processing/req_logging.py:28}}
Oct 06 10:50:47.224151 dv-cinder-860209-2-iscsi devstack@keystone.service[81403]: DEBUG keystone.server.flask.request_processing.req_logging [None req-5e9df2b0-af30-463d-8ac5-1e247d0694a2 None None] PATH_INFO: `/` {{(pid=81403) log_request_info /opt/stack/keystone/keystone/server/flask/request_processing/req_logging.py:29}}
Oct 06 10:50:47.225643 dv-cinder-860209-2-iscsi devstack@keystone.service[81403]: [pid: 81403|app: 0|req: 178/355] 10.222.0.52 () {54 vars in 927 bytes} [Thu Oct 6 10:50:47 2022] GET /identity => generated 270 bytes in 3 msecs (HTTP/1.1 300) 6 headers in 234 bytes (1 switches on core 0)
Oct 06 10:50:47.226685 dv-cinder-860209-2-iscsi devstack@keystone.service[81403]: DEBUG keystone.server.flask.request_processing.middleware.auth_context [None req-5e9df2b0-af30-463d-8ac5-1e247d0694a2 None None] Authenticating user token {{(pid=81403) process_request /usr/local/lib/python3.8/dist-packages/keystonemiddleware/auth_token/__init__.py:407}}
Oct 06 10:50:47.284171 dv-cinder-860209-2-iscsi devstack@keystone.service[81404]: DEBUG keystone.server.flask.request_processing.middleware.auth_context [None req-92539ae5-e93d-4561-bd1c-551b19ea332f None admin] Validating token access rules against request {{(pid=81404) validate_allowed_request /usr/local/lib/python3.8/dist-packages/keystonemiddleware/auth_token/__init__.py:545}}
Oct 06 10:50:47.341402 dv-cinder-860209-2-iscsi devstack@keystone.service[81404]: DEBUG keystone.server.flask.request_processing.middleware.auth_context [None req-b9d02239-4d99-465a-b9d3-236e3e53be84 None admin] RBAC: auth_context: {'token': , 'domain_id': None, 'trust_id': None, 'trustor_id': None, 'trustee_id': None, 'domain_name': None, 'group_ids': [], 'user_id': 'dd261f057dda47fbbc28e2f5e9b2f3e7', 'user_domain_id': 'default', 'system_scope': 'all', 'project_id': None, 'project_domain_id': None, 'roles': ['admin', 'member', 'reader'], 'is_admin_project': True, 'service_user_id': None, 'service_user_domain_id': None, 'service_project_id': None, 'service_project_domain_id': None, 'service_roles': []} {{(pid=81404) fill_context /opt/stack/keystone/keystone/server/flask/request_processing/middleware/auth_context.py:478}}
Oct 06 10:50:47.341402 dv-cinder-860209-2-iscsi devstack@keystone.service[81404]: DEBUG keystone.server.flask.request_processing.req_logging [None req-b9d02239-4d99-465a-b9d3-236e3e53be84 None admin] REQUEST_METHOD: `GET` {{(pid=81404) log_request_info /opt/stack/keystone/keystone/server/flask/request_processing/req_logging.py:27}}
Oct 06 10:50:47.341402 dv-cinder-860209-2-iscsi devstack@keystone.service[81404]: DEBUG keystone.server.flask.request_processing.req_logging [None req-b9d02239-4d99-465a-b9d3-236e3e53be84 None admin] SCRIPT_NAME: `/identity` {{(pid=81404) log_request_info /opt/stack/keystone/keystone/server/flask/request_processing/req_logging.py:28}}
