Oct 06 10:50:22.456795 dv-cinder-860209-2-iscsi devstack@keystone.service[81404]: DEBUG keystone.server.flask.request_processing.middleware.auth_context [None req-9f885bd4-9b51-4920-833d-9203c9e1cf64 None admin] Authenticating user token {{(pid=81404) process_request /usr/local/lib/python3.8/dist-packages/keystonemiddleware/auth_token/__init__.py:407}}
Oct 06 10:50:22.484976 dv-cinder-860209-2-iscsi devstack@keystone.service[81403]: DEBUG dbcounter [-] [81403] Writing DB stats keystone:SELECT=100 {{(pid=81403) stat_writer /usr/local/lib/python3.8/dist-packages/dbcounter.py:114}}
Oct 06 10:50:22.526872 dv-cinder-860209-2-iscsi devstack@keystone.service[81403]: DEBUG keystone.server.flask.request_processing.middleware.auth_context [None req-76f9bbd8-32ea-4cf7-b722-0c520aa05924 None admin] Validating token access rules against request {{(pid=81403) validate_allowed_request /usr/local/lib/python3.8/dist-packages/keystonemiddleware/auth_token/__init__.py:545}}
Oct 06 10:50:22.572340 dv-cinder-860209-2-iscsi devstack@keystone.service[81403]: DEBUG keystone.server.flask.request_processing.middleware.auth_context [None req-48718e4c-e801-4a83-946a-0d18c481b310 None admin] RBAC: auth_context: {'token': , 'domain_id': None, 'trust_id': None, 'trustor_id': None, 'trustee_id': None, 'domain_name': None, 'group_ids': [], 'user_id': 'dd261f057dda47fbbc28e2f5e9b2f3e7', 'user_domain_id': 'default', 'system_scope': 'all', 'project_id': None, 'project_domain_id': None, 'roles': ['admin', 'member', 'reader'], 'is_admin_project': True, 'service_user_id': None, 'service_user_domain_id': None, 'service_project_id': None, 'service_project_domain_id': None, 'service_roles': []} {{(pid=81403) fill_context /opt/stack/keystone/keystone/server/flask/request_processing/middleware/auth_context.py:478}}
Oct 06 10:50:22.573493 dv-cinder-860209-2-iscsi devstack@keystone.service[81403]: DEBUG keystone.server.flask.request_processing.req_logging [None req-48718e4c-e801-4a83-946a-0d18c481b310 None admin] REQUEST_METHOD: `GET` {{(pid=81403) log_request_info /opt/stack/keystone/keystone/server/flask/request_processing/req_logging.py:27}}
Oct 06 10:50:22.573869 dv-cinder-860209-2-iscsi devstack@keystone.service[81403]: DEBUG keystone.server.flask.request_processing.req_logging [None req-48718e4c-e801-4a83-946a-0d18c481b310 None admin] SCRIPT_NAME: `/identity` {{(pid=81403) log_request_info /opt/stack/keystone/keystone/server/flask/request_processing/req_logging.py:28}}
Oct 06 10:50:22.574239 dv-cinder-860209-2-iscsi devstack@keystone.service[81403]: DEBUG keystone.server.flask.request_processing.req_logging [None req-48718e4c-e801-4a83-946a-0d18c481b310 None admin] PATH_INFO: `/v3/roles/anotherrole` {{(pid=81403) log_request_info /opt/stack/keystone/keystone/server/flask/request_processing/req_logging.py:29}}
Oct 06 10:50:22.590211 dv-cinder-860209-2-iscsi devstack@keystone.service[81403]: DEBUG keystone.common.rbac_enforcer.enforcer [None req-48718e4c-e801-4a83-946a-0d18c481b310 None admin] Extracting inferred target data resulted in "NOT FOUND (404)". {{(pid=81403) enforce_call /opt/stack/keystone/keystone/common/rbac_enforcer/enforcer.py:409}}
Oct 06 10:50:22.595996 dv-cinder-860209-2-iscsi devstack@keystone.service[81403]: ERROR keystone.server.flask.application [None req-48718e4c-e801-4a83-946a-0d18c481b310 None admin] Could not find role: anotherrole.: keystone.exception.RoleNotFound: Could not find role: anotherrole.
Oct 06 10:50:22.595996 dv-cinder-860209-2-iscsi devstack@keystone.service[81403]: ERROR keystone.server.flask.application
Traceback (most recent call last):
Oct 06 10:50:22.595996 dv-cinder-860209-2-iscsi devstack@keystone.service[81403]: ERROR keystone.server.flask.application
File "/usr/local/lib/python3.8/dist-packages/flask/app.py", line 1820, in full_dispatch_request
Oct 06 10:50:22.595996 dv-cinder-860209-2-iscsi devstack@keystone.service[81403]: ERROR keystone.server.flask.application rv = self.dispatch_request()
Oct 06 10:50:22.595996 dv-cinder-860209-2-iscsi devstack@keystone.service[81403]: ERROR keystone.server.flask.application
File "/usr/local/lib/python3.8/dist-packages/flask/app.py", line 1796, in dispatch_request
Oct 06 10:50:22.595996 dv-cinder-860209-2-iscsi devstack@keystone.service[81403]: ERROR keystone.server.flask.application return self.ensure_sync(self.view_functions[rule.endpoint])(**view_args)
Oct 06 10:50:22.595996 dv-cinder-860209-2-iscsi devstack@keystone.service[81403]: ERROR keystone.server.flask.application
File "/usr/local/lib/python3.8/dist-packages/flask_restful/__init__.py", line 467, in wrapper
Oct 06 10:50:22.595996 dv-cinder-860209-2-iscsi devstack@keystone.service[81403]: ERROR keystone.server.flask.application resp = resource(*args, **kwargs)
Oct 06 10:50:22.595996 dv-cinder-860209-2-iscsi devstack@keystone.service[81403]: ERROR keystone.server.flask.application
File "/usr/local/lib/python3.8/dist-packages/flask/views.py", line 107, in view
Oct 06 10:50:22.595996 dv-cinder-860209-2-iscsi devstack@keystone.service[81403]: ERROR keystone.server.flask.application return current_app.ensure_sync(self.dispatch_request)(**kwargs)
Oct 06 10:50:22.595996 dv-cinder-860209-2-iscsi devstack@keystone.service[81403]: ERROR keystone.server.flask.application
File "/usr/local/lib/python3.8/dist-packages/flask_restful/__init__.py", line 582, in dispatch_request
Oct 06 10:50:22.595996 dv-cinder-860209-2-iscsi devstack@keystone.service[81403]: ERROR keystone.server.flask.application resp = meth(*args, **kwargs)
Oct 06 10:50:22.595996 dv-cinder-860209-2-iscsi devstack@keystone.service[81403]: ERROR keystone.server.flask.application
File "/opt/stack/keystone/keystone/api/roles.py", line 50, in get
Oct 06 10:50:22.595996 dv-cinder-860209-2-iscsi devstack@keystone.service[81403]: ERROR keystone.server.flask.application return self._get_role(role_id)
Oct 06 10:50:22.595996 dv-cinder-860209-2-iscsi devstack@keystone.service[81403]: ERROR keystone.server.flask.application
File "/opt/stack/keystone/keystone/api/roles.py", line 70, in _get_role
Oct 06 10:50:22.595996 dv-cinder-860209-2-iscsi devstack@keystone.service[81403]: ERROR keystone.server.flask.application ENFORCER.enforce_call(action='identity:get_role')
Oct 06 10:50:22.597701 dv-cinder-860209-2-iscsi devstack@keystone.service[81403]: ERROR keystone.server.flask.application
File "/opt/stack/keystone/keystone/common/rbac_enforcer/enforcer.py", line 402, in enforce_call
Oct 06 10:50:22.597701 dv-cinder-860209-2-iscsi devstack@keystone.service[81403]: ERROR keystone.server.flask.application policy_dict.update(cls._extract_member_target_data(
Oct 06 10:50:22.597701 dv-cinder-860209-2-iscsi devstack@keystone.service[81403]: ERROR keystone.server.flask.application
File "/opt/stack/keystone/keystone/common/rbac_enforcer/enforcer.py", line 234, in _extract_member_target_data
Oct 06 10:50:22.597701 dv-cinder-860209-2-iscsi devstack@keystone.service[81403]: ERROR keystone.server.flask.application member_name: func(flask.request.view_args[key])
Oct 06 10:50:22.597701 dv-cinder-860209-2-iscsi devstack@keystone.service[81403]: ERROR keystone.server.flask.application
File "/opt/stack/keystone/keystone/common/manager.py", line 115, in wrapped
Oct 06 10:50:22.597701 dv-cinder-860209-2-iscsi devstack@keystone.service[81403]: ERROR keystone.server.flask.application __ret_val = __f(*args, **kwargs)
Oct 06 10:50:22.597701 dv-cinder-860209-2-iscsi devstack@keystone.service[81403]: ERROR keystone.server.flask.application
File "/usr/local/lib/python3.8/dist-packages/decorator.py", line 232, in fun
Oct 06 10:50:22.597701 dv-cinder-860209-2-iscsi devstack@keystone.service[81403]: ERROR keystone.server.flask.application return caller(func, *(extras + args), **kw)
Oct 06 10:50:22.597701 dv-cinder-860209-2-iscsi devstack@keystone.service[81403]: ERROR keystone.server.flask.application
File "/usr/local/lib/python3.8/dist-packages/dogpile/cache/region.py", line 1577, in get_or_create_for_user_func
Oct 06 10:50:22.597701 dv-cinder-860209-2-iscsi devstack@keystone.service[81403]: ERROR keystone.server.flask.application return self.get_or_create(
Oct 06 10:50:22.597701 dv-cinder-860209-2-iscsi devstack@keystone.service[81403]: ERROR keystone.server.flask.application
File "/usr/local/lib/python3.8/dist-packages/dogpile/cache/region.py", line 1042, in get_or_create
Oct 06 10:50:22.597701 dv-cinder-860209-2-iscsi devstack@keystone.service[81403]: ERROR keystone.server.flask.application with Lock(
Oct 06 10:50:22.597701 dv-cinder-860209-2-iscsi devstack@keystone.service[81403]: ERROR keystone.server.flask.application
File "/usr/local/lib/python3.8/dist-packages/dogpile/lock.py", line 185, in __enter__
Oct 06 10:50:22.597701 dv-cinder-860209-2-iscsi devstack@keystone.service[81403]: ERROR keystone.server.flask.application return self._enter()
Oct 06 10:50:22.597701 dv-cinder-860209-2-iscsi devstack@keystone.service[81403]: ERROR keystone.server.flask.application
File "/usr/local/lib/python3.8/dist-packages/dogpile/lock.py", line 94, in _enter
Oct 06 10:50:22.597701 dv-cinder-860209-2-iscsi devstack@keystone.service[81403]: ERROR keystone.server.flask.application generated = self._enter_create(value, createdtime)
Oct 06 10:50:22.598725 dv-cinder-860209-2-iscsi devstack@keystone.service[81403]: ERROR keystone.server.flask.application
File "/usr/local/lib/python3.8/dist-packages/dogpile/lock.py", line 178, in _enter_create
Oct 06 10:50:22.598725 dv-cinder-860209-2-iscsi devstack@keystone.service[81403]: ERROR keystone.server.flask.application return self.creator()
Oct 06 10:50:22.598725 dv-cinder-860209-2-iscsi devstack@keystone.service[81403]: ERROR keystone.server.flask.application
File "/usr/local/lib/python3.8/dist-packages/dogpile/cache/region.py", line 995, in gen_value
Oct 06 10:50:22.598725 dv-cinder-860209-2-iscsi devstack@keystone.service[81403]: ERROR keystone.server.flask.application created_value = creator(
Oct 06 10:50:22.598725 dv-cinder-860209-2-iscsi devstack@keystone.service[81403]: ERROR keystone.server.flask.application
File "/opt/stack/keystone/keystone/assignment/core.py", line 1276, in get_role
Oct 06 10:50:22.598725 dv-cinder-860209-2-iscsi devstack@keystone.service[81403]: ERROR keystone.server.flask.application return self.driver.get_role(role_id)
Oct 06 10:50:22.598725 dv-cinder-860209-2-iscsi devstack@keystone.service[81403]: ERROR keystone.server.flask.application
File "/opt/stack/keystone/keystone/assignment/role_backends/sql.py", line 70, in get_role
Oct 06 10:50:22.598725 dv-cinder-860209-2-iscsi devstack@keystone.service[81403]: ERROR keystone.server.flask.application return self._get_role(session, role_id).to_dict()
Oct 06 10:50:22.598725 dv-cinder-860209-2-iscsi devstack@keystone.service[81403]: ERROR keystone.server.flask.application
File "/opt/stack/keystone/keystone/assignment/role_backends/sql.py", line 65, in _get_role
Oct 06 10:50:22.598725 dv-cinder-860209-2-iscsi devstack@keystone.service[81403]: ERROR keystone.server.flask.application raise exception.RoleNotFound(role_id=role_id)
Oct 06 10:50:22.598725 dv-cinder-860209-2-iscsi devstack@keystone.service[81403]: ERROR keystone.server.flask.application keystone.exception.RoleNotFound: Could not find role: anotherrole.
Oct 06 10:50:22.598725 dv-cinder-860209-2-iscsi devstack@keystone.service[81403]: ERROR keystone.server.flask.application
Oct 06 10:50:22.601642 dv-cinder-860209-2-iscsi devstack@keystone.service[81403]: [pid: 81403|app: 0|req: 91/189] 10.222.0.52 () {56 vars in 1114 bytes} [Thu Oct 6 10:50:22 2022] GET /identity/v3/roles/anotherrole => generated 89 bytes in 216 msecs (HTTP/1.1 404) 5 headers in 183 bytes (1 switches on core 0)
Oct 06 10:50:22.607701 dv-cinder-860209-2-iscsi devstack@keystone.service[81403]: DEBUG keystone.server.flask.request_processing.middleware.auth_context [None req-48718e4c-e801-4a83-946a-0d18c481b310 None admin] Authenticating user token {{(pid=81403) process_request /usr/local/lib/python3.8/dist-packages/keystonemiddleware/auth_token/__init__.py:407}}
Oct 06 10:50:22.618474 dv-cinder-860209-2-iscsi devstack@keystone.service[81404]: DEBUG keystone.server.flask.request_processing.middleware.auth_context [None req-9f885bd4-9b51-4920-833d-9203c9e1cf64 None admin] Validating token access rules against request {{(pid=81404) validate_allowed_request /usr/local/lib/python3.8/dist-packages/keystonemiddleware/auth_token/__init__.py:545}}
Oct 06 10:50:22.660992 dv-cinder-860209-2-iscsi devstack@keystone.service[81404]: DEBUG keystone.server.flask.request_processing.middleware.auth_context [None req-3c5b72f0-a4e8-4c6a-b82e-2c6b50c71e42 None admin] RBAC: auth_context: {'token': , 'domain_id': None, 'trust_id': None, 'trustor_id': None, 'trustee_id': None, 'domain_name': None, 'group_ids': [], 'user_id': 'dd261f057dda47fbbc28e2f5e9b2f3e7', 'user_domain_id': 'default', 'system_scope': 'all', 'project_id': None, 'project_domain_id': None, 'roles': ['admin', 'member', 'reader'], 'is_admin_project': True, 'service_user_id': None, 'service_user_domain_id': None, 'service_project_id': None, 'service_project_domain_id': None, 'service_roles': []} {{(pid=81404) fill_context /opt/stack/keystone/keystone/server/flask/request_processing/middleware/auth_context.py:478}}
Oct 06 10:50:22.661414 dv-cinder-860209-2-iscsi devstack@keystone.service[81404]: DEBUG keystone.server.flask.request_processing.req_logging [None req-3c5b72f0-a4e8-4c6a-b82e-2c6b50c71e42 None admin] REQUEST_METHOD: `GET` {{(pid=81404) log_request_info /opt/stack/keystone/keystone/server/flask/request_processing/req_logging.py:27}}
Oct 06 10:50:22.661801 dv-cinder-860209-2-iscsi devstack@keystone.service[81404]: DEBUG keystone.server.flask.request_processing.req_logging [None req-3c5b72f0-a4e8-4c6a-b82e-2c6b50c71e42 None admin] SCRIPT_NAME: `/identity` {{(pid=81404) log_request_info /opt/stack/keystone/keystone/server/flask/request_processing/req_logging.py:28}}
Oct 06 10:50:22.662169 dv-cinder-860209-2-iscsi devstack@keystone.service[81404]: DEBUG keystone.server.flask.request_processing.req_logging [None req-3c5b72f0-a4e8-4c6a-b82e-2c6b50c71e42 None admin] PATH_INFO: `/v3/domains/default` {{(pid=81404) log_request_info /opt/stack/keystone/keystone/server/flask/request_processing/req_logging.py:29}}
Oct 06 10:50:22.666007 dv-cinder-860209-2-iscsi devstack@keystone.service[81404]: DEBUG keystone.common.rbac_enforcer.enforcer [None req-3c5b72f0-a4e8-4c6a-b82e-2c6b50c71e42 None admin] RBAC: Authorizing `identity:get_domain(domain_id=default)` {{(pid=81404) enforce_call /opt/stack/keystone/keystone/common/rbac_enforcer/enforcer.py:449}}
Oct 06 10:50:22.667702 dv-cinder-860209-2-iscsi devstack@keystone.service[81404]: DEBUG keystone.common.rbac_enforcer.enforcer [None req-3c5b72f0-a4e8-4c6a-b82e-2c6b50c71e42 None admin] RBAC: Authorization granted {{(pid=81404) enforce_call /opt/stack/keystone/keystone/common/rbac_enforcer/enforcer.py:457}}
Oct 06 10:50:22.669609 dv-cinder-860209-2-iscsi devstack@keystone.service[81404]: [pid: 81404|app: 0|req: 99/190] 10.222.0.52 () {56 vars in 1108 bytes} [Thu Oct 6 10:50:22 2022] GET /identity/v3/domains/default => generated 199 bytes in 221 msecs (HTTP/1.1 200) 5 headers in 177 bytes (1 switches on core 0)
Oct 06 10:50:22.670480 dv-cinder-860209-2-iscsi devstack@keystone.service[81404]: DEBUG keystone.server.flask.request_processing.middleware.auth_context [None req-3c5b72f0-a4e8-4c6a-b82e-2c6b50c71e42 None admin] Authenticating user token {{(pid=81404) process_request /usr/local/lib/python3.8/dist-packages/keystonemiddleware/auth_token/__init__.py:407}}
Oct 06 10:50:22.714080 dv-cinder-860209-2-iscsi devstack@keystone.service[81404]: DEBUG dbcounter [-] [81404] Writing DB stats keystone:SELECT=100 {{(pid=81404) stat_writer /usr/local/lib/python3.8/dist-packages/dbcounter.py:114}}
Oct 06 10:50:22.745242 dv-cinder-860209-2-iscsi devstack@keystone.service[81403]: DEBUG keystone.server.flask.request_processing.middleware.auth_context [None req-48718e4c-e801-4a83-946a-0d18c481b310 None admin] Validating token access rules against request {{(pid=81403) validate_allowed_request /usr/local/lib/python3.8/dist-packages/keystonemiddleware/auth_token/__init__.py:545}}
Oct 06 10:50:22.784196 dv-cinder-860209-2-iscsi devstack@keystone.service[81403]: DEBUG dbcounter [-] [81403] Writing DB stats keystone:SELECT=100 {{(pid=81403) stat_writer /usr/local/lib/python3.8/dist-packages/dbcounter.py:114}}
Oct 06 10:50:22.796726 dv-cinder-860209-2-iscsi devstack@keystone.service[81403]: DEBUG keystone.server.flask.request_processing.middleware.auth_context [None req-eab14038-01da-4634-bf46-e5f4b6fcc782 None admin] RBAC: auth_context: {'token': , 'domain_id': None, 'trust_id': None, 'trustor_id': None, 'trustee_id': None, 'domain_name': None, 'group_ids': [], 'user_id': 'dd261f057dda47fbbc28e2f5e9b2f3e7', 'user_domain_id': 'default', 'system_scope': 'all', 'project_id': None, 'project_domain_id': None, 'roles': ['admin', 'member', 'reader'], 'is_admin_project': True, 'service_user_id': None, 'service_user_domain_id': None, 'service_project_id': None, 'service_project_domain_id': None, 'service_roles': []} {{(pid=81403) fill_context /opt/stack/keystone/keystone/server/flask/request_processing/middleware/auth_context.py:478}}
Oct 06 10:50:22.797515 dv-cinder-860209-2-iscsi devstack@keystone.service[81403]: DEBUG keystone.server.flask.request_processing.req_logging [None req-eab14038-01da-4634-bf46-e5f4b6fcc782 None admin] REQUEST_METHOD: `GET` {{(pid=81403) log_request_info /opt/stack/keystone/keystone/server/flask/request_processing/req_logging.py:27}}
Oct 06 10:50:22.797897 dv-cinder-860209-2-iscsi devstack@keystone.service[81403]: DEBUG keystone.server.flask.request_processing.req_logging [None req-eab14038-01da-4634-bf46-e5f4b6fcc782 None admin] SCRIPT_NAME: `/identity` {{(pid=81403) log_request_info /opt/stack/keystone/keystone/server/flask/request_processing/req_logging.py:28}}
Oct 06 10:50:22.800508 dv-cinder-860209-2-iscsi devstack@keystone.service[81403]: DEBUG keystone.server.flask.request_processing.req_logging [None req-eab14038-01da-4634-bf46-e5f4b6fcc782 None admin] PATH_INFO: `/v3/users/1f1b7263ee6e467b942bcf534c7f8f99` {{(pid=81403) log_request_info /opt/stack/keystone/keystone/server/flask/request_processing/req_logging.py:29}}
Oct 06 10:50:22.812164 dv-cinder-860209-2-iscsi devstack@keystone.service[81404]: DEBUG keystone.server.flask.request_processing.middleware.auth_context [None req-3c5b72f0-a4e8-4c6a-b82e-2c6b50c71e42 None admin] Validating token access rules against request {{(pid=81404) validate_allowed_request /usr/local/lib/python3.8/dist-packages/keystonemiddleware/auth_token/__init__.py:545}}
Oct 06 10:50:22.822630 dv-cinder-860209-2-iscsi devstack@keystone.service[81403]: DEBUG keystone.common.rbac_enforcer.enforcer [None req-eab14038-01da-4634-bf46-e5f4b6fcc782 None admin] RBAC: Authorizing `identity:get_user(user_id=1f1b7263ee6e467b942bcf534c7f8f99)` {{(pid=81403) enforce_call /opt/stack/keystone/keystone/common/rbac_enforcer/enforcer.py:449}}
Oct 06 10:50:22.822630 dv-cinder-860209-2-iscsi devstack@keystone.service[81403]: DEBUG keystone.common.rbac_enforcer.enforcer [None req-eab14038-01da-4634-bf46-e5f4b6fcc782 None admin] RBAC: Authorization granted {{(pid=81403) enforce_call /opt/stack/keystone/keystone/common/rbac_enforcer/enforcer.py:457}}
Oct 06 10:50:22.823977 dv-cinder-860209-2-iscsi devstack@keystone.service[81403]: [pid: 81403|app: 0|req: 92/191] 10.222.0.52 () {56 vars in 1177 bytes} [Thu Oct 6 10:50:22 2022] GET /identity/v3/users/1f1b7263ee6e467b942bcf534c7f8f99 => generated 283 bytes in 222 msecs (HTTP/1.1 200) 5 headers in 177 bytes (1 switches on core 0)
Oct 06 10:50:22.824819 dv-cinder-860209-2-iscsi devstack@keystone.service[81403]: DEBUG keystone.server.flask.request_processing.middleware.auth_context [None req-eab14038-01da-4634-bf46-e5f4b6fcc782 None admin] Authenticating user token {{(pid=81403) process_request /usr/local/lib/python3.8/dist-packages/keystonemiddleware/auth_token/__init__.py:407}}
Oct 06 10:50:22.849908 dv-cinder-860209-2-iscsi devstack@keystone.service[81404]: DEBUG keystone.server.flask.request_processing.middleware.auth_context [None req-c9d259be-8d92-4690-8f19-e3137d930fb4 None admin] RBAC: auth_context: {'token': , 'domain_id': None, 'trust_id': None, 'trustor_id': None, 'trustee_id': None, 'domain_name': None, 'group_ids': [], 'user_id': 'dd261f057dda47fbbc28e2f5e9b2f3e7', 'user_domain_id': 'default', 'system_scope': 'all', 'project_id': None, 'project_domain_id': None, 'roles': ['admin', 'member', 'reader'], 'is_admin_project': True, 'service_user_id': None, 'service_user_domain_id': None, 'service_project_id': None, 'service_project_domain_id': None, 'service_roles': []} {{(pid=81404) fill_context /opt/stack/keystone/keystone/server/flask/request_processing/middleware/auth_context.py:478}}
Oct 06 10:50:22.850513 dv-cinder-860209-2-iscsi devstack@keystone.service[81404]: DEBUG keystone.server.flask.request_processing.req_logging [None req-c9d259be-8d92-4690-8f19-e3137d930fb4 None admin] REQUEST_METHOD: `GET` {{(pid=81404) log_request_info /opt/stack/keystone/keystone/server/flask/request_processing/req_logging.py:27}}
Oct 06 10:50:22.850792 dv-cinder-860209-2-iscsi devstack@keystone.service[81404]: DEBUG keystone.server.flask.request_processing.req_logging [None req-c9d259be-8d92-4690-8f19-e3137d930fb4 None admin] SCRIPT_NAME: `/identity` {{(pid=81404) log_request_info /opt/stack/keystone/keystone/server/flask/request_processing/req_logging.py:28}}
Oct 06 10:50:22.851063 dv-cinder-860209-2-iscsi devstack@keystone.service[81404]: DEBUG keystone.server.flask.request_processing.req_logging [None req-c9d259be-8d92-4690-8f19-e3137d930fb4 None admin] PATH_INFO: `/v3/roles` {{(pid=81404) log_request_info /opt/stack/keystone/keystone/server/flask/request_processing/req_logging.py:29}}
Oct 06 10:50:22.851729 dv-cinder-860209-2-iscsi devstack@keystone.service[81404]: DEBUG keystone.common.rbac_enforcer.enforcer [None req-c9d259be-8d92-4690-8f19-e3137d930fb4 None admin] RBAC: Adding query filter params (name=anotherrole) {{(pid=81404) _extract_filter_values /opt/stack/keystone/keystone/common/rbac_enforcer/enforcer.py:167}}
Oct 06 10:50:22.852064 dv-cinder-860209-2-iscsi devstack@keystone.service[81404]: DEBUG keystone.common.rbac_enforcer.enforcer [None req-c9d259be-8d92-4690-8f19-e3137d930fb4 None admin] RBAC: Authorizing `identity:list_roles()` {{(pid=81404) enforce_call /opt/stack/keystone/keystone/common/rbac_enforcer/enforcer.py:449}}
Oct 06 10:50:22.853439 dv-cinder-860209-2-iscsi devstack@keystone.service[81404]: DEBUG keystone.common.rbac_enforcer.enforcer [None req-c9d259be-8d92-4690-8f19-e3137d930fb4 None admin] RBAC: Authorization granted {{(pid=81404) enforce_call /opt/stack/keystone/keystone/common/rbac_enforcer/enforcer.py:457}}
Oct 06 10:50:22.861415 dv-cinder-860209-2-iscsi devstack@keystone.service[81404]: [pid: 81404|app: 0|req: 100/192] 10.222.0.52 () {56 vars in 1111 bytes} [Thu Oct 6 10:50:22 2022] GET /identity/v3/roles?name=anotherrole => generated 334 bytes in 191 msecs (HTTP/1.1 200) 5 headers in 177 bytes (1 switches on core 0)
Oct 06 10:50:22.862192 dv-cinder-860209-2-iscsi devstack@keystone.service[81404]: DEBUG keystone.server.flask.request_processing.middleware.auth_context [None req-c9d259be-8d92-4690-8f19-e3137d930fb4 None admin] Authenticating user token {{(pid=81404) process_request /usr/local/lib/python3.8/dist-packages/keystonemiddleware/auth_token/__init__.py:407}}
Oct 06 10:50:22.928943 dv-cinder-860209-2-iscsi devstack@keystone.service[81403]: DEBUG keystone.server.flask.request_processing.middleware.auth_context [None req-eab14038-01da-4634-bf46-e5f4b6fcc782 None admin] Validating token access rules against request {{(pid=81403) validate_allowed_request /usr/local/lib/python3.8/dist-packages/keystonemiddleware/auth_token/__init__.py:545}}
Oct 06 10:50:22.956857 dv-cinder-860209-2-iscsi devstack@keystone.service[81404]: DEBUG dbcounter [-] [81404] Writing DB stats keystone:SELECT=100 {{(pid=81404) stat_writer /usr/local/lib/python3.8/dist-packages/dbcounter.py:114}}
Oct 06 10:50:22.962334 dv-cinder-860209-2-iscsi devstack@keystone.service[81403]: DEBUG keystone.server.flask.request_processing.middleware.auth_context [None req-ac06dce1-d109-4e30-80ac-524e195292ef None admin] RBAC: auth_context: {'token': , 'domain_id': None, 'trust_id': None, 'trustor_id': None, 'trustee_id': None, 'domain_name': None, 'group_ids': [], 'user_id': 'dd261f057dda47fbbc28e2f5e9b2f3e7', 'user_domain_id': 'default', 'system_scope': 'all', 'project_id': None, 'project_domain_id': None, 'roles': ['admin', 'member', 'reader'], 'is_admin_project': True, 'service_user_id': None, 'service_user_domain_id': None, 'service_project_id': None, 'service_project_domain_id': None, 'service_roles': []} {{(pid=81403) fill_context /opt/stack/keystone/keystone/server/flask/request_processing/middleware/auth_context.py:478}}
Oct 06 10:50:22.962938 dv-cinder-860209-2-iscsi devstack@keystone.service[81403]: DEBUG keystone.server.flask.request_processing.req_logging [None req-ac06dce1-d109-4e30-80ac-524e195292ef None admin] REQUEST_METHOD: `POST` {{(pid=81403) log_request_info /opt/stack/keystone/keystone/server/flask/request_processing/req_logging.py:27}}
Oct 06 10:50:22.963215 dv-cinder-860209-2-iscsi devstack@keystone.service[81403]: DEBUG keystone.server.flask.request_processing.req_logging [None req-ac06dce1-d109-4e30-80ac-524e195292ef None admin] SCRIPT_NAME: `/identity` {{(pid=81403) log_request_info /opt/stack/keystone/keystone/server/flask/request_processing/req_logging.py:28}}
Oct 06 10:50:22.963485 dv-cinder-860209-2-iscsi devstack@keystone.service[81403]: DEBUG keystone.server.flask.request_processing.req_logging [None req-ac06dce1-d109-4e30-80ac-524e195292ef None admin] PATH_INFO: `/v3/users` {{(pid=81403) log_request_info /opt/stack/keystone/keystone/server/flask/request_processing/req_logging.py:29}}
Oct 06 10:50:22.963750 dv-cinder-860209-2-iscsi devstack@keystone.service[81404]: DEBUG keystone.server.flask.request_processing.middleware.auth_context [None req-c9d259be-8d92-4690-8f19-e3137d930fb4 None admin] Validating token access rules against request {{(pid=81404) validate_allowed_request /usr/local/lib/python3.8/dist-packages/keystonemiddleware/auth_token/__init__.py:545}}
Oct 06 10:50:22.964158 dv-cinder-860209-2-iscsi devstack@keystone.service[81403]: DEBUG keystone.common.rbac_enforcer.enforcer [None req-ac06dce1-d109-4e30-80ac-524e195292ef None admin] RBAC: Authorizing `identity:create_user()` {{(pid=81403) enforce_call /opt/stack/keystone/keystone/common/rbac_enforcer/enforcer.py:449}}
Oct 06 10:50:22.965616 dv-cinder-860209-2-iscsi devstack@keystone.service[81403]: DEBUG keystone.common.rbac_enforcer.enforcer [None req-ac06dce1-d109-4e30-80ac-524e195292ef None admin] RBAC: Authorization granted {{(pid=81403) enforce_call /opt/stack/keystone/keystone/common/rbac_enforcer/enforcer.py:457}}
Oct 06 10:50:22.986879 dv-cinder-860209-2-iscsi devstack@keystone.service[81403]: [pid: 81403|app: 0|req: 93/193] 10.222.0.52 () {60 vars in 1132 bytes} [Thu Oct 6 10:50:22 2022] POST /identity/v3/users => generated 297 bytes in 162 msecs (HTTP/1.1 201) 5 headers in 182 bytes (1 switches on core 0)
Oct 06 10:50:22.989771 dv-cinder-860209-2-iscsi devstack@keystone.service[81403]: DEBUG keystone.server.flask.request_processing.req_logging [None req-90056b58-78e8-4795-a790-51f59feb5a12 None None] REQUEST_METHOD: `GET` {{(pid=81403) log_request_info /opt/stack/keystone/keystone/server/flask/request_processing/req_logging.py:27}}
Oct 06 10:50:22.990084 dv-cinder-860209-2-iscsi devstack@keystone.service[81403]: DEBUG keystone.server.flask.request_processing.req_logging [None req-90056b58-78e8-4795-a790-51f59feb5a12 None None] SCRIPT_NAME: `/identity` {{(pid=81403) log_request_info /opt/stack/keystone/keystone/server/flask/request_processing/req_logging.py:28}}
Oct 06 10:50:22.990510 dv-cinder-860209-2-iscsi devstack@keystone.service[81403]: DEBUG keystone.server.flask.request_processing.req_logging [None req-90056b58-78e8-4795-a790-51f59feb5a12 None None] PATH_INFO: `/` {{(pid=81403) log_request_info /opt/stack/keystone/keystone/server/flask/request_processing/req_logging.py:29}}
Oct 06 10:50:22.995944 dv-cinder-860209-2-iscsi devstack@keystone.service[81403]: [pid: 81403|app: 0|req: 94/194] 10.222.0.52 () {54 vars in 927 bytes} [Thu Oct 6 10:50:22 2022] GET /identity => generated 270 bytes in 4 msecs (HTTP/1.1 300) 6 headers in 234 bytes (1 switches on core 0)
Oct 06 10:50:22.995944 dv-cinder-860209-2-iscsi devstack@keystone.service[81403]: DEBUG keystone.server.flask.request_processing.middleware.auth_context [None req-90056b58-78e8-4795-a790-51f59feb5a12 None None] Authenticating user token {{(pid=81403) process_request /usr/local/lib/python3.8/dist-packages/keystonemiddleware/auth_token/__init__.py:407}}
Oct 06 10:50:23.000603 dv-cinder-860209-2-iscsi devstack@keystone.service[81404]: DEBUG keystone.server.flask.request_processing.middleware.auth_context [None req-0b1a621d-9fa0-4a00-9de2-3be4292418f6 None admin] RBAC: auth_context: {'token': , 'domain_id': None, 'trust_id': None, 'trustor_id': None, 'trustee_id': None, 'domain_name': None, 'group_ids': [], 'user_id': 'dd261f057dda47fbbc28e2f5e9b2f3e7', 'user_domain_id': 'default', 'system_scope': 'all', 'project_id': None, 'project_domain_id': None, 'roles': ['admin', 'member', 'reader'], 'is_admin_project': True, 'service_user_id': None, 'service_user_domain_id': None, 'service_project_id': None, 'service_project_domain_id': None, 'service_roles': []} {{(pid=81404) fill_context /opt/stack/keystone/keystone/server/flask/request_processing/middleware/auth_context.py:478}}
Oct 06 10:50:23.001230 dv-cinder-860209-2-iscsi devstack@keystone.service[81404]: DEBUG keystone.server.flask.request_processing.req_logging [None req-0b1a621d-9fa0-4a00-9de2-3be4292418f6 None admin] REQUEST_METHOD: `GET` {{(pid=81404) log_request_info /opt/stack/keystone/keystone/server/flask/request_processing/req_logging.py:27}}
Oct 06 10:50:23.001510 dv-cinder-860209-2-iscsi devstack@keystone.service[81404]: DEBUG keystone.server.flask.request_processing.req_logging [None req-0b1a621d-9fa0-4a00-9de2-3be4292418f6 None admin] SCRIPT_NAME: `/identity` {{(pid=81404) log_request_info /opt/stack/keystone/keystone/server/flask/request_processing/req_logging.py:28}}
Oct 06 10:50:23.001778 dv-cinder-860209-2-iscsi devstack@keystone.service[81404]: DEBUG keystone.server.flask.request_processing.req_logging [None req-0b1a621d-9fa0-4a00-9de2-3be4292418f6 None admin] PATH_INFO: `/v3/auth/tokens` {{(pid=81404) log_request_info /opt/stack/keystone/keystone/server/flask/request_processing/req_logging.py:29}}
Oct 06 10:50:23.059431 dv-cinder-860209-2-iscsi devstack@keystone.service[81403]: DEBUG dbcounter [-] [81403] Writing DB stats keystone:SELECT=97,keystone:INSERT=3 {{(pid=81403) stat_writer /usr/local/lib/python3.8/dist-packages/dbcounter.py:114}}
Oct 06 10:50:23.084138 dv-cinder-860209-2-iscsi devstack@keystone.service[81404]: DEBUG keystone.common.rbac_enforcer.enforcer [None req-0b1a621d-9fa0-4a00-9de2-3be4292418f6 None admin] RBAC: Authorizing `identity:validate_token()` {{(pid=81404) enforce_call /opt/stack/keystone/keystone/common/rbac_enforcer/enforcer.py:449}}
Oct 06 10:50:23.085661 dv-cinder-860209-2-iscsi devstack@keystone.service[81404]: DEBUG keystone.common.rbac_enforcer.enforcer [None req-0b1a621d-9fa0-4a00-9de2-3be4292418f6 None admin] RBAC: Authorization granted {{(pid=81404) enforce_call /opt/stack/keystone/keystone/common/rbac_enforcer/enforcer.py:457}}
Oct 06 10:50:23.123127 dv-cinder-860209-2-iscsi devstack@keystone.service[81403]: DEBUG keystone.server.flask.request_processing.middleware.auth_context [None req-90056b58-78e8-4795-a790-51f59feb5a12 None None] Validating token access rules against request {{(pid=81403) validate_allowed_request /usr/local/lib/python3.8/dist-packages/keystonemiddleware/auth_token/__init__.py:545}}
Oct 06 10:50:23.165270 dv-cinder-860209-2-iscsi devstack@keystone.service[81403]: DEBUG keystone.server.flask.request_processing.middleware.auth_context [None req-71682b7f-10af-42cb-acb9-34e8edb2a136 None admin] RBAC: auth_context: {'token': , 'domain_id': None, 'trust_id': None, 'trustor_id': None, 'trustee_id': None, 'domain_name': None, 'group_ids': [], 'user_id': 'dd261f057dda47fbbc28e2f5e9b2f3e7', 'user_domain_id': 'default', 'system_scope': 'all', 'project_id': None, 'project_domain_id': None, 'roles': ['admin', 'member', 'reader'], 'is_admin_project': True, 'service_user_id': None, 'service_user_domain_id': None, 'service_project_id': None, 'service_project_domain_id': None, 'service_roles': []} {{(pid=81403) fill_context /opt/stack/keystone/keystone/server/flask/request_processing/middleware/auth_context.py:478}}
Oct 06 10:50:23.165917 dv-cinder-860209-2-iscsi devstack@keystone.service[81403]: DEBUG keystone.server.flask.request_processing.req_logging [None req-71682b7f-10af-42cb-acb9-34e8edb2a136 None admin] REQUEST_METHOD: `GET` {{(pid=81403) log_request_info /opt/stack/keystone/keystone/server/flask/request_processing/req_logging.py:27}}
Oct 06 10:50:23.166613 dv-cinder-860209-2-iscsi devstack@keystone.service[81403]: DEBUG keystone.server.flask.request_processing.req_logging [None req-71682b7f-10af-42cb-acb9-34e8edb2a136 None admin] SCRIPT_NAME: `/identity` {{(pid=81403) log_request_info /opt/stack/keystone/keystone/server/flask/request_processing/req_logging.py:28}}
Oct 06 10:50:23.166895 dv-cinder-860209-2-iscsi devstack@keystone.service[81403]: DEBUG keystone.server.flask.request_processing.req_logging [None req-71682b7f-10af-42cb-acb9-34e8edb2a136 None admin] PATH_INFO: `/v3/users/1f1b7263ee6e467b942bcf534c7f8f99` {{(pid=81403) log_request_info /opt/stack/keystone/keystone/server/flask/request_processing/req_logging.py:29}}
Oct 06 10:50:23.170216 dv-cinder-860209-2-iscsi devstack@keystone.service[81403]: DEBUG keystone.common.rbac_enforcer.enforcer [None req-71682b7f-10af-42cb-acb9-34e8edb2a136 None admin] RBAC: Authorizing `identity:get_user(user_id=1f1b7263ee6e467b942bcf534c7f8f99)` {{(pid=81403) enforce_call /opt/stack/keystone/keystone/common/rbac_enforcer/enforcer.py:449}}
Oct 06 10:50:23.170216 dv-cinder-860209-2-iscsi devstack@keystone.service[81403]: DEBUG keystone.common.rbac_enforcer.enforcer [None req-71682b7f-10af-42cb-acb9-34e8edb2a136 None admin] RBAC: Authorization granted {{(pid=81403) enforce_call /opt/stack/keystone/keystone/common/rbac_enforcer/enforcer.py:457}}
Oct 06 10:50:23.171864 dv-cinder-860209-2-iscsi devstack@keystone.service[81403]: [pid: 81403|app: 0|req: 95/195] 10.222.0.52 () {56 vars in 1177 bytes} [Thu Oct 6 10:50:22 2022] GET /identity/v3/users/1f1b7263ee6e467b942bcf534c7f8f99 => generated 283 bytes in 179 msecs (HTTP/1.1 200) 5 headers in 177 bytes (1 switches on core 0)
Oct 06 10:50:23.172888 dv-cinder-860209-2-iscsi devstack@keystone.service[81403]: DEBUG keystone.server.flask.request_processing.req_logging [None req-af304cc0-0aa7-4e92-ab9b-2033bfc3a457 None None] REQUEST_METHOD: `POST` {{(pid=81403) log_request_info /opt/stack/keystone/keystone/server/flask/request_processing/req_logging.py:27}}
Oct 06 10:50:23.173167 dv-cinder-860209-2-iscsi devstack@keystone.service[81403]: DEBUG keystone.server.flask.request_processing.req_logging [None req-af304cc0-0aa7-4e92-ab9b-2033bfc3a457 None None] SCRIPT_NAME: `/identity` {{(pid=81403) log_request_info /opt/stack/keystone/keystone/server/flask/request_processing/req_logging.py:28}}
Oct 06 10:50:23.173437 dv-cinder-860209-2-iscsi devstack@keystone.service[81403]: DEBUG keystone.server.flask.request_processing.req_logging [None req-af304cc0-0aa7-4e92-ab9b-2033bfc3a457 None None] PATH_INFO: `/v3/auth/tokens` {{(pid=81403) log_request_info /opt/stack/keystone/keystone/server/flask/request_processing/req_logging.py:29}}
Oct 06 10:50:23.192673 dv-cinder-860209-2-iscsi devstack@keystone.service[81404]: DEBUG dbcounter [-] [81404] Writing DB stats keystone:SELECT=100 {{(pid=81404) stat_writer /usr/local/lib/python3.8/dist-packages/dbcounter.py:114}}
Oct 06 10:50:23.193565 dv-cinder-860209-2-iscsi devstack@keystone.service[81403]: DEBUG keystone.auth.core [None req-af304cc0-0aa7-4e92-ab9b-2033bfc3a457 None None] MFA Rules not processed for user `dd261f057dda47fbbc28e2f5e9b2f3e7`. Rule list: `[]` (Enabled: `True`). {{(pid=81403) check_auth_methods_against_rules /opt/stack/keystone/keystone/auth/core.py:438}}
Oct 06 10:50:23.194781 dv-cinder-860209-2-iscsi devstack@keystone.service[81403]: DEBUG keystone.common.fernet_utils [None req-af304cc0-0aa7-4e92-ab9b-2033bfc3a457 None None] Loaded 2 Fernet keys from /etc/keystone/fernet-keys/, but `[fernet_tokens] max_active_keys = 3`; perhaps there have not been enough key rotations to reach `max_active_keys` yet? {{(pid=81403) load_keys /opt/stack/keystone/keystone/common/fernet_utils.py:286}}
Oct 06 10:50:23.200622 dv-cinder-860209-2-iscsi devstack@keystone.service[81404]: [pid: 81404|app: 0|req: 101/196] 10.222.0.52 () {58 vars in 1282 bytes} [Thu Oct 6 10:50:22 2022] GET /identity/v3/auth/tokens => generated 799 bytes in 339 msecs (HTTP/1.1 200) 6 headers in 358 bytes (1 switches on core 0)
Oct 06 10:50:23.201459 dv-cinder-860209-2-iscsi devstack@keystone.service[81404]: DEBUG keystone.server.flask.request_processing.middleware.auth_context [None req-0b1a621d-9fa0-4a00-9de2-3be4292418f6 None admin] Authenticating user token {{(pid=81404) process_request /usr/local/lib/python3.8/dist-packages/keystonemiddleware/auth_token/__init__.py:407}}
Oct 06 10:50:23.273622 dv-cinder-860209-2-iscsi devstack@keystone.service[81403]: [pid: 81403|app: 0|req: 96/197] 10.222.0.52 () {58 vars in 1024 bytes} [Thu Oct 6 10:50:23 2022] POST /identity/v3/auth/tokens => generated 799 bytes in 101 msecs (HTTP/1.1 201) 6 headers in 363 bytes (1 switches on core 0)
Oct 06 10:50:23.274535 dv-cinder-860209-2-iscsi devstack@keystone.service[81403]: DEBUG keystone.server.flask.request_processing.middleware.auth_context [None req-af304cc0-0aa7-4e92-ab9b-2033bfc3a457 None None] Authenticating user token {{(pid=81403) process_request /usr/local/lib/python3.8/dist-packages/keystonemiddleware/auth_token/__init__.py:407}}
Oct 06 10:50:23.339032 dv-cinder-860209-2-iscsi devstack@keystone.service[81404]: DEBUG keystone.server.flask.request_processing.middleware.auth_context [None req-0b1a621d-9fa0-4a00-9de2-3be4292418f6 None admin] Validating token access rules against request {{(pid=81404) validate_allowed_request /usr/local/lib/python3.8/dist-packages/keystonemiddleware/auth_token/__init__.py:545}}
Oct 06 10:50:23.349888 dv-cinder-860209-2-iscsi devstack@keystone.service[81403]: DEBUG dbcounter [-] [81403] Writing DB stats keystone:SELECT=100 {{(pid=81403) stat_writer /usr/local/lib/python3.8/dist-packages/dbcounter.py:114}}
Oct 06 10:50:23.396050 dv-cinder-860209-2-iscsi devstack@keystone.service[81404]: DEBUG keystone.server.flask.request_processing.middleware.auth_context [None req-90bf7b75-6136-4f10-9343-7d2a4c7b8869 None admin] RBAC: auth_context: {'token': , 'domain_id': None, 'trust_id': None, 'trustor_id': None, 'trustee_id': None, 'domain_name': None, 'group_ids': [], 'user_id': 'dd261f057dda47fbbc28e2f5e9b2f3e7', 'user_domain_id': 'default', 'system_scope': 'all', 'project_id': None, 'project_domain_id': None, 'roles': ['admin', 'member', 'reader'], 'is_admin_project': True, 'service_user_id': None, 'service_user_domain_id': None, 'service_project_id': None, 'service_project_domain_id': None, 'service_roles': []} {{(pid=81404) fill_context /opt/stack/keystone/keystone/server/flask/request_processing/middleware/auth_context.py:478}}
Oct 06 10:50:23.399113 dv-cinder-860209-2-iscsi devstack@keystone.service[81404]: DEBUG keystone.server.flask.request_processing.req_logging [None req-90bf7b75-6136-4f10-9343-7d2a4c7b8869 None admin] REQUEST_METHOD: `GET` {{(pid=81404) log_request_info /opt/stack/keystone/keystone/server/flask/request_processing/req_logging.py:27}}
Oct 06 10:50:23.399113 dv-cinder-860209-2-iscsi devstack@keystone.service[81404]: DEBUG keystone.server.flask.request_processing.req_logging [None req-90bf7b75-6136-4f10-9343-7d2a4c7b8869 None admin] SCRIPT_NAME: `/identity` {{(pid=81404) log_request_info /opt/stack/keystone/keystone/server/flask/request_processing/req_logging.py:28}}
Oct 06 10:50:23.399113 dv-cinder-860209-2-iscsi devstack@keystone.service[81404]: DEBUG keystone.server.flask.request_processing.req_logging [None req-90bf7b75-6136-4f10-9343-7d2a4c7b8869 None admin] PATH_INFO: `/v3/auth/tokens` {{(pid=81404) log_request_info /opt/stack/keystone/keystone/server/flask/request_processing/req_logging.py:29}}
Oct 06 10:50:23.461009 dv-cinder-860209-2-iscsi devstack@keystone.service[81403]: DEBUG keystone.server.flask.request_processing.middleware.auth_context [None req-af304cc0-0aa7-4e92-ab9b-2033bfc3a457 None None] Validating token access rules against request {{(pid=81403) validate_allowed_request /usr/local/lib/python3.8/dist-packages/keystonemiddleware/auth_token/__init__.py:545}}
Oct 06 10:50:23.525313 dv-cinder-860209-2-iscsi devstack@keystone.service[81404]: DEBUG dbcounter [-] [81404] Writing DB stats keystone:SELECT=100 {{(pid=81404) stat_writer /usr/local/lib/python3.8/dist-packages/dbcounter.py:114}}
Oct 06 10:50:23.529324 dv-cinder-860209-2-iscsi devstack@keystone.service[81403]: DEBUG keystone.server.flask.request_processing.middleware.auth_context [None req-a1d3b5b7-12ca-4d43-9f67-ca89e7de5082 None admin] RBAC: auth_context: {'token': , 'domain_id': None, 'trust_id': None, 'trustor_id': None, 'trustee_id': None, 'domain_name': None, 'group_ids': [], 'user_id': 'dd261f057dda47fbbc28e2f5e9b2f3e7', 'user_domain_id': 'default', 'system_scope': 'all', 'project_id': None, 'project_domain_id': None, 'roles': ['admin', 'member', 'reader'], 'is_admin_project': True, 'service_user_id': None, 'service_user_domain_id': None, 'service_project_id': None, 'service_project_domain_id': None, 'service_roles': []} {{(pid=81403) fill_context /opt/stack/keystone/keystone/server/flask/request_processing/middleware/auth_context.py:478}}
Oct 06 10:50:23.529740 dv-cinder-860209-2-iscsi devstack@keystone.service[81403]: DEBUG keystone.server.flask.request_processing.req_logging [None req-a1d3b5b7-12ca-4d43-9f67-ca89e7de5082 None admin] REQUEST_METHOD: `GET` {{(pid=81403) log_request_info /opt/stack/keystone/keystone/server/flask/request_processing/req_logging.py:27}}
Oct 06 10:50:23.530041 dv-cinder-860209-2-iscsi devstack@keystone.service[81403]: DEBUG keystone.server.flask.request_processing.req_logging [None req-a1d3b5b7-12ca-4d43-9f67-ca89e7de5082 None admin] SCRIPT_NAME: `/identity` {{(pid=81403) log_request_info /opt/stack/keystone/keystone/server/flask/request_processing/req_logging.py:28}}
Oct 06 10:50:23.530319 dv-cinder-860209-2-iscsi devstack@keystone.service[81403]: DEBUG keystone.server.flask.request_processing.req_logging [None req-a1d3b5b7-12ca-4d43-9f67-ca89e7de5082 None admin] PATH_INFO: `/v3/projects/994f81afb7594f73a78a9d847a544f25` {{(pid=81403) log_request_info /opt/stack/keystone/keystone/server/flask/request_processing/req_logging.py:29}}
Oct 06 10:50:23.531524 dv-cinder-860209-2-iscsi devstack@keystone.service[81403]: DEBUG keystone.common.rbac_enforcer.enforcer [None req-a1d3b5b7-12ca-4d43-9f67-ca89e7de5082 None admin] RBAC: Authorizing `identity:get_project(project_id=994f81afb7594f73a78a9d847a544f25)` {{(pid=81403) enforce_call /opt/stack/keystone/keystone/common/rbac_enforcer/enforcer.py:449}}
Oct 06 10:50:23.533266 dv-cinder-860209-2-iscsi devstack@keystone.service[81403]: DEBUG keystone.common.rbac_enforcer.enforcer [None req-a1d3b5b7-12ca-4d43-9f67-ca89e7de5082 None admin] RBAC: Authorization granted {{(pid=81403) enforce_call /opt/stack/keystone/keystone/common/rbac_enforcer/enforcer.py:457}}
Oct 06 10:50:23.540022 dv-cinder-860209-2-iscsi devstack@keystone.service[81403]: [pid: 81403|app: 0|req: 97/198] 10.222.0.52 () {56 vars in 1186 bytes} [Thu Oct 6 10:50:23 2022] GET /identity/v3/projects/994f81afb7594f73a78a9d847a544f25 => generated 302 bytes in 261 msecs (HTTP/1.1 200) 5 headers in 177 bytes (1 switches on core 0)
Oct 06 10:50:23.545179 dv-cinder-860209-2-iscsi devstack@keystone.service[81403]: DEBUG keystone.server.flask.request_processing.middleware.auth_context [None req-a1d3b5b7-12ca-4d43-9f67-ca89e7de5082 None admin] Authenticating user token {{(pid=81403) process_request /usr/local/lib/python3.8/dist-packages/keystonemiddleware/auth_token/__init__.py:407}}
Oct 06 10:50:23.557978 dv-cinder-860209-2-iscsi devstack@keystone.service[81404]: DEBUG keystone.common.rbac_enforcer.enforcer [None req-90bf7b75-6136-4f10-9343-7d2a4c7b8869 None admin] RBAC: Authorizing `identity:validate_token()` {{(pid=81404) enforce_call /opt/stack/keystone/keystone/common/rbac_enforcer/enforcer.py:449}}
Oct 06 10:50:23.558672 dv-cinder-860209-2-iscsi devstack@keystone.service[81404]: DEBUG keystone.common.rbac_enforcer.enforcer [None req-90bf7b75-6136-4f10-9343-7d2a4c7b8869 None admin] RBAC: Authorization granted {{(pid=81404) enforce_call /opt/stack/keystone/keystone/common/rbac_enforcer/enforcer.py:457}}
Oct 06 10:50:23.766074 dv-cinder-860209-2-iscsi devstack@keystone.service[81404]: [pid: 81404|app: 0|req: 102/199] 10.222.0.52 () {58 vars in 1282 bytes} [Thu Oct 6 10:50:23 2022] GET /identity/v3/auth/tokens => generated 799 bytes in 565 msecs (HTTP/1.1 200) 6 headers in 358 bytes (1 switches on core 0)
Oct 06 10:50:23.768240 dv-cinder-860209-2-iscsi devstack@keystone.service[81404]: DEBUG keystone.server.flask.request_processing.middleware.auth_context [None req-90bf7b75-6136-4f10-9343-7d2a4c7b8869 None admin] Authenticating user token {{(pid=81404) process_request /usr/local/lib/python3.8/dist-packages/keystonemiddleware/auth_token/__init__.py:407}}
Oct 06 10:50:23.792816 dv-cinder-860209-2-iscsi devstack@keystone.service[81403]: DEBUG keystone.server.flask.request_processing.middleware.auth_context [None req-a1d3b5b7-12ca-4d43-9f67-ca89e7de5082 None admin] Validating token access rules against request {{(pid=81403) validate_allowed_request /usr/local/lib/python3.8/dist-packages/keystonemiddleware/auth_token/__init__.py:545}}
Oct 06 10:50:23.821998 dv-cinder-860209-2-iscsi devstack@keystone.service[81403]: DEBUG dbcounter [-] [81403] Writing DB stats keystone:SELECT=100 {{(pid=81403) stat_writer /usr/local/lib/python3.8/dist-packages/dbcounter.py:114}}
Oct 06 10:50:23.852495 dv-cinder-860209-2-iscsi devstack@keystone.service[81403]: DEBUG keystone.server.flask.request_processing.middleware.auth_context [None req-9d2e4903-6e2d-456a-8e6d-3b26fd6e876a None admin] RBAC: auth_context: {'token': , 'domain_id': None, 'trust_id': None, 'trustor_id': None, 'trustee_id': None, 'domain_name': None, 'group_ids': [], 'user_id': 'dd261f057dda47fbbc28e2f5e9b2f3e7', 'user_domain_id': 'default', 'system_scope': 'all', 'project_id': None, 'project_domain_id': None, 'roles': ['admin', 'member', 'reader'], 'is_admin_project': True, 'service_user_id': None, 'service_user_domain_id': None, 'service_project_id': None, 'service_project_domain_id': None, 'service_roles': []} {{(pid=81403) fill_context /opt/stack/keystone/keystone/server/flask/request_processing/middleware/auth_context.py:478}}
Oct 06 10:50:23.853570 dv-cinder-860209-2-iscsi devstack@keystone.service[81403]: DEBUG keystone.server.flask.request_processing.req_logging [None req-9d2e4903-6e2d-456a-8e6d-3b26fd6e876a None admin] REQUEST_METHOD: `GET` {{(pid=81403) log_request_info /opt/stack/keystone/keystone/server/flask/request_processing/req_logging.py:27}}
Oct 06 10:50:23.854439 dv-cinder-860209-2-iscsi devstack@keystone.service[81403]: DEBUG keystone.server.flask.request_processing.req_logging [None req-9d2e4903-6e2d-456a-8e6d-3b26fd6e876a None admin] SCRIPT_NAME: `/identity` {{(pid=81403) log_request_info /opt/stack/keystone/keystone/server/flask/request_processing/req_logging.py:28}}
Oct 06 10:50:23.854908 dv-cinder-860209-2-iscsi devstack@keystone.service[81403]: DEBUG keystone.server.flask.request_processing.req_logging [None req-9d2e4903-6e2d-456a-8e6d-3b26fd6e876a None admin] PATH_INFO: `/v3/role_assignments` {{(pid=81403) log_request_info /opt/stack/keystone/keystone/server/flask/request_processing/req_logging.py:29}}
Oct 06 10:50:23.856147 dv-cinder-860209-2-iscsi devstack@keystone.service[81403]: DEBUG keystone.common.rbac_enforcer.enforcer [None req-9d2e4903-6e2d-456a-8e6d-3b26fd6e876a None admin] RBAC: Adding query filter params (role.id=4c41d809cc274ff5871dc8092f05715a, scope.project.id=994f81afb7594f73a78a9d847a544f25, user.id=1f1b7263ee6e467b942bcf534c7f8f99) {{(pid=81403) _extract_filter_values /opt/stack/keystone/keystone/common/rbac_enforcer/enforcer.py:167}}
Oct 06 10:50:23.856653 dv-cinder-860209-2-iscsi devstack@keystone.service[81403]: DEBUG keystone.common.rbac_enforcer.enforcer [None req-9d2e4903-6e2d-456a-8e6d-3b26fd6e876a None admin] RBAC: Authorizing `identity:list_role_assignments()` {{(pid=81403) enforce_call /opt/stack/keystone/keystone/common/rbac_enforcer/enforcer.py:449}}
Oct 06 10:50:23.858599 dv-cinder-860209-2-iscsi devstack@keystone.service[81403]: DEBUG keystone.common.rbac_enforcer.enforcer [None req-9d2e4903-6e2d-456a-8e6d-3b26fd6e876a None admin] RBAC: Authorization granted {{(pid=81403) enforce_call /opt/stack/keystone/keystone/common/rbac_enforcer/enforcer.py:457}}
Oct 06 10:50:23.868210 dv-cinder-860209-2-iscsi devstack@keystone.service[81403]: [pid: 81403|app: 0|req: 98/200] 10.222.0.52 () {56 vars in 1374 bytes} [Thu Oct 6 10:50:23 2022] GET /identity/v3/role_assignments?user.id=1f1b7263ee6e467b942bcf534c7f8f99&scope.project.id=994f81afb7594f73a78a9d847a544f25&role.id=4c41d809cc274ff5871dc8092f05715a => generated 259 bytes in 323 msecs (HTTP/1.1 200) 5 headers in 177 bytes (1 switches on core 0)
