Oct 03 13:15:34.670327 dv-cinder-860090-1-iscsi devstack@keystone.service[81424]: DEBUG keystone.server.flask.request_processing.middleware.auth_context [None req-77928614-cf1b-491e-8283-7e3b17494273 None admin] RBAC: auth_context: {'token': , 'domain_id': None, 'trust_id': None, 'trustor_id': None, 'trustee_id': None, 'domain_name': None, 'group_ids': [], 'user_id': '72593536090c47589cfad801ff3da440', 'user_domain_id': 'default', 'system_scope': 'all', 'project_id': None, 'project_domain_id': None, 'roles': ['admin', 'member', 'reader'], 'is_admin_project': True, 'service_user_id': None, 'service_user_domain_id': None, 'service_project_id': None, 'service_project_domain_id': None, 'service_roles': []} {{(pid=81424) fill_context /opt/stack/keystone/keystone/server/flask/request_processing/middleware/auth_context.py:478}}
Oct 03 13:15:34.671040 dv-cinder-860090-1-iscsi devstack@keystone.service[81424]: DEBUG keystone.server.flask.request_processing.req_logging [None req-77928614-cf1b-491e-8283-7e3b17494273 None admin] REQUEST_METHOD: `POST` {{(pid=81424) log_request_info /opt/stack/keystone/keystone/server/flask/request_processing/req_logging.py:27}}
Oct 03 13:15:34.671292 dv-cinder-860090-1-iscsi devstack@keystone.service[81424]: DEBUG keystone.server.flask.request_processing.req_logging [None req-77928614-cf1b-491e-8283-7e3b17494273 None admin] SCRIPT_NAME: `/identity` {{(pid=81424) log_request_info /opt/stack/keystone/keystone/server/flask/request_processing/req_logging.py:28}}
Oct 03 13:15:34.671576 dv-cinder-860090-1-iscsi devstack@keystone.service[81424]: DEBUG keystone.server.flask.request_processing.req_logging [None req-77928614-cf1b-491e-8283-7e3b17494273 None admin] PATH_INFO: `/v3/projects` {{(pid=81424) log_request_info /opt/stack/keystone/keystone/server/flask/request_processing/req_logging.py:29}}
Oct 03 13:15:34.672280 dv-cinder-860090-1-iscsi devstack@keystone.service[81424]: DEBUG keystone.common.rbac_enforcer.enforcer [None req-77928614-cf1b-491e-8283-7e3b17494273 None admin] RBAC: Authorizing `identity:create_project()` {{(pid=81424) enforce_call /opt/stack/keystone/keystone/common/rbac_enforcer/enforcer.py:449}}
Oct 03 13:15:34.673884 dv-cinder-860090-1-iscsi devstack@keystone.service[81424]: DEBUG keystone.common.rbac_enforcer.enforcer [None req-77928614-cf1b-491e-8283-7e3b17494273 None admin] RBAC: Authorization granted {{(pid=81424) enforce_call /opt/stack/keystone/keystone/common/rbac_enforcer/enforcer.py:457}}
Oct 03 13:15:34.721892 dv-cinder-860090-1-iscsi devstack@keystone.service[81424]: [pid: 81424|app: 0|req: 57/106] 10.222.0.58 () {60 vars in 1141 bytes} [Mon Oct 3 13:15:34 2022] POST /identity/v3/projects => generated 302 bytes in 328 msecs (HTTP/1.1 201) 5 headers in 182 bytes (1 switches on core 0)
Oct 03 13:15:34.723560 dv-cinder-860090-1-iscsi devstack@keystone.service[81424]: DEBUG keystone.server.flask.request_processing.middleware.auth_context [None req-77928614-cf1b-491e-8283-7e3b17494273 None admin] Authenticating user token {{(pid=81424) process_request /usr/local/lib/python3.8/dist-packages/keystonemiddleware/auth_token/__init__.py:407}}
Oct 03 13:15:34.811117 dv-cinder-860090-1-iscsi devstack@keystone.service[81423]: DEBUG dbcounter [-] [81423] Writing DB stats keystone:SELECT=100 {{(pid=81423) stat_writer /usr/local/lib/python3.8/dist-packages/dbcounter.py:114}}
Oct 03 13:15:34.872487 dv-cinder-860090-1-iscsi devstack@keystone.service[81423]: DEBUG keystone.server.flask.request_processing.middleware.auth_context [None req-d86d4999-435b-4375-bab0-98791492b183 None admin] Validating token access rules against request {{(pid=81423) validate_allowed_request /usr/local/lib/python3.8/dist-packages/keystonemiddleware/auth_token/__init__.py:545}}
Oct 03 13:15:34.976373 dv-cinder-860090-1-iscsi devstack@keystone.service[81423]: DEBUG keystone.server.flask.request_processing.middleware.auth_context [None req-a48ff08a-8a8d-4689-aaee-df388c8c20a2 None admin] RBAC: auth_context: {'token': , 'domain_id': None, 'trust_id': None, 'trustor_id': None, 'trustee_id': None, 'domain_name': None, 'group_ids': [], 'user_id': '72593536090c47589cfad801ff3da440', 'user_domain_id': 'default', 'system_scope': 'all', 'project_id': None, 'project_domain_id': None, 'roles': ['admin', 'member', 'reader'], 'is_admin_project': True, 'service_user_id': None, 'service_user_domain_id': None, 'service_project_id': None, 'service_project_domain_id': None, 'service_roles': []} {{(pid=81423) fill_context /opt/stack/keystone/keystone/server/flask/request_processing/middleware/auth_context.py:478}}
Oct 03 13:15:34.977057 dv-cinder-860090-1-iscsi devstack@keystone.service[81423]: DEBUG keystone.server.flask.request_processing.req_logging [None req-a48ff08a-8a8d-4689-aaee-df388c8c20a2 None admin] REQUEST_METHOD: `GET` {{(pid=81423) log_request_info /opt/stack/keystone/keystone/server/flask/request_processing/req_logging.py:27}}
Oct 03 13:15:34.977345 dv-cinder-860090-1-iscsi devstack@keystone.service[81423]: DEBUG keystone.server.flask.request_processing.req_logging [None req-a48ff08a-8a8d-4689-aaee-df388c8c20a2 None admin] SCRIPT_NAME: `/identity` {{(pid=81423) log_request_info /opt/stack/keystone/keystone/server/flask/request_processing/req_logging.py:28}}
Oct 03 13:15:34.977659 dv-cinder-860090-1-iscsi devstack@keystone.service[81423]: DEBUG keystone.server.flask.request_processing.req_logging [None req-a48ff08a-8a8d-4689-aaee-df388c8c20a2 None admin] PATH_INFO: `/v3/roles/member` {{(pid=81423) log_request_info /opt/stack/keystone/keystone/server/flask/request_processing/req_logging.py:29}}
Oct 03 13:15:34.994485 dv-cinder-860090-1-iscsi devstack@keystone.service[81424]: DEBUG keystone.server.flask.request_processing.middleware.auth_context [None req-77928614-cf1b-491e-8283-7e3b17494273 None admin] Validating token access rules against request {{(pid=81424) validate_allowed_request /usr/local/lib/python3.8/dist-packages/keystonemiddleware/auth_token/__init__.py:545}}
Oct 03 13:15:35.010259 dv-cinder-860090-1-iscsi devstack@keystone.service[81423]: DEBUG keystone.common.rbac_enforcer.enforcer [None req-a48ff08a-8a8d-4689-aaee-df388c8c20a2 None admin] Extracting inferred target data resulted in "NOT FOUND (404)". {{(pid=81423) enforce_call /opt/stack/keystone/keystone/common/rbac_enforcer/enforcer.py:409}}
Oct 03 13:15:35.023688 dv-cinder-860090-1-iscsi devstack@keystone.service[81423]: ERROR keystone.server.flask.application [None req-a48ff08a-8a8d-4689-aaee-df388c8c20a2 None admin] Could not find role: member.: keystone.exception.RoleNotFound: Could not find role: member.
Oct 03 13:15:35.023688 dv-cinder-860090-1-iscsi devstack@keystone.service[81423]: ERROR keystone.server.flask.application
Traceback (most recent call last):
Oct 03 13:15:35.023688 dv-cinder-860090-1-iscsi devstack@keystone.service[81423]: ERROR keystone.server.flask.application
File "/usr/local/lib/python3.8/dist-packages/flask/app.py", line 1820, in full_dispatch_request
Oct 03 13:15:35.023688 dv-cinder-860090-1-iscsi devstack@keystone.service[81423]: ERROR keystone.server.flask.application rv = self.dispatch_request()
Oct 03 13:15:35.023688 dv-cinder-860090-1-iscsi devstack@keystone.service[81423]: ERROR keystone.server.flask.application
File "/usr/local/lib/python3.8/dist-packages/flask/app.py", line 1796, in dispatch_request
Oct 03 13:15:35.023688 dv-cinder-860090-1-iscsi devstack@keystone.service[81423]: ERROR keystone.server.flask.application return self.ensure_sync(self.view_functions[rule.endpoint])(**view_args)
Oct 03 13:15:35.023688 dv-cinder-860090-1-iscsi devstack@keystone.service[81423]: ERROR keystone.server.flask.application
File "/usr/local/lib/python3.8/dist-packages/flask_restful/__init__.py", line 467, in wrapper
Oct 03 13:15:35.023688 dv-cinder-860090-1-iscsi devstack@keystone.service[81423]: ERROR keystone.server.flask.application resp = resource(*args, **kwargs)
Oct 03 13:15:35.023688 dv-cinder-860090-1-iscsi devstack@keystone.service[81423]: ERROR keystone.server.flask.application
File "/usr/local/lib/python3.8/dist-packages/flask/views.py", line 107, in view
Oct 03 13:15:35.023688 dv-cinder-860090-1-iscsi devstack@keystone.service[81423]: ERROR keystone.server.flask.application return current_app.ensure_sync(self.dispatch_request)(**kwargs)
Oct 03 13:15:35.023688 dv-cinder-860090-1-iscsi devstack@keystone.service[81423]: ERROR keystone.server.flask.application
File "/usr/local/lib/python3.8/dist-packages/flask_restful/__init__.py", line 582, in dispatch_request
Oct 03 13:15:35.023688 dv-cinder-860090-1-iscsi devstack@keystone.service[81423]: ERROR keystone.server.flask.application resp = meth(*args, **kwargs)
Oct 03 13:15:35.023688 dv-cinder-860090-1-iscsi devstack@keystone.service[81423]: ERROR keystone.server.flask.application
File "/opt/stack/keystone/keystone/api/roles.py", line 50, in get
Oct 03 13:15:35.023688 dv-cinder-860090-1-iscsi devstack@keystone.service[81423]: ERROR keystone.server.flask.application return self._get_role(role_id)
Oct 03 13:15:35.023688 dv-cinder-860090-1-iscsi devstack@keystone.service[81423]: ERROR keystone.server.flask.application
File "/opt/stack/keystone/keystone/api/roles.py", line 70, in _get_role
Oct 03 13:15:35.023688 dv-cinder-860090-1-iscsi devstack@keystone.service[81423]: ERROR keystone.server.flask.application ENFORCER.enforce_call(action='identity:get_role')
Oct 03 13:15:35.024670 dv-cinder-860090-1-iscsi devstack@keystone.service[81423]: ERROR keystone.server.flask.application
File "/opt/stack/keystone/keystone/common/rbac_enforcer/enforcer.py", line 402, in enforce_call
Oct 03 13:15:35.024670 dv-cinder-860090-1-iscsi devstack@keystone.service[81423]: ERROR keystone.server.flask.application policy_dict.update(cls._extract_member_target_data(
Oct 03 13:15:35.024670 dv-cinder-860090-1-iscsi devstack@keystone.service[81423]: ERROR keystone.server.flask.application
File "/opt/stack/keystone/keystone/common/rbac_enforcer/enforcer.py", line 234, in _extract_member_target_data
Oct 03 13:15:35.024670 dv-cinder-860090-1-iscsi devstack@keystone.service[81423]: ERROR keystone.server.flask.application member_name: func(flask.request.view_args[key])
Oct 03 13:15:35.024670 dv-cinder-860090-1-iscsi devstack@keystone.service[81423]: ERROR keystone.server.flask.application
File "/opt/stack/keystone/keystone/common/manager.py", line 115, in wrapped
Oct 03 13:15:35.024670 dv-cinder-860090-1-iscsi devstack@keystone.service[81423]: ERROR keystone.server.flask.application __ret_val = __f(*args, **kwargs)
Oct 03 13:15:35.024670 dv-cinder-860090-1-iscsi devstack@keystone.service[81423]: ERROR keystone.server.flask.application
File "/usr/local/lib/python3.8/dist-packages/decorator.py", line 232, in fun
Oct 03 13:15:35.024670 dv-cinder-860090-1-iscsi devstack@keystone.service[81423]: ERROR keystone.server.flask.application return caller(func, *(extras + args), **kw)
Oct 03 13:15:35.024670 dv-cinder-860090-1-iscsi devstack@keystone.service[81423]: ERROR keystone.server.flask.application
File "/usr/local/lib/python3.8/dist-packages/dogpile/cache/region.py", line 1577, in get_or_create_for_user_func
Oct 03 13:15:35.024670 dv-cinder-860090-1-iscsi devstack@keystone.service[81423]: ERROR keystone.server.flask.application return self.get_or_create(
Oct 03 13:15:35.024670 dv-cinder-860090-1-iscsi devstack@keystone.service[81423]: ERROR keystone.server.flask.application
File "/usr/local/lib/python3.8/dist-packages/dogpile/cache/region.py", line 1042, in get_or_create
Oct 03 13:15:35.024670 dv-cinder-860090-1-iscsi devstack@keystone.service[81423]: ERROR keystone.server.flask.application with Lock(
Oct 03 13:15:35.024670 dv-cinder-860090-1-iscsi devstack@keystone.service[81423]: ERROR keystone.server.flask.application
File "/usr/local/lib/python3.8/dist-packages/dogpile/lock.py", line 185, in __enter__
Oct 03 13:15:35.024670 dv-cinder-860090-1-iscsi devstack@keystone.service[81423]: ERROR keystone.server.flask.application return self._enter()
Oct 03 13:15:35.024670 dv-cinder-860090-1-iscsi devstack@keystone.service[81423]: ERROR keystone.server.flask.application
File "/usr/local/lib/python3.8/dist-packages/dogpile/lock.py", line 94, in _enter
Oct 03 13:15:35.024670 dv-cinder-860090-1-iscsi devstack@keystone.service[81423]: ERROR keystone.server.flask.application generated = self._enter_create(value, createdtime)
Oct 03 13:15:35.025481 dv-cinder-860090-1-iscsi devstack@keystone.service[81423]: ERROR keystone.server.flask.application
File "/usr/local/lib/python3.8/dist-packages/dogpile/lock.py", line 178, in _enter_create
Oct 03 13:15:35.025481 dv-cinder-860090-1-iscsi devstack@keystone.service[81423]: ERROR keystone.server.flask.application return self.creator()
Oct 03 13:15:35.025481 dv-cinder-860090-1-iscsi devstack@keystone.service[81423]: ERROR keystone.server.flask.application
File "/usr/local/lib/python3.8/dist-packages/dogpile/cache/region.py", line 995, in gen_value
Oct 03 13:15:35.025481 dv-cinder-860090-1-iscsi devstack@keystone.service[81423]: ERROR keystone.server.flask.application created_value = creator(
Oct 03 13:15:35.025481 dv-cinder-860090-1-iscsi devstack@keystone.service[81423]: ERROR keystone.server.flask.application
File "/opt/stack/keystone/keystone/assignment/core.py", line 1276, in get_role
Oct 03 13:15:35.025481 dv-cinder-860090-1-iscsi devstack@keystone.service[81423]: ERROR keystone.server.flask.application return self.driver.get_role(role_id)
Oct 03 13:15:35.025481 dv-cinder-860090-1-iscsi devstack@keystone.service[81423]: ERROR keystone.server.flask.application
File "/opt/stack/keystone/keystone/assignment/role_backends/sql.py", line 70, in get_role
Oct 03 13:15:35.025481 dv-cinder-860090-1-iscsi devstack@keystone.service[81423]: ERROR keystone.server.flask.application return self._get_role(session, role_id).to_dict()
Oct 03 13:15:35.025481 dv-cinder-860090-1-iscsi devstack@keystone.service[81423]: ERROR keystone.server.flask.application
File "/opt/stack/keystone/keystone/assignment/role_backends/sql.py", line 65, in _get_role
Oct 03 13:15:35.025481 dv-cinder-860090-1-iscsi devstack@keystone.service[81423]: ERROR keystone.server.flask.application raise exception.RoleNotFound(role_id=role_id)
Oct 03 13:15:35.025481 dv-cinder-860090-1-iscsi devstack@keystone.service[81423]: ERROR keystone.server.flask.application keystone.exception.RoleNotFound: Could not find role: member.
Oct 03 13:15:35.025481 dv-cinder-860090-1-iscsi devstack@keystone.service[81423]: ERROR keystone.server.flask.application
Oct 03 13:15:35.025481 dv-cinder-860090-1-iscsi devstack@keystone.service[81423]: [pid: 81423|app: 0|req: 50/107] 10.222.0.58 () {56 vars in 1099 bytes} [Mon Oct 3 13:15:34 2022] GET /identity/v3/roles/member => generated 84 bytes in 386 msecs (HTTP/1.1 404) 5 headers in 183 bytes (1 switches on core 0)
Oct 03 13:15:35.032930 dv-cinder-860090-1-iscsi devstack@keystone.service[81423]: DEBUG keystone.server.flask.request_processing.middleware.auth_context [None req-a48ff08a-8a8d-4689-aaee-df388c8c20a2 None admin] Authenticating user token {{(pid=81423) process_request /usr/local/lib/python3.8/dist-packages/keystonemiddleware/auth_token/__init__.py:407}}
Oct 03 13:15:35.077304 dv-cinder-860090-1-iscsi devstack@keystone.service[81424]: DEBUG dbcounter [-] [81424] Writing DB stats keystone:SELECT=99,keystone:INSERT=1 {{(pid=81424) stat_writer /usr/local/lib/python3.8/dist-packages/dbcounter.py:114}}
Oct 03 13:15:35.114264 dv-cinder-860090-1-iscsi devstack@keystone.service[81424]: DEBUG keystone.server.flask.request_processing.middleware.auth_context [None req-73380a9a-9c8a-46e5-9bde-c97ebbeba9e7 None admin] RBAC: auth_context: {'token': , 'domain_id': None, 'trust_id': None, 'trustor_id': None, 'trustee_id': None, 'domain_name': None, 'group_ids': [], 'user_id': '72593536090c47589cfad801ff3da440', 'user_domain_id': 'default', 'system_scope': 'all', 'project_id': None, 'project_domain_id': None, 'roles': ['admin', 'member', 'reader'], 'is_admin_project': True, 'service_user_id': None, 'service_user_domain_id': None, 'service_project_id': None, 'service_project_domain_id': None, 'service_roles': []} {{(pid=81424) fill_context /opt/stack/keystone/keystone/server/flask/request_processing/middleware/auth_context.py:478}}
Oct 03 13:15:35.115190 dv-cinder-860090-1-iscsi devstack@keystone.service[81424]: DEBUG keystone.server.flask.request_processing.req_logging [None req-73380a9a-9c8a-46e5-9bde-c97ebbeba9e7 None admin] REQUEST_METHOD: `GET` {{(pid=81424) log_request_info /opt/stack/keystone/keystone/server/flask/request_processing/req_logging.py:27}}
Oct 03 13:15:35.115487 dv-cinder-860090-1-iscsi devstack@keystone.service[81424]: DEBUG keystone.server.flask.request_processing.req_logging [None req-73380a9a-9c8a-46e5-9bde-c97ebbeba9e7 None admin] SCRIPT_NAME: `/identity` {{(pid=81424) log_request_info /opt/stack/keystone/keystone/server/flask/request_processing/req_logging.py:28}}
Oct 03 13:15:35.115775 dv-cinder-860090-1-iscsi devstack@keystone.service[81424]: DEBUG keystone.server.flask.request_processing.req_logging [None req-73380a9a-9c8a-46e5-9bde-c97ebbeba9e7 None admin] PATH_INFO: `/v3/roles` {{(pid=81424) log_request_info /opt/stack/keystone/keystone/server/flask/request_processing/req_logging.py:29}}
Oct 03 13:15:35.116488 dv-cinder-860090-1-iscsi devstack@keystone.service[81424]: DEBUG keystone.common.rbac_enforcer.enforcer [None req-73380a9a-9c8a-46e5-9bde-c97ebbeba9e7 None admin] RBAC: Adding query filter params (name=reader) {{(pid=81424) _extract_filter_values /opt/stack/keystone/keystone/common/rbac_enforcer/enforcer.py:167}}
Oct 03 13:15:35.116805 dv-cinder-860090-1-iscsi devstack@keystone.service[81424]: DEBUG keystone.common.rbac_enforcer.enforcer [None req-73380a9a-9c8a-46e5-9bde-c97ebbeba9e7 None admin] RBAC: Authorizing `identity:list_roles()` {{(pid=81424) enforce_call /opt/stack/keystone/keystone/common/rbac_enforcer/enforcer.py:449}}
Oct 03 13:15:35.118305 dv-cinder-860090-1-iscsi devstack@keystone.service[81424]: DEBUG keystone.common.rbac_enforcer.enforcer [None req-73380a9a-9c8a-46e5-9bde-c97ebbeba9e7 None admin] RBAC: Authorization granted {{(pid=81424) enforce_call /opt/stack/keystone/keystone/common/rbac_enforcer/enforcer.py:457}}
Oct 03 13:15:35.144506 dv-cinder-860090-1-iscsi devstack@keystone.service[81424]: [pid: 81424|app: 0|req: 58/108] 10.222.0.58 () {56 vars in 1101 bytes} [Mon Oct 3 13:15:34 2022] GET /identity/v3/roles?name=reader => generated 341 bytes in 421 msecs (HTTP/1.1 200) 5 headers in 177 bytes (1 switches on core 0)
Oct 03 13:15:35.145710 dv-cinder-860090-1-iscsi devstack@keystone.service[81424]: DEBUG keystone.server.flask.request_processing.req_logging [None req-206b9049-86bd-4baa-a9c0-f2d98d4163ee None None] REQUEST_METHOD: `GET` {{(pid=81424) log_request_info /opt/stack/keystone/keystone/server/flask/request_processing/req_logging.py:27}}
Oct 03 13:15:35.145710 dv-cinder-860090-1-iscsi devstack@keystone.service[81424]: DEBUG keystone.server.flask.request_processing.req_logging [None req-206b9049-86bd-4baa-a9c0-f2d98d4163ee None None] SCRIPT_NAME: `/identity` {{(pid=81424) log_request_info /opt/stack/keystone/keystone/server/flask/request_processing/req_logging.py:28}}
Oct 03 13:15:35.145710 dv-cinder-860090-1-iscsi devstack@keystone.service[81424]: DEBUG keystone.server.flask.request_processing.req_logging [None req-206b9049-86bd-4baa-a9c0-f2d98d4163ee None None] PATH_INFO: `/` {{(pid=81424) log_request_info /opt/stack/keystone/keystone/server/flask/request_processing/req_logging.py:29}}
Oct 03 13:15:35.147583 dv-cinder-860090-1-iscsi devstack@keystone.service[81424]: [pid: 81424|app: 0|req: 59/109] 10.222.0.58 () {54 vars in 927 bytes} [Mon Oct 3 13:15:35 2022] GET /identity => generated 270 bytes in 4 msecs (HTTP/1.1 300) 6 headers in 234 bytes (1 switches on core 0)
Oct 03 13:15:35.153443 dv-cinder-860090-1-iscsi devstack@keystone.service[81424]: DEBUG keystone.server.flask.request_processing.middleware.auth_context [None req-206b9049-86bd-4baa-a9c0-f2d98d4163ee None None] Authenticating user token {{(pid=81424) process_request /usr/local/lib/python3.8/dist-packages/keystonemiddleware/auth_token/__init__.py:407}}
Oct 03 13:15:35.322743 dv-cinder-860090-1-iscsi devstack@keystone.service[81423]: DEBUG keystone.server.flask.request_processing.middleware.auth_context [None req-a48ff08a-8a8d-4689-aaee-df388c8c20a2 None admin] Validating token access rules against request {{(pid=81423) validate_allowed_request /usr/local/lib/python3.8/dist-packages/keystonemiddleware/auth_token/__init__.py:545}}
Oct 03 13:15:35.386885 dv-cinder-860090-1-iscsi devstack@keystone.service[81424]: DEBUG keystone.server.flask.request_processing.middleware.auth_context [None req-206b9049-86bd-4baa-a9c0-f2d98d4163ee None None] Validating token access rules against request {{(pid=81424) validate_allowed_request /usr/local/lib/python3.8/dist-packages/keystonemiddleware/auth_token/__init__.py:545}}
Oct 03 13:15:35.407030 dv-cinder-860090-1-iscsi devstack@keystone.service[81423]: DEBUG keystone.server.flask.request_processing.middleware.auth_context [None req-831e4957-7e8e-45d9-a4e1-607e4190e743 None admin] RBAC: auth_context: {'token': , 'domain_id': None, 'trust_id': None, 'trustor_id': None, 'trustee_id': None, 'domain_name': None, 'group_ids': [], 'user_id': '72593536090c47589cfad801ff3da440', 'user_domain_id': 'default', 'system_scope': 'all', 'project_id': None, 'project_domain_id': None, 'roles': ['admin', 'member', 'reader'], 'is_admin_project': True, 'service_user_id': None, 'service_user_domain_id': None, 'service_project_id': None, 'service_project_domain_id': None, 'service_roles': []} {{(pid=81423) fill_context /opt/stack/keystone/keystone/server/flask/request_processing/middleware/auth_context.py:478}}
Oct 03 13:15:35.407657 dv-cinder-860090-1-iscsi devstack@keystone.service[81423]: DEBUG keystone.server.flask.request_processing.req_logging [None req-831e4957-7e8e-45d9-a4e1-607e4190e743 None admin] REQUEST_METHOD: `GET` {{(pid=81423) log_request_info /opt/stack/keystone/keystone/server/flask/request_processing/req_logging.py:27}}
Oct 03 13:15:35.407906 dv-cinder-860090-1-iscsi devstack@keystone.service[81423]: DEBUG keystone.server.flask.request_processing.req_logging [None req-831e4957-7e8e-45d9-a4e1-607e4190e743 None admin] SCRIPT_NAME: `/identity` {{(pid=81423) log_request_info /opt/stack/keystone/keystone/server/flask/request_processing/req_logging.py:28}}
Oct 03 13:15:35.408135 dv-cinder-860090-1-iscsi devstack@keystone.service[81423]: DEBUG keystone.server.flask.request_processing.req_logging [None req-831e4957-7e8e-45d9-a4e1-607e4190e743 None admin] PATH_INFO: `/v3/roles` {{(pid=81423) log_request_info /opt/stack/keystone/keystone/server/flask/request_processing/req_logging.py:29}}
Oct 03 13:15:35.408857 dv-cinder-860090-1-iscsi devstack@keystone.service[81423]: DEBUG keystone.common.rbac_enforcer.enforcer [None req-831e4957-7e8e-45d9-a4e1-607e4190e743 None admin] RBAC: Adding query filter params (name=member) {{(pid=81423) _extract_filter_values /opt/stack/keystone/keystone/common/rbac_enforcer/enforcer.py:167}}
Oct 03 13:15:35.409175 dv-cinder-860090-1-iscsi devstack@keystone.service[81423]: DEBUG keystone.common.rbac_enforcer.enforcer [None req-831e4957-7e8e-45d9-a4e1-607e4190e743 None admin] RBAC: Authorizing `identity:list_roles()` {{(pid=81423) enforce_call /opt/stack/keystone/keystone/common/rbac_enforcer/enforcer.py:449}}
Oct 03 13:15:35.411909 dv-cinder-860090-1-iscsi devstack@keystone.service[81423]: DEBUG keystone.common.rbac_enforcer.enforcer [None req-831e4957-7e8e-45d9-a4e1-607e4190e743 None admin] RBAC: Authorization granted {{(pid=81423) enforce_call /opt/stack/keystone/keystone/common/rbac_enforcer/enforcer.py:457}}
Oct 03 13:15:35.418053 dv-cinder-860090-1-iscsi devstack@keystone.service[81423]: DEBUG dbcounter [-] [81423] Writing DB stats keystone:SELECT=100 {{(pid=81423) stat_writer /usr/local/lib/python3.8/dist-packages/dbcounter.py:114}}
Oct 03 13:15:35.430166 dv-cinder-860090-1-iscsi devstack@keystone.service[81423]: [pid: 81423|app: 0|req: 51/110] 10.222.0.58 () {56 vars in 1101 bytes} [Mon Oct 3 13:15:35 2022] GET /identity/v3/roles?name=member => generated 341 bytes in 398 msecs (HTTP/1.1 200) 5 headers in 177 bytes (1 switches on core 0)
Oct 03 13:15:35.435134 dv-cinder-860090-1-iscsi devstack@keystone.service[81423]: DEBUG keystone.server.flask.request_processing.req_logging [None req-9b84769c-dafa-447d-ba5f-ca83c5dbf49e None None] REQUEST_METHOD: `POST` {{(pid=81423) log_request_info /opt/stack/keystone/keystone/server/flask/request_processing/req_logging.py:27}}
Oct 03 13:15:35.435422 dv-cinder-860090-1-iscsi devstack@keystone.service[81423]: DEBUG keystone.server.flask.request_processing.req_logging [None req-9b84769c-dafa-447d-ba5f-ca83c5dbf49e None None] SCRIPT_NAME: `/identity` {{(pid=81423) log_request_info /opt/stack/keystone/keystone/server/flask/request_processing/req_logging.py:28}}
Oct 03 13:15:35.435773 dv-cinder-860090-1-iscsi devstack@keystone.service[81423]: DEBUG keystone.server.flask.request_processing.req_logging [None req-9b84769c-dafa-447d-ba5f-ca83c5dbf49e None None] PATH_INFO: `/v3/auth/tokens` {{(pid=81423) log_request_info /opt/stack/keystone/keystone/server/flask/request_processing/req_logging.py:29}}
Oct 03 13:15:35.470370 dv-cinder-860090-1-iscsi devstack@keystone.service[81424]: DEBUG keystone.server.flask.request_processing.middleware.auth_context [None req-d9eb7e9a-e155-453f-80e9-ee57b212336d None admin] RBAC: auth_context: {'token': , 'domain_id': None, 'trust_id': None, 'trustor_id': None, 'trustee_id': None, 'domain_name': None, 'group_ids': [], 'user_id': '72593536090c47589cfad801ff3da440', 'user_domain_id': 'default', 'system_scope': 'all', 'project_id': None, 'project_domain_id': None, 'roles': ['admin', 'member', 'reader'], 'is_admin_project': True, 'service_user_id': None, 'service_user_domain_id': None, 'service_project_id': None, 'service_project_domain_id': None, 'service_roles': []} {{(pid=81424) fill_context /opt/stack/keystone/keystone/server/flask/request_processing/middleware/auth_context.py:478}}
Oct 03 13:15:35.471042 dv-cinder-860090-1-iscsi devstack@keystone.service[81424]: DEBUG keystone.server.flask.request_processing.req_logging [None req-d9eb7e9a-e155-453f-80e9-ee57b212336d None admin] REQUEST_METHOD: `GET` {{(pid=81424) log_request_info /opt/stack/keystone/keystone/server/flask/request_processing/req_logging.py:27}}
Oct 03 13:15:35.471334 dv-cinder-860090-1-iscsi devstack@keystone.service[81424]: DEBUG keystone.server.flask.request_processing.req_logging [None req-d9eb7e9a-e155-453f-80e9-ee57b212336d None admin] SCRIPT_NAME: `/identity` {{(pid=81424) log_request_info /opt/stack/keystone/keystone/server/flask/request_processing/req_logging.py:28}}
Oct 03 13:15:35.471623 dv-cinder-860090-1-iscsi devstack@keystone.service[81424]: DEBUG keystone.server.flask.request_processing.req_logging [None req-d9eb7e9a-e155-453f-80e9-ee57b212336d None admin] PATH_INFO: `/v3/users/32f3633da25b4bea87035e4ebb60a78d` {{(pid=81424) log_request_info /opt/stack/keystone/keystone/server/flask/request_processing/req_logging.py:29}}
Oct 03 13:15:35.474075 dv-cinder-860090-1-iscsi devstack@keystone.service[81423]: DEBUG keystone.auth.core [None req-9b84769c-dafa-447d-ba5f-ca83c5dbf49e None None] MFA Rules not processed for user `72593536090c47589cfad801ff3da440`. Rule list: `[]` (Enabled: `True`). {{(pid=81423) check_auth_methods_against_rules /opt/stack/keystone/keystone/auth/core.py:438}}
Oct 03 13:15:35.475337 dv-cinder-860090-1-iscsi devstack@keystone.service[81423]: DEBUG keystone.common.fernet_utils [None req-9b84769c-dafa-447d-ba5f-ca83c5dbf49e None None] Loaded 2 Fernet keys from /etc/keystone/fernet-keys/, but `[fernet_tokens] max_active_keys = 3`; perhaps there have not been enough key rotations to reach `max_active_keys` yet? {{(pid=81423) load_keys /opt/stack/keystone/keystone/common/fernet_utils.py:286}}
Oct 03 13:15:35.503254 dv-cinder-860090-1-iscsi devstack@keystone.service[81424]: DEBUG keystone.common.rbac_enforcer.enforcer [None req-d9eb7e9a-e155-453f-80e9-ee57b212336d None admin] RBAC: Authorizing `identity:get_user(user_id=32f3633da25b4bea87035e4ebb60a78d)` {{(pid=81424) enforce_call /opt/stack/keystone/keystone/common/rbac_enforcer/enforcer.py:449}}
Oct 03 13:15:35.504892 dv-cinder-860090-1-iscsi devstack@keystone.service[81424]: DEBUG keystone.common.rbac_enforcer.enforcer [None req-d9eb7e9a-e155-453f-80e9-ee57b212336d None admin] RBAC: Authorization granted {{(pid=81424) enforce_call /opt/stack/keystone/keystone/common/rbac_enforcer/enforcer.py:457}}
Oct 03 13:15:35.507444 dv-cinder-860090-1-iscsi devstack@keystone.service[81424]: [pid: 81424|app: 0|req: 60/111] 10.222.0.58 () {56 vars in 1177 bytes} [Mon Oct 3 13:15:35 2022] GET /identity/v3/users/32f3633da25b4bea87035e4ebb60a78d => generated 289 bytes in 354 msecs (HTTP/1.1 200) 5 headers in 177 bytes (2 switches on core 0)
Oct 03 13:15:35.508846 dv-cinder-860090-1-iscsi devstack@keystone.service[81424]: DEBUG keystone.server.flask.request_processing.middleware.auth_context [None req-d9eb7e9a-e155-453f-80e9-ee57b212336d None admin] Authenticating user token {{(pid=81424) process_request /usr/local/lib/python3.8/dist-packages/keystonemiddleware/auth_token/__init__.py:407}}
Oct 03 13:15:35.615454 dv-cinder-860090-1-iscsi devstack@keystone.service[81424]: DEBUG dbcounter [-] [81424] Writing DB stats keystone:SELECT=100 {{(pid=81424) stat_writer /usr/local/lib/python3.8/dist-packages/dbcounter.py:114}}
Oct 03 13:15:35.623997 dv-cinder-860090-1-iscsi devstack@keystone.service[81423]: [pid: 81423|app: 0|req: 52/112] 10.222.0.58 () {58 vars in 1024 bytes} [Mon Oct 3 13:15:35 2022] POST /identity/v3/auth/tokens => generated 799 bytes in 193 msecs (HTTP/1.1 201) 6 headers in 363 bytes (1 switches on core 0)
Oct 03 13:15:35.627253 dv-cinder-860090-1-iscsi devstack@keystone.service[81423]: DEBUG keystone.server.flask.request_processing.middleware.auth_context [None req-9b84769c-dafa-447d-ba5f-ca83c5dbf49e None None] Authenticating user token {{(pid=81423) process_request /usr/local/lib/python3.8/dist-packages/keystonemiddleware/auth_token/__init__.py:407}}
Oct 03 13:15:35.780719 dv-cinder-860090-1-iscsi devstack@keystone.service[81424]: DEBUG keystone.server.flask.request_processing.middleware.auth_context [None req-d9eb7e9a-e155-453f-80e9-ee57b212336d None admin] Validating token access rules against request {{(pid=81424) validate_allowed_request /usr/local/lib/python3.8/dist-packages/keystonemiddleware/auth_token/__init__.py:545}}
Oct 03 13:15:35.844283 dv-cinder-860090-1-iscsi devstack@keystone.service[81423]: DEBUG keystone.server.flask.request_processing.middleware.auth_context [None req-9b84769c-dafa-447d-ba5f-ca83c5dbf49e None None] Validating token access rules against request {{(pid=81423) validate_allowed_request /usr/local/lib/python3.8/dist-packages/keystonemiddleware/auth_token/__init__.py:545}}
Oct 03 13:15:35.859050 dv-cinder-860090-1-iscsi devstack@keystone.service[81424]: DEBUG keystone.server.flask.request_processing.middleware.auth_context [None req-9f4bce87-3dd0-4c90-82fe-5011a2c701e1 None admin] RBAC: auth_context: {'token': , 'domain_id': None, 'trust_id': None, 'trustor_id': None, 'trustee_id': None, 'domain_name': None, 'group_ids': [], 'user_id': '72593536090c47589cfad801ff3da440', 'user_domain_id': 'default', 'system_scope': 'all', 'project_id': None, 'project_domain_id': None, 'roles': ['admin', 'member', 'reader'], 'is_admin_project': True, 'service_user_id': None, 'service_user_domain_id': None, 'service_project_id': None, 'service_project_domain_id': None, 'service_roles': []} {{(pid=81424) fill_context /opt/stack/keystone/keystone/server/flask/request_processing/middleware/auth_context.py:478}}
Oct 03 13:15:35.860363 dv-cinder-860090-1-iscsi devstack@keystone.service[81424]: DEBUG keystone.server.flask.request_processing.req_logging [None req-9f4bce87-3dd0-4c90-82fe-5011a2c701e1 None admin] REQUEST_METHOD: `GET` {{(pid=81424) log_request_info /opt/stack/keystone/keystone/server/flask/request_processing/req_logging.py:27}}
Oct 03 13:15:35.861007 dv-cinder-860090-1-iscsi devstack@keystone.service[81424]: DEBUG keystone.server.flask.request_processing.req_logging [None req-9f4bce87-3dd0-4c90-82fe-5011a2c701e1 None admin] SCRIPT_NAME: `/identity` {{(pid=81424) log_request_info /opt/stack/keystone/keystone/server/flask/request_processing/req_logging.py:28}}
Oct 03 13:15:35.861594 dv-cinder-860090-1-iscsi devstack@keystone.service[81424]: DEBUG keystone.server.flask.request_processing.req_logging [None req-9f4bce87-3dd0-4c90-82fe-5011a2c701e1 None admin] PATH_INFO: `/v3/users/02a67abf7e2341ab9df44025a4aa90ee` {{(pid=81424) log_request_info /opt/stack/keystone/keystone/server/flask/request_processing/req_logging.py:29}}
Oct 03 13:15:35.864380 dv-cinder-860090-1-iscsi devstack@keystone.service[81424]: DEBUG keystone.common.rbac_enforcer.enforcer [None req-9f4bce87-3dd0-4c90-82fe-5011a2c701e1 None admin] RBAC: Authorizing `identity:get_user(user_id=02a67abf7e2341ab9df44025a4aa90ee)` {{(pid=81424) enforce_call /opt/stack/keystone/keystone/common/rbac_enforcer/enforcer.py:449}}
Oct 03 13:15:35.867271 dv-cinder-860090-1-iscsi devstack@keystone.service[81424]: DEBUG keystone.common.rbac_enforcer.enforcer [None req-9f4bce87-3dd0-4c90-82fe-5011a2c701e1 None admin] RBAC: Authorization granted {{(pid=81424) enforce_call /opt/stack/keystone/keystone/common/rbac_enforcer/enforcer.py:457}}
Oct 03 13:15:35.871870 dv-cinder-860090-1-iscsi devstack@keystone.service[81424]: [pid: 81424|app: 0|req: 61/113] 10.222.0.58 () {56 vars in 1177 bytes} [Mon Oct 3 13:15:35 2022] GET /identity/v3/users/02a67abf7e2341ab9df44025a4aa90ee => generated 275 bytes in 364 msecs (HTTP/1.1 200) 5 headers in 177 bytes (1 switches on core 0)
Oct 03 13:15:35.882575 dv-cinder-860090-1-iscsi devstack@keystone.service[81424]: DEBUG keystone.server.flask.request_processing.middleware.auth_context [None req-9f4bce87-3dd0-4c90-82fe-5011a2c701e1 None admin] Authenticating user token {{(pid=81424) process_request /usr/local/lib/python3.8/dist-packages/keystonemiddleware/auth_token/__init__.py:407}}
Oct 03 13:15:35.883098 dv-cinder-860090-1-iscsi devstack@keystone.service[81423]: DEBUG dbcounter [-] [81423] Writing DB stats keystone:SELECT=100 {{(pid=81423) stat_writer /usr/local/lib/python3.8/dist-packages/dbcounter.py:114}}
Oct 03 13:15:35.904350 dv-cinder-860090-1-iscsi devstack@keystone.service[81423]: DEBUG keystone.server.flask.request_processing.middleware.auth_context [None req-e52ab19f-8aaa-41dd-85f0-0668540c85e5 None admin] RBAC: auth_context: {'token': , 'domain_id': None, 'trust_id': None, 'trustor_id': None, 'trustee_id': None, 'domain_name': None, 'group_ids': [], 'user_id': '72593536090c47589cfad801ff3da440', 'user_domain_id': 'default', 'system_scope': 'all', 'project_id': None, 'project_domain_id': None, 'roles': ['admin', 'member', 'reader'], 'is_admin_project': True, 'service_user_id': None, 'service_user_domain_id': None, 'service_project_id': None, 'service_project_domain_id': None, 'service_roles': []} {{(pid=81423) fill_context /opt/stack/keystone/keystone/server/flask/request_processing/middleware/auth_context.py:478}}
Oct 03 13:15:35.905305 dv-cinder-860090-1-iscsi devstack@keystone.service[81423]: DEBUG keystone.server.flask.request_processing.req_logging [None req-e52ab19f-8aaa-41dd-85f0-0668540c85e5 None admin] REQUEST_METHOD: `GET` {{(pid=81423) log_request_info /opt/stack/keystone/keystone/server/flask/request_processing/req_logging.py:27}}
Oct 03 13:15:35.905777 dv-cinder-860090-1-iscsi devstack@keystone.service[81423]: DEBUG keystone.server.flask.request_processing.req_logging [None req-e52ab19f-8aaa-41dd-85f0-0668540c85e5 None admin] SCRIPT_NAME: `/identity` {{(pid=81423) log_request_info /opt/stack/keystone/keystone/server/flask/request_processing/req_logging.py:28}}
Oct 03 13:15:35.906314 dv-cinder-860090-1-iscsi devstack@keystone.service[81423]: DEBUG keystone.server.flask.request_processing.req_logging [None req-e52ab19f-8aaa-41dd-85f0-0668540c85e5 None admin] PATH_INFO: `/v3/auth/tokens` {{(pid=81423) log_request_info /opt/stack/keystone/keystone/server/flask/request_processing/req_logging.py:29}}
Oct 03 13:15:36.021393 dv-cinder-860090-1-iscsi devstack@keystone.service[81423]: DEBUG keystone.common.rbac_enforcer.enforcer [None req-e52ab19f-8aaa-41dd-85f0-0668540c85e5 None admin] RBAC: Authorizing `identity:validate_token()` {{(pid=81423) enforce_call /opt/stack/keystone/keystone/common/rbac_enforcer/enforcer.py:449}}
Oct 03 13:15:36.023213 dv-cinder-860090-1-iscsi devstack@keystone.service[81423]: DEBUG keystone.common.rbac_enforcer.enforcer [None req-e52ab19f-8aaa-41dd-85f0-0668540c85e5 None admin] RBAC: Authorization granted {{(pid=81423) enforce_call /opt/stack/keystone/keystone/common/rbac_enforcer/enforcer.py:457}}
Oct 03 13:15:36.074574 dv-cinder-860090-1-iscsi devstack@keystone.service[81424]: DEBUG keystone.server.flask.request_processing.middleware.auth_context [None req-9f4bce87-3dd0-4c90-82fe-5011a2c701e1 None admin] Validating token access rules against request {{(pid=81424) validate_allowed_request /usr/local/lib/python3.8/dist-packages/keystonemiddleware/auth_token/__init__.py:545}}
Oct 03 13:15:36.101105 dv-cinder-860090-1-iscsi devstack@keystone.service[81424]: DEBUG dbcounter [-] [81424] Writing DB stats keystone:SELECT=100 {{(pid=81424) stat_writer /usr/local/lib/python3.8/dist-packages/dbcounter.py:114}}
Oct 03 13:15:36.142287 dv-cinder-860090-1-iscsi devstack@keystone.service[81424]: DEBUG keystone.server.flask.request_processing.middleware.auth_context [None req-3f411861-c5b7-4cfb-b051-ed8ede5b10d8 None admin] RBAC: auth_context: {'token': , 'domain_id': None, 'trust_id': None, 'trustor_id': None, 'trustee_id': None, 'domain_name': None, 'group_ids': [], 'user_id': '72593536090c47589cfad801ff3da440', 'user_domain_id': 'default', 'system_scope': 'all', 'project_id': None, 'project_domain_id': None, 'roles': ['admin', 'member', 'reader'], 'is_admin_project': True, 'service_user_id': None, 'service_user_domain_id': None, 'service_project_id': None, 'service_project_domain_id': None, 'service_roles': []} {{(pid=81424) fill_context /opt/stack/keystone/keystone/server/flask/request_processing/middleware/auth_context.py:478}}
Oct 03 13:15:36.143947 dv-cinder-860090-1-iscsi devstack@keystone.service[81424]: DEBUG keystone.server.flask.request_processing.req_logging [None req-3f411861-c5b7-4cfb-b051-ed8ede5b10d8 None admin] REQUEST_METHOD: `GET` {{(pid=81424) log_request_info /opt/stack/keystone/keystone/server/flask/request_processing/req_logging.py:27}}
Oct 03 13:15:36.145199 dv-cinder-860090-1-iscsi devstack@keystone.service[81424]: DEBUG keystone.server.flask.request_processing.req_logging [None req-3f411861-c5b7-4cfb-b051-ed8ede5b10d8 None admin] SCRIPT_NAME: `/identity` {{(pid=81424) log_request_info /opt/stack/keystone/keystone/server/flask/request_processing/req_logging.py:28}}
Oct 03 13:15:36.145830 dv-cinder-860090-1-iscsi devstack@keystone.service[81424]: DEBUG keystone.server.flask.request_processing.req_logging [None req-3f411861-c5b7-4cfb-b051-ed8ede5b10d8 None admin] PATH_INFO: `/v3/projects/dda4727fec9747b4b20cb990f7305e3d` {{(pid=81424) log_request_info /opt/stack/keystone/keystone/server/flask/request_processing/req_logging.py:29}}
Oct 03 13:15:36.148002 dv-cinder-860090-1-iscsi devstack@keystone.service[81423]: [pid: 81423|app: 0|req: 53/114] 10.222.0.58 () {58 vars in 1282 bytes} [Mon Oct 3 13:15:35 2022] GET /identity/v3/auth/tokens => generated 799 bytes in 521 msecs (HTTP/1.1 200) 6 headers in 358 bytes (1 switches on core 0)
Oct 03 13:15:36.148330 dv-cinder-860090-1-iscsi devstack@keystone.service[81424]: DEBUG keystone.common.rbac_enforcer.enforcer [None req-3f411861-c5b7-4cfb-b051-ed8ede5b10d8 None admin] RBAC: Authorizing `identity:get_project(project_id=dda4727fec9747b4b20cb990f7305e3d)` {{(pid=81424) enforce_call /opt/stack/keystone/keystone/common/rbac_enforcer/enforcer.py:449}}
Oct 03 13:15:36.153497 dv-cinder-860090-1-iscsi devstack@keystone.service[81424]: DEBUG keystone.common.rbac_enforcer.enforcer [None req-3f411861-c5b7-4cfb-b051-ed8ede5b10d8 None admin] RBAC: Authorization granted {{(pid=81424) enforce_call /opt/stack/keystone/keystone/common/rbac_enforcer/enforcer.py:457}}
Oct 03 13:15:36.154050 dv-cinder-860090-1-iscsi devstack@keystone.service[81423]: DEBUG keystone.server.flask.request_processing.req_logging [None req-3a99a750-7bcb-4e85-8b59-c1b1ed44931c None None] REQUEST_METHOD: `GET` {{(pid=81423) log_request_info /opt/stack/keystone/keystone/server/flask/request_processing/req_logging.py:27}}
Oct 03 13:15:36.154538 dv-cinder-860090-1-iscsi devstack@keystone.service[81423]: DEBUG keystone.server.flask.request_processing.req_logging [None req-3a99a750-7bcb-4e85-8b59-c1b1ed44931c None None] SCRIPT_NAME: `/identity` {{(pid=81423) log_request_info /opt/stack/keystone/keystone/server/flask/request_processing/req_logging.py:28}}
Oct 03 13:15:36.155053 dv-cinder-860090-1-iscsi devstack@keystone.service[81423]: DEBUG keystone.server.flask.request_processing.req_logging [None req-3a99a750-7bcb-4e85-8b59-c1b1ed44931c None None] PATH_INFO: `/` {{(pid=81423) log_request_info /opt/stack/keystone/keystone/server/flask/request_processing/req_logging.py:29}}
Oct 03 13:15:36.162431 dv-cinder-860090-1-iscsi devstack@keystone.service[81424]: [pid: 81424|app: 0|req: 62/116] 10.222.0.58 () {56 vars in 1186 bytes} [Mon Oct 3 13:15:35 2022] GET /identity/v3/projects/dda4727fec9747b4b20cb990f7305e3d => generated 298 bytes in 282 msecs (HTTP/1.1 200) 5 headers in 177 bytes (1 switches on core 0)
Oct 03 13:15:36.162815 dv-cinder-860090-1-iscsi devstack@keystone.service[81423]: [pid: 81423|app: 0|req: 54/116] 10.222.0.58 () {54 vars in 927 bytes} [Mon Oct 3 13:15:36 2022] GET /identity => generated 270 bytes in 8 msecs (HTTP/1.1 300) 6 headers in 234 bytes (1 switches on core 0)
Oct 03 13:15:36.165264 dv-cinder-860090-1-iscsi devstack@keystone.service[81424]: DEBUG keystone.server.flask.request_processing.middleware.auth_context [None req-3f411861-c5b7-4cfb-b051-ed8ede5b10d8 None admin] Authenticating user token {{(pid=81424) process_request /usr/local/lib/python3.8/dist-packages/keystonemiddleware/auth_token/__init__.py:407}}
Oct 03 13:15:36.167178 dv-cinder-860090-1-iscsi devstack@keystone.service[81423]: DEBUG keystone.server.flask.request_processing.req_logging [None req-a4f0a548-76e0-4b65-bd35-9b437e428bfd None None] REQUEST_METHOD: `POST` {{(pid=81423) log_request_info /opt/stack/keystone/keystone/server/flask/request_processing/req_logging.py:27}}
Oct 03 13:15:36.167718 dv-cinder-860090-1-iscsi devstack@keystone.service[81423]: DEBUG keystone.server.flask.request_processing.req_logging [None req-a4f0a548-76e0-4b65-bd35-9b437e428bfd None None] SCRIPT_NAME: `/identity` {{(pid=81423) log_request_info /opt/stack/keystone/keystone/server/flask/request_processing/req_logging.py:28}}
Oct 03 13:15:36.169099 dv-cinder-860090-1-iscsi devstack@keystone.service[81423]: DEBUG keystone.server.flask.request_processing.req_logging [None req-a4f0a548-76e0-4b65-bd35-9b437e428bfd None None] PATH_INFO: `/v3/auth/tokens` {{(pid=81423) log_request_info /opt/stack/keystone/keystone/server/flask/request_processing/req_logging.py:29}}
Oct 03 13:15:36.208776 dv-cinder-860090-1-iscsi devstack@keystone.service[81423]: DEBUG keystone.auth.core [None req-a4f0a548-76e0-4b65-bd35-9b437e428bfd None None] MFA Rules not processed for user `72593536090c47589cfad801ff3da440`. Rule list: `[]` (Enabled: `True`). {{(pid=81423) check_auth_methods_against_rules /opt/stack/keystone/keystone/auth/core.py:438}}
Oct 03 13:15:36.210432 dv-cinder-860090-1-iscsi devstack@keystone.service[81423]: DEBUG keystone.common.fernet_utils [None req-a4f0a548-76e0-4b65-bd35-9b437e428bfd None None] Loaded 2 Fernet keys from /etc/keystone/fernet-keys/, but `[fernet_tokens] max_active_keys = 3`; perhaps there have not been enough key rotations to reach `max_active_keys` yet? {{(pid=81423) load_keys /opt/stack/keystone/keystone/common/fernet_utils.py:286}}
Oct 03 13:15:36.288388 dv-cinder-860090-1-iscsi devstack@keystone.service[81423]: DEBUG dbcounter [-] [81423] Writing DB stats keystone:SELECT=100 {{(pid=81423) stat_writer /usr/local/lib/python3.8/dist-packages/dbcounter.py:114}}
Oct 03 13:15:36.387109 dv-cinder-860090-1-iscsi devstack@keystone.service[81424]: DEBUG keystone.server.flask.request_processing.middleware.auth_context [None req-3f411861-c5b7-4cfb-b051-ed8ede5b10d8 None admin] Validating token access rules against request {{(pid=81424) validate_allowed_request /usr/local/lib/python3.8/dist-packages/keystonemiddleware/auth_token/__init__.py:545}}
Oct 03 13:15:36.417346 dv-cinder-860090-1-iscsi devstack@keystone.service[81423]: [pid: 81423|app: 0|req: 55/117] 10.222.0.58 () {58 vars in 1024 bytes} [Mon Oct 3 13:15:36 2022] POST /identity/v3/auth/tokens => generated 799 bytes in 251 msecs (HTTP/1.1 201) 6 headers in 363 bytes (2 switches on core 0)
Oct 03 13:15:36.419410 dv-cinder-860090-1-iscsi devstack@keystone.service[81423]: DEBUG keystone.server.flask.request_processing.middleware.auth_context [None req-a4f0a548-76e0-4b65-bd35-9b437e428bfd None None] Authenticating user token {{(pid=81423) process_request /usr/local/lib/python3.8/dist-packages/keystonemiddleware/auth_token/__init__.py:407}}
Oct 03 13:15:36.451351 dv-cinder-860090-1-iscsi devstack@keystone.service[81424]: DEBUG keystone.server.flask.request_processing.middleware.auth_context [None req-82ef35f5-7a1c-4805-b5d2-22aa6a949998 None admin] RBAC: auth_context: {'token': , 'domain_id': None, 'trust_id': None, 'trustor_id': None, 'trustee_id': None, 'domain_name': None, 'group_ids': [], 'user_id': '72593536090c47589cfad801ff3da440', 'user_domain_id': 'default', 'system_scope': 'all', 'project_id': None, 'project_domain_id': None, 'roles': ['admin', 'member', 'reader'], 'is_admin_project': True, 'service_user_id': None, 'service_user_domain_id': None, 'service_project_id': None, 'service_project_domain_id': None, 'service_roles': []} {{(pid=81424) fill_context /opt/stack/keystone/keystone/server/flask/request_processing/middleware/auth_context.py:478}}
Oct 03 13:15:36.452013 dv-cinder-860090-1-iscsi devstack@keystone.service[81424]: DEBUG keystone.server.flask.request_processing.req_logging [None req-82ef35f5-7a1c-4805-b5d2-22aa6a949998 None admin] REQUEST_METHOD: `GET` {{(pid=81424) log_request_info /opt/stack/keystone/keystone/server/flask/request_processing/req_logging.py:27}}
Oct 03 13:15:36.452303 dv-cinder-860090-1-iscsi devstack@keystone.service[81424]: DEBUG keystone.server.flask.request_processing.req_logging [None req-82ef35f5-7a1c-4805-b5d2-22aa6a949998 None admin] SCRIPT_NAME: `/identity` {{(pid=81424) log_request_info /opt/stack/keystone/keystone/server/flask/request_processing/req_logging.py:28}}
Oct 03 13:15:36.452585 dv-cinder-860090-1-iscsi devstack@keystone.service[81424]: DEBUG keystone.server.flask.request_processing.req_logging [None req-82ef35f5-7a1c-4805-b5d2-22aa6a949998 None admin] PATH_INFO: `/v3/projects/dda4727fec9747b4b20cb990f7305e3d` {{(pid=81424) log_request_info /opt/stack/keystone/keystone/server/flask/request_processing/req_logging.py:29}}
Oct 03 13:15:36.454738 dv-cinder-860090-1-iscsi devstack@keystone.service[81424]: DEBUG keystone.common.rbac_enforcer.enforcer [None req-82ef35f5-7a1c-4805-b5d2-22aa6a949998 None admin] RBAC: Authorizing `identity:get_project(project_id=dda4727fec9747b4b20cb990f7305e3d)` {{(pid=81424) enforce_call /opt/stack/keystone/keystone/common/rbac_enforcer/enforcer.py:449}}
Oct 03 13:15:36.461090 dv-cinder-860090-1-iscsi devstack@keystone.service[81424]: DEBUG keystone.common.rbac_enforcer.enforcer [None req-82ef35f5-7a1c-4805-b5d2-22aa6a949998 None admin] RBAC: Authorization granted {{(pid=81424) enforce_call /opt/stack/keystone/keystone/common/rbac_enforcer/enforcer.py:457}}
Oct 03 13:15:36.462965 dv-cinder-860090-1-iscsi devstack@keystone.service[81424]: [pid: 81424|app: 0|req: 63/118] 10.222.0.58 () {56 vars in 1186 bytes} [Mon Oct 3 13:15:36 2022] GET /identity/v3/projects/dda4727fec9747b4b20cb990f7305e3d => generated 298 bytes in 299 msecs (HTTP/1.1 200) 5 headers in 177 bytes (1 switches on core 0)
Oct 03 13:15:36.463777 dv-cinder-860090-1-iscsi devstack@keystone.service[81424]: DEBUG keystone.server.flask.request_processing.middleware.auth_context [None req-82ef35f5-7a1c-4805-b5d2-22aa6a949998 None admin] Authenticating user token {{(pid=81424) process_request /usr/local/lib/python3.8/dist-packages/keystonemiddleware/auth_token/__init__.py:407}}
Oct 03 13:15:36.584004 dv-cinder-860090-1-iscsi devstack@keystone.service[81424]: DEBUG dbcounter [-] [81424] Writing DB stats keystone:SELECT=100 {{(pid=81424) stat_writer /usr/local/lib/python3.8/dist-packages/dbcounter.py:114}}
Oct 03 13:15:36.680894 dv-cinder-860090-1-iscsi devstack@keystone.service[81423]: DEBUG keystone.server.flask.request_processing.middleware.auth_context [None req-a4f0a548-76e0-4b65-bd35-9b437e428bfd None None] Validating token access rules against request {{(pid=81423) validate_allowed_request /usr/local/lib/python3.8/dist-packages/keystonemiddleware/auth_token/__init__.py:545}}
Oct 03 13:15:36.702242 dv-cinder-860090-1-iscsi devstack@keystone.service[81424]: DEBUG keystone.server.flask.request_processing.middleware.auth_context [None req-82ef35f5-7a1c-4805-b5d2-22aa6a949998 None admin] Validating token access rules against request {{(pid=81424) validate_allowed_request /usr/local/lib/python3.8/dist-packages/keystonemiddleware/auth_token/__init__.py:545}}
