Oct 03 14:51:53.793760 dv-cinder-859877-2-iscsi neutron-server[112660]: DEBUG neutron.plugins.ml2.managers [None req-dbc8ce87-ff7b-446d-aad9-3b99c1f64bd9 None None] Bound port: 5bea37e8-3f52-4548-b2ed-c90013abb488, host: dv-cinder-859877-2-iscsi, vif_type: ovs, vif_details: {"connectivity": "l2", "port_filter": true, "ovs_hybrid_plug": false, "datapath_type": "system", "bridge_name": "br-int"}, binding_levels: [{'bound_driver': 'openvswitch', 'bound_segment': {'id': 'f12ed426-dcf1-4de7-a3bc-cbc77ddde625', 'network_type': 'vlan', 'physical_network': 'physnet1', 'segmentation_id': 215, 'network_id': 'e62ce727-fdfc-4635-82f1-b266a0898b13'}}] {{(pid=112660) _bind_port_level /opt/stack/neutron/neutron/plugins/ml2/managers.py:947}}
Oct 03 14:51:53.794957 dv-cinder-859877-2-iscsi neutron-server[112660]: DEBUG neutron_lib.callbacks.manager [None req-dbc8ce87-ff7b-446d-aad9-3b99c1f64bd9 None None] Publish callbacks ['neutron.plugins.ml2.plugin.SecurityGroupDbMixin._ensure_default_security_group_handler-4099991'] for port (5bea37e8-3f52-4548-b2ed-c90013abb488), before_update {{(pid=112660) _notify_loop /usr/local/lib/python3.8/dist-packages/neutron_lib/callbacks/manager.py:176}}
Oct 03 14:51:53.800066 dv-cinder-859877-2-iscsi neutron-server[112660]: DEBUG neutron_lib.callbacks.manager [None req-b7dc568b-10fc-411f-b999-87cede7c6693 None None] Publish callbacks ['neutron.plugins.ml2.plugin.SecurityGroupServerNotifierRpcMixin._notify_sg_on_port_change-4096328', 'neutron.plugins.ml2.ovo_rpc._ObjectChangeHandler.handle_event-134930', 'neutron.api.rpc.agentnotifiers.dhcp_rpc_agent_api.DhcpAgentNotifyAPI._native_event_send_dhcp_notification-554356', 'neutron.db.l3_db.L3RpcNotifierMixin._notify_gateway_port_ip_changed-8765220400065', 'neutron.db.l3_dvrscheduler_db._notify_l3_agent_port_update-8765220026094', 'neutron.db.l3_hascheduler_db._notify_l3_agent_ha_port_update-8765220026628'] for port (1c2158cf-a729-4b0d-b888-9e043a1e4924), after_update {{(pid=112660) _notify_loop /usr/local/lib/python3.8/dist-packages/neutron_lib/callbacks/manager.py:176}}
Oct 03 14:51:53.801904 dv-cinder-859877-2-iscsi neutron-server[112660]: DEBUG neutron.plugins.ml2.rpc [None req-b7dc568b-10fc-411f-b999-87cede7c6693 None None] Device 0680110a-0279-43f2-80d7-f801fe275022 up at agent ovs-agent-dv-cinder-859877-2-iscsi {{(pid=112660) update_device_up /opt/stack/neutron/neutron/plugins/ml2/rpc.py:296}}
Oct 03 14:51:53.866693 dv-cinder-859877-2-iscsi neutron-server[112658]: DEBUG neutron_lib.callbacks.manager [None req-bf79ca76-d098-4469-bc2a-b15118f4cc00 admin admin] Publish callbacks ['neutron.plugins.ml2.plugin.SecurityGroupServerNotifierRpcMixin._notify_sg_on_port_change-4096328', 'neutron.plugins.ml2.ovo_rpc._ObjectChangeHandler.handle_event-134930', 'neutron.api.rpc.agentnotifiers.dhcp_rpc_agent_api.DhcpAgentNotifyAPI._native_event_send_dhcp_notification-554356', 'neutron.db.l3_dvrscheduler_db._notify_l3_agent_new_port-8765220026076'] for port (458ea9be-82c9-475f-90a9-0c56218f20c4), after_create {{(pid=112658) _notify_loop /usr/local/lib/python3.8/dist-packages/neutron_lib/callbacks/manager.py:176}}
Oct 03 14:51:53.872183 dv-cinder-859877-2-iscsi neutron-server[112660]: DEBUG neutron.api.rpc.handlers.resources_rpc [None req-a7ebd3d8-07d6-40a6-ae67-768878544879 None None] Pushing event updated for resources: {'Port': ['ID=6a6e9f94-e25a-4ca0-a830-de2159c7f551,revision_number=1']} {{(pid=112660) push /opt/stack/neutron/neutron/api/rpc/handlers/resources_rpc.py:237}}
Oct 03 14:51:53.892638 dv-cinder-859877-2-iscsi neutron-server[112658]: DEBUG neutron.scheduler.dhcp_agent_scheduler [None req-bf79ca76-d098-4469-bc2a-b15118f4cc00 admin admin] Network 50bd343f-53bd-4d10-9a98-2a18a089b709 is already hosted by enough agents. {{(pid=112658) _get_dhcp_agents_hosting_network /opt/stack/neutron/neutron/scheduler/dhcp_agent_scheduler.py:275}}
Oct 03 14:51:53.922710 dv-cinder-859877-2-iscsi neutron-server[112658]: DEBUG neutron_lib.callbacks.manager [None req-c06202fd-c117-4a2a-997c-f4f6fdc43051 admin admin] Publish callbacks [] for security_group (51ea9015-fd5c-4c09-882a-a808d3ffca95), precommit_create {{(pid=112658) _notify_loop /usr/local/lib/python3.8/dist-packages/neutron_lib/callbacks/manager.py:176}}
Oct 03 14:51:53.924084 dv-cinder-859877-2-iscsi neutron-server[112658]: DEBUG neutron.scheduler.base_scheduler [None req-bf79ca76-d098-4469-bc2a-b15118f4cc00 admin admin] Resources bound (agent type, host, resource id): {{(pid=112658) schedule /opt/stack/neutron/neutron/scheduler/base_scheduler.py:57}}
Oct 03 14:51:53.947248 dv-cinder-859877-2-iscsi neutron-server[112658]: DEBUG neutron.db.l3_dvrscheduler_db [None req-bf79ca76-d098-4469-bc2a-b15118f4cc00 admin admin] Received port after_create {{(pid=112658) _notify_l3_agent_new_port /opt/stack/neutron/neutron/db/l3_dvrscheduler_db.py:541}}
Oct 03 14:51:54.017944 dv-cinder-859877-2-iscsi neutron-server[112659]: DEBUG neutron.scheduler.l3_agent_scheduler [None req-da76ca94-f1ea-420a-b217-5abced734338 admin admin] Router f3fb317f-36be-4840-8fa8-6ef34b459d22 is scheduled to L3 agent 1fae5e32-a018-4b26-8729-6fa41893c4dc with binding_index 1 {{(pid=112659) bind_router /opt/stack/neutron/neutron/scheduler/l3_agent_scheduler.py:209}}
Oct 03 14:51:54.025353 dv-cinder-859877-2-iscsi neutron-server[112660]: DEBUG neutron.db.provisioning_blocks [None req-b7dc568b-10fc-411f-b999-87cede7c6693 None None] Provisioning complete for port 0680110a-0279-43f2-80d7-f801fe275022 triggered by entity L2. {{(pid=112660) provisioning_complete /opt/stack/neutron/neutron/db/provisioning_blocks.py:144}}
Oct 03 14:51:54.025907 dv-cinder-859877-2-iscsi neutron-server[112660]: DEBUG neutron_lib.callbacks.manager [None req-b7dc568b-10fc-411f-b999-87cede7c6693 None None] Publish callbacks ['neutron.plugins.ml2.plugin.Ml2Plugin._port_provisioned-3992359'] for port (0680110a-0279-43f2-80d7-f801fe275022), provisioning_complete {{(pid=112660) _notify_loop /usr/local/lib/python3.8/dist-packages/neutron_lib/callbacks/manager.py:176}}
Oct 03 14:51:54.026159 dv-cinder-859877-2-iscsi neutron-server[112660]: INFO neutron.plugins.ml2.plugin [None req-b7dc568b-10fc-411f-b999-87cede7c6693 None None] Attempt 1 to provision port 0680110a-0279-43f2-80d7-f801fe275022
Oct 03 14:51:54.028290 dv-cinder-859877-2-iscsi neutron-server[112660]: DEBUG neutron.plugins.ml2.drivers.mech_agent [None req-a7ebd3d8-07d6-40a6-ae67-768878544879 None None] Checking agent: {'id': 'a090ef3f-9876-40b7-95c7-c9006c7bc0db', 'agent_type': 'Open vSwitch agent', 'binary': 'neutron-openvswitch-agent', 'topic': 'N/A', 'host': 'dv-cinder-859877-2-iscsi', 'admin_state_up': True, 'created_at': datetime.datetime(2022, 10, 3, 14, 43, 48), 'started_at': datetime.datetime(2022, 10, 3, 14, 44, 18), 'heartbeat_timestamp': datetime.datetime(2022, 10, 3, 14, 51, 48), 'description': None, 'resources_synced': None, 'availability_zone': None, 'alive': True, 'configurations': {'arp_responder_enabled': False, 'baremetal_smartnic': False, 'bridge_mappings': {'physnet1': 'br-data'}, 'datapath_type': 'system', 'devices': 0, 'enable_distributed_routing': False, 'extensions': [], 'in_distributed_mode': False, 'integration_bridge': 'br-int', 'l2_population': False, 'log_agent_heartbeats': False, 'ovs_capabilities': {'datapath_types': ['netdev', 'system'], 'iface_types': ['erspan', 'geneve', 'gre', 'internal', 'ip6erspan', 'ip6gre', 'lisp', 'patch', 'stt', 'system', 'tap', 'vxlan']}, 'ovs_hybrid_plug': False, 'resource_provider_bandwidths': {}, 'resource_provider_hypervisors': {'br-data': 'dv-cinder-859877-2-iscsi'}, 'resource_provider_inventory_defaults': {'allocation_ratio': 1.0, 'min_unit': 1, 'step_size': 1, 'reserved': 0}, 'resource_provider_packet_processing_inventory_defaults': {'allocation_ratio': 1.0, 'min_unit': 1, 'step_size': 1, 'reserved': 0}, 'resource_provider_packet_processing_with_direction': {}, 'resource_provider_packet_processing_without_direction': {}, 'tunnel_types': [], 'tunneling_ip': None, 'vhostuser_socket_dir': '/var/run/openvswitch'}, 'resource_versions': {'AddressGroup': '1.2', 'Agent': '1.1', 'ConntrackHelper': '1.0', 'LocalIPAssociation': '1.0', 'Log': '1.0', 'NDPProxy': '1.0', 'Network': '1.1', 'Port': '1.7', 'PortForwarding': '1.3', 'QosPolicy': '1.10', 'SecurityGroup': '1.5', 'SecurityGroupRule': '1.2', 'SubPort': '1.0', 'Subnet': '1.1', 'Trunk': '1.1'}} {{(pid=112660) bind_port /opt/stack/neutron/neutron/plugins/ml2/drivers/mech_agent.py:127}}
Oct 03 14:51:54.028454 dv-cinder-859877-2-iscsi neutron-server[112659]: DEBUG neutron.db.db_base_plugin_common [None req-d400a914-e33a-4934-af10-4bc71872d317 admin admin] Allocated IP 172.27.1.54 (50bd343f-53bd-4d10-9a98-2a18a089b709/b1c0d100-97aa-4fcc-aaf9-661b08c16ab9/c335b7eb-d37c-4d25-9fe6-6094791a131b) {{(pid=112659) _store_ip_allocation /opt/stack/neutron/neutron/db/db_base_plugin_common.py:131}}
Oct 03 14:51:54.028656 dv-cinder-859877-2-iscsi neutron-server[112660]: DEBUG neutron.plugins.ml2.drivers.mech_agent [None req-a7ebd3d8-07d6-40a6-ae67-768878544879 None None] Checking segment: {'id': 'b469dfbc-9561-4f66-973d-a469f1baea4d', 'network_type': 'vlan', 'physical_network': 'physnet1', 'segmentation_id': 208, 'network_id': '3de19230-35e5-430c-b606-8b501507ea36'} for mappings: {'physnet1': 'br-data'} with network types: ['local', 'flat', 'vlan'] {{(pid=112660) check_segment_for_agent /opt/stack/neutron/neutron/plugins/ml2/drivers/mech_agent.py:399}}
Oct 03 14:51:54.029053 dv-cinder-859877-2-iscsi neutron-server[112660]: DEBUG neutron_lib.callbacks.manager [None req-a7ebd3d8-07d6-40a6-ae67-768878544879 None None] Publish callbacks [] for ovs_bridge_name (None), before_read {{(pid=112660) _notify_loop /usr/local/lib/python3.8/dist-packages/neutron_lib/callbacks/manager.py:176}}
Oct 03 14:51:54.029461 dv-cinder-859877-2-iscsi neutron-server[112660]: DEBUG neutron.plugins.ml2.drivers.mech_agent [None req-a7ebd3d8-07d6-40a6-ae67-768878544879 None None] Bound using segment: {'id': 'b469dfbc-9561-4f66-973d-a469f1baea4d', 'network_type': 'vlan', 'physical_network': 'physnet1', 'segmentation_id': 208, 'network_id': '3de19230-35e5-430c-b606-8b501507ea36'} {{(pid=112660) bind_port /opt/stack/neutron/neutron/plugins/ml2/drivers/mech_agent.py:137}}
Oct 03 14:51:54.031615 dv-cinder-859877-2-iscsi neutron-server[112660]: DEBUG neutron.plugins.ml2.managers [None req-a7ebd3d8-07d6-40a6-ae67-768878544879 None None] Bound port: 6a6e9f94-e25a-4ca0-a830-de2159c7f551, host: dv-cinder-859877-2-iscsi, vif_type: ovs, vif_details: {"connectivity": "l2", "port_filter": true, "ovs_hybrid_plug": false, "datapath_type": "system", "bridge_name": "br-int"}, binding_levels: [{'bound_driver': 'openvswitch', 'bound_segment': {'id': 'b469dfbc-9561-4f66-973d-a469f1baea4d', 'network_type': 'vlan', 'physical_network': 'physnet1', 'segmentation_id': 208, 'network_id': '3de19230-35e5-430c-b606-8b501507ea36'}}] {{(pid=112660) _bind_port_level /opt/stack/neutron/neutron/plugins/ml2/managers.py:947}}
Oct 03 14:51:54.033230 dv-cinder-859877-2-iscsi neutron-server[112660]: DEBUG neutron_lib.callbacks.manager [None req-a7ebd3d8-07d6-40a6-ae67-768878544879 None None] Publish callbacks ['neutron.plugins.ml2.plugin.SecurityGroupDbMixin._ensure_default_security_group_handler-4099991'] for port (6a6e9f94-e25a-4ca0-a830-de2159c7f551), before_update {{(pid=112660) _notify_loop /usr/local/lib/python3.8/dist-packages/neutron_lib/callbacks/manager.py:176}}
Oct 03 14:51:54.057105 dv-cinder-859877-2-iscsi neutron-server[112658]: DEBUG neutron.api.rpc.handlers.resources_rpc [None req-bf79ca76-d098-4469-bc2a-b15118f4cc00 admin admin] Pushing event updated for resources: {'Port': ['ID=458ea9be-82c9-475f-90a9-0c56218f20c4,revision_number=1']} {{(pid=112658) push /opt/stack/neutron/neutron/api/rpc/handlers/resources_rpc.py:237}}
Oct 03 14:51:54.060397 dv-cinder-859877-2-iscsi neutron-server[112661]: DEBUG neutron.db.l3_hamode_db [None req-d644d6a6-94f7-4b68-ac2a-b8af403f1820 None None] neutron.services.l3_router.l3_router_plugin.L3RouterPlugin method _process_sync_ha_data called with arguments (, [{'id': 'a923e6dd-5803-45d6-a668-f26a90e47c7d', 'name': 'tempest-AttachVolumeNegativeTest-1959319783-router', 'tenant_id': 'f441c0592cd146d3be851ac96cbc49dc', 'admin_state_up': True, 'status': 'ACTIVE', 'external_gateway_info': {'network_id': '50bd343f-53bd-4d10-9a98-2a18a089b709', 'external_fixed_ips': [{'subnet_id': 'b1c0d100-97aa-4fcc-aaf9-661b08c16ab9', 'ip_address': '172.27.1.154'}], 'enable_snat': True}, 'gw_port_id': 'e2b3c79a-a541-46fc-8fcc-561ad7c3791c', 'description': '', 'availability_zones': ['nova'], 'distributed': False, 'ha': False, 'ha_vr_id': 0, 'availability_zone_hints': [], 'routes': [], 'flavor_id': None, 'tags': [], 'created_at': '2022-10-03T14:51:47Z', 'updated_at': '2022-10-03T14:51:49Z', 'revision_number': 3, 'project_id': 'f441c0592cd146d3be851ac96cbc49dc', 'gw_port': {'id': 'e2b3c79a-a541-46fc-8fcc-561ad7c3791c', 'name': '', 'network_id': '50bd343f-53bd-4d10-9a98-2a18a089b709', 'tenant_id': '', 'mac_address': 'fa:16:3e:c8:67:04', 'admin_state_up': True, 'status': 'DOWN', 'device_id': 'a923e6dd-5803-45d6-a668-f26a90e47c7d', 'device_owner': 'network:router_gateway', 'standard_attr_id': 73, 'fixed_ips': [{'subnet_id': 'b1c0d100-97aa-4fcc-aaf9-661b08c16ab9', 'ip_address': '172.27.1.154', 'prefixlen': 24}], 'allowed_address_pairs': [], 'extra_dhcp_opts': [], 'security_groups': [], 'description': '', 'binding:vnic_type': 'normal', 'binding:profile': {}, 'binding:host_id': '', 'binding:vif_type': 'unbound', 'binding:vif_details': {}, 'port_security_enabled': False, 'tags': [], 'created_at': '2022-10-03T14:51:48Z', 'updated_at': '2022-10-03T14:51:49Z', 'revision_number': 1, 'project_id': '', 'subnets': [{'id': 'b1c0d100-97aa-4fcc-aaf9-661b08c16ab9', 'cidr': '172.27.1.0/24', 'gateway_ip': '172.27.1.1', 'dns_nameservers': [], 'ipv6_ra_mode': None, 'subnetpool_id': None}], 'extra_subnets': [], 'address_scopes': {4: None, 6: None}, 'mtu': 1500}, 'enable_snat': True, 'gw_port_host': 'dv-cinder-859877-2-iscsi'}], 'dv-cinder-859877-2-iscsi', False) {} {{(pid=112661) wrapper /usr/local/lib/python3.8/dist-packages/oslo_log/helpers.py:65}}
Oct 03 14:51:54.065092 dv-cinder-859877-2-iscsi neutron-server[112658]: DEBUG neutron_lib.callbacks.manager [None req-c06202fd-c117-4a2a-997c-f4f6fdc43051 admin admin] Publish callbacks ['neutron.plugins.ml2.ovo_rpc._ObjectChangeHandler.handle_event-596507'] for security_group (51ea9015-fd5c-4c09-882a-a808d3ffca95), after_create {{(pid=112658) _notify_loop /usr/local/lib/python3.8/dist-packages/neutron_lib/callbacks/manager.py:176}}
Oct 03 14:51:54.086899 dv-cinder-859877-2-iscsi neutron-server[112659]: DEBUG dbcounter [-] [112659] Writing DB stats neutron:SELECT=95,neutron:INSERT=2,neutron:DELETE=2,neutron:UPDATE=1 {{(pid=112659) stat_writer /usr/local/lib/python3.8/dist-packages/dbcounter.py:114}}
Oct 03 14:51:54.108543 dv-cinder-859877-2-iscsi neutron-server[112658]: DEBUG dbcounter [-] [112658] Writing DB stats neutron:SELECT=83,neutron:DELETE=4,neutron:INSERT=12,neutron:UPDATE=1 {{(pid=112658) stat_writer /usr/local/lib/python3.8/dist-packages/dbcounter.py:114}}
Oct 03 14:51:54.109959 dv-cinder-859877-2-iscsi neutron-server[112658]: DEBUG dbcounter [-] [112658] Writing DB stats neutron:SELECT=91,neutron:INSERT=5,neutron:UPDATE=4 {{(pid=112658) stat_writer /usr/local/lib/python3.8/dist-packages/dbcounter.py:114}}
Oct 03 14:51:54.118451 dv-cinder-859877-2-iscsi neutron-server[112661]: DEBUG neutron.api.rpc.handlers.l3_rpc [None req-d644d6a6-94f7-4b68-ac2a-b8af403f1820 None None] Checking router: a923e6dd-5803-45d6-a668-f26a90e47c7d for host: dv-cinder-859877-2-iscsi {{(pid=112661) _ensure_host_set_on_ports /opt/stack/neutron/neutron/api/rpc/handlers/l3_rpc.py:155}}
Oct 03 14:51:54.119506 dv-cinder-859877-2-iscsi neutron-server[112661]: DEBUG neutron.api.rpc.handlers.l3_rpc [None req-d644d6a6-94f7-4b68-ac2a-b8af403f1820 None None] Updating router a923e6dd-5803-45d6-a668-f26a90e47c7d port e2b3c79a-a541-46fc-8fcc-561ad7c3791c binding host dv-cinder-859877-2-iscsi {{(pid=112661) _ensure_host_set_on_port /opt/stack/neutron/neutron/api/rpc/handlers/l3_rpc.py:205}}
Oct 03 14:51:54.131992 dv-cinder-859877-2-iscsi neutron-server[112660]: DEBUG neutron.api.rpc.handlers.resources_rpc [None req-98ddc693-d8a1-4d51-bbdf-3dd008fde0fc None None] Pushing event updated for resources: {'Port': ['ID=0680110a-0279-43f2-80d7-f801fe275022,revision_number=3']} {{(pid=112660) push /opt/stack/neutron/neutron/api/rpc/handlers/resources_rpc.py:237}}
Oct 03 14:51:54.181709 dv-cinder-859877-2-iscsi neutron-server[112661]: DEBUG neutron_lib.callbacks.manager [None req-d644d6a6-94f7-4b68-ac2a-b8af403f1820 None None] Publish callbacks ['neutron.plugins.ml2.plugin.SecurityGroupDbMixin._ensure_default_security_group_handler-4099991'] for port (e2b3c79a-a541-46fc-8fcc-561ad7c3791c), before_update {{(pid=112661) _notify_loop /usr/local/lib/python3.8/dist-packages/neutron_lib/callbacks/manager.py:176}}
Oct 03 14:51:54.189587 dv-cinder-859877-2-iscsi neutron-server[112660]: DEBUG dbcounter [-] [112660] Writing DB stats neutron:SELECT=97,neutron:UPDATE=3 {{(pid=112660) stat_writer /usr/local/lib/python3.8/dist-packages/dbcounter.py:114}}
Oct 03 14:51:54.193321 dv-cinder-859877-2-iscsi neutron-server[112658]: DEBUG neutron.api.rpc.handlers.resources_rpc [None req-c06202fd-c117-4a2a-997c-f4f6fdc43051 admin admin] Pushing event updated for resources: {'SecurityGroup': ['ID=51ea9015-fd5c-4c09-882a-a808d3ffca95,revision_number=1']} {{(pid=112658) push /opt/stack/neutron/neutron/api/rpc/handlers/resources_rpc.py:237}}
Oct 03 14:51:54.249286 dv-cinder-859877-2-iscsi neutron-server[112660]: DEBUG neutron.plugins.ml2.db [None req-dbc8ce87-ff7b-446d-aad9-3b99c1f64bd9 None None] For port 5bea37e8-3f52-4548-b2ed-c90013abb488, host dv-cinder-859877-2-iscsi, cleared binding levels {{(pid=112660) clear_binding_levels /opt/stack/neutron/neutron/plugins/ml2/db.py:87}}
Oct 03 14:51:54.304848 dv-cinder-859877-2-iscsi neutron-server[112660]: DEBUG neutron.plugins.ml2.db [None req-dbc8ce87-ff7b-446d-aad9-3b99c1f64bd9 None None] For port 5bea37e8-3f52-4548-b2ed-c90013abb488, host dv-cinder-859877-2-iscsi, set binding levels [PortBindingLevel(driver='openvswitch',host='dv-cinder-859877-2-iscsi',level=0,port_id=5bea37e8-3f52-4548-b2ed-c90013abb488,segment=NetworkSegment(f12ed426-dcf1-4de7-a3bc-cbc77ddde625),segment_id=f12ed426-dcf1-4de7-a3bc-cbc77ddde625)] {{(pid=112660) set_binding_levels /opt/stack/neutron/neutron/plugins/ml2/db.py:59}}
Oct 03 14:51:54.308505 dv-cinder-859877-2-iscsi neutron-server[112660]: DEBUG neutron.plugins.ml2.plugin [None req-25cb4c14-cfd0-4a8b-b7fb-bce772949fc2 None None] Current status of the port 0680110a-0279-43f2-80d7-f801fe275022 is: ACTIVE; New status is: ACTIVE {{(pid=112660) _update_individual_port_db_status /opt/stack/neutron/neutron/plugins/ml2/plugin.py:2333}}
Oct 03 14:51:54.325915 dv-cinder-859877-2-iscsi neutron-server[112660]: DEBUG neutron.db.provisioning_blocks [None req-25cb4c14-cfd0-4a8b-b7fb-bce772949fc2 None None] Provisioning complete for port 1c2158cf-a729-4b0d-b888-9e043a1e4924 triggered by entity DHCP. {{(pid=112660) provisioning_complete /opt/stack/neutron/neutron/db/provisioning_blocks.py:144}}
Oct 03 14:51:54.326347 dv-cinder-859877-2-iscsi neutron-server[112660]: DEBUG neutron_lib.callbacks.manager [None req-25cb4c14-cfd0-4a8b-b7fb-bce772949fc2 None None] Publish callbacks ['neutron.plugins.ml2.plugin.Ml2Plugin._port_provisioned-3992359'] for port (1c2158cf-a729-4b0d-b888-9e043a1e4924), provisioning_complete {{(pid=112660) _notify_loop /usr/local/lib/python3.8/dist-packages/neutron_lib/callbacks/manager.py:176}}
Oct 03 14:51:54.326721 dv-cinder-859877-2-iscsi neutron-server[112660]: INFO neutron.plugins.ml2.plugin [None req-25cb4c14-cfd0-4a8b-b7fb-bce772949fc2 None None] Attempt 1 to provision port 1c2158cf-a729-4b0d-b888-9e043a1e4924
Oct 03 14:51:54.360262 dv-cinder-859877-2-iscsi neutron-server[112659]: DEBUG dbcounter [-] [112659] Writing DB stats neutron:SELECT=95,neutron:INSERT=3,neutron:UPDATE=2 {{(pid=112659) stat_writer /usr/local/lib/python3.8/dist-packages/dbcounter.py:114}}
Oct 03 14:51:54.362444 dv-cinder-859877-2-iscsi neutron-server[112660]: DEBUG neutron_lib.callbacks.manager [None req-dbc8ce87-ff7b-446d-aad9-3b99c1f64bd9 None None] Publish callbacks ['neutron.plugins.ml2.plugin.SecurityGroupServerNotifierRpcMixin._notify_sg_on_port_change-4096328', 'neutron.plugins.ml2.ovo_rpc._ObjectChangeHandler.handle_event-134930', 'neutron.api.rpc.agentnotifiers.dhcp_rpc_agent_api.DhcpAgentNotifyAPI._native_event_send_dhcp_notification-554356', 'neutron.db.l3_db.L3RpcNotifierMixin._notify_gateway_port_ip_changed-8765220400065', 'neutron.db.l3_dvrscheduler_db._notify_l3_agent_port_update-8765220026094', 'neutron.db.l3_hascheduler_db._notify_l3_agent_ha_port_update-8765220026628'] for port (5bea37e8-3f52-4548-b2ed-c90013abb488), after_update {{(pid=112660) _notify_loop /usr/local/lib/python3.8/dist-packages/neutron_lib/callbacks/manager.py:176}}
Oct 03 14:51:54.402923 dv-cinder-859877-2-iscsi neutron-server[112659]: DEBUG neutron.api.rpc.agentnotifiers.l3_rpc_agent_api [None req-da76ca94-f1ea-420a-b217-5abced734338 admin admin] Notify agent at l3_agent.dv-cinder-859877-2-iscsi the message routers_updated {{(pid=112659) _agent_notification /opt/stack/neutron/neutron/api/rpc/agentnotifiers/l3_rpc_agent_api.py:65}}
Oct 03 14:51:54.428034 dv-cinder-859877-2-iscsi neutron-server[112660]: DEBUG neutron.api.rpc.handlers.l3_rpc [None req-45cebad7-86e1-4849-80c7-95c4da3e1079 None None] Sync routers for ids ['f3fb317f-36be-4840-8fa8-6ef34b459d22'] in dv-cinder-859877-2-iscsi {{(pid=112660) sync_routers /opt/stack/neutron/neutron/api/rpc/handlers/l3_rpc.py:125}}
Oct 03 14:51:54.470113 dv-cinder-859877-2-iscsi neutron-server[112660]: DEBUG neutron.api.rpc.handlers.resources_rpc [None req-9eb56f8a-7a4d-4f88-b0a2-632d32296dad None None] Pushing event updated for resources: {'Port': ['ID=24350acd-ec7d-46a8-99b7-e51756680e1c,revision_number=2']} {{(pid=112660) push /opt/stack/neutron/neutron/api/rpc/handlers/resources_rpc.py:237}}
Oct 03 14:51:54.483832 dv-cinder-859877-2-iscsi neutron-server[112659]: DEBUG neutron_lib.callbacks.manager [None req-d400a914-e33a-4934-af10-4bc71872d317 admin admin] Publish callbacks [] for port (c335b7eb-d37c-4d25-9fe6-6094791a131b), precommit_create {{(pid=112659) _notify_loop /usr/local/lib/python3.8/dist-packages/neutron_lib/callbacks/manager.py:176}}
Oct 03 14:51:54.498915 dv-cinder-859877-2-iscsi neutron-server[112659]: DEBUG neutron_lib.callbacks.manager [None req-da76ca94-f1ea-420a-b217-5abced734338 admin admin] Publish callbacks [] for router (None), before_response {{(pid=112659) _notify_loop /usr/local/lib/python3.8/dist-packages/neutron_lib/callbacks/manager.py:176}}
Oct 03 14:51:54.500286 dv-cinder-859877-2-iscsi neutron-server[112659]: INFO neutron.wsgi [None req-da76ca94-f1ea-420a-b217-5abced734338 admin admin] 10.222.0.46 "POST /networking/v2.0/routers HTTP/1.1" status: 201 len: 930 time: 7.2572086
Oct 03 14:51:54.527997 dv-cinder-859877-2-iscsi neutron-server[112658]: DEBUG neutron.wsgi [-] (112658) accepted ('10.222.0.46', 51508) {{(pid=112658) server /usr/local/lib/python3.8/dist-packages/eventlet/wsgi.py:1004}}
Oct 03 14:51:54.561785 dv-cinder-859877-2-iscsi neutron-server[112660]: DEBUG neutron.api.rpc.handlers.resources_rpc [None req-b7dc568b-10fc-411f-b999-87cede7c6693 None None] Pushing event updated for resources: {'Port': ['ID=1c2158cf-a729-4b0d-b888-9e043a1e4924,revision_number=3']} {{(pid=112660) push /opt/stack/neutron/neutron/api/rpc/handlers/resources_rpc.py:237}}
Oct 03 14:51:54.589830 dv-cinder-859877-2-iscsi neutron-server[112659]: DEBUG neutron_lib.callbacks.manager [None req-5148f482-c6d1-4f02-b42a-45a560ef1856 admin admin] Publish callbacks ['neutron.plugins.ml2.plugin.SecurityGroupDbMixin._ensure_default_security_group_handler-4099991'] for port (None), before_create {{(pid=112659) _notify_loop /usr/local/lib/python3.8/dist-packages/neutron_lib/callbacks/manager.py:176}}
Oct 03 14:51:54.623840 dv-cinder-859877-2-iscsi neutron-server[112660]: DEBUG neutron.plugins.ml2.db [None req-a7ebd3d8-07d6-40a6-ae67-768878544879 None None] For port 6a6e9f94-e25a-4ca0-a830-de2159c7f551, host dv-cinder-859877-2-iscsi, cleared binding levels {{(pid=112660) clear_binding_levels /opt/stack/neutron/neutron/plugins/ml2/db.py:87}}
Oct 03 14:51:54.626105 dv-cinder-859877-2-iscsi neutron-server[112660]: DEBUG neutron.db.l3_dvrscheduler_db [None req-45cebad7-86e1-4849-80c7-95c4da3e1079 None None] Routers {'f3fb317f-36be-4840-8fa8-6ef34b459d22'} bound to L3 agent in host dv-cinder-859877-2-iscsi {{(pid=112660) _get_router_ids_for_agent /opt/stack/neutron/neutron/db/l3_dvrscheduler_db.py:425}}
Oct 03 14:51:54.626960 dv-cinder-859877-2-iscsi neutron-server[112660]: DEBUG neutron.db.l3_hamode_db [None req-45cebad7-86e1-4849-80c7-95c4da3e1079 None None] neutron.services.l3_router.l3_router_plugin.L3RouterPlugin method get_ha_sync_data_for_host called with arguments (, 'dv-cinder-859877-2-iscsi', Agent(admin_state_up=True,agent_type='L3 agent',availability_zone='nova',binary='neutron-l3-agent',configurations={"agent_mode": "legacy", "ex_gw_ports": 1, "extensions": [], "floating_ips": 0, "handle_internal_only_routers": true, "interface_driver": "openvswitch", "interfaces": 1, "log_agent_heartbeats": false, "routers": 1},created_at=2022-10-03T14:43:45Z,description=,heartbeat_timestamp=2022-10-03T14:51:45Z,host='dv-cinder-859877-2-iscsi',id=1fae5e32-a018-4b26-8729-6fa41893c4dc,load=0,resource_versions=,resources_synced=,started_at=2022-10-03T14:43:45Z,topic='l3_agent')) {'router_ids': ['f3fb317f-36be-4840-8fa8-6ef34b459d22'], 'active': True} {{(pid=112660) wrapper /usr/local/lib/python3.8/dist-packages/oslo_log/helpers.py:65}}
Oct 03 14:51:54.678031 dv-cinder-859877-2-iscsi neutron-server[112659]: DEBUG neutron_lib.callbacks.manager [None req-d400a914-e33a-4934-af10-4bc71872d317 admin admin] Publish callbacks ['neutron.plugins.ml2.plugin.SecurityGroupServerNotifierRpcMixin._notify_sg_on_port_change-4096328', 'neutron.plugins.ml2.ovo_rpc._ObjectChangeHandler.handle_event-134930', 'neutron.api.rpc.agentnotifiers.dhcp_rpc_agent_api.DhcpAgentNotifyAPI._native_event_send_dhcp_notification-554356', 'neutron.db.l3_dvrscheduler_db._notify_l3_agent_new_port-8765220026076'] for port (c335b7eb-d37c-4d25-9fe6-6094791a131b), after_create {{(pid=112659) _notify_loop /usr/local/lib/python3.8/dist-packages/neutron_lib/callbacks/manager.py:176}}
Oct 03 14:51:54.799531 dv-cinder-859877-2-iscsi neutron-server[112660]: DEBUG neutron.plugins.ml2.plugin [None req-b7dc568b-10fc-411f-b999-87cede7c6693 None None] Current status of the port 0680110a-0279-43f2-80d7-f801fe275022 is: ACTIVE; New status is: ACTIVE {{(pid=112660) _update_individual_port_db_status /opt/stack/neutron/neutron/plugins/ml2/plugin.py:2333}}
Oct 03 14:51:54.818648 dv-cinder-859877-2-iscsi neutron-server[112660]: DEBUG neutron.plugins.ml2.db [None req-a7ebd3d8-07d6-40a6-ae67-768878544879 None None] For port 6a6e9f94-e25a-4ca0-a830-de2159c7f551, host dv-cinder-859877-2-iscsi, set binding levels [PortBindingLevel(driver='openvswitch',host='dv-cinder-859877-2-iscsi',level=0,port_id=6a6e9f94-e25a-4ca0-a830-de2159c7f551,segment=NetworkSegment(b469dfbc-9561-4f66-973d-a469f1baea4d),segment_id=b469dfbc-9561-4f66-973d-a469f1baea4d)] {{(pid=112660) set_binding_levels /opt/stack/neutron/neutron/plugins/ml2/db.py:59}}
Oct 03 14:51:54.820036 dv-cinder-859877-2-iscsi neutron-server[112660]: DEBUG dbcounter [-] [112660] Writing DB stats neutron:SELECT=97,neutron:UPDATE=2,neutron:INSERT=1 {{(pid=112660) stat_writer /usr/local/lib/python3.8/dist-packages/dbcounter.py:114}}
Oct 03 14:51:54.879206 dv-cinder-859877-2-iscsi neutron-server[112660]: DEBUG neutron_lib.callbacks.manager [None req-a7ebd3d8-07d6-40a6-ae67-768878544879 None None] Publish callbacks ['neutron.plugins.ml2.plugin.SecurityGroupServerNotifierRpcMixin._notify_sg_on_port_change-4096328', 'neutron.plugins.ml2.ovo_rpc._ObjectChangeHandler.handle_event-134930', 'neutron.api.rpc.agentnotifiers.dhcp_rpc_agent_api.DhcpAgentNotifyAPI._native_event_send_dhcp_notification-554356', 'neutron.db.l3_db.L3RpcNotifierMixin._notify_gateway_port_ip_changed-8765220400065', 'neutron.db.l3_dvrscheduler_db._notify_l3_agent_port_update-8765220026094', 'neutron.db.l3_hascheduler_db._notify_l3_agent_ha_port_update-8765220026628'] for port (6a6e9f94-e25a-4ca0-a830-de2159c7f551), after_update {{(pid=112660) _notify_loop /usr/local/lib/python3.8/dist-packages/neutron_lib/callbacks/manager.py:176}}
Oct 03 14:51:54.945316 dv-cinder-859877-2-iscsi neutron-server[112660]: DEBUG neutron.api.rpc.handlers.resources_rpc [None req-dbc8ce87-ff7b-446d-aad9-3b99c1f64bd9 None None] Pushing event updated for resources: {'Port': ['ID=5bea37e8-3f52-4548-b2ed-c90013abb488,revision_number=2']} {{(pid=112660) push /opt/stack/neutron/neutron/api/rpc/handlers/resources_rpc.py:237}}
Oct 03 14:51:55.008817 dv-cinder-859877-2-iscsi neutron-server[112658]: INFO neutron.wsgi [None req-c06202fd-c117-4a2a-997c-f4f6fdc43051 admin admin] 10.222.0.46 "GET /networking/v2.0/security-groups?tenant_id=a1261ce2be2f46749fe7ffb31192999a&name=default HTTP/1.1" status: 200 len: 2993 time: 1.6376383
Oct 03 14:51:55.032828 dv-cinder-859877-2-iscsi neutron-server[112658]: DEBUG neutron.wsgi [-] (112658) accepted ('10.222.0.46', 51528) {{(pid=112658) server /usr/local/lib/python3.8/dist-packages/eventlet/wsgi.py:1004}}
Oct 03 14:51:55.063674 dv-cinder-859877-2-iscsi neutron-server[112659]: DEBUG neutron.api.rpc.handlers.resources_rpc [None req-d400a914-e33a-4934-af10-4bc71872d317 admin admin] Pushing event updated for resources: {'Port': ['ID=c335b7eb-d37c-4d25-9fe6-6094791a131b,revision_number=1']} {{(pid=112659) push /opt/stack/neutron/neutron/api/rpc/handlers/resources_rpc.py:237}}
Oct 03 14:51:55.101329 dv-cinder-859877-2-iscsi neutron-server[112659]: DEBUG neutron.scheduler.dhcp_agent_scheduler [None req-d400a914-e33a-4934-af10-4bc71872d317 admin admin] Network 50bd343f-53bd-4d10-9a98-2a18a089b709 is already hosted by enough agents. {{(pid=112659) _get_dhcp_agents_hosting_network /opt/stack/neutron/neutron/scheduler/dhcp_agent_scheduler.py:275}}
Oct 03 14:51:55.106108 dv-cinder-859877-2-iscsi neutron-server[112659]: DEBUG neutron.scheduler.base_scheduler [None req-d400a914-e33a-4934-af10-4bc71872d317 admin admin] Resources bound (agent type, host, resource id): {{(pid=112659) schedule /opt/stack/neutron/neutron/scheduler/base_scheduler.py:57}}
Oct 03 14:51:55.107553 dv-cinder-859877-2-iscsi neutron-server[112659]: DEBUG neutron.db.l3_dvrscheduler_db [None req-d400a914-e33a-4934-af10-4bc71872d317 admin admin] Received port after_create {{(pid=112659) _notify_l3_agent_new_port /opt/stack/neutron/neutron/db/l3_dvrscheduler_db.py:541}}
Oct 03 14:51:55.272827 dv-cinder-859877-2-iscsi neutron-server[112658]: DEBUG neutron.db.db_base_plugin_common [None req-7909f593-0302-4092-9eff-7a64e387c871 admin admin] Allocated IP 172.27.1.109 (50bd343f-53bd-4d10-9a98-2a18a089b709/b1c0d100-97aa-4fcc-aaf9-661b08c16ab9/4670408c-a27e-4166-8764-4f0689be3fd5) {{(pid=112658) _store_ip_allocation /opt/stack/neutron/neutron/db/db_base_plugin_common.py:131}}
Oct 03 14:51:55.379705 dv-cinder-859877-2-iscsi neutron-server[112660]: DEBUG neutron.api.rpc.handlers.dhcp_rpc [None req-fbab7156-bdcb-4440-812c-08a48418aa73 None None] Network 1a822274-e0ca-4ff0-95b8-688fdc218651 requested from dv-cinder-859877-2-iscsi {{(pid=112660) get_network_info /opt/stack/neutron/neutron/api/rpc/handlers/dhcp_rpc.py:193}}
Oct 03 14:51:55.472343 dv-cinder-859877-2-iscsi neutron-server[112660]: DEBUG neutron.db.l3_dvr_db [None req-45cebad7-86e1-4849-80c7-95c4da3e1079 None None] Set router f3fb317f-36be-4840-8fa8-6ef34b459d22 gateway port host: dv-cinder-859877-2-iscsi {{(pid=112660) _build_routers_list /opt/stack/neutron/neutron/db/l3_dvr_db.py:907}}
Oct 03 14:51:55.475966 dv-cinder-859877-2-iscsi neutron-server[112659]: DEBUG neutron.db.db_base_plugin_common [None req-5148f482-c6d1-4f02-b42a-45a560ef1856 admin admin] Allocated IP 172.20.0.1 (3b88fdf3-b260-41ad-9765-7cbb7b33b8ed/af42466f-d6e8-445c-95ca-83f78fbd4579/a8f651ec-3689-4b5e-b609-9e21d3482e0b) {{(pid=112659) _store_ip_allocation /opt/stack/neutron/neutron/db/db_base_plugin_common.py:131}}
Oct 03 14:51:55.476274 dv-cinder-859877-2-iscsi neutron-server[112660]: DEBUG neutron.plugins.ml2.rpc [None req-b7dc568b-10fc-411f-b999-87cede7c6693 None None] Device 1c2158cf-a729-4b0d-b888-9e043a1e4924 up at agent ovs-agent-dv-cinder-859877-2-iscsi {{(pid=112660) update_device_up /opt/stack/neutron/neutron/plugins/ml2/rpc.py:296}}
Oct 03 14:51:55.599901 dv-cinder-859877-2-iscsi neutron-server[112660]: DEBUG neutron.plugins.ml2.plugin [None req-25cb4c14-cfd0-4a8b-b7fb-bce772949fc2 None None] Current status of the port 1c2158cf-a729-4b0d-b888-9e043a1e4924 is: ACTIVE; New status is: ACTIVE {{(pid=112660) _update_individual_port_db_status /opt/stack/neutron/neutron/plugins/ml2/plugin.py:2333}}
Oct 03 14:51:55.642237 dv-cinder-859877-2-iscsi neutron-server[112658]: DEBUG neutron_lib.callbacks.manager [None req-bf79ca76-d098-4469-bc2a-b15118f4cc00 admin admin] Publish callbacks [] for router_gateway (72d34265-f079-48db-92dc-e317f47b8843), after_create {{(pid=112658) _notify_loop /usr/local/lib/python3.8/dist-packages/neutron_lib/callbacks/manager.py:176}}
Oct 03 14:51:55.856815 dv-cinder-859877-2-iscsi neutron-server[112658]: DEBUG neutron_lib.callbacks.manager [None req-104f4cea-5604-43fb-938d-e82c1200da3e admin admin] Publish callbacks [] for security_group (51ea9015-fd5c-4c09-882a-a808d3ffca95), before_delete {{(pid=112658) _notify_loop /usr/local/lib/python3.8/dist-packages/neutron_lib/callbacks/manager.py:176}}
Oct 03 14:51:55.905696 dv-cinder-859877-2-iscsi neutron-server[112660]: DEBUG neutron.api.rpc.handlers.resources_rpc [None req-a7ebd3d8-07d6-40a6-ae67-768878544879 None None] Pushing event updated for resources: {'Port': ['ID=6a6e9f94-e25a-4ca0-a830-de2159c7f551,revision_number=2']} {{(pid=112660) push /opt/stack/neutron/neutron/api/rpc/handlers/resources_rpc.py:237}}
Oct 03 14:51:55.910011 dv-cinder-859877-2-iscsi neutron-server[112660]: DEBUG neutron.db.provisioning_blocks [None req-597e3b39-d088-4676-9dda-aab19c710ecc None None] Provisioning complete for port 24350acd-ec7d-46a8-99b7-e51756680e1c triggered by entity DHCP. {{(pid=112660) provisioning_complete /opt/stack/neutron/neutron/db/provisioning_blocks.py:144}}
Oct 03 14:51:55.911011 dv-cinder-859877-2-iscsi neutron-server[112660]: DEBUG neutron_lib.callbacks.manager [None req-597e3b39-d088-4676-9dda-aab19c710ecc None None] Publish callbacks ['neutron.plugins.ml2.plugin.Ml2Plugin._port_provisioned-3992359'] for port (24350acd-ec7d-46a8-99b7-e51756680e1c), provisioning_complete {{(pid=112660) _notify_loop /usr/local/lib/python3.8/dist-packages/neutron_lib/callbacks/manager.py:176}}
Oct 03 14:51:55.911011 dv-cinder-859877-2-iscsi neutron-server[112660]: INFO neutron.plugins.ml2.plugin [None req-597e3b39-d088-4676-9dda-aab19c710ecc None None] Attempt 1 to provision port 24350acd-ec7d-46a8-99b7-e51756680e1c
Oct 03 14:51:55.924771 dv-cinder-859877-2-iscsi neutron-server[112658]: DEBUG neutron_lib.callbacks.manager [None req-104f4cea-5604-43fb-938d-e82c1200da3e admin admin] Publish callbacks [] for security_group (51ea9015-fd5c-4c09-882a-a808d3ffca95), precommit_delete {{(pid=112658) _notify_loop /usr/local/lib/python3.8/dist-packages/neutron_lib/callbacks/manager.py:176}}
Oct 03 14:51:55.959540 dv-cinder-859877-2-iscsi neutron-server[112659]: DEBUG neutron_lib.callbacks.manager [None req-5148f482-c6d1-4f02-b42a-45a560ef1856 admin admin] Publish callbacks [] for port (a8f651ec-3689-4b5e-b609-9e21d3482e0b), precommit_create {{(pid=112659) _notify_loop /usr/local/lib/python3.8/dist-packages/neutron_lib/callbacks/manager.py:176}}
Oct 03 14:51:55.996525 dv-cinder-859877-2-iscsi neutron-server[112658]: DEBUG dbcounter [-] [112658] Writing DB stats neutron:SELECT=95,neutron:UPDATE=4,neutron:INSERT=1 {{(pid=112658) stat_writer /usr/local/lib/python3.8/dist-packages/dbcounter.py:114}}
Oct 03 14:51:55.999287 dv-cinder-859877-2-iscsi neutron-server[112660]: DEBUG neutron.db.provisioning_blocks [None req-b7dc568b-10fc-411f-b999-87cede7c6693 None None] Provisioning complete for port 1c2158cf-a729-4b0d-b888-9e043a1e4924 triggered by entity L2. {{(pid=112660) provisioning_complete /opt/stack/neutron/neutron/db/provisioning_blocks.py:144}}
Oct 03 14:51:55.999645 dv-cinder-859877-2-iscsi neutron-server[112660]: DEBUG neutron_lib.callbacks.manager [None req-b7dc568b-10fc-411f-b999-87cede7c6693 None None] Publish callbacks ['neutron.plugins.ml2.plugin.Ml2Plugin._port_provisioned-3992359'] for port (1c2158cf-a729-4b0d-b888-9e043a1e4924), provisioning_complete {{(pid=112660) _notify_loop /usr/local/lib/python3.8/dist-packages/neutron_lib/callbacks/manager.py:176}}
Oct 03 14:51:56.000012 dv-cinder-859877-2-iscsi neutron-server[112660]: INFO neutron.plugins.ml2.plugin [None req-b7dc568b-10fc-411f-b999-87cede7c6693 None None] Attempt 1 to provision port 1c2158cf-a729-4b0d-b888-9e043a1e4924
Oct 03 14:51:56.016433 dv-cinder-859877-2-iscsi neutron-server[112660]: DEBUG neutron.db.l3_hamode_db [None req-45cebad7-86e1-4849-80c7-95c4da3e1079 None None] neutron.services.l3_router.l3_router_plugin.L3RouterPlugin method _process_sync_ha_data called with arguments (, [{'id': 'f3fb317f-36be-4840-8fa8-6ef34b459d22', 'name': 'tempest-ServerRescueNegativeTestJSON-1807574512-router', 'tenant_id': '83b495f3cb9b437d9572f4d33327fbf7', 'admin_state_up': True, 'status': 'ACTIVE', 'external_gateway_info': {'network_id': '50bd343f-53bd-4d10-9a98-2a18a089b709', 'external_fixed_ips': [{'subnet_id': 'b1c0d100-97aa-4fcc-aaf9-661b08c16ab9', 'ip_address': '172.27.1.51'}], 'enable_snat': True}, 'gw_port_id': '9e0d0973-a6de-4431-a894-c400e7516d85', 'description': '', 'availability_zones': ['nova'], 'distributed': False, 'ha': False, 'ha_vr_id': 0, 'availability_zone_hints': [], 'routes': [], 'flavor_id': None, 'tags': [], 'created_at': '2022-10-03T14:51:47Z', 'updated_at': '2022-10-03T14:51:51Z', 'revision_number': 3, 'project_id': '83b495f3cb9b437d9572f4d33327fbf7', 'gw_port': {'id': '9e0d0973-a6de-4431-a894-c400e7516d85', 'name': '', 'network_id': '50bd343f-53bd-4d10-9a98-2a18a089b709', 'tenant_id': '', 'mac_address': 'fa:16:3e:21:e4:4f', 'admin_state_up': True, 'status': 'DOWN', 'device_id': 'f3fb317f-36be-4840-8fa8-6ef34b459d22', 'device_owner': 'network:router_gateway', 'standard_attr_id': 74, 'fixed_ips': [{'subnet_id': 'b1c0d100-97aa-4fcc-aaf9-661b08c16ab9', 'ip_address': '172.27.1.51', 'prefixlen': 24}], 'allowed_address_pairs': [], 'extra_dhcp_opts': [], 'security_groups': [], 'description': '', 'binding:vnic_type': 'normal', 'binding:profile': {}, 'binding:host_id': '', 'binding:vif_type': 'unbound', 'binding:vif_details': {}, 'port_security_enabled': False, 'tags': [], 'created_at': '2022-10-03T14:51:49Z', 'updated_at': '2022-10-03T14:51:50Z', 'revision_number': 1, 'project_id': '', 'subnets': [{'id': 'b1c0d100-97aa-4fcc-aaf9-661b08c16ab9', 'cidr': '172.27.1.0/24', 'gateway_ip': '172.27.1.1', 'dns_nameservers': [], 'ipv6_ra_mode': None, 'subnetpool_id': None}], 'extra_subnets': [], 'address_scopes': {4: None, 6: None}, 'mtu': 1500}, 'enable_snat': True, 'gw_port_host': 'dv-cinder-859877-2-iscsi'}], 'dv-cinder-859877-2-iscsi', False) {} {{(pid=112660) wrapper /usr/local/lib/python3.8/dist-packages/oslo_log/helpers.py:65}}
Oct 03 14:51:56.018400 dv-cinder-859877-2-iscsi neutron-server[112659]: DEBUG dbcounter [-] [112659] Writing DB stats neutron:SELECT=92,neutron:DELETE=2,neutron:INSERT=3,neutron:UPDATE=3 {{(pid=112659) stat_writer /usr/local/lib/python3.8/dist-packages/dbcounter.py:114}}
Oct 03 14:51:56.050902 dv-cinder-859877-2-iscsi neutron-server[112659]: DEBUG neutron_lib.callbacks.manager [None req-5148f482-c6d1-4f02-b42a-45a560ef1856 admin admin] Publish callbacks ['neutron.plugins.ml2.plugin.SecurityGroupServerNotifierRpcMixin._notify_sg_on_port_change-4096328', 'neutron.plugins.ml2.ovo_rpc._ObjectChangeHandler.handle_event-134930', 'neutron.api.rpc.agentnotifiers.dhcp_rpc_agent_api.DhcpAgentNotifyAPI._native_event_send_dhcp_notification-554356', 'neutron.db.l3_dvrscheduler_db._notify_l3_agent_new_port-8765220026076'] for port (a8f651ec-3689-4b5e-b609-9e21d3482e0b), after_create {{(pid=112659) _notify_loop /usr/local/lib/python3.8/dist-packages/neutron_lib/callbacks/manager.py:176}}
Oct 03 14:51:56.145293 dv-cinder-859877-2-iscsi neutron-server[112659]: DEBUG dbcounter [-] [112659] Writing DB stats neutron:SELECT=92,neutron:INSERT=5,neutron:UPDATE=3 {{(pid=112659) stat_writer /usr/local/lib/python3.8/dist-packages/dbcounter.py:114}}
Oct 03 14:51:56.158065 dv-cinder-859877-2-iscsi neutron-server[112659]: DEBUG neutron.api.rpc.handlers.resources_rpc [None req-5148f482-c6d1-4f02-b42a-45a560ef1856 admin admin] Pushing event updated for resources: {'Port': ['ID=a8f651ec-3689-4b5e-b609-9e21d3482e0b,revision_number=1']} {{(pid=112659) push /opt/stack/neutron/neutron/api/rpc/handlers/resources_rpc.py:237}}
Oct 03 14:51:56.201693 dv-cinder-859877-2-iscsi neutron-server[112658]: DEBUG neutron_lib.callbacks.manager [None req-7909f593-0302-4092-9eff-7a64e387c871 admin admin] Publish callbacks [] for port (4670408c-a27e-4166-8764-4f0689be3fd5), precommit_create {{(pid=112658) _notify_loop /usr/local/lib/python3.8/dist-packages/neutron_lib/callbacks/manager.py:176}}
Oct 03 14:51:56.207134 dv-cinder-859877-2-iscsi neutron-server[112660]: DEBUG neutron.api.rpc.handlers.l3_rpc [None req-45cebad7-86e1-4849-80c7-95c4da3e1079 None None] Checking router: f3fb317f-36be-4840-8fa8-6ef34b459d22 for host: dv-cinder-859877-2-iscsi {{(pid=112660) _ensure_host_set_on_ports /opt/stack/neutron/neutron/api/rpc/handlers/l3_rpc.py:155}}
Oct 03 14:51:56.207695 dv-cinder-859877-2-iscsi neutron-server[112660]: DEBUG neutron.api.rpc.handlers.l3_rpc [None req-45cebad7-86e1-4849-80c7-95c4da3e1079 None None] Updating router f3fb317f-36be-4840-8fa8-6ef34b459d22 port 9e0d0973-a6de-4431-a894-c400e7516d85 binding host dv-cinder-859877-2-iscsi {{(pid=112660) _ensure_host_set_on_port /opt/stack/neutron/neutron/api/rpc/handlers/l3_rpc.py:205}}
Oct 03 14:51:56.262359 dv-cinder-859877-2-iscsi neutron-server[112660]: DEBUG dbcounter [-] [112660] Writing DB stats neutron:SELECT=98,neutron:UPDATE=1,neutron:INSERT=1 {{(pid=112660) stat_writer /usr/local/lib/python3.8/dist-packages/dbcounter.py:114}}
Oct 03 14:51:56.264684 dv-cinder-859877-2-iscsi neutron-server[112659]: DEBUG neutron.scheduler.dhcp_agent_scheduler [None req-5148f482-c6d1-4f02-b42a-45a560ef1856 admin admin] Network 3b88fdf3-b260-41ad-9765-7cbb7b33b8ed is already hosted by enough agents. {{(pid=112659) _get_dhcp_agents_hosting_network /opt/stack/neutron/neutron/scheduler/dhcp_agent_scheduler.py:275}}
Oct 03 14:51:56.268495 dv-cinder-859877-2-iscsi neutron-server[112659]: DEBUG neutron.scheduler.base_scheduler [None req-5148f482-c6d1-4f02-b42a-45a560ef1856 admin admin] Resources bound (agent type, host, resource id): {{(pid=112659) schedule /opt/stack/neutron/neutron/scheduler/base_scheduler.py:57}}
Oct 03 14:51:56.273470 dv-cinder-859877-2-iscsi neutron-server[112659]: DEBUG neutron.db.l3_dvrscheduler_db [None req-5148f482-c6d1-4f02-b42a-45a560ef1856 admin admin] Received port after_create {{(pid=112659) _notify_l3_agent_new_port /opt/stack/neutron/neutron/db/l3_dvrscheduler_db.py:541}}
Oct 03 14:51:56.274073 dv-cinder-859877-2-iscsi neutron-server[112659]: DEBUG neutron_lib.callbacks.manager [None req-5148f482-c6d1-4f02-b42a-45a560ef1856 admin admin] Publish callbacks ['neutron.services.l3_router.l3_router_plugin.DVRResourceOperationHandler._add_csnat_on_interface_create-692031'] for router_interface (a923e6dd-5803-45d6-a668-f26a90e47c7d), before_create {{(pid=112659) _notify_loop /usr/local/lib/python3.8/dist-packages/neutron_lib/callbacks/manager.py:176}}
Oct 03 14:51:56.318487 dv-cinder-859877-2-iscsi neutron-server[112658]: DEBUG dbcounter [-] [112658] Writing DB stats neutron:INSERT=4,neutron:SELECT=91,neutron:UPDATE=1,neutron:DELETE=4 {{(pid=112658) stat_writer /usr/local/lib/python3.8/dist-packages/dbcounter.py:114}}
Oct 03 14:51:56.329953 dv-cinder-859877-2-iscsi neutron-server[112658]: DEBUG neutron_lib.callbacks.manager [None req-104f4cea-5604-43fb-938d-e82c1200da3e admin admin] Publish callbacks ['neutron.plugins.ml2.ovo_rpc._ObjectChangeHandler.handle_event-596507'] for security_group (51ea9015-fd5c-4c09-882a-a808d3ffca95), after_delete {{(pid=112658) _notify_loop /usr/local/lib/python3.8/dist-packages/neutron_lib/callbacks/manager.py:176}}
Oct 03 14:51:56.332835 dv-cinder-859877-2-iscsi neutron-server[112658]: DEBUG neutron_lib.callbacks.manager [None req-104f4cea-5604-43fb-938d-e82c1200da3e admin admin] Publish callbacks [] for security_group (None), before_response {{(pid=112658) _notify_loop /usr/local/lib/python3.8/dist-packages/neutron_lib/callbacks/manager.py:176}}
Oct 03 14:51:56.344175 dv-cinder-859877-2-iscsi neutron-server[112659]: DEBUG neutron_lib.callbacks.manager [None req-d400a914-e33a-4934-af10-4bc71872d317 admin admin] Publish callbacks [] for router_gateway (07eb2779-da33-4d7e-b7c4-2557035ee674), after_create {{(pid=112659) _notify_loop /usr/local/lib/python3.8/dist-packages/neutron_lib/callbacks/manager.py:176}}
Oct 03 14:51:56.350293 dv-cinder-859877-2-iscsi neutron-server[112658]: INFO neutron.wsgi [None req-104f4cea-5604-43fb-938d-e82c1200da3e admin admin] 10.222.0.46 "DELETE /networking/v2.0/security-groups/51ea9015-fd5c-4c09-882a-a808d3ffca95 HTTP/1.1" status: 204 len: 168 time: 1.3147473
Oct 03 14:51:56.372444 dv-cinder-859877-2-iscsi neutron-server[112660]: DEBUG neutron.api.rpc.handlers.dhcp_rpc [None req-443588f8-cbd8-49d9-a9a0-14ae10ae3c73 None None] Network e62ce727-fdfc-4635-82f1-b266a0898b13 requested from dv-cinder-859877-2-iscsi {{(pid=112660) get_network_info /opt/stack/neutron/neutron/api/rpc/handlers/dhcp_rpc.py:193}}
Oct 03 14:51:56.453243 dv-cinder-859877-2-iscsi neutron-server[112660]: DEBUG neutron_lib.callbacks.manager [None req-45cebad7-86e1-4849-80c7-95c4da3e1079 None None] Publish callbacks ['neutron.plugins.ml2.plugin.SecurityGroupDbMixin._ensure_default_security_group_handler-4099991'] for port (9e0d0973-a6de-4431-a894-c400e7516d85), before_update {{(pid=112660) _notify_loop /usr/local/lib/python3.8/dist-packages/neutron_lib/callbacks/manager.py:176}}
Oct 03 14:51:56.545433 dv-cinder-859877-2-iscsi neutron-server[112658]: DEBUG neutron_lib.callbacks.manager [None req-7909f593-0302-4092-9eff-7a64e387c871 admin admin] Publish callbacks ['neutron.plugins.ml2.plugin.SecurityGroupServerNotifierRpcMixin._notify_sg_on_port_change-4096328', 'neutron.plugins.ml2.ovo_rpc._ObjectChangeHandler.handle_event-134930', 'neutron.api.rpc.agentnotifiers.dhcp_rpc_agent_api.DhcpAgentNotifyAPI._native_event_send_dhcp_notification-554356', 'neutron.db.l3_dvrscheduler_db._notify_l3_agent_new_port-8765220026076'] for port (4670408c-a27e-4166-8764-4f0689be3fd5), after_create {{(pid=112658) _notify_loop /usr/local/lib/python3.8/dist-packages/neutron_lib/callbacks/manager.py:176}}
Oct 03 14:51:56.628199 dv-cinder-859877-2-iscsi neutron-server[112658]: DEBUG neutron.api.rpc.handlers.resources_rpc [None req-104f4cea-5604-43fb-938d-e82c1200da3e admin admin] Pushing event deleted for resources: {'SecurityGroup': ['ID=51ea9015-fd5c-4c09-882a-a808d3ffca95,revision_number=None']} {{(pid=112658) push /opt/stack/neutron/neutron/api/rpc/handlers/resources_rpc.py:237}}
Oct 03 14:51:56.749728 dv-cinder-859877-2-iscsi neutron-server[112661]: DEBUG neutron_lib.callbacks.manager [None req-d644d6a6-94f7-4b68-ac2a-b8af403f1820 None None] Publish callbacks [] for port (e2b3c79a-a541-46fc-8fcc-561ad7c3791c), precommit_update {{(pid=112661) _notify_loop /usr/local/lib/python3.8/dist-packages/neutron_lib/callbacks/manager.py:176}}
Oct 03 14:51:56.761202 dv-cinder-859877-2-iscsi neutron-server[112661]: DEBUG neutron_lib.callbacks.manager [None req-d644d6a6-94f7-4b68-ac2a-b8af403f1820 None None] Publish callbacks ['neutron.plugins.ml2.plugin.SecurityGroupServerNotifierRpcMixin._notify_sg_on_port_change-4096328', 'neutron.plugins.ml2.ovo_rpc._ObjectChangeHandler.handle_event-134930', 'neutron.api.rpc.agentnotifiers.dhcp_rpc_agent_api.DhcpAgentNotifyAPI._native_event_send_dhcp_notification-554356', 'neutron.db.l3_db.L3RpcNotifierMixin._notify_gateway_port_ip_changed-8765220400065', 'neutron.db.l3_dvrscheduler_db._notify_l3_agent_port_update-8765220026094', 'neutron.db.l3_hascheduler_db._notify_l3_agent_ha_port_update-8765220026628'] for port (e2b3c79a-a541-46fc-8fcc-561ad7c3791c), after_update {{(pid=112661) _notify_loop /usr/local/lib/python3.8/dist-packages/neutron_lib/callbacks/manager.py:176}}
Oct 03 14:51:56.875903 dv-cinder-859877-2-iscsi neutron-server[112661]: DEBUG neutron.api.rpc.handlers.resources_rpc [None req-c1e185d7-9a71-438d-918f-c68d51fbe88a None None] Pushing event updated for resources: {'Port': ['ID=e2b3c79a-a541-46fc-8fcc-561ad7c3791c,revision_number=2']} {{(pid=112661) push /opt/stack/neutron/neutron/api/rpc/handlers/resources_rpc.py:237}}
Oct 03 14:51:56.899656 dv-cinder-859877-2-iscsi neutron-server[112661]: DEBUG neutron.plugins.ml2.managers [None req-d644d6a6-94f7-4b68-ac2a-b8af403f1820 None None] Attempting to bind port e2b3c79a-a541-46fc-8fcc-561ad7c3791c on host dv-cinder-859877-2-iscsi for vnic_type normal with profile {{(pid=112661) bind_port /opt/stack/neutron/neutron/plugins/ml2/managers.py:810}}
