Oct 03 14:52:27.868633 dv-cinder-859877-2-iscsi neutron-server[112659]: DEBUG neutron.plugins.ml2.managers [req-f22e6cbc-b46f-4abd-af1e-b06c04dfe0f5 req-3f33e1e5-e14f-421d-960d-0697651f4da6 service neutron] Bound port: 06e443b0-42ce-487b-9e0c-244828a5e40e, host: hv-cinder-85987, vif_type: hyperv, vif_details: {"connectivity": "legacy", "port_filter": false}, binding_levels: [{'bound_driver': 'hyperv', 'bound_segment': {'id': 'e739dacc-a3d3-4b7e-b3e5-0ae3715b34d0', 'network_type': 'vlan', 'physical_network': 'physnet1', 'segmentation_id': 225, 'network_id': 'a4c53322-c54a-4ca9-801c-f9a07dbbe7a2'}}] {{(pid=112659) _bind_port_level /opt/stack/neutron/neutron/plugins/ml2/managers.py:947}}
Oct 03 14:52:27.868979 dv-cinder-859877-2-iscsi neutron-server[112659]: DEBUG neutron_lib.callbacks.manager [req-f22e6cbc-b46f-4abd-af1e-b06c04dfe0f5 req-3f33e1e5-e14f-421d-960d-0697651f4da6 service neutron] Publish callbacks ['neutron.plugins.ml2.plugin.SecurityGroupDbMixin._ensure_default_security_group_handler-4099991'] for port (06e443b0-42ce-487b-9e0c-244828a5e40e), before_update {{(pid=112659) _notify_loop /usr/local/lib/python3.8/dist-packages/neutron_lib/callbacks/manager.py:176}}
Oct 03 14:52:27.891904 dv-cinder-859877-2-iscsi neutron-server[112658]: DEBUG neutron_lib.callbacks.manager [None req-e8929b62-6969-4a3c-ab3c-b68becc78fe4 admin admin] Publish callbacks [] for security_group (None), before_create {{(pid=112658) _notify_loop /usr/local/lib/python3.8/dist-packages/neutron_lib/callbacks/manager.py:176}}
Oct 03 14:52:27.908767 dv-cinder-859877-2-iscsi neutron-server[112660]: DEBUG neutron.plugins.ml2.rpc [None req-b7dc568b-10fc-411f-b999-87cede7c6693 None None] Device 255d2600-1fd1-4ccf-bd5d-c029fcf8c399 up at agent ovs-agent-dv-cinder-859877-2-iscsi {{(pid=112660) update_device_up /opt/stack/neutron/neutron/plugins/ml2/rpc.py:296}}
Oct 03 14:52:27.991061 dv-cinder-859877-2-iscsi neutron-server[112658]: DEBUG neutron_lib.callbacks.manager [None req-e8929b62-6969-4a3c-ab3c-b68becc78fe4 admin admin] Publish callbacks [] for security_group (ee787a00-d18c-4aef-9fbe-6b1154ab4a1f), precommit_create {{(pid=112658) _notify_loop /usr/local/lib/python3.8/dist-packages/neutron_lib/callbacks/manager.py:176}}
Oct 03 14:52:27.996807 dv-cinder-859877-2-iscsi neutron-server[112658]: DEBUG neutron.notifiers.nova [req-a73ef5ea-0b23-49fe-aac4-8a5592528a0c req-2d2fe7b7-c937-446a-a546-d02d5da7642d service neutron] Ignoring state change previous_port_status: DOWN current_port_status: DOWN port_id d7ceaf30-9e00-432b-b831-684569089003 {{(pid=112658) record_port_status_changed /opt/stack/neutron/neutron/notifiers/nova.py:235}}
Oct 03 14:52:28.002842 dv-cinder-859877-2-iscsi neutron-server[112658]: DEBUG neutron_lib.callbacks.manager [None req-e8929b62-6969-4a3c-ab3c-b68becc78fe4 admin admin] Publish callbacks ['neutron.plugins.ml2.ovo_rpc._ObjectChangeHandler.handle_event-596507'] for security_group (ee787a00-d18c-4aef-9fbe-6b1154ab4a1f), after_create {{(pid=112658) _notify_loop /usr/local/lib/python3.8/dist-packages/neutron_lib/callbacks/manager.py:176}}
Oct 03 14:52:28.023051 dv-cinder-859877-2-iscsi neutron-server[112658]: DEBUG neutron_lib.callbacks.manager [req-a73ef5ea-0b23-49fe-aac4-8a5592528a0c req-2d2fe7b7-c937-446a-a546-d02d5da7642d service neutron] Publish callbacks [] for port (d7ceaf30-9e00-432b-b831-684569089003), precommit_update {{(pid=112658) _notify_loop /usr/local/lib/python3.8/dist-packages/neutron_lib/callbacks/manager.py:176}}
Oct 03 14:52:28.065820 dv-cinder-859877-2-iscsi neutron-server[112658]: DEBUG neutron.db.provisioning_blocks [req-a73ef5ea-0b23-49fe-aac4-8a5592528a0c req-2d2fe7b7-c937-446a-a546-d02d5da7642d service neutron] Transition to ACTIVE for port object d7ceaf30-9e00-432b-b831-684569089003 will not be triggered until provisioned by entity L2. {{(pid=112658) add_provisioning_component /opt/stack/neutron/neutron/db/provisioning_blocks.py:74}}
Oct 03 14:52:28.074765 dv-cinder-859877-2-iscsi neutron-server[112658]: INFO neutron.wsgi [None req-e8929b62-6969-4a3c-ab3c-b68becc78fe4 admin admin] 10.222.0.46 "GET /networking/v2.0/security-groups?tenant_id=c014246e603e463fbc02d7261ab9db4f&name=default HTTP/1.1" status: 200 len: 2996 time: 0.7554405
Oct 03 14:52:28.076193 dv-cinder-859877-2-iscsi neutron-server[112658]: DEBUG neutron.api.rpc.handlers.resources_rpc [None req-e8929b62-6969-4a3c-ab3c-b68becc78fe4 admin admin] Pushing event updated for resources: {'SecurityGroup': ['ID=ee787a00-d18c-4aef-9fbe-6b1154ab4a1f,revision_number=1']} {{(pid=112658) push /opt/stack/neutron/neutron/api/rpc/handlers/resources_rpc.py:237}}
Oct 03 14:52:28.078532 dv-cinder-859877-2-iscsi neutron-server[112658]: DEBUG neutron.wsgi [-] (112658) accepted ('10.222.0.46', 52474) {{(pid=112658) server /usr/local/lib/python3.8/dist-packages/eventlet/wsgi.py:1004}}
Oct 03 14:52:28.080755 dv-cinder-859877-2-iscsi neutron-server[112658]: DEBUG neutron_lib.callbacks.manager [req-a73ef5ea-0b23-49fe-aac4-8a5592528a0c req-2d2fe7b7-c937-446a-a546-d02d5da7642d service neutron] Publish callbacks ['neutron.plugins.ml2.plugin.SecurityGroupServerNotifierRpcMixin._notify_sg_on_port_change-4096328', 'neutron.plugins.ml2.ovo_rpc._ObjectChangeHandler.handle_event-134930', 'neutron.api.rpc.agentnotifiers.dhcp_rpc_agent_api.DhcpAgentNotifyAPI._native_event_send_dhcp_notification-554356', 'neutron.db.l3_db.L3RpcNotifierMixin._notify_gateway_port_ip_changed-8765220400065', 'neutron.db.l3_dvrscheduler_db._notify_l3_agent_port_update-8765220026094', 'neutron.db.l3_hascheduler_db._notify_l3_agent_ha_port_update-8765220026628'] for port (d7ceaf30-9e00-432b-b831-684569089003), after_update {{(pid=112658) _notify_loop /usr/local/lib/python3.8/dist-packages/neutron_lib/callbacks/manager.py:176}}
Oct 03 14:52:28.105727 dv-cinder-859877-2-iscsi neutron-server[112660]: DEBUG neutron.db.provisioning_blocks [None req-b7dc568b-10fc-411f-b999-87cede7c6693 None None] Provisioning complete for port 255d2600-1fd1-4ccf-bd5d-c029fcf8c399 triggered by entity L2. {{(pid=112660) provisioning_complete /opt/stack/neutron/neutron/db/provisioning_blocks.py:144}}
Oct 03 14:52:28.107258 dv-cinder-859877-2-iscsi neutron-server[112660]: DEBUG neutron_lib.callbacks.manager [None req-b7dc568b-10fc-411f-b999-87cede7c6693 None None] Publish callbacks ['neutron.plugins.ml2.plugin.Ml2Plugin._port_provisioned-3992359'] for port (255d2600-1fd1-4ccf-bd5d-c029fcf8c399), provisioning_complete {{(pid=112660) _notify_loop /usr/local/lib/python3.8/dist-packages/neutron_lib/callbacks/manager.py:176}}
Oct 03 14:52:28.107879 dv-cinder-859877-2-iscsi neutron-server[112660]: INFO neutron.plugins.ml2.plugin [None req-b7dc568b-10fc-411f-b999-87cede7c6693 None None] Attempt 1 to provision port 255d2600-1fd1-4ccf-bd5d-c029fcf8c399
Oct 03 14:52:28.140943 dv-cinder-859877-2-iscsi neutron-server[112658]: DEBUG neutron.api.rpc.handlers.resources_rpc [None req-2d2fe7b7-c937-446a-a546-d02d5da7642d service neutron] Pushing event updated for resources: {'Port': ['ID=d7ceaf30-9e00-432b-b831-684569089003,revision_number=2']} {{(pid=112658) push /opt/stack/neutron/neutron/api/rpc/handlers/resources_rpc.py:237}}
Oct 03 14:52:28.353947 dv-cinder-859877-2-iscsi neutron-server[112658]: DEBUG neutron.wsgi [-] (112658) accepted ('10.222.0.42', 62083) {{(pid=112658) server /usr/local/lib/python3.8/dist-packages/eventlet/wsgi.py:1004}}
Oct 03 14:52:28.395878 dv-cinder-859877-2-iscsi neutron-server[112660]: DEBUG neutron.plugins.ml2.plugin [None req-b7dc568b-10fc-411f-b999-87cede7c6693 None None] Current status of the port 255d2600-1fd1-4ccf-bd5d-c029fcf8c399 is: ACTIVE; New status is: ACTIVE {{(pid=112660) _update_individual_port_db_status /opt/stack/neutron/neutron/plugins/ml2/plugin.py:2333}}
Oct 03 14:52:28.397016 dv-cinder-859877-2-iscsi neutron-server[112660]: DEBUG neutron.plugins.ml2.rpc [None req-b7dc568b-10fc-411f-b999-87cede7c6693 None None] Device 458ea9be-82c9-475f-90a9-0c56218f20c4 up at agent ovs-agent-dv-cinder-859877-2-iscsi {{(pid=112660) update_device_up /opt/stack/neutron/neutron/plugins/ml2/rpc.py:296}}
Oct 03 14:52:28.509083 dv-cinder-859877-2-iscsi neutron-server[112660]: DEBUG neutron_lib.callbacks.manager [None req-e19f4af0-c9b5-4d2c-9dcf-137dd691c440 None None] Publish callbacks ['neutron.services.segments.db._update_segment_host_mapping_for_agent-8765220491466', 'neutron.plugins.ml2.plugin.Ml2Plugin._retry_binding_revived_agents-3992513'] for agent (467b483f-9993-4718-9bbb-0ecae766e9a0), after_update {{(pid=112660) _notify_loop /usr/local/lib/python3.8/dist-packages/neutron_lib/callbacks/manager.py:176}}
Oct 03 14:52:28.524192 dv-cinder-859877-2-iscsi neutron-server[112658]: INFO neutron.wsgi [req-e6f95bf3-347c-47ad-87ee-61037eebcb00 req-141efc46-b2f0-4110-a79b-e4bfff4f49fe service neutron] 10.222.0.42 "GET /networking/v2.0/networks/1a822274-e0ca-4ff0-95b8-688fdc218651?fields=segments HTTP/1.1" status: 200 len: 212 time: 0.3846571
Oct 03 14:52:28.530865 dv-cinder-859877-2-iscsi neutron-server[112658]: DEBUG novaclient.v2.client [-] RESP: [200] Connection: close Content-Length: 179 Content-Type: application/json Date: Mon, 03 Oct 2022 14:52:26 GMT OpenStack-API-Version: compute 2.1 Server: Apache/2.4.41 (Ubuntu) Vary: OpenStack-API-Version,X-OpenStack-Nova-API-Version X-OpenStack-Nova-API-Version: 2.1 x-compute-request-id: req-1b5ed5df-5128-4cdf-b015-ffb7712524f0 x-openstack-request-id: req-1b5ed5df-5128-4cdf-b015-ffb7712524f0 {{(pid=112658) _http_log_response /usr/local/lib/python3.8/dist-packages/keystoneauth1/session.py:550}}
Oct 03 14:52:28.531759 dv-cinder-859877-2-iscsi neutron-server[112658]: DEBUG novaclient.v2.client [-] RESP BODY: {"events": [{"name": "network-changed", "server_uuid": "e89e5bd3-ef0d-4314-b688-10af4dbf02a8", "tag": "9bdcc1e0-93a1-4a48-839a-e6c7d4339e25", "status": "completed", "code": 200}]} {{(pid=112658) _http_log_response /usr/local/lib/python3.8/dist-packages/keystoneauth1/session.py:582}}
Oct 03 14:52:28.532303 dv-cinder-859877-2-iscsi neutron-server[112658]: DEBUG novaclient.v2.client [-] POST call to compute for http://10.222.0.46/compute/v2.1/os-server-external-events used request id req-1b5ed5df-5128-4cdf-b015-ffb7712524f0 {{(pid=112658) request /usr/local/lib/python3.8/dist-packages/keystoneauth1/session.py:954}}
Oct 03 14:52:28.533143 dv-cinder-859877-2-iscsi neutron-server[112658]: INFO neutron.notifiers.nova [-] Nova event matching ['req-1b5ed5df-5128-4cdf-b015-ffb7712524f0'] response: {'name': 'network-changed', 'server_uuid': 'e89e5bd3-ef0d-4314-b688-10af4dbf02a8', 'tag': '9bdcc1e0-93a1-4a48-839a-e6c7d4339e25', 'status': 'completed', 'code': 200}
Oct 03 14:52:28.549657 dv-cinder-859877-2-iscsi neutron-server[112660]: DEBUG neutron.db.provisioning_blocks [None req-b7dc568b-10fc-411f-b999-87cede7c6693 None None] Provisioning complete for port 458ea9be-82c9-475f-90a9-0c56218f20c4 triggered by entity L2. {{(pid=112660) provisioning_complete /opt/stack/neutron/neutron/db/provisioning_blocks.py:144}}
Oct 03 14:52:28.549967 dv-cinder-859877-2-iscsi neutron-server[112660]: DEBUG neutron_lib.callbacks.manager [None req-b7dc568b-10fc-411f-b999-87cede7c6693 None None] Publish callbacks ['neutron.plugins.ml2.plugin.Ml2Plugin._port_provisioned-3992359'] for port (458ea9be-82c9-475f-90a9-0c56218f20c4), provisioning_complete {{(pid=112660) _notify_loop /usr/local/lib/python3.8/dist-packages/neutron_lib/callbacks/manager.py:176}}
Oct 03 14:52:28.550331 dv-cinder-859877-2-iscsi neutron-server[112660]: INFO neutron.plugins.ml2.plugin [None req-b7dc568b-10fc-411f-b999-87cede7c6693 None None] Attempt 1 to provision port 458ea9be-82c9-475f-90a9-0c56218f20c4
Oct 03 14:52:28.600908 dv-cinder-859877-2-iscsi neutron-server[112658]: DEBUG neutron.plugins.ml2.managers [req-a73ef5ea-0b23-49fe-aac4-8a5592528a0c req-2d2fe7b7-c937-446a-a546-d02d5da7642d service neutron] Attempting to bind port d7ceaf30-9e00-432b-b831-684569089003 on host hv-cinder-85987 for vnic_type normal with profile {{(pid=112658) bind_port /opt/stack/neutron/neutron/plugins/ml2/managers.py:810}}
Oct 03 14:52:28.601227 dv-cinder-859877-2-iscsi neutron-server[112658]: DEBUG neutron.plugins.ml2.managers [req-a73ef5ea-0b23-49fe-aac4-8a5592528a0c req-2d2fe7b7-c937-446a-a546-d02d5da7642d service neutron] Attempting to bind port d7ceaf30-9e00-432b-b831-684569089003 by drivers openvswitch,hyperv on host hv-cinder-85987 at level 0 using segments [{'id': 'e739dacc-a3d3-4b7e-b3e5-0ae3715b34d0', 'network_type': 'vlan', 'physical_network': 'physnet1', 'segmentation_id': 225, 'network_id': 'a4c53322-c54a-4ca9-801c-f9a07dbbe7a2'}] {{(pid=112658) _bind_port_level /opt/stack/neutron/neutron/plugins/ml2/managers.py:835}}
Oct 03 14:52:28.602794 dv-cinder-859877-2-iscsi neutron-server[112658]: DEBUG neutron.plugins.ml2.drivers.mech_agent [req-a73ef5ea-0b23-49fe-aac4-8a5592528a0c req-2d2fe7b7-c937-446a-a546-d02d5da7642d service neutron] Attempting to bind port d7ceaf30-9e00-432b-b831-684569089003 on network a4c53322-c54a-4ca9-801c-f9a07dbbe7a2 {{(pid=112658) bind_port /opt/stack/neutron/neutron/plugins/ml2/drivers/mech_agent.py:91}}
Oct 03 14:52:28.624408 dv-cinder-859877-2-iscsi neutron-server[112659]: DEBUG neutron.api.rpc.handlers.resources_rpc [None req-46a06770-286f-43c7-9c85-5a24298278a8 admin admin] Pushing event updated for resources: {'SecurityGroup': ['ID=09c6ceb1-883f-4e0c-8cca-c196f30560a8,revision_number=1']} {{(pid=112659) push /opt/stack/neutron/neutron/api/rpc/handlers/resources_rpc.py:237}}
Oct 03 14:52:28.650536 dv-cinder-859877-2-iscsi neutron-server[112659]: DEBUG novaclient.v2.client [-] RESP: [200] Connection: close Content-Length: 179 Content-Type: application/json Date: Mon, 03 Oct 2022 14:52:26 GMT OpenStack-API-Version: compute 2.1 Server: Apache/2.4.41 (Ubuntu) Vary: OpenStack-API-Version,X-OpenStack-Nova-API-Version X-OpenStack-Nova-API-Version: 2.1 x-compute-request-id: req-a4f96882-7fa8-4ab5-ad3c-da477131a47a x-openstack-request-id: req-a4f96882-7fa8-4ab5-ad3c-da477131a47a {{(pid=112659) _http_log_response /usr/local/lib/python3.8/dist-packages/keystoneauth1/session.py:550}}
Oct 03 14:52:28.664282 dv-cinder-859877-2-iscsi neutron-server[112659]: DEBUG novaclient.v2.client [-] RESP BODY: {"events": [{"name": "network-changed", "server_uuid": "6f1d4c44-bc3b-4e4a-8603-b38e34dfa90b", "tag": "2e72d55c-b330-49d5-9e42-f12cbb9f7a3b", "status": "completed", "code": 200}]} {{(pid=112659) _http_log_response /usr/local/lib/python3.8/dist-packages/keystoneauth1/session.py:582}}
Oct 03 14:52:28.665838 dv-cinder-859877-2-iscsi neutron-server[112659]: DEBUG novaclient.v2.client [-] POST call to compute for http://10.222.0.46/compute/v2.1/os-server-external-events used request id req-a4f96882-7fa8-4ab5-ad3c-da477131a47a {{(pid=112659) request /usr/local/lib/python3.8/dist-packages/keystoneauth1/session.py:954}}
Oct 03 14:52:28.669064 dv-cinder-859877-2-iscsi neutron-server[112659]: INFO neutron.notifiers.nova [-] Nova event matching ['req-a4f96882-7fa8-4ab5-ad3c-da477131a47a'] response: {'name': 'network-changed', 'server_uuid': '6f1d4c44-bc3b-4e4a-8603-b38e34dfa90b', 'tag': '2e72d55c-b330-49d5-9e42-f12cbb9f7a3b', 'status': 'completed', 'code': 200}
Oct 03 14:52:28.679771 dv-cinder-859877-2-iscsi neutron-server[112658]: DEBUG neutron_lib.callbacks.manager [None req-5dbc3477-4379-40b2-a95f-b2b26d4bbce3 admin admin] Publish callbacks [] for security_group (ee787a00-d18c-4aef-9fbe-6b1154ab4a1f), before_delete {{(pid=112658) _notify_loop /usr/local/lib/python3.8/dist-packages/neutron_lib/callbacks/manager.py:176}}
Oct 03 14:52:28.721951 dv-cinder-859877-2-iscsi neutron-server[112659]: INFO neutron.wsgi [None req-46a06770-286f-43c7-9c85-5a24298278a8 admin admin] 10.222.0.46 "GET /networking/v2.0/security-groups?tenant_id=c88bb75b19f947838d04c0013ee4773d&name=default HTTP/1.1" status: 200 len: 2996 time: 1.5872128
Oct 03 14:52:28.726796 dv-cinder-859877-2-iscsi neutron-server[112658]: DEBUG neutron_lib.callbacks.manager [None req-5dbc3477-4379-40b2-a95f-b2b26d4bbce3 admin admin] Publish callbacks [] for security_group (ee787a00-d18c-4aef-9fbe-6b1154ab4a1f), precommit_delete {{(pid=112658) _notify_loop /usr/local/lib/python3.8/dist-packages/neutron_lib/callbacks/manager.py:176}}
Oct 03 14:52:28.740516 dv-cinder-859877-2-iscsi neutron-server[112660]: DEBUG neutron.plugins.ml2.plugin [None req-b7dc568b-10fc-411f-b999-87cede7c6693 None None] Current status of the port 458ea9be-82c9-475f-90a9-0c56218f20c4 is: ACTIVE; New status is: ACTIVE {{(pid=112660) _update_individual_port_db_status /opt/stack/neutron/neutron/plugins/ml2/plugin.py:2333}}
Oct 03 14:52:28.759688 dv-cinder-859877-2-iscsi neutron-server[112659]: DEBUG neutron.plugins.ml2.db [req-f22e6cbc-b46f-4abd-af1e-b06c04dfe0f5 req-3f33e1e5-e14f-421d-960d-0697651f4da6 service neutron] For port 06e443b0-42ce-487b-9e0c-244828a5e40e, host hv-cinder-85987, cleared binding levels {{(pid=112659) clear_binding_levels /opt/stack/neutron/neutron/plugins/ml2/db.py:87}}
Oct 03 14:52:28.764008 dv-cinder-859877-2-iscsi neutron-server[112659]: DEBUG neutron.wsgi [-] (112659) accepted ('10.222.0.46', 52484) {{(pid=112659) server /usr/local/lib/python3.8/dist-packages/eventlet/wsgi.py:1004}}
Oct 03 14:52:28.823107 dv-cinder-859877-2-iscsi neutron-server[112658]: DEBUG dbcounter [-] [112658] Writing DB stats neutron:SELECT=87,neutron:INSERT=12,neutron:UPDATE=1 {{(pid=112658) stat_writer /usr/local/lib/python3.8/dist-packages/dbcounter.py:114}}
Oct 03 14:52:28.826866 dv-cinder-859877-2-iscsi neutron-server[112659]: DEBUG dbcounter [-] [112659] Writing DB stats neutron:SELECT=92,neutron:INSERT=7,neutron:UPDATE=1 {{(pid=112659) stat_writer /usr/local/lib/python3.8/dist-packages/dbcounter.py:114}}
Oct 03 14:52:28.861544 dv-cinder-859877-2-iscsi neutron-server[112659]: DEBUG neutron.plugins.ml2.db [req-f22e6cbc-b46f-4abd-af1e-b06c04dfe0f5 req-3f33e1e5-e14f-421d-960d-0697651f4da6 service neutron] For port 06e443b0-42ce-487b-9e0c-244828a5e40e, host hv-cinder-85987, set binding levels [PortBindingLevel(driver='hyperv',host='hv-cinder-85987',level=0,port_id=06e443b0-42ce-487b-9e0c-244828a5e40e,segment=NetworkSegment(e739dacc-a3d3-4b7e-b3e5-0ae3715b34d0),segment_id=e739dacc-a3d3-4b7e-b3e5-0ae3715b34d0)] {{(pid=112659) set_binding_levels /opt/stack/neutron/neutron/plugins/ml2/db.py:59}}
Oct 03 14:52:28.875476 dv-cinder-859877-2-iscsi neutron-server[112659]: DEBUG neutron.pecan_wsgi.hooks.policy_enforcement [req-60f42896-7eef-4c98-a4c8-d89d6b763fed req-093f871c-2093-46d9-bd81-9876b55b6212 tempest-ServerRescueNegativeTestJSON-685876426 tempest-ServerRescueNegativeTestJSON-685876426-project] Attributes excluded by policy engine: ['standard_attr_id', 'binding:profile', 'binding:host_id', 'binding:vif_type', 'binding:vif_details'] {{(pid=112659) _exclude_attributes_by_policy /opt/stack/neutron/neutron/pecan_wsgi/hooks/policy_enforcement.py:259}}
Oct 03 14:52:28.887279 dv-cinder-859877-2-iscsi neutron-server[112659]: INFO neutron.wsgi [req-60f42896-7eef-4c98-a4c8-d89d6b763fed req-093f871c-2093-46d9-bd81-9876b55b6212 tempest-ServerRescueNegativeTestJSON-685876426 tempest-ServerRescueNegativeTestJSON-685876426-project] 10.222.0.46 "GET /networking/v2.0/ports?device_id=193f7fe8-5737-49b3-a165-4345f3357042 HTTP/1.1" status: 200 len: 943 time: 0.2595670
Oct 03 14:52:28.905413 dv-cinder-859877-2-iscsi neutron-server[112659]: DEBUG neutron_lib.callbacks.manager [req-f22e6cbc-b46f-4abd-af1e-b06c04dfe0f5 req-3f33e1e5-e14f-421d-960d-0697651f4da6 service neutron] Publish callbacks ['neutron.plugins.ml2.plugin.SecurityGroupServerNotifierRpcMixin._notify_sg_on_port_change-4096328', 'neutron.plugins.ml2.ovo_rpc._ObjectChangeHandler.handle_event-134930', 'neutron.api.rpc.agentnotifiers.dhcp_rpc_agent_api.DhcpAgentNotifyAPI._native_event_send_dhcp_notification-554356', 'neutron.db.l3_db.L3RpcNotifierMixin._notify_gateway_port_ip_changed-8765220400065', 'neutron.db.l3_dvrscheduler_db._notify_l3_agent_port_update-8765220026094', 'neutron.db.l3_hascheduler_db._notify_l3_agent_ha_port_update-8765220026628'] for port (06e443b0-42ce-487b-9e0c-244828a5e40e), after_update {{(pid=112659) _notify_loop /usr/local/lib/python3.8/dist-packages/neutron_lib/callbacks/manager.py:176}}
Oct 03 14:52:28.926322 dv-cinder-859877-2-iscsi neutron-server[112659]: DEBUG neutron.pecan_wsgi.hooks.policy_enforcement [req-f22e6cbc-b46f-4abd-af1e-b06c04dfe0f5 req-3f33e1e5-e14f-421d-960d-0697651f4da6 service neutron] Attributes excluded by policy engine: ['standard_attr_id'] {{(pid=112659) _exclude_attributes_by_policy /opt/stack/neutron/neutron/pecan_wsgi/hooks/policy_enforcement.py:259}}
Oct 03 14:52:28.927317 dv-cinder-859877-2-iscsi neutron-server[112659]: DEBUG neutron_lib.callbacks.manager [req-f22e6cbc-b46f-4abd-af1e-b06c04dfe0f5 req-3f33e1e5-e14f-421d-960d-0697651f4da6 service neutron] Publish callbacks ['neutron.notifiers.nova.Notifier._send_nova_notification-20545', 'neutron.api.rpc.agentnotifiers.dhcp_rpc_agent_api.DhcpAgentNotifyAPI._send_dhcp_notification-554338'] for port (None), before_response {{(pid=112659) _notify_loop /usr/local/lib/python3.8/dist-packages/neutron_lib/callbacks/manager.py:176}}
Oct 03 14:52:28.929485 dv-cinder-859877-2-iscsi neutron-server[112659]: INFO neutron.wsgi [req-f22e6cbc-b46f-4abd-af1e-b06c04dfe0f5 req-3f33e1e5-e14f-421d-960d-0697651f4da6 service neutron] 10.222.0.42 "PUT /networking/v2.0/ports/06e443b0-42ce-487b-9e0c-244828a5e40e HTTP/1.1" status: 200 len: 1093 time: 6.2805409
Oct 03 14:52:28.997992 dv-cinder-859877-2-iscsi neutron-server[112658]: DEBUG dbcounter [-] [112658] Writing DB stats neutron:SELECT=94,neutron:UPDATE=2,neutron:DELETE=4 {{(pid=112658) stat_writer /usr/local/lib/python3.8/dist-packages/dbcounter.py:114}}
Oct 03 14:52:29.024277 dv-cinder-859877-2-iscsi neutron-server[112659]: DEBUG neutron_lib.callbacks.manager [None req-024d3f4e-19cc-4330-8060-a090be067305 admin admin] Publish callbacks [] for security_group (09c6ceb1-883f-4e0c-8cca-c196f30560a8), before_delete {{(pid=112659) _notify_loop /usr/local/lib/python3.8/dist-packages/neutron_lib/callbacks/manager.py:176}}
Oct 03 14:52:29.041019 dv-cinder-859877-2-iscsi neutron-server[112658]: DEBUG neutron.pecan_wsgi.hooks.policy_enforcement [req-5c8fac26-47d2-46d8-a6b9-9d97b0518075 req-fdeb7cbb-db58-49e9-b818-bbb61a12b800 tempest-AttachVolumeShelveTestJSON-558801479 tempest-AttachVolumeShelveTestJSON-558801479-project] Attributes excluded by policy engine: ['standard_attr_id', 'vlan_transparent', 'provider:network_type', 'provider:physical_network', 'provider:segmentation_id'] {{(pid=112658) _exclude_attributes_by_policy /opt/stack/neutron/neutron/pecan_wsgi/hooks/policy_enforcement.py:259}}
Oct 03 14:52:29.042572 dv-cinder-859877-2-iscsi neutron-server[112658]: INFO neutron.wsgi [req-5c8fac26-47d2-46d8-a6b9-9d97b0518075 req-fdeb7cbb-db58-49e9-b818-bbb61a12b800 tempest-AttachVolumeShelveTestJSON-558801479 tempest-AttachVolumeShelveTestJSON-558801479-project] 10.222.0.42 "GET /networking/v2.0/networks?id=e62ce727-fdfc-4635-82f1-b266a0898b13 HTTP/1.1" status: 200 len: 817 time: 0.6653905
Oct 03 14:52:29.048852 dv-cinder-859877-2-iscsi neutron-server[112659]: INFO neutron.wsgi [req-6a80afcd-0eca-4065-a7f0-7b79b2edc697 req-80e8fcdb-2375-40ae-a64f-e2207468d093 service neutron] 10.222.0.42 "GET /networking/v2.0/networks/3b88fdf3-b260-41ad-9765-7cbb7b33b8ed?fields=provider%3Aphysical_network&fields=provider%3Anetwork_type HTTP/1.1" status: 200 len: 281 time: 0.3670387
Oct 03 14:52:29.053946 dv-cinder-859877-2-iscsi neutron-server[112658]: DEBUG neutron.plugins.ml2.drivers.mech_agent [req-a73ef5ea-0b23-49fe-aac4-8a5592528a0c req-2d2fe7b7-c937-446a-a546-d02d5da7642d service neutron] Port d7ceaf30-9e00-432b-b831-684569089003 on network a4c53322-c54a-4ca9-801c-f9a07dbbe7a2 not bound, no agent of type Open vSwitch agent registered on host hv-cinder-85987 {{(pid=112658) bind_port /opt/stack/neutron/neutron/plugins/ml2/drivers/mech_agent.py:120}}
Oct 03 14:52:29.054082 dv-cinder-859877-2-iscsi neutron-server[112658]: DEBUG neutron.plugins.ml2.drivers.mech_agent [req-a73ef5ea-0b23-49fe-aac4-8a5592528a0c req-2d2fe7b7-c937-446a-a546-d02d5da7642d service neutron] Attempting to bind port d7ceaf30-9e00-432b-b831-684569089003 on network a4c53322-c54a-4ca9-801c-f9a07dbbe7a2 {{(pid=112658) bind_port /opt/stack/neutron/neutron/plugins/ml2/drivers/mech_agent.py:91}}
Oct 03 14:52:29.093709 dv-cinder-859877-2-iscsi neutron-server[112659]: INFO neutron.wsgi [req-60f42896-7eef-4c98-a4c8-d89d6b763fed req-0921e5e7-45f2-433a-af7b-d8439e3c04e6 tempest-ServerRescueNegativeTestJSON-685876426 tempest-ServerRescueNegativeTestJSON-685876426-project] 10.222.0.46 "GET /networking/v2.0/security-groups?id=059992f9-2ac9-4597-9a60-99a6a40ab5c1&fields=id&fields=name HTTP/1.1" status: 200 len: 286 time: 0.1879816
Oct 03 14:52:29.093709 dv-cinder-859877-2-iscsi neutron-server[112659]: DEBUG neutron_lib.callbacks.manager [None req-024d3f4e-19cc-4330-8060-a090be067305 admin admin] Publish callbacks [] for security_group (09c6ceb1-883f-4e0c-8cca-c196f30560a8), precommit_delete {{(pid=112659) _notify_loop /usr/local/lib/python3.8/dist-packages/neutron_lib/callbacks/manager.py:176}}
Oct 03 14:52:29.094293 dv-cinder-859877-2-iscsi neutron-server[112658]: DEBUG neutron_lib.callbacks.manager [None req-5dbc3477-4379-40b2-a95f-b2b26d4bbce3 admin admin] Publish callbacks ['neutron.plugins.ml2.ovo_rpc._ObjectChangeHandler.handle_event-596507'] for security_group (ee787a00-d18c-4aef-9fbe-6b1154ab4a1f), after_delete {{(pid=112658) _notify_loop /usr/local/lib/python3.8/dist-packages/neutron_lib/callbacks/manager.py:176}}
Oct 03 14:52:29.094293 dv-cinder-859877-2-iscsi neutron-server[112658]: DEBUG neutron_lib.callbacks.manager [None req-5dbc3477-4379-40b2-a95f-b2b26d4bbce3 admin admin] Publish callbacks [] for security_group (None), before_response {{(pid=112658) _notify_loop /usr/local/lib/python3.8/dist-packages/neutron_lib/callbacks/manager.py:176}}
Oct 03 14:52:29.094293 dv-cinder-859877-2-iscsi neutron-server[112658]: INFO neutron.wsgi [None req-5dbc3477-4379-40b2-a95f-b2b26d4bbce3 admin admin] 10.222.0.46 "DELETE /networking/v2.0/security-groups/ee787a00-d18c-4aef-9fbe-6b1154ab4a1f HTTP/1.1" status: 204 len: 168 time: 1.0136054
Oct 03 14:52:29.096797 dv-cinder-859877-2-iscsi neutron-server[112659]: DEBUG neutron.api.rpc.handlers.resources_rpc [None req-3f33e1e5-e14f-421d-960d-0697651f4da6 service neutron] Pushing event updated for resources: {'Port': ['ID=06e443b0-42ce-487b-9e0c-244828a5e40e,revision_number=3']} {{(pid=112659) push /opt/stack/neutron/neutron/api/rpc/handlers/resources_rpc.py:237}}
Oct 03 14:52:29.130893 dv-cinder-859877-2-iscsi neutron-server[112658]: INFO neutron.wsgi [req-e6f95bf3-347c-47ad-87ee-61037eebcb00 req-53b2e4dd-c614-4bf5-bbfd-3625b9d87f29 service neutron] 10.222.0.42 "GET /networking/v2.0/networks/1a822274-e0ca-4ff0-95b8-688fdc218651?fields=provider%3Aphysical_network&fields=provider%3Anetwork_type HTTP/1.1" status: 200 len: 281 time: 0.4939840
Oct 03 14:52:29.145007 dv-cinder-859877-2-iscsi neutron-server[112658]: DEBUG neutron.pecan_wsgi.hooks.policy_enforcement [req-8df30d78-443c-4495-924a-976bbef5f967 req-e6061695-4395-46f4-8658-ad34893388f1 tempest-DeleteServersTestJSON-2104585316 tempest-DeleteServersTestJSON-2104585316-project] Attributes excluded by policy engine: ['standard_attr_id', 'binding:profile', 'binding:host_id', 'binding:vif_type', 'binding:vif_details'] {{(pid=112658) _exclude_attributes_by_policy /opt/stack/neutron/neutron/pecan_wsgi/hooks/policy_enforcement.py:259}}
Oct 03 14:52:29.154417 dv-cinder-859877-2-iscsi neutron-server[112658]: INFO neutron.wsgi [req-8df30d78-443c-4495-924a-976bbef5f967 req-e6061695-4395-46f4-8658-ad34893388f1 tempest-DeleteServersTestJSON-2104585316 tempest-DeleteServersTestJSON-2104585316-project] 10.222.0.46 "GET /networking/v2.0/ports?device_id=6f1d4c44-bc3b-4e4a-8603-b38e34dfa90b HTTP/1.1" status: 200 len: 943 time: 0.5160890
Oct 03 14:52:29.160193 dv-cinder-859877-2-iscsi neutron-server[112659]: DEBUG neutron_lib.callbacks.manager [None req-024d3f4e-19cc-4330-8060-a090be067305 admin admin] Publish callbacks ['neutron.plugins.ml2.ovo_rpc._ObjectChangeHandler.handle_event-596507'] for security_group (09c6ceb1-883f-4e0c-8cca-c196f30560a8), after_delete {{(pid=112659) _notify_loop /usr/local/lib/python3.8/dist-packages/neutron_lib/callbacks/manager.py:176}}
Oct 03 14:52:29.164559 dv-cinder-859877-2-iscsi neutron-server[112659]: DEBUG neutron_lib.callbacks.manager [None req-024d3f4e-19cc-4330-8060-a090be067305 admin admin] Publish callbacks [] for security_group (None), before_response {{(pid=112659) _notify_loop /usr/local/lib/python3.8/dist-packages/neutron_lib/callbacks/manager.py:176}}
Oct 03 14:52:29.166067 dv-cinder-859877-2-iscsi neutron-server[112659]: INFO neutron.wsgi [None req-024d3f4e-19cc-4330-8060-a090be067305 admin admin] 10.222.0.46 "DELETE /networking/v2.0/security-groups/09c6ceb1-883f-4e0c-8cca-c196f30560a8 HTTP/1.1" status: 204 len: 168 time: 0.4009049
Oct 03 14:52:29.174392 dv-cinder-859877-2-iscsi neutron-server[112658]: DEBUG neutron.api.rpc.handlers.resources_rpc [None req-5dbc3477-4379-40b2-a95f-b2b26d4bbce3 admin admin] Pushing event deleted for resources: {'SecurityGroup': ['ID=ee787a00-d18c-4aef-9fbe-6b1154ab4a1f,revision_number=None']} {{(pid=112658) push /opt/stack/neutron/neutron/api/rpc/handlers/resources_rpc.py:237}}
Oct 03 14:52:29.178529 dv-cinder-859877-2-iscsi neutron-server[112659]: DEBUG neutron.api.rpc.handlers.resources_rpc [None req-024d3f4e-19cc-4330-8060-a090be067305 admin admin] Pushing event deleted for resources: {'SecurityGroup': ['ID=09c6ceb1-883f-4e0c-8cca-c196f30560a8,revision_number=None']} {{(pid=112659) push /opt/stack/neutron/neutron/api/rpc/handlers/resources_rpc.py:237}}
Oct 03 14:52:29.230024 dv-cinder-859877-2-iscsi neutron-server[112658]: DEBUG neutron.plugins.ml2.drivers.mech_agent [req-a73ef5ea-0b23-49fe-aac4-8a5592528a0c req-2d2fe7b7-c937-446a-a546-d02d5da7642d service neutron] Checking agent: {'id': '467b483f-9993-4718-9bbb-0ecae766e9a0', 'agent_type': 'HyperV agent', 'binary': 'neutron-hyperv-agent', 'topic': 'N/A', 'host': 'hv-cinder-85987', 'admin_state_up': True, 'created_at': datetime.datetime(2022, 10, 3, 14, 49, 58), 'started_at': datetime.datetime(2022, 10, 3, 14, 49, 58), 'heartbeat_timestamp': datetime.datetime(2022, 10, 3, 14, 52, 28), 'description': None, 'resources_synced': None, 'availability_zone': None, 'alive': True, 'configurations': {'vswitch_mappings': {'physnet1$': 'br-data'}}, 'resource_versions': {}} {{(pid=112658) bind_port /opt/stack/neutron/neutron/plugins/ml2/drivers/mech_agent.py:127}}
Oct 03 14:52:29.230427 dv-cinder-859877-2-iscsi neutron-server[112658]: DEBUG neutron.plugins.ml2.drivers.mech_agent [req-a73ef5ea-0b23-49fe-aac4-8a5592528a0c req-2d2fe7b7-c937-446a-a546-d02d5da7642d service neutron] Checking segment: {'id': 'e739dacc-a3d3-4b7e-b3e5-0ae3715b34d0', 'network_type': 'vlan', 'physical_network': 'physnet1', 'segmentation_id': 225, 'network_id': 'a4c53322-c54a-4ca9-801c-f9a07dbbe7a2'} for mappings: {'physnet1$': 'br-data'} with network types: ['local', 'flat', 'vlan'] {{(pid=112658) check_segment_for_agent /opt/stack/neutron/neutron/plugins/ml2/drivers/mech_agent.py:399}}
Oct 03 14:52:29.230866 dv-cinder-859877-2-iscsi neutron-server[112658]: DEBUG neutron.plugins.ml2.drivers.mech_agent [req-a73ef5ea-0b23-49fe-aac4-8a5592528a0c req-2d2fe7b7-c937-446a-a546-d02d5da7642d service neutron] Bound using segment: {'id': 'e739dacc-a3d3-4b7e-b3e5-0ae3715b34d0', 'network_type': 'vlan', 'physical_network': 'physnet1', 'segmentation_id': 225, 'network_id': 'a4c53322-c54a-4ca9-801c-f9a07dbbe7a2'} {{(pid=112658) bind_port /opt/stack/neutron/neutron/plugins/ml2/drivers/mech_agent.py:137}}
Oct 03 14:52:29.231294 dv-cinder-859877-2-iscsi neutron-server[112658]: DEBUG neutron.plugins.ml2.managers [req-a73ef5ea-0b23-49fe-aac4-8a5592528a0c req-2d2fe7b7-c937-446a-a546-d02d5da7642d service neutron] Bound port: d7ceaf30-9e00-432b-b831-684569089003, host: hv-cinder-85987, vif_type: hyperv, vif_details: {"connectivity": "legacy", "port_filter": false}, binding_levels: [{'bound_driver': 'hyperv', 'bound_segment': {'id': 'e739dacc-a3d3-4b7e-b3e5-0ae3715b34d0', 'network_type': 'vlan', 'physical_network': 'physnet1', 'segmentation_id': 225, 'network_id': 'a4c53322-c54a-4ca9-801c-f9a07dbbe7a2'}}] {{(pid=112658) _bind_port_level /opt/stack/neutron/neutron/plugins/ml2/managers.py:947}}
Oct 03 14:52:29.231706 dv-cinder-859877-2-iscsi neutron-server[112658]: DEBUG neutron_lib.callbacks.manager [req-a73ef5ea-0b23-49fe-aac4-8a5592528a0c req-2d2fe7b7-c937-446a-a546-d02d5da7642d service neutron] Publish callbacks ['neutron.plugins.ml2.plugin.SecurityGroupDbMixin._ensure_default_security_group_handler-4099991'] for port (d7ceaf30-9e00-432b-b831-684569089003), before_update {{(pid=112658) _notify_loop /usr/local/lib/python3.8/dist-packages/neutron_lib/callbacks/manager.py:176}}
Oct 03 14:52:29.256780 dv-cinder-859877-2-iscsi neutron-server[112658]: INFO neutron.wsgi [req-8df30d78-443c-4495-924a-976bbef5f967 req-41fd55f6-b0dd-46a8-a61d-e958e640c1d0 tempest-DeleteServersTestJSON-2104585316 tempest-DeleteServersTestJSON-2104585316-project] 10.222.0.46 "GET /networking/v2.0/security-groups?id=d0395ca4-a6d8-4bf4-9f9f-e24aa999a8e3&fields=id&fields=name HTTP/1.1" status: 200 len: 286 time: 0.1014485
Oct 03 14:52:29.298795 dv-cinder-859877-2-iscsi neutron-server[112659]: INFO neutron.wsgi [req-058360b3-b49d-4518-96aa-5d0134e18b93 req-91a2d58c-5cc7-4ee7-9b09-4fdd1836dca7 tempest-AttachVolumeShelveTestJSON-558801479 tempest-AttachVolumeShelveTestJSON-558801479-project] 10.222.0.46 "GET /networking/v2.0/ports?device_id=27879d6c-62f5-4281-b134-faecf706a2db HTTP/1.1" status: 200 len: 210 time: 0.0790949
Oct 03 14:52:29.368686 dv-cinder-859877-2-iscsi neutron-server[112658]: DEBUG neutron.plugins.ml2.db [req-a73ef5ea-0b23-49fe-aac4-8a5592528a0c req-2d2fe7b7-c937-446a-a546-d02d5da7642d service neutron] For port d7ceaf30-9e00-432b-b831-684569089003, host hv-cinder-85987, cleared binding levels {{(pid=112658) clear_binding_levels /opt/stack/neutron/neutron/plugins/ml2/db.py:87}}
Oct 03 14:52:29.374150 dv-cinder-859877-2-iscsi neutron-server[112658]: DEBUG neutron.plugins.ml2.db [req-a73ef5ea-0b23-49fe-aac4-8a5592528a0c req-2d2fe7b7-c937-446a-a546-d02d5da7642d service neutron] For port d7ceaf30-9e00-432b-b831-684569089003, host hv-cinder-85987, set binding levels [PortBindingLevel(driver='hyperv',host='hv-cinder-85987',level=0,port_id=d7ceaf30-9e00-432b-b831-684569089003,segment=NetworkSegment(e739dacc-a3d3-4b7e-b3e5-0ae3715b34d0),segment_id=e739dacc-a3d3-4b7e-b3e5-0ae3715b34d0)] {{(pid=112658) set_binding_levels /opt/stack/neutron/neutron/plugins/ml2/db.py:59}}
Oct 03 14:52:29.450008 dv-cinder-859877-2-iscsi neutron-server[112658]: DEBUG neutron_lib.callbacks.manager [req-a73ef5ea-0b23-49fe-aac4-8a5592528a0c req-2d2fe7b7-c937-446a-a546-d02d5da7642d service neutron] Publish callbacks ['neutron.plugins.ml2.plugin.SecurityGroupServerNotifierRpcMixin._notify_sg_on_port_change-4096328', 'neutron.plugins.ml2.ovo_rpc._ObjectChangeHandler.handle_event-134930', 'neutron.api.rpc.agentnotifiers.dhcp_rpc_agent_api.DhcpAgentNotifyAPI._native_event_send_dhcp_notification-554356', 'neutron.db.l3_db.L3RpcNotifierMixin._notify_gateway_port_ip_changed-8765220400065', 'neutron.db.l3_dvrscheduler_db._notify_l3_agent_port_update-8765220026094', 'neutron.db.l3_hascheduler_db._notify_l3_agent_ha_port_update-8765220026628'] for port (d7ceaf30-9e00-432b-b831-684569089003), after_update {{(pid=112658) _notify_loop /usr/local/lib/python3.8/dist-packages/neutron_lib/callbacks/manager.py:176}}
Oct 03 14:52:29.456942 dv-cinder-859877-2-iscsi neutron-server[112658]: INFO neutron.wsgi [req-7650755c-8905-48d0-85c9-21a2eb8437c5 req-555cf983-fd93-4f72-9a28-54ee0e712256 tempest-AttachVolumeTestJSON-1551759992 tempest-AttachVolumeTestJSON-1551759992-project] 10.222.0.46 "GET /networking/v2.0/ports?device_id=bac89fd1-5f09-42a7-90f2-5074c12859fc HTTP/1.1" status: 200 len: 210 time: 0.0610418
Oct 03 14:52:29.458181 dv-cinder-859877-2-iscsi neutron-server[112658]: DEBUG neutron.pecan_wsgi.hooks.policy_enforcement [req-a73ef5ea-0b23-49fe-aac4-8a5592528a0c req-2d2fe7b7-c937-446a-a546-d02d5da7642d service neutron] Attributes excluded by policy engine: ['standard_attr_id'] {{(pid=112658) _exclude_attributes_by_policy /opt/stack/neutron/neutron/pecan_wsgi/hooks/policy_enforcement.py:259}}
Oct 03 14:52:29.458781 dv-cinder-859877-2-iscsi neutron-server[112658]: DEBUG neutron_lib.callbacks.manager [req-a73ef5ea-0b23-49fe-aac4-8a5592528a0c req-2d2fe7b7-c937-446a-a546-d02d5da7642d service neutron] Publish callbacks ['neutron.notifiers.nova.Notifier._send_nova_notification-20545', 'neutron.api.rpc.agentnotifiers.dhcp_rpc_agent_api.DhcpAgentNotifyAPI._send_dhcp_notification-554338'] for port (None), before_response {{(pid=112658) _notify_loop /usr/local/lib/python3.8/dist-packages/neutron_lib/callbacks/manager.py:176}}
Oct 03 14:52:29.460827 dv-cinder-859877-2-iscsi neutron-server[112658]: INFO neutron.wsgi [req-a73ef5ea-0b23-49fe-aac4-8a5592528a0c req-2d2fe7b7-c937-446a-a546-d02d5da7642d service neutron] 10.222.0.42 "PUT /networking/v2.0/ports/d7ceaf30-9e00-432b-b831-684569089003 HTTP/1.1" status: 200 len: 1094 time: 7.1002381
Oct 03 14:52:29.482907 dv-cinder-859877-2-iscsi neutron-server[112659]: DEBUG neutron.pecan_wsgi.hooks.policy_enforcement [req-ece50efa-961f-4872-82fc-0a63c25751fe req-bbd4fc78-cd81-4c44-8604-eab7b4fe7b7d tempest-AttachVolumeNegativeTest-1566300421 tempest-AttachVolumeNegativeTest-1566300421-project] Attributes excluded by policy engine: ['standard_attr_id', 'binding:profile', 'binding:host_id', 'binding:vif_type', 'binding:vif_details'] {{(pid=112659) _exclude_attributes_by_policy /opt/stack/neutron/neutron/pecan_wsgi/hooks/policy_enforcement.py:259}}
Oct 03 14:52:29.484577 dv-cinder-859877-2-iscsi neutron-server[112659]: INFO neutron.wsgi [req-ece50efa-961f-4872-82fc-0a63c25751fe req-bbd4fc78-cd81-4c44-8604-eab7b4fe7b7d tempest-AttachVolumeNegativeTest-1566300421 tempest-AttachVolumeNegativeTest-1566300421-project] 10.222.0.46 "GET /networking/v2.0/ports?device_id=e89e5bd3-ef0d-4314-b688-10af4dbf02a8 HTTP/1.1" status: 200 len: 943 time: 0.0809286
Oct 03 14:52:29.528067 dv-cinder-859877-2-iscsi neutron-server[112658]: DEBUG neutron.api.rpc.handlers.resources_rpc [None req-2d2fe7b7-c937-446a-a546-d02d5da7642d service neutron] Pushing event updated for resources: {'Port': ['ID=d7ceaf30-9e00-432b-b831-684569089003,revision_number=3']} {{(pid=112658) push /opt/stack/neutron/neutron/api/rpc/handlers/resources_rpc.py:237}}
Oct 03 14:52:29.553784 dv-cinder-859877-2-iscsi neutron-server[112659]: INFO neutron.wsgi [req-ece50efa-961f-4872-82fc-0a63c25751fe req-b79bdac0-abe5-45e8-bb48-b81fc25f1cd0 tempest-AttachVolumeNegativeTest-1566300421 tempest-AttachVolumeNegativeTest-1566300421-project] 10.222.0.46 "GET /networking/v2.0/security-groups?id=88ce2c03-367c-4d61-8cc4-060c3303b327&fields=id&fields=name HTTP/1.1" status: 200 len: 313 time: 0.0583670
Oct 03 14:52:29.694080 dv-cinder-859877-2-iscsi neutron-server[112659]: DEBUG neutron.wsgi [-] (112659) accepted ('10.222.0.46', 52510) {{(pid=112659) server /usr/local/lib/python3.8/dist-packages/eventlet/wsgi.py:1004}}
Oct 03 14:52:29.698580 dv-cinder-859877-2-iscsi neutron-server[112658]: DEBUG neutron.wsgi [-] (112658) accepted ('10.222.0.46', 52512) {{(pid=112658) server /usr/local/lib/python3.8/dist-packages/eventlet/wsgi.py:1004}}
Oct 03 14:52:29.710818 dv-cinder-859877-2-iscsi neutron-server[112659]: DEBUG neutron_lib.callbacks.manager [None req-df35a1d9-139f-4c1b-97d2-1e753ee431d2 admin admin] Publish callbacks [] for security_group (None), before_create {{(pid=112659) _notify_loop /usr/local/lib/python3.8/dist-packages/neutron_lib/callbacks/manager.py:176}}
Oct 03 14:52:29.713645 dv-cinder-859877-2-iscsi neutron-server[112658]: DEBUG neutron_lib.callbacks.manager [None req-18e8fd07-3998-4a1d-95bd-7d2180aa2320 admin admin] Publish callbacks [] for security_group (None), before_create {{(pid=112658) _notify_loop /usr/local/lib/python3.8/dist-packages/neutron_lib/callbacks/manager.py:176}}
Oct 03 14:52:29.792692 dv-cinder-859877-2-iscsi neutron-server[112659]: DEBUG dbcounter [-] [112659] Writing DB stats neutron:SELECT=90,neutron:INSERT=8,neutron:UPDATE=2 {{(pid=112659) stat_writer /usr/local/lib/python3.8/dist-packages/dbcounter.py:114}}
Oct 03 14:52:29.798547 dv-cinder-859877-2-iscsi neutron-server[112658]: DEBUG neutron_lib.callbacks.manager [None req-18e8fd07-3998-4a1d-95bd-7d2180aa2320 admin admin] Publish callbacks [] for security_group (e6451fd7-8afa-4484-9169-3b9b938f4916), precommit_create {{(pid=112658) _notify_loop /usr/local/lib/python3.8/dist-packages/neutron_lib/callbacks/manager.py:176}}
Oct 03 14:52:29.802803 dv-cinder-859877-2-iscsi neutron-server[112658]: DEBUG neutron_lib.callbacks.manager [None req-18e8fd07-3998-4a1d-95bd-7d2180aa2320 admin admin] Publish callbacks ['neutron.plugins.ml2.ovo_rpc._ObjectChangeHandler.handle_event-596507'] for security_group (e6451fd7-8afa-4484-9169-3b9b938f4916), after_create {{(pid=112658) _notify_loop /usr/local/lib/python3.8/dist-packages/neutron_lib/callbacks/manager.py:176}}
Oct 03 14:52:29.805488 dv-cinder-859877-2-iscsi neutron-server[112659]: DEBUG neutron_lib.callbacks.manager [None req-df35a1d9-139f-4c1b-97d2-1e753ee431d2 admin admin] Publish callbacks [] for security_group (590a4aeb-1402-45e5-a3e6-77bdd7106b6f), precommit_create {{(pid=112659) _notify_loop /usr/local/lib/python3.8/dist-packages/neutron_lib/callbacks/manager.py:176}}
Oct 03 14:52:29.809557 dv-cinder-859877-2-iscsi neutron-server[112659]: DEBUG neutron_lib.callbacks.manager [None req-df35a1d9-139f-4c1b-97d2-1e753ee431d2 admin admin] Publish callbacks ['neutron.plugins.ml2.ovo_rpc._ObjectChangeHandler.handle_event-596507'] for security_group (590a4aeb-1402-45e5-a3e6-77bdd7106b6f), after_create {{(pid=112659) _notify_loop /usr/local/lib/python3.8/dist-packages/neutron_lib/callbacks/manager.py:176}}
Oct 03 14:52:29.847253 dv-cinder-859877-2-iscsi neutron-server[112658]: INFO neutron.wsgi [None req-18e8fd07-3998-4a1d-95bd-7d2180aa2320 admin admin] 10.222.0.46 "GET /networking/v2.0/security-groups?tenant_id=4b54ce21c38c458bb90ef6ec41dd89f8&name=default HTTP/1.1" status: 200 len: 2996 time: 0.1474202
Oct 03 14:52:29.848061 dv-cinder-859877-2-iscsi neutron-server[112658]: DEBUG neutron.api.rpc.handlers.resources_rpc [None req-18e8fd07-3998-4a1d-95bd-7d2180aa2320 admin admin] Pushing event updated for resources: {'SecurityGroup': ['ID=e6451fd7-8afa-4484-9169-3b9b938f4916,revision_number=1']} {{(pid=112658) push /opt/stack/neutron/neutron/api/rpc/handlers/resources_rpc.py:237}}
Oct 03 14:52:29.848756 dv-cinder-859877-2-iscsi neutron-server[112659]: DEBUG neutron.api.rpc.handlers.resources_rpc [None req-df35a1d9-139f-4c1b-97d2-1e753ee431d2 admin admin] Pushing event updated for resources: {'SecurityGroup': ['ID=590a4aeb-1402-45e5-a3e6-77bdd7106b6f,revision_number=1']} {{(pid=112659) push /opt/stack/neutron/neutron/api/rpc/handlers/resources_rpc.py:237}}
Oct 03 14:52:29.851077 dv-cinder-859877-2-iscsi neutron-server[112659]: DEBUG neutron.wsgi [-] (112659) accepted ('10.222.0.46', 52516) {{(pid=112659) server /usr/local/lib/python3.8/dist-packages/eventlet/wsgi.py:1004}}
Oct 03 14:52:29.854769 dv-cinder-859877-2-iscsi neutron-server[112659]: INFO neutron.wsgi [None req-df35a1d9-139f-4c1b-97d2-1e753ee431d2 admin admin] 10.222.0.46 "GET /networking/v2.0/security-groups?tenant_id=398371e95a9e43aa81696a6a76624f66&name=default HTTP/1.1" status: 200 len: 2996 time: 0.1596911
Oct 03 14:52:29.857567 dv-cinder-859877-2-iscsi neutron-server[112658]: DEBUG neutron.wsgi [-] (112658) accepted ('10.222.0.46', 52518) {{(pid=112658) server /usr/local/lib/python3.8/dist-packages/eventlet/wsgi.py:1004}}
Oct 03 14:52:29.903565 dv-cinder-859877-2-iscsi neutron-server[112659]: DEBUG neutron_lib.callbacks.manager [None req-c2c8bf7f-0d8a-4803-a069-77c24b1b015a admin admin] Publish callbacks [] for security_group (e6451fd7-8afa-4484-9169-3b9b938f4916), before_delete {{(pid=112659) _notify_loop /usr/local/lib/python3.8/dist-packages/neutron_lib/callbacks/manager.py:176}}
Oct 03 14:52:29.906710 dv-cinder-859877-2-iscsi neutron-server[112658]: DEBUG neutron_lib.callbacks.manager [None req-2024ba44-5fed-48c1-86f9-4242b6be7fa8 admin admin] Publish callbacks [] for security_group (590a4aeb-1402-45e5-a3e6-77bdd7106b6f), before_delete {{(pid=112658) _notify_loop /usr/local/lib/python3.8/dist-packages/neutron_lib/callbacks/manager.py:176}}
Oct 03 14:52:29.923504 dv-cinder-859877-2-iscsi neutron-server[112659]: DEBUG neutron_lib.callbacks.manager [None req-c2c8bf7f-0d8a-4803-a069-77c24b1b015a admin admin] Publish callbacks [] for security_group (e6451fd7-8afa-4484-9169-3b9b938f4916), precommit_delete {{(pid=112659) _notify_loop /usr/local/lib/python3.8/dist-packages/neutron_lib/callbacks/manager.py:176}}
Oct 03 14:52:29.926457 dv-cinder-859877-2-iscsi neutron-server[112658]: DEBUG neutron_lib.callbacks.manager [None req-2024ba44-5fed-48c1-86f9-4242b6be7fa8 admin admin] Publish callbacks [] for security_group (590a4aeb-1402-45e5-a3e6-77bdd7106b6f), precommit_delete {{(pid=112658) _notify_loop /usr/local/lib/python3.8/dist-packages/neutron_lib/callbacks/manager.py:176}}
Oct 03 14:52:29.959673 dv-cinder-859877-2-iscsi neutron-server[112658]: DEBUG dbcounter [-] [112658] Writing DB stats neutron:SELECT=93,neutron:UPDATE=2,neutron:INSERT=3,neutron:DELETE=2 {{(pid=112658) stat_writer /usr/local/lib/python3.8/dist-packages/dbcounter.py:114}}
Oct 03 14:52:29.972638 dv-cinder-859877-2-iscsi neutron-server[112659]: DEBUG neutron_lib.callbacks.manager [None req-c2c8bf7f-0d8a-4803-a069-77c24b1b015a admin admin] Publish callbacks ['neutron.plugins.ml2.ovo_rpc._ObjectChangeHandler.handle_event-596507'] for security_group (e6451fd7-8afa-4484-9169-3b9b938f4916), after_delete {{(pid=112659) _notify_loop /usr/local/lib/python3.8/dist-packages/neutron_lib/callbacks/manager.py:176}}
Oct 03 14:52:29.975195 dv-cinder-859877-2-iscsi neutron-server[112659]: DEBUG neutron_lib.callbacks.manager [None req-c2c8bf7f-0d8a-4803-a069-77c24b1b015a admin admin] Publish callbacks [] for security_group (None), before_response {{(pid=112659) _notify_loop /usr/local/lib/python3.8/dist-packages/neutron_lib/callbacks/manager.py:176}}
Oct 03 14:52:29.978927 dv-cinder-859877-2-iscsi neutron-server[112659]: INFO neutron.wsgi [None req-c2c8bf7f-0d8a-4803-a069-77c24b1b015a admin admin] 10.222.0.46 "DELETE /networking/v2.0/security-groups/e6451fd7-8afa-4484-9169-3b9b938f4916 HTTP/1.1" status: 204 len: 168 time: 0.1242490
Oct 03 14:52:29.979062 dv-cinder-859877-2-iscsi neutron-server[112658]: DEBUG neutron_lib.callbacks.manager [None req-2024ba44-5fed-48c1-86f9-4242b6be7fa8 admin admin] Publish callbacks ['neutron.plugins.ml2.ovo_rpc._ObjectChangeHandler.handle_event-596507'] for security_group (590a4aeb-1402-45e5-a3e6-77bdd7106b6f), after_delete {{(pid=112658) _notify_loop /usr/local/lib/python3.8/dist-packages/neutron_lib/callbacks/manager.py:176}}
Oct 03 14:52:29.979062 dv-cinder-859877-2-iscsi neutron-server[112658]: DEBUG neutron_lib.callbacks.manager [None req-2024ba44-5fed-48c1-86f9-4242b6be7fa8 admin admin] Publish callbacks [] for security_group (None), before_response {{(pid=112658) _notify_loop /usr/local/lib/python3.8/dist-packages/neutron_lib/callbacks/manager.py:176}}
Oct 03 14:52:29.985878 dv-cinder-859877-2-iscsi neutron-server[112658]: INFO neutron.wsgi [None req-2024ba44-5fed-48c1-86f9-4242b6be7fa8 admin admin] 10.222.0.46 "DELETE /networking/v2.0/security-groups/590a4aeb-1402-45e5-a3e6-77bdd7106b6f HTTP/1.1" status: 204 len: 168 time: 0.1257465
Oct 03 14:52:29.987340 dv-cinder-859877-2-iscsi neutron-server[112659]: DEBUG neutron.api.rpc.handlers.resources_rpc [None req-c2c8bf7f-0d8a-4803-a069-77c24b1b015a admin admin] Pushing event deleted for resources: {'SecurityGroup': ['ID=e6451fd7-8afa-4484-9169-3b9b938f4916,revision_number=None']} {{(pid=112659) push /opt/stack/neutron/neutron/api/rpc/handlers/resources_rpc.py:237}}
Oct 03 14:52:29.992575 dv-cinder-859877-2-iscsi neutron-server[112658]: DEBUG neutron.api.rpc.handlers.resources_rpc [None req-2024ba44-5fed-48c1-86f9-4242b6be7fa8 admin admin] Pushing event deleted for resources: {'SecurityGroup': ['ID=590a4aeb-1402-45e5-a3e6-77bdd7106b6f,revision_number=None']} {{(pid=112658) push /opt/stack/neutron/neutron/api/rpc/handlers/resources_rpc.py:237}}
Oct 03 14:52:30.209713 dv-cinder-859877-2-iscsi neutron-server[112658]: DEBUG neutron.pecan_wsgi.hooks.policy_enforcement [req-f8e3860a-21df-4998-b3d1-4a1c78b95476 req-705bec27-8263-4b89-89fd-6c47e131e6df tempest-ServerRescueNegativeTestJSON-685876426 tempest-ServerRescueNegativeTestJSON-685876426-project] Attributes excluded by policy engine: ['standard_attr_id', 'binding:profile', 'binding:host_id', 'binding:vif_type', 'binding:vif_details'] {{(pid=112658) _exclude_attributes_by_policy /opt/stack/neutron/neutron/pecan_wsgi/hooks/policy_enforcement.py:259}}
Oct 03 14:52:30.211422 dv-cinder-859877-2-iscsi neutron-server[112658]: INFO neutron.wsgi [req-f8e3860a-21df-4998-b3d1-4a1c78b95476 req-705bec27-8263-4b89-89fd-6c47e131e6df tempest-ServerRescueNegativeTestJSON-685876426 tempest-ServerRescueNegativeTestJSON-685876426-project] 10.222.0.46 "GET /networking/v2.0/ports?device_id=193f7fe8-5737-49b3-a165-4345f3357042 HTTP/1.1" status: 200 len: 943 time: 0.0569127
Oct 03 14:52:30.266413 dv-cinder-859877-2-iscsi neutron-server[112658]: INFO neutron.wsgi [req-f8e3860a-21df-4998-b3d1-4a1c78b95476 req-2241a422-4e67-42a4-8b12-5c979a70cd84 tempest-ServerRescueNegativeTestJSON-685876426 tempest-ServerRescueNegativeTestJSON-685876426-project] 10.222.0.46 "GET /networking/v2.0/security-groups?id=059992f9-2ac9-4597-9a60-99a6a40ab5c1&fields=id&fields=name HTTP/1.1" status: 200 len: 286 time: 0.0496848
