Oct 04 08:52:44.750548 dv-cinder-859447-2-iscsi devstack@c-api.service[120340]: DEBUG cinder.api.openstack.wsgi [None req-3e66c43f-e5f8-4d2d-9590-4516136d3d7a tempest-VolumeTypesNegativeTest-1496423383 tempest-VolumeTypesNegativeTest-1496423383-project-admin] Action: 'create', calling method: _create, body: {"volume_type": {"name": "tempest-VolumeTypesNegativeTest-volume-type-1461898175"}} {{(pid=120340) _process_stack /opt/stack/cinder/cinder/api/openstack/wsgi.py:866}}
Oct 04 08:52:44.838075 dv-cinder-859447-2-iscsi devstack@c-api.service[120340]: INFO cinder.api.openstack.wsgi [None req-3e66c43f-e5f8-4d2d-9590-4516136d3d7a tempest-VolumeTypesNegativeTest-1496423383 tempest-VolumeTypesNegativeTest-1496423383-project-admin] http://10.222.0.27/volume/v3/ea594acdd47243128163b58b12761733/types returned with HTTP 200
Oct 04 08:52:44.844954 dv-cinder-859447-2-iscsi devstack@c-api.service[120340]: [pid: 120340|app: 0|req: 90/174] 10.222.0.27 () {60 vars in 1229 bytes} [Tue Oct 4 08:52:44 2022] POST /volume/v3/ea594acdd47243128163b58b12761733/types => generated 229 bytes in 97 msecs (HTTP/1.1 200) 7 headers in 285 bytes (1 switches on core 0)
Oct 04 08:52:44.846525 dv-cinder-859447-2-iscsi devstack@c-api.service[120341]: DEBUG cinder.api.middleware.request_id [None req-468c3bb7-c007-488e-acc9-c4b1761c3e0d None None] RequestId filter calling following filter/app {{(pid=120341) _context_setter /opt/stack/cinder/cinder/api/middleware/request_id.py:62}}
Oct 04 08:52:44.850178 dv-cinder-859447-2-iscsi devstack@c-api.service[120341]: INFO cinder.api.openstack.wsgi [None req-468c3bb7-c007-488e-acc9-c4b1761c3e0d tempest-VolumeTypesNegativeTest-1496423383 tempest-VolumeTypesNegativeTest-1496423383-project-admin] POST http://10.222.0.27/volume/v3/ea594acdd47243128163b58b12761733/types
Oct 04 08:52:44.850933 dv-cinder-859447-2-iscsi devstack@c-api.service[120341]: DEBUG cinder.api.openstack.wsgi [None req-468c3bb7-c007-488e-acc9-c4b1761c3e0d tempest-VolumeTypesNegativeTest-1496423383 tempest-VolumeTypesNegativeTest-1496423383-project-admin] Action: 'create', calling method: _create, body: {"volume_type": {"name": "tempest-VolumeTypesNegativeTest-volume-type-1461898175"}} {{(pid=120341) _process_stack /opt/stack/cinder/cinder/api/openstack/wsgi.py:866}}
Oct 04 08:52:44.860259 dv-cinder-859447-2-iscsi devstack@c-api.service[120341]: INFO cinder.api.openstack.wsgi [None req-468c3bb7-c007-488e-acc9-c4b1761c3e0d tempest-VolumeTypesNegativeTest-1496423383 tempest-VolumeTypesNegativeTest-1496423383-project-admin] HTTP exception thrown: Volume Type tempest-VolumeTypesNegativeTest-volume-type-1461898175 already exists.
Oct 04 08:52:44.860608 dv-cinder-859447-2-iscsi devstack@c-api.service[120341]: INFO cinder.api.openstack.wsgi [None req-468c3bb7-c007-488e-acc9-c4b1761c3e0d tempest-VolumeTypesNegativeTest-1496423383 tempest-VolumeTypesNegativeTest-1496423383-project-admin] http://10.222.0.27/volume/v3/ea594acdd47243128163b58b12761733/types returned with HTTP 409
Oct 04 08:52:44.861513 dv-cinder-859447-2-iscsi devstack@c-api.service[120341]: [pid: 120341|app: 0|req: 85/175] 10.222.0.27 () {60 vars in 1229 bytes} [Tue Oct 4 08:52:44 2022] POST /volume/v3/ea594acdd47243128163b58b12761733/types => generated 134 bytes in 16 msecs (HTTP/1.1 409) 7 headers in 291 bytes (1 switches on core 0)
Oct 04 08:52:44.867504 dv-cinder-859447-2-iscsi devstack@c-api.service[120340]: DEBUG cinder.api.middleware.request_id [None req-d5e9a66d-bbc3-4896-a606-ef789aa34a95 None None] RequestId filter calling following filter/app {{(pid=120340) _context_setter /opt/stack/cinder/cinder/api/middleware/request_id.py:62}}
Oct 04 08:52:44.871687 dv-cinder-859447-2-iscsi devstack@c-api.service[120340]: INFO cinder.api.openstack.wsgi [None req-d5e9a66d-bbc3-4896-a606-ef789aa34a95 tempest-VolumeTypesNegativeTest-1496423383 tempest-VolumeTypesNegativeTest-1496423383-project-admin] DELETE http://10.222.0.27/volume/v3/ea594acdd47243128163b58b12761733/types/e3a6c23a-a572-40ab-9a43-4a078c624bfa
Oct 04 08:52:44.872224 dv-cinder-859447-2-iscsi devstack@c-api.service[120340]: DEBUG cinder.api.openstack.wsgi [None req-d5e9a66d-bbc3-4896-a606-ef789aa34a95 tempest-VolumeTypesNegativeTest-1496423383 tempest-VolumeTypesNegativeTest-1496423383-project-admin] Empty body provided in request {{(pid=120340) get_body /opt/stack/cinder/cinder/api/openstack/wsgi.py:715}}
Oct 04 08:52:44.872848 dv-cinder-859447-2-iscsi devstack@c-api.service[120340]: DEBUG cinder.api.openstack.wsgi [None req-d5e9a66d-bbc3-4896-a606-ef789aa34a95 tempest-VolumeTypesNegativeTest-1496423383 tempest-VolumeTypesNegativeTest-1496423383-project-admin] Calling method '_delete' {{(pid=120340) _process_stack /opt/stack/cinder/cinder/api/openstack/wsgi.py:868}}
Oct 04 08:52:44.884271 dv-cinder-859447-2-iscsi devstack@c-api.service[120340]: INFO cinder.api.openstack.wsgi [None req-d5e9a66d-bbc3-4896-a606-ef789aa34a95 tempest-VolumeTypesNegativeTest-1496423383 tempest-VolumeTypesNegativeTest-1496423383-project-admin] http://10.222.0.27/volume/v3/ea594acdd47243128163b58b12761733/types/e3a6c23a-a572-40ab-9a43-4a078c624bfa returned with HTTP 404
Oct 04 08:52:44.885361 dv-cinder-859447-2-iscsi devstack@c-api.service[120340]: [pid: 120340|app: 0|req: 91/176] 10.222.0.27 () {58 vars in 1322 bytes} [Tue Oct 4 08:52:44 2022] DELETE /volume/v3/ea594acdd47243128163b58b12761733/types/e3a6c23a-a572-40ab-9a43-4a078c624bfa => generated 114 bytes in 19 msecs (HTTP/1.1 404) 7 headers in 292 bytes (1 switches on core 0)
Oct 04 08:52:44.891397 dv-cinder-859447-2-iscsi devstack@c-api.service[120341]: DEBUG cinder.api.middleware.request_id [None req-318521ae-21f9-4824-b509-4f0042159e72 None None] RequestId filter calling following filter/app {{(pid=120341) _context_setter /opt/stack/cinder/cinder/api/middleware/request_id.py:62}}
Oct 04 08:52:44.896443 dv-cinder-859447-2-iscsi devstack@c-api.service[120341]: INFO cinder.api.openstack.wsgi [None req-318521ae-21f9-4824-b509-4f0042159e72 tempest-VolumeTypesNegativeTest-1496423383 tempest-VolumeTypesNegativeTest-1496423383-project-admin] GET http://10.222.0.27/volume/v3/ea594acdd47243128163b58b12761733/types/9cbaf630-3e8f-456f-9fe5-57dc2a44c203
Oct 04 08:52:44.897034 dv-cinder-859447-2-iscsi devstack@c-api.service[120341]: DEBUG cinder.api.openstack.wsgi [None req-318521ae-21f9-4824-b509-4f0042159e72 tempest-VolumeTypesNegativeTest-1496423383 tempest-VolumeTypesNegativeTest-1496423383-project-admin] Empty body provided in request {{(pid=120341) get_body /opt/stack/cinder/cinder/api/openstack/wsgi.py:715}}
Oct 04 08:52:44.898197 dv-cinder-859447-2-iscsi devstack@c-api.service[120341]: DEBUG cinder.api.openstack.wsgi [None req-318521ae-21f9-4824-b509-4f0042159e72 tempest-VolumeTypesNegativeTest-1496423383 tempest-VolumeTypesNegativeTest-1496423383-project-admin] Calling method 'show' {{(pid=120341) _process_stack /opt/stack/cinder/cinder/api/openstack/wsgi.py:868}}
Oct 04 08:52:44.904364 dv-cinder-859447-2-iscsi devstack@c-api.service[120341]: INFO cinder.api.openstack.wsgi [None req-318521ae-21f9-4824-b509-4f0042159e72 tempest-VolumeTypesNegativeTest-1496423383 tempest-VolumeTypesNegativeTest-1496423383-project-admin] http://10.222.0.27/volume/v3/ea594acdd47243128163b58b12761733/types/9cbaf630-3e8f-456f-9fe5-57dc2a44c203 returned with HTTP 404
Oct 04 08:52:44.905579 dv-cinder-859447-2-iscsi devstack@c-api.service[120341]: [pid: 120341|app: 0|req: 86/177] 10.222.0.27 () {58 vars in 1319 bytes} [Tue Oct 4 08:52:44 2022] GET /volume/v3/ea594acdd47243128163b58b12761733/types/9cbaf630-3e8f-456f-9fe5-57dc2a44c203 => generated 114 bytes in 15 msecs (HTTP/1.1 404) 7 headers in 292 bytes (1 switches on core 0)
Oct 04 08:52:44.910903 dv-cinder-859447-2-iscsi devstack@c-api.service[120340]: DEBUG cinder.api.middleware.request_id [None req-91f5e1e8-2799-4076-a70f-b93ae099bb3e None None] RequestId filter calling following filter/app {{(pid=120340) _context_setter /opt/stack/cinder/cinder/api/middleware/request_id.py:62}}
Oct 04 08:52:44.914845 dv-cinder-859447-2-iscsi devstack@c-api.service[120340]: INFO cinder.api.openstack.wsgi [None req-91f5e1e8-2799-4076-a70f-b93ae099bb3e tempest-VolumeTypesNegativeTest-1496423383 tempest-VolumeTypesNegativeTest-1496423383-project-admin] DELETE http://10.222.0.27/volume/v3/ea594acdd47243128163b58b12761733/types/5b709766-a8bc-4a71-a367-cb6c2edad0a2
Oct 04 08:52:44.915407 dv-cinder-859447-2-iscsi devstack@c-api.service[120340]: DEBUG cinder.api.openstack.wsgi [None req-91f5e1e8-2799-4076-a70f-b93ae099bb3e tempest-VolumeTypesNegativeTest-1496423383 tempest-VolumeTypesNegativeTest-1496423383-project-admin] Empty body provided in request {{(pid=120340) get_body /opt/stack/cinder/cinder/api/openstack/wsgi.py:715}}
Oct 04 08:52:44.915998 dv-cinder-859447-2-iscsi devstack@c-api.service[120340]: DEBUG cinder.api.openstack.wsgi [None req-91f5e1e8-2799-4076-a70f-b93ae099bb3e tempest-VolumeTypesNegativeTest-1496423383 tempest-VolumeTypesNegativeTest-1496423383-project-admin] Calling method '_delete' {{(pid=120340) _process_stack /opt/stack/cinder/cinder/api/openstack/wsgi.py:868}}
Oct 04 08:52:45.048912 dv-cinder-859447-2-iscsi devstack@c-api.service[120340]: INFO cinder.api.openstack.wsgi [None req-91f5e1e8-2799-4076-a70f-b93ae099bb3e tempest-VolumeTypesNegativeTest-1496423383 tempest-VolumeTypesNegativeTest-1496423383-project-admin] http://10.222.0.27/volume/v3/ea594acdd47243128163b58b12761733/types/5b709766-a8bc-4a71-a367-cb6c2edad0a2 returned with HTTP 202
Oct 04 08:52:45.049986 dv-cinder-859447-2-iscsi devstack@c-api.service[120340]: [pid: 120340|app: 0|req: 92/178] 10.222.0.27 () {58 vars in 1322 bytes} [Tue Oct 4 08:52:44 2022] DELETE /volume/v3/ea594acdd47243128163b58b12761733/types/5b709766-a8bc-4a71-a367-cb6c2edad0a2 => generated 0 bytes in 140 msecs (HTTP/1.1 202) 6 headers in 233 bytes (1 switches on core 0)
Oct 04 08:52:45.056415 dv-cinder-859447-2-iscsi devstack@c-api.service[120341]: DEBUG cinder.api.middleware.request_id [None req-2336329d-d076-4261-ae28-e268b3770c64 None None] RequestId filter calling following filter/app {{(pid=120341) _context_setter /opt/stack/cinder/cinder/api/middleware/request_id.py:62}}
Oct 04 08:52:45.060212 dv-cinder-859447-2-iscsi devstack@c-api.service[120341]: INFO cinder.api.openstack.wsgi [None req-2336329d-d076-4261-ae28-e268b3770c64 tempest-VolumeTypesNegativeTest-1496423383 tempest-VolumeTypesNegativeTest-1496423383-project-admin] GET http://10.222.0.27/volume/v3/ea594acdd47243128163b58b12761733/types/5b709766-a8bc-4a71-a367-cb6c2edad0a2
Oct 04 08:52:45.060823 dv-cinder-859447-2-iscsi devstack@c-api.service[120341]: DEBUG cinder.api.openstack.wsgi [None req-2336329d-d076-4261-ae28-e268b3770c64 tempest-VolumeTypesNegativeTest-1496423383 tempest-VolumeTypesNegativeTest-1496423383-project-admin] Empty body provided in request {{(pid=120341) get_body /opt/stack/cinder/cinder/api/openstack/wsgi.py:715}}
Oct 04 08:52:45.061465 dv-cinder-859447-2-iscsi devstack@c-api.service[120341]: DEBUG cinder.api.openstack.wsgi [None req-2336329d-d076-4261-ae28-e268b3770c64 tempest-VolumeTypesNegativeTest-1496423383 tempest-VolumeTypesNegativeTest-1496423383-project-admin] Calling method 'show' {{(pid=120341) _process_stack /opt/stack/cinder/cinder/api/openstack/wsgi.py:868}}
Oct 04 08:52:45.069021 dv-cinder-859447-2-iscsi devstack@c-api.service[120341]: INFO cinder.api.openstack.wsgi [None req-2336329d-d076-4261-ae28-e268b3770c64 tempest-VolumeTypesNegativeTest-1496423383 tempest-VolumeTypesNegativeTest-1496423383-project-admin] http://10.222.0.27/volume/v3/ea594acdd47243128163b58b12761733/types/5b709766-a8bc-4a71-a367-cb6c2edad0a2 returned with HTTP 404
Oct 04 08:52:45.070478 dv-cinder-859447-2-iscsi devstack@c-api.service[120341]: [pid: 120341|app: 0|req: 87/179] 10.222.0.27 () {58 vars in 1319 bytes} [Tue Oct 4 08:52:45 2022] GET /volume/v3/ea594acdd47243128163b58b12761733/types/5b709766-a8bc-4a71-a367-cb6c2edad0a2 => generated 114 bytes in 15 msecs (HTTP/1.1 404) 7 headers in 292 bytes (1 switches on core 0)
Oct 04 08:52:45.075032 dv-cinder-859447-2-iscsi devstack@c-api.service[120340]: DEBUG cinder.api.middleware.request_id [None req-c4521f63-fa72-485b-8dac-2c88c9c08617 None None] RequestId filter calling following filter/app {{(pid=120340) _context_setter /opt/stack/cinder/cinder/api/middleware/request_id.py:62}}
Oct 04 08:52:45.079038 dv-cinder-859447-2-iscsi devstack@c-api.service[120340]: INFO cinder.api.openstack.wsgi [None req-c4521f63-fa72-485b-8dac-2c88c9c08617 tempest-VolumeTypesNegativeTest-1496423383 tempest-VolumeTypesNegativeTest-1496423383-project-admin] DELETE http://10.222.0.27/volume/v3/ea594acdd47243128163b58b12761733/types/467a228c-6e74-47de-9d46-ee27e1ab2b4b
Oct 04 08:52:45.079553 dv-cinder-859447-2-iscsi devstack@c-api.service[120340]: DEBUG cinder.api.openstack.wsgi [None req-c4521f63-fa72-485b-8dac-2c88c9c08617 tempest-VolumeTypesNegativeTest-1496423383 tempest-VolumeTypesNegativeTest-1496423383-project-admin] Empty body provided in request {{(pid=120340) get_body /opt/stack/cinder/cinder/api/openstack/wsgi.py:715}}
Oct 04 08:52:45.080122 dv-cinder-859447-2-iscsi devstack@c-api.service[120340]: DEBUG cinder.api.openstack.wsgi [None req-c4521f63-fa72-485b-8dac-2c88c9c08617 tempest-VolumeTypesNegativeTest-1496423383 tempest-VolumeTypesNegativeTest-1496423383-project-admin] Calling method '_delete' {{(pid=120340) _process_stack /opt/stack/cinder/cinder/api/openstack/wsgi.py:868}}
Oct 04 08:52:45.231834 dv-cinder-859447-2-iscsi devstack@c-api.service[120340]: INFO cinder.api.openstack.wsgi [None req-c4521f63-fa72-485b-8dac-2c88c9c08617 tempest-VolumeTypesNegativeTest-1496423383 tempest-VolumeTypesNegativeTest-1496423383-project-admin] http://10.222.0.27/volume/v3/ea594acdd47243128163b58b12761733/types/467a228c-6e74-47de-9d46-ee27e1ab2b4b returned with HTTP 202
Oct 04 08:52:45.233432 dv-cinder-859447-2-iscsi devstack@c-api.service[120340]: [pid: 120340|app: 0|req: 93/180] 10.222.0.27 () {58 vars in 1322 bytes} [Tue Oct 4 08:52:45 2022] DELETE /volume/v3/ea594acdd47243128163b58b12761733/types/467a228c-6e74-47de-9d46-ee27e1ab2b4b => generated 0 bytes in 158 msecs (HTTP/1.1 202) 6 headers in 233 bytes (1 switches on core 0)
Oct 04 08:52:45.242044 dv-cinder-859447-2-iscsi devstack@c-api.service[120341]: DEBUG cinder.api.middleware.request_id [None req-7d95f27f-c6fe-4793-8484-6d1479beca85 None None] RequestId filter calling following filter/app {{(pid=120341) _context_setter /opt/stack/cinder/cinder/api/middleware/request_id.py:62}}
Oct 04 08:52:45.246002 dv-cinder-859447-2-iscsi devstack@c-api.service[120341]: INFO cinder.api.openstack.wsgi [None req-7d95f27f-c6fe-4793-8484-6d1479beca85 tempest-VolumeTypesNegativeTest-1496423383 tempest-VolumeTypesNegativeTest-1496423383-project-admin] GET http://10.222.0.27/volume/v3/ea594acdd47243128163b58b12761733/types/467a228c-6e74-47de-9d46-ee27e1ab2b4b
Oct 04 08:52:45.262790 dv-cinder-859447-2-iscsi devstack@c-api.service[120341]: DEBUG cinder.api.openstack.wsgi [None req-7d95f27f-c6fe-4793-8484-6d1479beca85 tempest-VolumeTypesNegativeTest-1496423383 tempest-VolumeTypesNegativeTest-1496423383-project-admin] Empty body provided in request {{(pid=120341) get_body /opt/stack/cinder/cinder/api/openstack/wsgi.py:715}}
Oct 04 08:52:45.263566 dv-cinder-859447-2-iscsi devstack@c-api.service[120341]: DEBUG cinder.api.openstack.wsgi [None req-7d95f27f-c6fe-4793-8484-6d1479beca85 tempest-VolumeTypesNegativeTest-1496423383 tempest-VolumeTypesNegativeTest-1496423383-project-admin] Calling method 'show' {{(pid=120341) _process_stack /opt/stack/cinder/cinder/api/openstack/wsgi.py:868}}
Oct 04 08:52:45.282537 dv-cinder-859447-2-iscsi devstack@c-api.service[120341]: INFO cinder.api.openstack.wsgi [None req-7d95f27f-c6fe-4793-8484-6d1479beca85 tempest-VolumeTypesNegativeTest-1496423383 tempest-VolumeTypesNegativeTest-1496423383-project-admin] http://10.222.0.27/volume/v3/ea594acdd47243128163b58b12761733/types/467a228c-6e74-47de-9d46-ee27e1ab2b4b returned with HTTP 404
Oct 04 08:52:45.283792 dv-cinder-859447-2-iscsi devstack@c-api.service[120341]: [pid: 120341|app: 0|req: 88/181] 10.222.0.27 () {58 vars in 1319 bytes} [Tue Oct 4 08:52:45 2022] GET /volume/v3/ea594acdd47243128163b58b12761733/types/467a228c-6e74-47de-9d46-ee27e1ab2b4b => generated 114 bytes in 44 msecs (HTTP/1.1 404) 7 headers in 292 bytes (2 switches on core 0)
Oct 04 08:52:45.635675 dv-cinder-859447-2-iscsi devstack@c-api.service[120340]: DEBUG cinder.api.middleware.request_id [None req-ad3fe1ba-92b9-4496-b0ad-16172a677680 None None] RequestId filter calling following filter/app {{(pid=120340) _context_setter /opt/stack/cinder/cinder/api/middleware/request_id.py:62}}
Oct 04 08:52:45.640137 dv-cinder-859447-2-iscsi devstack@c-api.service[120340]: INFO cinder.api.openstack.wsgi [None req-ad3fe1ba-92b9-4496-b0ad-16172a677680 tempest-VolumeSnapshotQuotasNegativeTestJSON-1765853044 tempest-VolumeSnapshotQuotasNegativeTestJSON-1765853044-project] GET http://10.222.0.27/volume/v3/6be9611496034f7d981daac6762ac33f/snapshots/630a6001-d6e9-4852-87a5-975100b3c4ee
Oct 04 08:52:45.640597 dv-cinder-859447-2-iscsi devstack@c-api.service[120340]: DEBUG cinder.api.openstack.wsgi [None req-ad3fe1ba-92b9-4496-b0ad-16172a677680 tempest-VolumeSnapshotQuotasNegativeTestJSON-1765853044 tempest-VolumeSnapshotQuotasNegativeTestJSON-1765853044-project] Empty body provided in request {{(pid=120340) get_body /opt/stack/cinder/cinder/api/openstack/wsgi.py:715}}
Oct 04 08:52:45.641124 dv-cinder-859447-2-iscsi devstack@c-api.service[120340]: DEBUG cinder.api.openstack.wsgi [None req-ad3fe1ba-92b9-4496-b0ad-16172a677680 tempest-VolumeSnapshotQuotasNegativeTestJSON-1765853044 tempest-VolumeSnapshotQuotasNegativeTestJSON-1765853044-project] Calling method 'show' {{(pid=120340) _process_stack /opt/stack/cinder/cinder/api/openstack/wsgi.py:868}}
Oct 04 08:52:45.672862 dv-cinder-859447-2-iscsi devstack@c-api.service[120340]: /usr/local/lib/python3.8/dist-packages/oslo_context/context.py:100: DeprecationWarning: Policy enforcement is depending on the value of is_admin. This key is deprecated. Please update your policy file to use the standard policy values.
Oct 04 08:52:45.672862 dv-cinder-859447-2-iscsi devstack@c-api.service[120340]: warnings.warn('Policy enforcement is depending on the value of '
Oct 04 08:52:45.673938 dv-cinder-859447-2-iscsi devstack@c-api.service[120340]: INFO cinder.volume.api [None req-ad3fe1ba-92b9-4496-b0ad-16172a677680 tempest-VolumeSnapshotQuotasNegativeTestJSON-1765853044 tempest-VolumeSnapshotQuotasNegativeTestJSON-1765853044-project] Snapshot retrieved successfully.
Oct 04 08:52:45.676804 dv-cinder-859447-2-iscsi devstack@c-api.service[120340]: INFO cinder.api.openstack.wsgi [None req-ad3fe1ba-92b9-4496-b0ad-16172a677680 tempest-VolumeSnapshotQuotasNegativeTestJSON-1765853044 tempest-VolumeSnapshotQuotasNegativeTestJSON-1765853044-project] http://10.222.0.27/volume/v3/6be9611496034f7d981daac6762ac33f/snapshots/630a6001-d6e9-4852-87a5-975100b3c4ee returned with HTTP 200
Oct 04 08:52:45.677570 dv-cinder-859447-2-iscsi devstack@c-api.service[120340]: [pid: 120340|app: 0|req: 94/182] 10.222.0.27 () {58 vars in 1331 bytes} [Tue Oct 4 08:52:45 2022] GET /volume/v3/6be9611496034f7d981daac6762ac33f/snapshots/630a6001-d6e9-4852-87a5-975100b3c4ee => generated 453 bytes in 43 msecs (HTTP/1.1 200) 7 headers in 285 bytes (2 switches on core 0)
Oct 04 08:52:46.688841 dv-cinder-859447-2-iscsi devstack@c-api.service[120341]: DEBUG cinder.api.middleware.request_id [None req-4d1fec52-ce65-4837-aea2-5dafcdd3f855 None None] RequestId filter calling following filter/app {{(pid=120341) _context_setter /opt/stack/cinder/cinder/api/middleware/request_id.py:62}}
Oct 04 08:52:46.695652 dv-cinder-859447-2-iscsi devstack@c-api.service[120341]: INFO cinder.api.openstack.wsgi [None req-4d1fec52-ce65-4837-aea2-5dafcdd3f855 tempest-VolumeSnapshotQuotasNegativeTestJSON-1765853044 tempest-VolumeSnapshotQuotasNegativeTestJSON-1765853044-project] GET http://10.222.0.27/volume/v3/6be9611496034f7d981daac6762ac33f/snapshots/630a6001-d6e9-4852-87a5-975100b3c4ee
Oct 04 08:52:46.696210 dv-cinder-859447-2-iscsi devstack@c-api.service[120341]: DEBUG cinder.api.openstack.wsgi [None req-4d1fec52-ce65-4837-aea2-5dafcdd3f855 tempest-VolumeSnapshotQuotasNegativeTestJSON-1765853044 tempest-VolumeSnapshotQuotasNegativeTestJSON-1765853044-project] Empty body provided in request {{(pid=120341) get_body /opt/stack/cinder/cinder/api/openstack/wsgi.py:715}}
Oct 04 08:52:46.696951 dv-cinder-859447-2-iscsi devstack@c-api.service[120341]: DEBUG cinder.api.openstack.wsgi [None req-4d1fec52-ce65-4837-aea2-5dafcdd3f855 tempest-VolumeSnapshotQuotasNegativeTestJSON-1765853044 tempest-VolumeSnapshotQuotasNegativeTestJSON-1765853044-project] Calling method 'show' {{(pid=120341) _process_stack /opt/stack/cinder/cinder/api/openstack/wsgi.py:868}}
Oct 04 08:52:46.740112 dv-cinder-859447-2-iscsi devstack@c-api.service[120341]: /usr/local/lib/python3.8/dist-packages/oslo_context/context.py:100: DeprecationWarning: Policy enforcement is depending on the value of is_admin. This key is deprecated. Please update your policy file to use the standard policy values.
Oct 04 08:52:46.740112 dv-cinder-859447-2-iscsi devstack@c-api.service[120341]: warnings.warn('Policy enforcement is depending on the value of '
Oct 04 08:52:46.748996 dv-cinder-859447-2-iscsi devstack@c-api.service[120341]: INFO cinder.volume.api [None req-4d1fec52-ce65-4837-aea2-5dafcdd3f855 tempest-VolumeSnapshotQuotasNegativeTestJSON-1765853044 tempest-VolumeSnapshotQuotasNegativeTestJSON-1765853044-project] Snapshot retrieved successfully.
Oct 04 08:52:46.751814 dv-cinder-859447-2-iscsi devstack@c-api.service[120341]: INFO cinder.api.openstack.wsgi [None req-4d1fec52-ce65-4837-aea2-5dafcdd3f855 tempest-VolumeSnapshotQuotasNegativeTestJSON-1765853044 tempest-VolumeSnapshotQuotasNegativeTestJSON-1765853044-project] http://10.222.0.27/volume/v3/6be9611496034f7d981daac6762ac33f/snapshots/630a6001-d6e9-4852-87a5-975100b3c4ee returned with HTTP 200
Oct 04 08:52:46.768973 dv-cinder-859447-2-iscsi devstack@c-api.service[120340]: DEBUG cinder.api.middleware.request_id [None req-2b32468b-125e-40b9-a835-2cc921060d1d None None] RequestId filter calling following filter/app {{(pid=120340) _context_setter /opt/stack/cinder/cinder/api/middleware/request_id.py:62}}
Oct 04 08:52:46.769997 dv-cinder-859447-2-iscsi devstack@c-api.service[120341]: [pid: 120341|app: 0|req: 89/183] 10.222.0.27 () {58 vars in 1331 bytes} [Tue Oct 4 08:52:46 2022] GET /volume/v3/6be9611496034f7d981daac6762ac33f/snapshots/630a6001-d6e9-4852-87a5-975100b3c4ee => generated 480 bytes in 83 msecs (HTTP/1.1 200) 7 headers in 285 bytes (2 switches on core 0)
Oct 04 08:52:46.775540 dv-cinder-859447-2-iscsi devstack@c-api.service[120340]: INFO cinder.api.openstack.wsgi [None req-2b32468b-125e-40b9-a835-2cc921060d1d tempest-VolumeSnapshotQuotasNegativeTestJSON-28809664 tempest-VolumeSnapshotQuotasNegativeTestJSON-28809664-project-admin] PUT http://10.222.0.27/volume/v3/a43da02339fb4b238fccc578924ab426/os-quota-sets/6be9611496034f7d981daac6762ac33f
Oct 04 08:52:46.779009 dv-cinder-859447-2-iscsi devstack@c-api.service[120340]: DEBUG cinder.api.openstack.wsgi [None req-2b32468b-125e-40b9-a835-2cc921060d1d tempest-VolumeSnapshotQuotasNegativeTestJSON-28809664 tempest-VolumeSnapshotQuotasNegativeTestJSON-28809664-project-admin] Action: 'update', calling method: update, body: {"quota_set": {"gigabytes": 2, "volumes": 1, "snapshots": 2}} {{(pid=120340) _process_stack /opt/stack/cinder/cinder/api/openstack/wsgi.py:866}}
Oct 04 08:52:46.828573 dv-cinder-859447-2-iscsi devstack@c-api.service[120340]: DEBUG dbcounter [-] [120340] Writing DB stats cinder:SELECT=72,cinder:INSERT=8,cinder:UPDATE=20 {{(pid=120340) stat_writer /usr/local/lib/python3.8/dist-packages/dbcounter.py:114}}
Oct 04 08:52:47.108848 dv-cinder-859447-2-iscsi devstack@c-api.service[120340]: INFO cinder.api.openstack.wsgi [None req-2b32468b-125e-40b9-a835-2cc921060d1d tempest-VolumeSnapshotQuotasNegativeTestJSON-28809664 tempest-VolumeSnapshotQuotasNegativeTestJSON-28809664-project-admin] http://10.222.0.27/volume/v3/a43da02339fb4b238fccc578924ab426/os-quota-sets/6be9611496034f7d981daac6762ac33f returned with HTTP 200
Oct 04 08:52:47.109846 dv-cinder-859447-2-iscsi devstack@c-api.service[120340]: [pid: 120340|app: 0|req: 95/184] 10.222.0.27 () {60 vars in 1351 bytes} [Tue Oct 4 08:52:46 2022] PUT /volume/v3/a43da02339fb4b238fccc578924ab426/os-quota-sets/6be9611496034f7d981daac6762ac33f => generated 314 bytes in 343 msecs (HTTP/1.1 200) 7 headers in 285 bytes (1 switches on core 0)
Oct 04 08:52:47.119684 dv-cinder-859447-2-iscsi devstack@c-api.service[120341]: DEBUG cinder.api.middleware.request_id [None req-e2b1c360-04ef-4b42-8c66-ce5cbefe5d44 None None] RequestId filter calling following filter/app {{(pid=120341) _context_setter /opt/stack/cinder/cinder/api/middleware/request_id.py:62}}
Oct 04 08:52:47.126970 dv-cinder-859447-2-iscsi devstack@c-api.service[120341]: INFO cinder.api.openstack.wsgi [None req-e2b1c360-04ef-4b42-8c66-ce5cbefe5d44 tempest-VolumeSnapshotQuotasNegativeTestJSON-1765853044 tempest-VolumeSnapshotQuotasNegativeTestJSON-1765853044-project] POST http://10.222.0.27/volume/v3/6be9611496034f7d981daac6762ac33f/snapshots
Oct 04 08:52:47.127710 dv-cinder-859447-2-iscsi devstack@c-api.service[120341]: DEBUG cinder.api.openstack.wsgi [None req-e2b1c360-04ef-4b42-8c66-ce5cbefe5d44 tempest-VolumeSnapshotQuotasNegativeTestJSON-1765853044 tempest-VolumeSnapshotQuotasNegativeTestJSON-1765853044-project] Action: 'create', calling method: create, body: {"snapshot": {"volume_id": "684651f7-aa9d-438e-9e41-9ac0d6202376"}} {{(pid=120341) _process_stack /opt/stack/cinder/cinder/api/openstack/wsgi.py:866}}
Oct 04 08:52:47.151010 dv-cinder-859447-2-iscsi devstack@c-api.service[120341]: /usr/local/lib/python3.8/dist-packages/oslo_context/context.py:100: DeprecationWarning: Policy enforcement is depending on the value of is_admin. This key is deprecated. Please update your policy file to use the standard policy values.
Oct 04 08:52:47.151010 dv-cinder-859447-2-iscsi devstack@c-api.service[120341]: warnings.warn('Policy enforcement is depending on the value of '
Oct 04 08:52:47.152940 dv-cinder-859447-2-iscsi devstack@c-api.service[120341]: INFO cinder.volume.api [None req-e2b1c360-04ef-4b42-8c66-ce5cbefe5d44 tempest-VolumeSnapshotQuotasNegativeTestJSON-1765853044 tempest-VolumeSnapshotQuotasNegativeTestJSON-1765853044-project] Volume info retrieved successfully.
Oct 04 08:52:47.153265 dv-cinder-859447-2-iscsi devstack@c-api.service[120341]: INFO cinder.api.v3.snapshots [None req-e2b1c360-04ef-4b42-8c66-ce5cbefe5d44 tempest-VolumeSnapshotQuotasNegativeTestJSON-1765853044 tempest-VolumeSnapshotQuotasNegativeTestJSON-1765853044-project] Create snapshot from volume 684651f7-aa9d-438e-9e41-9ac0d6202376
Oct 04 08:52:47.160187 dv-cinder-859447-2-iscsi devstack@c-api.service[120340]: DEBUG cinder.api.middleware.request_id [None req-6d40a805-6a06-41eb-bc2f-889e35489d95 None None] RequestId filter calling following filter/app {{(pid=120340) _context_setter /opt/stack/cinder/cinder/api/middleware/request_id.py:62}}
Oct 04 08:52:47.229433 dv-cinder-859447-2-iscsi devstack@c-api.service[120341]: DEBUG dbcounter [-] [120341] Writing DB stats cinder:SELECT=86,cinder:INSERT=4,cinder:UPDATE=10 {{(pid=120341) stat_writer /usr/local/lib/python3.8/dist-packages/dbcounter.py:114}}
Oct 04 08:52:47.238304 dv-cinder-859447-2-iscsi devstack@c-api.service[120341]: WARNING cinder.quota_utils [None req-e2b1c360-04ef-4b42-8c66-ce5cbefe5d44 tempest-VolumeSnapshotQuotasNegativeTestJSON-1765853044 tempest-VolumeSnapshotQuotasNegativeTestJSON-1765853044-project] Quota exceeded for 6be9611496034f7d981daac6762ac33f, tried to create 1G snapshot (2G of 2G already consumed).: cinder.exception.OverQuota: Quota exceeded for resources: ['gigabytes']
Oct 04 08:52:47.239838 dv-cinder-859447-2-iscsi devstack@c-api.service[120341]: INFO cinder.api.middleware.fault [None req-e2b1c360-04ef-4b42-8c66-ce5cbefe5d44 tempest-VolumeSnapshotQuotasNegativeTestJSON-1765853044 tempest-VolumeSnapshotQuotasNegativeTestJSON-1765853044-project] http://10.222.0.27/volume/v3/6be9611496034f7d981daac6762ac33f/snapshots returned with HTTP 413
Oct 04 08:52:47.251685 dv-cinder-859447-2-iscsi devstack@c-api.service[120341]: [pid: 120341|app: 0|req: 90/185] 10.222.0.27 () {60 vars in 1241 bytes} [Tue Oct 4 08:52:47 2022] POST /volume/v3/6be9611496034f7d981daac6762ac33f/snapshots => generated 208 bytes in 134 msecs (HTTP/1.1 413) 8 headers in 323 bytes (1 switches on core 0)
Oct 04 08:52:47.254933 dv-cinder-859447-2-iscsi devstack@c-api.service[120341]: DEBUG cinder.api.middleware.request_id [None req-0f32d323-ac6a-468c-bd27-d9f833331957 None None] RequestId filter calling following filter/app {{(pid=120341) _context_setter /opt/stack/cinder/cinder/api/middleware/request_id.py:62}}
Oct 04 08:52:47.262957 dv-cinder-859447-2-iscsi devstack@c-api.service[120341]: INFO cinder.api.openstack.wsgi [None req-0f32d323-ac6a-468c-bd27-d9f833331957 tempest-VolumeSnapshotQuotasNegativeTestJSON-28809664 tempest-VolumeSnapshotQuotasNegativeTestJSON-28809664-project-admin] PUT http://10.222.0.27/volume/v3/a43da02339fb4b238fccc578924ab426/os-quota-sets/6be9611496034f7d981daac6762ac33f
Oct 04 08:52:47.264157 dv-cinder-859447-2-iscsi devstack@c-api.service[120341]: DEBUG cinder.api.openstack.wsgi [None req-0f32d323-ac6a-468c-bd27-d9f833331957 tempest-VolumeSnapshotQuotasNegativeTestJSON-28809664 tempest-VolumeSnapshotQuotasNegativeTestJSON-28809664-project-admin] Action: 'update', calling method: update, body: {"quota_set": {"gigabytes": 3, "volumes": 1, "snapshots": 1}} {{(pid=120341) _process_stack /opt/stack/cinder/cinder/api/openstack/wsgi.py:866}}
Oct 04 08:52:47.385301 dv-cinder-859447-2-iscsi devstack@c-api.service[120340]: INFO cinder.api.openstack.wsgi [None req-6d40a805-6a06-41eb-bc2f-889e35489d95 tempest-VolumesActionsTest-1539115070 tempest-VolumesActionsTest-1539115070-project] POST http://10.222.0.27/volume/v3/894b70b0c4954b869c836a087285825a/volumes
Oct 04 08:52:47.386387 dv-cinder-859447-2-iscsi devstack@c-api.service[120340]: DEBUG cinder.api.openstack.wsgi [None req-6d40a805-6a06-41eb-bc2f-889e35489d95 tempest-VolumesActionsTest-1539115070 tempest-VolumesActionsTest-1539115070-project] Action: 'create', calling method: create, body: {"volume": {"size": 1, "name": "tempest-VolumesActionsTest-Volume-1966235648"}} {{(pid=120340) _process_stack /opt/stack/cinder/cinder/api/openstack/wsgi.py:866}}
Oct 04 08:52:47.388877 dv-cinder-859447-2-iscsi devstack@c-api.service[120340]: DEBUG cinder.api.v3.volumes [None req-6d40a805-6a06-41eb-bc2f-889e35489d95 tempest-VolumesActionsTest-1539115070 tempest-VolumesActionsTest-1539115070-project] Create volume request body: {'volume': {'size': 1, 'name': 'tempest-VolumesActionsTest-Volume-1966235648'}} {{(pid=120340) create /opt/stack/cinder/cinder/api/v3/volumes.py:298}}
Oct 04 08:52:47.389433 dv-cinder-859447-2-iscsi devstack@c-api.service[120340]: INFO cinder.api.v3.volumes [None req-6d40a805-6a06-41eb-bc2f-889e35489d95 tempest-VolumesActionsTest-1539115070 tempest-VolumesActionsTest-1539115070-project] Create volume of 1 GB
Oct 04 08:52:47.403064 dv-cinder-859447-2-iscsi devstack@c-api.service[120340]: INFO cinder.volume.api [None req-6d40a805-6a06-41eb-bc2f-889e35489d95 tempest-VolumesActionsTest-1539115070 tempest-VolumesActionsTest-1539115070-project] Availability Zones retrieved successfully.
Oct 04 08:52:47.418951 dv-cinder-859447-2-iscsi devstack@c-api.service[120340]: DEBUG cinder.volume.api [None req-6d40a805-6a06-41eb-bc2f-889e35489d95 tempest-VolumesActionsTest-1539115070 tempest-VolumesActionsTest-1539115070-project] Flow 'volume_create_api' (99a0b02d-4126-4b3c-bb6b-4ee738b772ed) transitioned into state 'RUNNING' from state 'PENDING' {{(pid=120340) _flow_receiver /usr/local/lib/python3.8/dist-packages/taskflow/listeners/logging.py:141}}
Oct 04 08:52:47.426593 dv-cinder-859447-2-iscsi devstack@c-api.service[120340]: DEBUG cinder.volume.api [None req-6d40a805-6a06-41eb-bc2f-889e35489d95 tempest-VolumesActionsTest-1539115070 tempest-VolumesActionsTest-1539115070-project] Task 'cinder.volume.flows.api.create_volume.ExtractVolumeRequestTask;volume:create' (625af3ea-7383-4943-ac2c-e49eef0b5153) transitioned into state 'RUNNING' from state 'PENDING' {{(pid=120340) _task_receiver /usr/local/lib/python3.8/dist-packages/taskflow/listeners/logging.py:190}}
Oct 04 08:52:47.426593 dv-cinder-859447-2-iscsi devstack@c-api.service[120340]: DEBUG cinder.volume.flows.api.create_volume [None req-6d40a805-6a06-41eb-bc2f-889e35489d95 tempest-VolumesActionsTest-1539115070 tempest-VolumesActionsTest-1539115070-project] Validating volume size '1' using validate_int {{(pid=120340) _extract_size /opt/stack/cinder/cinder/volume/flows/api/create_volume.py:228}}
Oct 04 08:52:47.462001 dv-cinder-859447-2-iscsi devstack@c-api.service[120340]: DEBUG cinder.volume.api [None req-6d40a805-6a06-41eb-bc2f-889e35489d95 tempest-VolumesActionsTest-1539115070 tempest-VolumesActionsTest-1539115070-project] Task 'cinder.volume.flows.api.create_volume.ExtractVolumeRequestTask;volume:create' (625af3ea-7383-4943-ac2c-e49eef0b5153) transitioned into state 'SUCCESS' from state 'RUNNING' with result '{'size': 1, 'snapshot_id': None, 'source_volid': None, 'volume_type': VolumeType(created_at=2022-10-04T08:37:10Z,deleted=False,deleted_at=None,description='Default Volume Type',extra_specs={},id=5c57f7d7-3ee7-4829-a22a-3c19e7cfa710,is_public=True,name='__DEFAULT__',projects=[],qos_specs=,qos_specs_id=None,updated_at=2022-10-04T08:37:10Z), 'volume_type_id': '5c57f7d7-3ee7-4829-a22a-3c19e7cfa710', 'encryption_key_id': None, 'qos_specs': None, 'consistencygroup_id': None, 'cgsnapshot_id': None, 'group_id': None, 'replication_status': 'disabled', 'refresh_az': False, 'backup_id': None, 'multiattach': False, 'availability_zones': ['nova']}' {{(pid=120340) _task_receiver /usr/local/lib/python3.8/dist-packages/taskflow/listeners/logging.py:178}}
Oct 04 08:52:47.463988 dv-cinder-859447-2-iscsi devstack@c-api.service[120340]: DEBUG cinder.volume.api [None req-6d40a805-6a06-41eb-bc2f-889e35489d95 tempest-VolumesActionsTest-1539115070 tempest-VolumesActionsTest-1539115070-project] Task 'cinder.volume.flows.api.create_volume.QuotaReserveTask;volume:create' (1a666b19-a4ea-4053-8d3d-4f9df5beba18) transitioned into state 'RUNNING' from state 'PENDING' {{(pid=120340) _task_receiver /usr/local/lib/python3.8/dist-packages/taskflow/listeners/logging.py:190}}
Oct 04 08:52:47.653993 dv-cinder-859447-2-iscsi devstack@c-api.service[120341]: INFO cinder.api.openstack.wsgi [None req-0f32d323-ac6a-468c-bd27-d9f833331957 tempest-VolumeSnapshotQuotasNegativeTestJSON-28809664 tempest-VolumeSnapshotQuotasNegativeTestJSON-28809664-project-admin] http://10.222.0.27/volume/v3/a43da02339fb4b238fccc578924ab426/os-quota-sets/6be9611496034f7d981daac6762ac33f returned with HTTP 200
Oct 04 08:52:47.655036 dv-cinder-859447-2-iscsi devstack@c-api.service[120341]: [pid: 120341|app: 0|req: 91/186] 10.222.0.27 () {60 vars in 1351 bytes} [Tue Oct 4 08:52:47 2022] PUT /volume/v3/a43da02339fb4b238fccc578924ab426/os-quota-sets/6be9611496034f7d981daac6762ac33f => generated 314 bytes in 402 msecs (HTTP/1.1 200) 7 headers in 285 bytes (1 switches on core 0)
Oct 04 08:52:47.672992 dv-cinder-859447-2-iscsi devstack@c-api.service[120341]: DEBUG cinder.api.middleware.request_id [None req-4246dae6-33a6-4685-bf2c-497d210805e5 None None] RequestId filter calling following filter/app {{(pid=120341) _context_setter /opt/stack/cinder/cinder/api/middleware/request_id.py:62}}
Oct 04 08:52:47.672992 dv-cinder-859447-2-iscsi devstack@c-api.service[120341]: INFO cinder.api.openstack.wsgi [None req-4246dae6-33a6-4685-bf2c-497d210805e5 tempest-VolumeSnapshotQuotasNegativeTestJSON-1765853044 tempest-VolumeSnapshotQuotasNegativeTestJSON-1765853044-project] POST http://10.222.0.27/volume/v3/6be9611496034f7d981daac6762ac33f/snapshots
Oct 04 08:52:47.674035 dv-cinder-859447-2-iscsi devstack@c-api.service[120341]: DEBUG cinder.api.openstack.wsgi [None req-4246dae6-33a6-4685-bf2c-497d210805e5 tempest-VolumeSnapshotQuotasNegativeTestJSON-1765853044 tempest-VolumeSnapshotQuotasNegativeTestJSON-1765853044-project] Action: 'create', calling method: create, body: {"snapshot": {"volume_id": "684651f7-aa9d-438e-9e41-9ac0d6202376"}} {{(pid=120341) _process_stack /opt/stack/cinder/cinder/api/openstack/wsgi.py:866}}
Oct 04 08:52:47.696432 dv-cinder-859447-2-iscsi devstack@c-api.service[120341]: /usr/local/lib/python3.8/dist-packages/oslo_context/context.py:100: DeprecationWarning: Policy enforcement is depending on the value of is_admin. This key is deprecated. Please update your policy file to use the standard policy values.
Oct 04 08:52:47.696432 dv-cinder-859447-2-iscsi devstack@c-api.service[120341]: warnings.warn('Policy enforcement is depending on the value of '
Oct 04 08:52:47.697708 dv-cinder-859447-2-iscsi devstack@c-api.service[120341]: INFO cinder.volume.api [None req-4246dae6-33a6-4685-bf2c-497d210805e5 tempest-VolumeSnapshotQuotasNegativeTestJSON-1765853044 tempest-VolumeSnapshotQuotasNegativeTestJSON-1765853044-project] Volume info retrieved successfully.
Oct 04 08:52:47.698020 dv-cinder-859447-2-iscsi devstack@c-api.service[120341]: INFO cinder.api.v3.snapshots [None req-4246dae6-33a6-4685-bf2c-497d210805e5 tempest-VolumeSnapshotQuotasNegativeTestJSON-1765853044 tempest-VolumeSnapshotQuotasNegativeTestJSON-1765853044-project] Create snapshot from volume 684651f7-aa9d-438e-9e41-9ac0d6202376
Oct 04 08:52:47.722027 dv-cinder-859447-2-iscsi devstack@c-api.service[120340]: DEBUG cinder.quota [None req-6d40a805-6a06-41eb-bc2f-889e35489d95 tempest-VolumesActionsTest-1539115070 tempest-VolumesActionsTest-1539115070-project] Created reservations ['0f7dd9d2-25f9-48ac-9a09-d6434b9a03ea', '61419156-29c9-4084-8c21-b00690d51aca', '5462c212-fe73-4e68-9be1-50a2d660ac64', '20a4c20a-f453-40ff-a6b5-9300337f80d9'] {{(pid=120340) reserve /opt/stack/cinder/cinder/quota.py:755}}
Oct 04 08:52:47.724762 dv-cinder-859447-2-iscsi devstack@c-api.service[120340]: DEBUG cinder.volume.api [None req-6d40a805-6a06-41eb-bc2f-889e35489d95 tempest-VolumesActionsTest-1539115070 tempest-VolumesActionsTest-1539115070-project] Task 'cinder.volume.flows.api.create_volume.QuotaReserveTask;volume:create' (1a666b19-a4ea-4053-8d3d-4f9df5beba18) transitioned into state 'SUCCESS' from state 'RUNNING' with result '{'reservations': ['0f7dd9d2-25f9-48ac-9a09-d6434b9a03ea', '61419156-29c9-4084-8c21-b00690d51aca', '5462c212-fe73-4e68-9be1-50a2d660ac64', '20a4c20a-f453-40ff-a6b5-9300337f80d9']}' {{(pid=120340) _task_receiver /usr/local/lib/python3.8/dist-packages/taskflow/listeners/logging.py:178}}
Oct 04 08:52:47.730225 dv-cinder-859447-2-iscsi devstack@c-api.service[120340]: DEBUG cinder.volume.api [None req-6d40a805-6a06-41eb-bc2f-889e35489d95 tempest-VolumesActionsTest-1539115070 tempest-VolumesActionsTest-1539115070-project] Task 'cinder.volume.flows.api.create_volume.EntryCreateTask;volume:create' (de04dc31-a1c5-451b-987f-0d8c80f67b24) transitioned into state 'RUNNING' from state 'PENDING' {{(pid=120340) _task_receiver /usr/local/lib/python3.8/dist-packages/taskflow/listeners/logging.py:190}}
Oct 04 08:52:47.767355 dv-cinder-859447-2-iscsi devstack@c-api.service[120341]: WARNING cinder.quota_utils [None req-4246dae6-33a6-4685-bf2c-497d210805e5 tempest-VolumeSnapshotQuotasNegativeTestJSON-1765853044 tempest-VolumeSnapshotQuotasNegativeTestJSON-1765853044-project] Quota exceeded for 6be9611496034f7d981daac6762ac33f, tried to create snapshot (1 snapshots already consumed).: cinder.exception.OverQuota: Quota exceeded for resources: ['snapshots']
Oct 04 08:52:47.771062 dv-cinder-859447-2-iscsi devstack@c-api.service[120341]: INFO cinder.api.middleware.fault [None req-4246dae6-33a6-4685-bf2c-497d210805e5 tempest-VolumeSnapshotQuotasNegativeTestJSON-1765853044 tempest-VolumeSnapshotQuotasNegativeTestJSON-1765853044-project] http://10.222.0.27/volume/v3/6be9611496034f7d981daac6762ac33f/snapshots returned with HTTP 413
Oct 04 08:52:47.774068 dv-cinder-859447-2-iscsi devstack@c-api.service[120341]: [pid: 120341|app: 0|req: 92/187] 10.222.0.27 () {60 vars in 1241 bytes} [Tue Oct 4 08:52:47 2022] POST /volume/v3/6be9611496034f7d981daac6762ac33f/snapshots => generated 133 bytes in 111 msecs (HTTP/1.1 413) 8 headers in 323 bytes (2 switches on core 0)
Oct 04 08:52:47.780512 dv-cinder-859447-2-iscsi devstack@c-api.service[120341]: DEBUG cinder.api.middleware.request_id [None req-81204cb3-93f0-4712-b121-cdadaa6b6d33 None None] RequestId filter calling following filter/app {{(pid=120341) _context_setter /opt/stack/cinder/cinder/api/middleware/request_id.py:62}}
Oct 04 08:52:47.792573 dv-cinder-859447-2-iscsi devstack@c-api.service[120341]: INFO cinder.api.openstack.wsgi [None req-81204cb3-93f0-4712-b121-cdadaa6b6d33 tempest-VolumeSnapshotQuotasNegativeTestJSON-1765853044 tempest-VolumeSnapshotQuotasNegativeTestJSON-1765853044-project] DELETE http://10.222.0.27/volume/v3/6be9611496034f7d981daac6762ac33f/snapshots/630a6001-d6e9-4852-87a5-975100b3c4ee
Oct 04 08:52:47.793447 dv-cinder-859447-2-iscsi devstack@c-api.service[120341]: DEBUG cinder.api.openstack.wsgi [None req-81204cb3-93f0-4712-b121-cdadaa6b6d33 tempest-VolumeSnapshotQuotasNegativeTestJSON-1765853044 tempest-VolumeSnapshotQuotasNegativeTestJSON-1765853044-project] Empty body provided in request {{(pid=120341) get_body /opt/stack/cinder/cinder/api/openstack/wsgi.py:715}}
Oct 04 08:52:47.794272 dv-cinder-859447-2-iscsi devstack@c-api.service[120341]: DEBUG cinder.api.openstack.wsgi [None req-81204cb3-93f0-4712-b121-cdadaa6b6d33 tempest-VolumeSnapshotQuotasNegativeTestJSON-1765853044 tempest-VolumeSnapshotQuotasNegativeTestJSON-1765853044-project] Calling method 'delete' {{(pid=120341) _process_stack /opt/stack/cinder/cinder/api/openstack/wsgi.py:868}}
Oct 04 08:52:47.794826 dv-cinder-859447-2-iscsi devstack@c-api.service[120341]: INFO cinder.api.v2.snapshots [None req-81204cb3-93f0-4712-b121-cdadaa6b6d33 tempest-VolumeSnapshotQuotasNegativeTestJSON-1765853044 tempest-VolumeSnapshotQuotasNegativeTestJSON-1765853044-project] Delete snapshot with id: 630a6001-d6e9-4852-87a5-975100b3c4ee
Oct 04 08:52:47.806736 dv-cinder-859447-2-iscsi devstack@c-api.service[120341]: /usr/local/lib/python3.8/dist-packages/oslo_context/context.py:100: DeprecationWarning: Policy enforcement is depending on the value of is_admin. This key is deprecated. Please update your policy file to use the standard policy values.
Oct 04 08:52:47.806736 dv-cinder-859447-2-iscsi devstack@c-api.service[120341]: warnings.warn('Policy enforcement is depending on the value of '
Oct 04 08:52:47.808197 dv-cinder-859447-2-iscsi devstack@c-api.service[120341]: INFO cinder.volume.api [None req-81204cb3-93f0-4712-b121-cdadaa6b6d33 tempest-VolumeSnapshotQuotasNegativeTestJSON-1765853044 tempest-VolumeSnapshotQuotasNegativeTestJSON-1765853044-project] Snapshot retrieved successfully.
Oct 04 08:52:47.857619 dv-cinder-859447-2-iscsi devstack@c-api.service[120340]: DEBUG cinder.volume.api [None req-6d40a805-6a06-41eb-bc2f-889e35489d95 tempest-VolumesActionsTest-1539115070 tempest-VolumesActionsTest-1539115070-project] Task 'cinder.volume.flows.api.create_volume.EntryCreateTask;volume:create' (de04dc31-a1c5-451b-987f-0d8c80f67b24) transitioned into state 'SUCCESS' from state 'RUNNING' with result '{'volume_id': '1f92a578-0887-4b56-b3b6-1d3c9e4212b7', 'volume_properties': VolumeProperties(attach_status='detached',availability_zone='nova',cgsnapshot_id=None,consistencygroup_id=None,display_description=None,display_name='tempest-VolumesActionsTest-Volume-1966235648',encryption_key_id=None,group_id=None,group_type_id=,metadata={},multiattach=False,project_id='894b70b0c4954b869c836a087285825a',qos_specs=None,replication_status=,reservations=['0f7dd9d2-25f9-48ac-9a09-d6434b9a03ea','61419156-29c9-4084-8c21-b00690d51aca','5462c212-fe73-4e68-9be1-50a2d660ac64','20a4c20a-f453-40ff-a6b5-9300337f80d9'],size=1,snapshot_id=None,source_replicaid=,source_volid=None,status='creating',user_id='b0c2529a3b9e41e084c87c6be9ae22ab',volume_type_id=5c57f7d7-3ee7-4829-a22a-3c19e7cfa710), 'volume': Volume(_name_id=None,admin_metadata=,attach_status='detached',availability_zone='nova',bootable=False,cluster=,cluster_name=None,consistencygroup=,consistencygroup_id=None,created_at=2022-10-04T08:52:47Z,deleted=False,deleted_at=None,display_description=None,display_name='tempest-VolumesActionsTest-Volume-1966235648',ec2_id=None,encryption_key_id=None,glance_metadata=,group=,group_id=None,host=None,id=1f92a578-0887-4b56-b3b6-1d3c9e4212b7,launched_at=None,metadata={},migration_status=None,multiattach=False,previous_status=None,project_id='894b70b0c4954b869c836a087285825a',provider_auth=None,provider_geometry=None,provider_id=None,provider_location=None,replication_driver_data=None,replication_extended_status=None,replication_status=None,scheduled_at=None,service_uuid=None,shared_targets=True,size=1,snapshot_id=None,snapshots=,source_volid=None,status='creating',terminated_at=None,updated_at=None,use_quota=True,user_id='b0c2529a3b9e41e084c87c6be9ae22ab',volume_attachment=VolumeAttachmentList,volume_type=VolumeType(5c57f7d7-3ee7-4829-a22a-3c19e7cfa710),volume_type_id=5c57f7d7-3ee7-4829-a22a-3c19e7cfa710)}' {{(pid=120340) _task_receiver /usr/local/lib/python3.8/dist-packages/taskflow/listeners/logging.py:178}}
Oct 04 08:52:47.859594 dv-cinder-859447-2-iscsi devstack@c-api.service[120340]: DEBUG cinder.volume.api [None req-6d40a805-6a06-41eb-bc2f-889e35489d95 tempest-VolumesActionsTest-1539115070 tempest-VolumesActionsTest-1539115070-project] Task 'cinder.volume.flows.api.create_volume.QuotaCommitTask;volume:create' (fe02bfeb-a17b-40e1-8093-a881d8ac24cf) transitioned into state 'RUNNING' from state 'PENDING' {{(pid=120340) _task_receiver /usr/local/lib/python3.8/dist-packages/taskflow/listeners/logging.py:190}}
Oct 04 08:52:47.947157 dv-cinder-859447-2-iscsi devstack@c-api.service[120340]: DEBUG cinder.volume.api [None req-6d40a805-6a06-41eb-bc2f-889e35489d95 tempest-VolumesActionsTest-1539115070 tempest-VolumesActionsTest-1539115070-project] Task 'cinder.volume.flows.api.create_volume.QuotaCommitTask;volume:create' (fe02bfeb-a17b-40e1-8093-a881d8ac24cf) transitioned into state 'SUCCESS' from state 'RUNNING' with result '{'volume_properties': VolumeProperties(attach_status='detached',availability_zone='nova',cgsnapshot_id=None,consistencygroup_id=None,display_description=None,display_name='tempest-VolumesActionsTest-Volume-1966235648',encryption_key_id=None,group_id=None,group_type_id=,metadata={},multiattach=False,project_id='894b70b0c4954b869c836a087285825a',qos_specs=None,replication_status=,reservations=['0f7dd9d2-25f9-48ac-9a09-d6434b9a03ea','61419156-29c9-4084-8c21-b00690d51aca','5462c212-fe73-4e68-9be1-50a2d660ac64','20a4c20a-f453-40ff-a6b5-9300337f80d9'],size=1,snapshot_id=None,source_replicaid=,source_volid=None,status='creating',user_id='b0c2529a3b9e41e084c87c6be9ae22ab',volume_type_id=5c57f7d7-3ee7-4829-a22a-3c19e7cfa710)}' {{(pid=120340) _task_receiver /usr/local/lib/python3.8/dist-packages/taskflow/listeners/logging.py:178}}
Oct 04 08:52:47.949390 dv-cinder-859447-2-iscsi devstack@c-api.service[120340]: DEBUG cinder.volume.api [None req-6d40a805-6a06-41eb-bc2f-889e35489d95 tempest-VolumesActionsTest-1539115070 tempest-VolumesActionsTest-1539115070-project] Task 'cinder.volume.flows.api.create_volume.VolumeCastTask;volume:create' (6041a123-3f72-48f8-96c7-abdbe30aa6db) transitioned into state 'RUNNING' from state 'PENDING' {{(pid=120340) _task_receiver /usr/local/lib/python3.8/dist-packages/taskflow/listeners/logging.py:190}}
Oct 04 08:52:47.952334 dv-cinder-859447-2-iscsi devstack@c-api.service[120341]: INFO cinder.volume.api [None req-81204cb3-93f0-4712-b121-cdadaa6b6d33 tempest-VolumeSnapshotQuotasNegativeTestJSON-1765853044 tempest-VolumeSnapshotQuotasNegativeTestJSON-1765853044-project] Snapshot delete request issued successfully.
Oct 04 08:52:47.953036 dv-cinder-859447-2-iscsi devstack@c-api.service[120341]: INFO cinder.api.openstack.wsgi [None req-81204cb3-93f0-4712-b121-cdadaa6b6d33 tempest-VolumeSnapshotQuotasNegativeTestJSON-1765853044 tempest-VolumeSnapshotQuotasNegativeTestJSON-1765853044-project] http://10.222.0.27/volume/v3/6be9611496034f7d981daac6762ac33f/snapshots/630a6001-d6e9-4852-87a5-975100b3c4ee returned with HTTP 202
Oct 04 08:52:47.955326 dv-cinder-859447-2-iscsi devstack@c-api.service[120341]: [pid: 120341|app: 0|req: 93/188] 10.222.0.27 () {58 vars in 1334 bytes} [Tue Oct 4 08:52:47 2022] DELETE /volume/v3/6be9611496034f7d981daac6762ac33f/snapshots/630a6001-d6e9-4852-87a5-975100b3c4ee => generated 0 bytes in 176 msecs (HTTP/1.1 202) 6 headers in 233 bytes (2 switches on core 0)
Oct 04 08:52:47.960539 dv-cinder-859447-2-iscsi devstack@c-api.service[120341]: DEBUG cinder.api.middleware.request_id [None req-7e8f39b2-92bc-4e68-b448-54c5af4a168e None None] RequestId filter calling following filter/app {{(pid=120341) _context_setter /opt/stack/cinder/cinder/api/middleware/request_id.py:62}}
Oct 04 08:52:47.965192 dv-cinder-859447-2-iscsi devstack@c-api.service[120341]: INFO cinder.api.openstack.wsgi [None req-7e8f39b2-92bc-4e68-b448-54c5af4a168e tempest-VolumeSnapshotQuotasNegativeTestJSON-1765853044 tempest-VolumeSnapshotQuotasNegativeTestJSON-1765853044-project] GET http://10.222.0.27/volume/v3/6be9611496034f7d981daac6762ac33f/snapshots/630a6001-d6e9-4852-87a5-975100b3c4ee
Oct 04 08:52:47.965711 dv-cinder-859447-2-iscsi devstack@c-api.service[120341]: DEBUG cinder.api.openstack.wsgi [None req-7e8f39b2-92bc-4e68-b448-54c5af4a168e tempest-VolumeSnapshotQuotasNegativeTestJSON-1765853044 tempest-VolumeSnapshotQuotasNegativeTestJSON-1765853044-project] Empty body provided in request {{(pid=120341) get_body /opt/stack/cinder/cinder/api/openstack/wsgi.py:715}}
