Sep 28 15:41:24.914227 dv-cinder-859319-2-iscsi neutron-server[112831]: DEBUG neutron.scheduler.dhcp_agent_scheduler [None req-0dc036a7-0054-40ee-83ac-150df801b950 admin admin] Network hostable DHCP agents. Network: 85a0d787-d04b-4ff1-9585-ae17b62d54da, hostable agents: ['7802b0b3-f79f-4e61-b9ee-14f81a494c4e'], hosted agents: [] {{(pid=112831) _get_network_hostable_dhcp_agents /opt/stack/neutron/neutron/scheduler/dhcp_agent_scheduler.py:329}}
Sep 28 15:41:24.934179 dv-cinder-859319-2-iscsi neutron-server[112831]: DEBUG neutron.scheduler.dhcp_agent_scheduler [None req-0dc036a7-0054-40ee-83ac-150df801b950 admin admin] Network 85a0d787-d04b-4ff1-9585-ae17b62d54da is scheduled to be hosted by DHCP agent 7802b0b3-f79f-4e61-b9ee-14f81a494c4e with binding_index 1 {{(pid=112831) bind /opt/stack/neutron/neutron/scheduler/dhcp_agent_scheduler.py:227}}
Sep 28 15:41:24.939037 dv-cinder-859319-2-iscsi neutron-server[112830]: DEBUG neutron.api.v2.base [None req-a286bd52-3e6f-49a1-9e9a-5d9ad537f4fd admin admin] Request body: {'network': {'name': 'tempest-AttachVolumeShelveTestJSON-1910872667-network', 'tenant_id': '335ecfeb5c6a436e909618c1305593bb'}} {{(pid=112830) prepare_request_body /opt/stack/neutron/neutron/api/v2/base.py:730}}
Sep 28 15:41:24.945980 dv-cinder-859319-2-iscsi neutron-server[112831]: DEBUG neutron.scheduler.base_scheduler [None req-0dc036a7-0054-40ee-83ac-150df801b950 admin admin] Resources bound (agent type, host, resource id): (DHCP agent, dv-cinder-859319-2-iscsi, 85a0d787-d04b-4ff1-9585-ae17b62d54da) {{(pid=112831) schedule /opt/stack/neutron/neutron/scheduler/base_scheduler.py:57}}
Sep 28 15:41:24.952166 dv-cinder-859319-2-iscsi neutron-server[112831]: DEBUG neutron.pecan_wsgi.hooks.policy_enforcement [None req-0dc036a7-0054-40ee-83ac-150df801b950 admin admin] Attributes excluded by policy engine: ['standard_attr_id', 'shared', 'network'] {{(pid=112831) _exclude_attributes_by_policy /opt/stack/neutron/neutron/pecan_wsgi/hooks/policy_enforcement.py:259}}
Sep 28 15:41:24.953204 dv-cinder-859319-2-iscsi neutron-server[112831]: DEBUG neutron_lib.callbacks.manager [None req-0dc036a7-0054-40ee-83ac-150df801b950 admin admin] Publish callbacks ['neutron.api.rpc.agentnotifiers.dhcp_rpc_agent_api.DhcpAgentNotifyAPI._send_dhcp_notification-1630071'] for subnet (None), before_response {{(pid=112831) _notify_loop /usr/local/lib/python3.8/dist-packages/neutron_lib/callbacks/manager.py:176}}
Sep 28 15:41:24.959466 dv-cinder-859319-2-iscsi neutron-server[112832]: DEBUG neutron.api.rpc.handlers.dhcp_rpc [None req-866919e9-dfc8-4ce5-8c5d-14657b3bd923 None None] Network 85a0d787-d04b-4ff1-9585-ae17b62d54da requested from dv-cinder-859319-2-iscsi {{(pid=112832) get_network_info /opt/stack/neutron/neutron/api/rpc/handlers/dhcp_rpc.py:193}}
Sep 28 15:41:25.000484 dv-cinder-859319-2-iscsi neutron-server[112831]: INFO neutron.wsgi [None req-0dc036a7-0054-40ee-83ac-150df801b950 admin admin] 10.222.0.52 "POST /networking/v2.0/subnets HTTP/1.1" status: 201 len: 847 time: 0.5053163
Sep 28 15:41:25.001537 dv-cinder-859319-2-iscsi neutron-server[112831]: DEBUG neutron.wsgi [-] (112831) accepted ('10.222.0.52', 36910) {{(pid=112831) server /usr/local/lib/python3.8/dist-packages/eventlet/wsgi.py:1004}}
Sep 28 15:41:25.006862 dv-cinder-859319-2-iscsi neutron-server[112831]: DEBUG neutron.api.v2.base [None req-01ee4eea-39ad-44e4-9109-99879e3fec77 admin admin] Request body: {'router': {'name': 'tempest-AttachVolumeTestJSON-2075640652-router', 'tenant_id': '62692d2b160040879aecaf4d44ad19b3', 'external_gateway_info': {'network_id': 'f685b48a-c03f-466e-b53a-e2fe3db84996'}}} {{(pid=112831) prepare_request_body /opt/stack/neutron/neutron/api/v2/base.py:730}}
Sep 28 15:41:25.007258 dv-cinder-859319-2-iscsi neutron-server[112830]: DEBUG dbcounter [-] [112830] Writing DB stats neutron:SELECT=75,neutron:INSERT=20,neutron:UPDATE=3,neutron:DELETE=2 {{(pid=112830) stat_writer /usr/local/lib/python3.8/dist-packages/dbcounter.py:114}}
Sep 28 15:41:25.015918 dv-cinder-859319-2-iscsi neutron-server[112830]: DEBUG neutron.api.v2.base [None req-3c3e290d-1ba7-4c35-80b8-9400ea23b9b0 admin admin] Request body: {'network': {'name': 'tempest-AttachVolumeNegativeTest-1048298390-network', 'tenant_id': '4eacc288ff1c40c8877635b387ffc3bc'}} {{(pid=112830) prepare_request_body /opt/stack/neutron/neutron/api/v2/base.py:730}}
Sep 28 15:41:25.032770 dv-cinder-859319-2-iscsi neutron-server[112830]: DEBUG neutron.api.v2.base [None req-626fb686-6a70-49c4-a7de-2a1ccc3b19b1 admin admin] Request body: {'network': {'name': 'tempest-ServerRescueNegativeTestJSON-593595512-network', 'tenant_id': '824ddb9f6f344a2684cf31d08427306c'}} {{(pid=112830) prepare_request_body /opt/stack/neutron/neutron/api/v2/base.py:730}}
Sep 28 15:41:25.038204 dv-cinder-859319-2-iscsi neutron-server[112831]: DEBUG neutron_lib.callbacks.manager [None req-01ee4eea-39ad-44e4-9109-99879e3fec77 admin admin] Publish callbacks ['neutron.services.l3_router.l3_router_plugin.L3_HA_NAT_db_mixin._before_router_create_handler-2010839', 'neutron.services.l3_router.service_providers.driver_controller.DriverController._check_router_request-921'] for router (895b776f-1a2a-4160-9ea2-0173388f3460), before_create {{(pid=112831) _notify_loop /usr/local/lib/python3.8/dist-packages/neutron_lib/callbacks/manager.py:176}}
Sep 28 15:41:25.039860 dv-cinder-859319-2-iscsi neutron-server[112831]: DEBUG neutron_lib.callbacks.manager [None req-01ee4eea-39ad-44e4-9109-99879e3fec77 admin admin] Publish callbacks ['neutron.services.l3_router.l3_router_plugin.L3_HA_NAT_db_mixin._precommit_router_create-2007291', 'neutron.services.l3_router.l3_router_plugin.DVRResourceOperationHandler._set_distributed_flag-2002050', 'neutron.services.l3_router.l3_router_plugin.RouterAvailabilityZoneMixin._process_az_request-1936186', 'neutron.services.l3_router.service_providers.driver_controller.DriverController._set_router_provider-898'] for router (895b776f-1a2a-4160-9ea2-0173388f3460), precommit_create {{(pid=112831) _notify_loop /usr/local/lib/python3.8/dist-packages/neutron_lib/callbacks/manager.py:176}}
Sep 28 15:41:25.044145 dv-cinder-859319-2-iscsi neutron-server[112831]: DEBUG dbcounter [-] [112831] Writing DB stats neutron:SELECT=76,neutron:INSERT=19,neutron:UPDATE=4,neutron:DELETE=1 {{(pid=112831) stat_writer /usr/local/lib/python3.8/dist-packages/dbcounter.py:114}}
Sep 28 15:41:25.049406 dv-cinder-859319-2-iscsi neutron-server[112831]: DEBUG dbcounter [-] [112831] Writing DB stats neutron:SELECT=83,neutron:INSERT=12,neutron:UPDATE=2,neutron:DELETE=3 {{(pid=112831) stat_writer /usr/local/lib/python3.8/dist-packages/dbcounter.py:114}}
Sep 28 15:41:25.058371 dv-cinder-859319-2-iscsi neutron-server[112830]: DEBUG neutron.pecan_wsgi.hooks.quota_enforcement [None req-a286bd52-3e6f-49a1-9e9a-5d9ad537f4fd admin admin] Made reservation on behalf of 335ecfeb5c6a436e909618c1305593bb for: {'network': 1} {{(pid=112830) before /opt/stack/neutron/neutron/pecan_wsgi/hooks/quota_enforcement.py:53}}
Sep 28 15:41:25.070261 dv-cinder-859319-2-iscsi neutron-server[112830]: DEBUG neutron_lib.callbacks.manager [None req-a286bd52-3e6f-49a1-9e9a-5d9ad537f4fd admin admin] Publish callbacks ['neutron.plugins.ml2.plugin.SecurityGroupDbMixin._ensure_default_security_group_handler-887361'] for network (None), before_create {{(pid=112830) _notify_loop /usr/local/lib/python3.8/dist-packages/neutron_lib/callbacks/manager.py:176}}
Sep 28 15:41:25.082325 dv-cinder-859319-2-iscsi neutron-server[112830]: DEBUG neutron.api.rpc.handlers.resources_rpc [None req-8c6d1b06-57f1-4aa0-9abb-27169de5ea1e admin admin] Pushing event updated for resources: {'Subnet': ['ID=3ba17e55-cd6a-4168-9e6d-8d57c624d948,revision_number=0']} {{(pid=112830) push /opt/stack/neutron/neutron/api/rpc/handlers/resources_rpc.py:237}}
Sep 28 15:41:25.087065 dv-cinder-859319-2-iscsi neutron-server[112830]: DEBUG neutron.plugins.ml2.drivers.mech_agent [None req-8c6d1b06-57f1-4aa0-9abb-27169de5ea1e admin admin] Checking segment: {'id': '6d5af7d4-a325-48f3-af5c-27adc1334102', 'network_type': 'vlan', 'physical_network': 'physnet1', 'segmentation_id': 64, 'network_id': 'e3f5d48c-3282-4a82-969b-edabdb53cfff'} for mappings: {'physnet1': 'br-data'} with network types: ['local', 'flat', 'vlan'] {{(pid=112830) check_segment_for_agent /opt/stack/neutron/neutron/plugins/ml2/drivers/mech_agent.py:399}}
Sep 28 15:41:25.088121 dv-cinder-859319-2-iscsi neutron-server[112830]: DEBUG neutron.scheduler.dhcp_agent_scheduler [None req-8c6d1b06-57f1-4aa0-9abb-27169de5ea1e admin admin] Network hostable DHCP agents. Network: e3f5d48c-3282-4a82-969b-edabdb53cfff, hostable agents: ['7802b0b3-f79f-4e61-b9ee-14f81a494c4e'], hosted agents: [] {{(pid=112830) _get_network_hostable_dhcp_agents /opt/stack/neutron/neutron/scheduler/dhcp_agent_scheduler.py:329}}
Sep 28 15:41:25.110155 dv-cinder-859319-2-iscsi neutron-server[112830]: DEBUG neutron.pecan_wsgi.hooks.quota_enforcement [None req-626fb686-6a70-49c4-a7de-2a1ccc3b19b1 admin admin] Made reservation on behalf of 824ddb9f6f344a2684cf31d08427306c for: {'network': 1} {{(pid=112830) before /opt/stack/neutron/neutron/pecan_wsgi/hooks/quota_enforcement.py:53}}
Sep 28 15:41:25.113072 dv-cinder-859319-2-iscsi neutron-server[112830]: DEBUG neutron_lib.callbacks.manager [None req-626fb686-6a70-49c4-a7de-2a1ccc3b19b1 admin admin] Publish callbacks ['neutron.plugins.ml2.plugin.SecurityGroupDbMixin._ensure_default_security_group_handler-887361'] for network (None), before_create {{(pid=112830) _notify_loop /usr/local/lib/python3.8/dist-packages/neutron_lib/callbacks/manager.py:176}}
Sep 28 15:41:25.115539 dv-cinder-859319-2-iscsi neutron-server[112830]: DEBUG neutron_lib.callbacks.manager [None req-a286bd52-3e6f-49a1-9e9a-5d9ad537f4fd admin admin] Publish callbacks [] for security_group (None), before_create {{(pid=112830) _notify_loop /usr/local/lib/python3.8/dist-packages/neutron_lib/callbacks/manager.py:176}}
Sep 28 15:41:25.128829 dv-cinder-859319-2-iscsi neutron-server[112832]: DEBUG neutron.api.rpc.handlers.dhcp_rpc [None req-3ce21cb9-7e43-4297-a06e-de0fd22a397e None None] Create dhcp port {'port': {'name': '', 'admin_state_up': True, 'device_id': 'dhcpcbea2f03-f2f5-5d16-984d-da56f93fd32e-85a0d787-d04b-4ff1-9585-ae17b62d54da', 'network_id': '85a0d787-d04b-4ff1-9585-ae17b62d54da', 'project_id': '62692d2b160040879aecaf4d44ad19b3', 'fixed_ips': [{'subnet_id': '88fae1ee-0705-4534-b58e-c4705ad63cff'}]}} from dv-cinder-859319-2-iscsi. {{(pid=112832) create_dhcp_port /opt/stack/neutron/neutron/api/rpc/handlers/dhcp_rpc.py:282}}
Sep 28 15:41:25.130019 dv-cinder-859319-2-iscsi neutron-server[112832]: DEBUG neutron_lib.callbacks.manager [None req-3ce21cb9-7e43-4297-a06e-de0fd22a397e None None] Publish callbacks ['neutron.plugins.ml2.plugin.SecurityGroupDbMixin._ensure_default_security_group_handler-887361'] for port (None), before_create {{(pid=112832) _notify_loop /usr/local/lib/python3.8/dist-packages/neutron_lib/callbacks/manager.py:176}}
Sep 28 15:41:25.147790 dv-cinder-859319-2-iscsi neutron-server[112830]: DEBUG dbcounter [-] [112830] Writing DB stats neutron:SELECT=88,neutron:INSERT=10,neutron:UPDATE=2 {{(pid=112830) stat_writer /usr/local/lib/python3.8/dist-packages/dbcounter.py:114}}
Sep 28 15:41:25.148841 dv-cinder-859319-2-iscsi neutron-server[112830]: DEBUG neutron_lib.callbacks.manager [None req-626fb686-6a70-49c4-a7de-2a1ccc3b19b1 admin admin] Publish callbacks [] for security_group (None), before_create {{(pid=112830) _notify_loop /usr/local/lib/python3.8/dist-packages/neutron_lib/callbacks/manager.py:176}}
Sep 28 15:41:25.169066 dv-cinder-859319-2-iscsi neutron-server[112831]: DEBUG neutron_lib.callbacks.manager [None req-01ee4eea-39ad-44e4-9109-99879e3fec77 admin admin] Publish callbacks [] for router_controller (895b776f-1a2a-4160-9ea2-0173388f3460), precommit_add_association {{(pid=112831) _notify_loop /usr/local/lib/python3.8/dist-packages/neutron_lib/callbacks/manager.py:176}}
Sep 28 15:41:25.195377 dv-cinder-859319-2-iscsi neutron-server[112830]: DEBUG neutron.pecan_wsgi.hooks.quota_enforcement [None req-3c3e290d-1ba7-4c35-80b8-9400ea23b9b0 admin admin] Made reservation on behalf of 4eacc288ff1c40c8877635b387ffc3bc for: {'network': 1} {{(pid=112830) before /opt/stack/neutron/neutron/pecan_wsgi/hooks/quota_enforcement.py:53}}
Sep 28 15:41:25.198671 dv-cinder-859319-2-iscsi neutron-server[112830]: DEBUG neutron_lib.callbacks.manager [None req-3c3e290d-1ba7-4c35-80b8-9400ea23b9b0 admin admin] Publish callbacks ['neutron.plugins.ml2.plugin.SecurityGroupDbMixin._ensure_default_security_group_handler-887361'] for network (None), before_create {{(pid=112830) _notify_loop /usr/local/lib/python3.8/dist-packages/neutron_lib/callbacks/manager.py:176}}
Sep 28 15:41:25.201264 dv-cinder-859319-2-iscsi neutron-server[112830]: DEBUG neutron.scheduler.dhcp_agent_scheduler [None req-8c6d1b06-57f1-4aa0-9abb-27169de5ea1e admin admin] Network e3f5d48c-3282-4a82-969b-edabdb53cfff is scheduled to be hosted by DHCP agent 7802b0b3-f79f-4e61-b9ee-14f81a494c4e with binding_index 1 {{(pid=112830) bind /opt/stack/neutron/neutron/scheduler/dhcp_agent_scheduler.py:227}}
Sep 28 15:41:25.230819 dv-cinder-859319-2-iscsi neutron-server[112830]: DEBUG neutron_lib.callbacks.manager [None req-3c3e290d-1ba7-4c35-80b8-9400ea23b9b0 admin admin] Publish callbacks [] for security_group (None), before_create {{(pid=112830) _notify_loop /usr/local/lib/python3.8/dist-packages/neutron_lib/callbacks/manager.py:176}}
Sep 28 15:41:25.239923 dv-cinder-859319-2-iscsi neutron-server[112830]: DEBUG neutron.scheduler.base_scheduler [None req-8c6d1b06-57f1-4aa0-9abb-27169de5ea1e admin admin] Resources bound (agent type, host, resource id): (DHCP agent, dv-cinder-859319-2-iscsi, e3f5d48c-3282-4a82-969b-edabdb53cfff) {{(pid=112830) schedule /opt/stack/neutron/neutron/scheduler/base_scheduler.py:57}}
Sep 28 15:41:25.254995 dv-cinder-859319-2-iscsi neutron-server[112830]: DEBUG neutron.pecan_wsgi.hooks.policy_enforcement [None req-8c6d1b06-57f1-4aa0-9abb-27169de5ea1e admin admin] Attributes excluded by policy engine: ['standard_attr_id', 'shared', 'network'] {{(pid=112830) _exclude_attributes_by_policy /opt/stack/neutron/neutron/pecan_wsgi/hooks/policy_enforcement.py:259}}
Sep 28 15:41:25.255782 dv-cinder-859319-2-iscsi neutron-server[112830]: DEBUG neutron_lib.callbacks.manager [None req-8c6d1b06-57f1-4aa0-9abb-27169de5ea1e admin admin] Publish callbacks ['neutron.api.rpc.agentnotifiers.dhcp_rpc_agent_api.DhcpAgentNotifyAPI._send_dhcp_notification-1630071'] for subnet (None), before_response {{(pid=112830) _notify_loop /usr/local/lib/python3.8/dist-packages/neutron_lib/callbacks/manager.py:176}}
Sep 28 15:41:25.269933 dv-cinder-859319-2-iscsi neutron-server[112832]: DEBUG neutron.api.rpc.handlers.dhcp_rpc [None req-202020af-426f-4310-91f8-15f157089483 None None] Network e3f5d48c-3282-4a82-969b-edabdb53cfff requested from dv-cinder-859319-2-iscsi {{(pid=112832) get_network_info /opt/stack/neutron/neutron/api/rpc/handlers/dhcp_rpc.py:193}}
Sep 28 15:41:25.347668 dv-cinder-859319-2-iscsi neutron-server[112830]: INFO neutron.wsgi [None req-8c6d1b06-57f1-4aa0-9abb-27169de5ea1e admin admin] 10.222.0.52 "POST /networking/v2.0/subnets HTTP/1.1" status: 201 len: 848 time: 0.9277241
Sep 28 15:41:25.360449 dv-cinder-859319-2-iscsi neutron-server[112830]: DEBUG neutron.wsgi [-] (112830) accepted ('10.222.0.52', 36920) {{(pid=112830) server /usr/local/lib/python3.8/dist-packages/eventlet/wsgi.py:1004}}
Sep 28 15:41:25.391340 dv-cinder-859319-2-iscsi neutron-server[112830]: DEBUG neutron.api.v2.base [None req-33cadf4e-b99b-4ed6-85b2-9e205c55be28 admin admin] Request body: {'router': {'name': 'tempest-DeleteServersTestJSON-1608050589-router', 'tenant_id': '6822e0b3eedd404895cd4c0c64082344', 'external_gateway_info': {'network_id': 'f685b48a-c03f-466e-b53a-e2fe3db84996'}}} {{(pid=112830) prepare_request_body /opt/stack/neutron/neutron/api/v2/base.py:730}}
Sep 28 15:41:25.430217 dv-cinder-859319-2-iscsi neutron-server[112831]: DEBUG neutron_lib.callbacks.manager [None req-01ee4eea-39ad-44e4-9109-99879e3fec77 admin admin] Publish callbacks [] for router_gateway (895b776f-1a2a-4160-9ea2-0173388f3460), precommit_update {{(pid=112831) _notify_loop /usr/local/lib/python3.8/dist-packages/neutron_lib/callbacks/manager.py:176}}
Sep 28 15:41:25.510325 dv-cinder-859319-2-iscsi neutron-server[112830]: DEBUG neutron_lib.callbacks.manager [None req-a286bd52-3e6f-49a1-9e9a-5d9ad537f4fd admin admin] Publish callbacks [] for security_group (a8295a5f-8f75-4364-b810-f45871ba5aba), precommit_create {{(pid=112830) _notify_loop /usr/local/lib/python3.8/dist-packages/neutron_lib/callbacks/manager.py:176}}
Sep 28 15:41:25.513889 dv-cinder-859319-2-iscsi neutron-server[112830]: DEBUG neutron_lib.callbacks.manager [None req-626fb686-6a70-49c4-a7de-2a1ccc3b19b1 admin admin] Publish callbacks [] for security_group (32c79b14-f7a3-4d1d-b61c-6e035ef69c47), precommit_create {{(pid=112830) _notify_loop /usr/local/lib/python3.8/dist-packages/neutron_lib/callbacks/manager.py:176}}
Sep 28 15:41:25.515098 dv-cinder-859319-2-iscsi neutron-server[112830]: DEBUG neutron_lib.callbacks.manager [None req-33cadf4e-b99b-4ed6-85b2-9e205c55be28 admin admin] Publish callbacks ['neutron.services.l3_router.l3_router_plugin.L3_HA_NAT_db_mixin._before_router_create_handler-2010839', 'neutron.services.l3_router.service_providers.driver_controller.DriverController._check_router_request-921'] for router (0e1255bc-7bf2-4f2f-9f76-dd0f45922bf2), before_create {{(pid=112830) _notify_loop /usr/local/lib/python3.8/dist-packages/neutron_lib/callbacks/manager.py:176}}
Sep 28 15:41:25.516125 dv-cinder-859319-2-iscsi neutron-server[112830]: DEBUG neutron_lib.callbacks.manager [None req-33cadf4e-b99b-4ed6-85b2-9e205c55be28 admin admin] Publish callbacks ['neutron.services.l3_router.l3_router_plugin.L3_HA_NAT_db_mixin._precommit_router_create-2007291', 'neutron.services.l3_router.l3_router_plugin.DVRResourceOperationHandler._set_distributed_flag-2002050', 'neutron.services.l3_router.l3_router_plugin.RouterAvailabilityZoneMixin._process_az_request-1936186', 'neutron.services.l3_router.service_providers.driver_controller.DriverController._set_router_provider-898'] for router (0e1255bc-7bf2-4f2f-9f76-dd0f45922bf2), precommit_create {{(pid=112830) _notify_loop /usr/local/lib/python3.8/dist-packages/neutron_lib/callbacks/manager.py:176}}
Sep 28 15:41:25.531404 dv-cinder-859319-2-iscsi neutron-server[112830]: DEBUG neutron_lib.callbacks.manager [None req-a286bd52-3e6f-49a1-9e9a-5d9ad537f4fd admin admin] Publish callbacks ['neutron.plugins.ml2.ovo_rpc._ObjectChangeHandler.handle_event-1594098'] for security_group (a8295a5f-8f75-4364-b810-f45871ba5aba), after_create {{(pid=112830) _notify_loop /usr/local/lib/python3.8/dist-packages/neutron_lib/callbacks/manager.py:176}}
Sep 28 15:41:25.552209 dv-cinder-859319-2-iscsi neutron-server[112830]: DEBUG neutron_lib.callbacks.manager [None req-626fb686-6a70-49c4-a7de-2a1ccc3b19b1 admin admin] Publish callbacks ['neutron.plugins.ml2.ovo_rpc._ObjectChangeHandler.handle_event-1594098'] for security_group (32c79b14-f7a3-4d1d-b61c-6e035ef69c47), after_create {{(pid=112830) _notify_loop /usr/local/lib/python3.8/dist-packages/neutron_lib/callbacks/manager.py:176}}
Sep 28 15:41:25.588429 dv-cinder-859319-2-iscsi neutron-server[112832]: DEBUG neutron.db.db_base_plugin_common [None req-3ce21cb9-7e43-4297-a06e-de0fd22a397e None None] Allocated IP 172.20.0.2 (85a0d787-d04b-4ff1-9585-ae17b62d54da/88fae1ee-0705-4534-b58e-c4705ad63cff/125a09df-cfb8-43bc-82d0-a385d18a2777) {{(pid=112832) _store_ip_allocation /opt/stack/neutron/neutron/db/db_base_plugin_common.py:131}}
Sep 28 15:41:25.621082 dv-cinder-859319-2-iscsi neutron-server[112832]: DEBUG neutron.api.rpc.handlers.dhcp_rpc [None req-c3af4138-1e0d-4438-ae6a-1a84526a451f None None] Create dhcp port {'port': {'name': '', 'admin_state_up': True, 'device_id': 'dhcpcbea2f03-f2f5-5d16-984d-da56f93fd32e-e3f5d48c-3282-4a82-969b-edabdb53cfff', 'network_id': 'e3f5d48c-3282-4a82-969b-edabdb53cfff', 'project_id': '6822e0b3eedd404895cd4c0c64082344', 'fixed_ips': [{'subnet_id': '3ba17e55-cd6a-4168-9e6d-8d57c624d948'}]}} from dv-cinder-859319-2-iscsi. {{(pid=112832) create_dhcp_port /opt/stack/neutron/neutron/api/rpc/handlers/dhcp_rpc.py:282}}
Sep 28 15:41:25.622048 dv-cinder-859319-2-iscsi neutron-server[112832]: DEBUG neutron_lib.callbacks.manager [None req-c3af4138-1e0d-4438-ae6a-1a84526a451f None None] Publish callbacks ['neutron.plugins.ml2.plugin.SecurityGroupDbMixin._ensure_default_security_group_handler-887361'] for port (None), before_create {{(pid=112832) _notify_loop /usr/local/lib/python3.8/dist-packages/neutron_lib/callbacks/manager.py:176}}
Sep 28 15:41:25.771692 dv-cinder-859319-2-iscsi neutron-server[112831]: DEBUG neutron_lib.callbacks.manager [None req-01ee4eea-39ad-44e4-9109-99879e3fec77 admin admin] Publish callbacks [] for router_gateway (895b776f-1a2a-4160-9ea2-0173388f3460), before_create {{(pid=112831) _notify_loop /usr/local/lib/python3.8/dist-packages/neutron_lib/callbacks/manager.py:176}}
Sep 28 15:41:25.807196 dv-cinder-859319-2-iscsi neutron-server[112831]: DEBUG neutron_lib.callbacks.manager [None req-01ee4eea-39ad-44e4-9109-99879e3fec77 admin admin] Publish callbacks ['neutron.plugins.ml2.plugin.SecurityGroupDbMixin._ensure_default_security_group_handler-887361'] for port (None), before_create {{(pid=112831) _notify_loop /usr/local/lib/python3.8/dist-packages/neutron_lib/callbacks/manager.py:176}}
Sep 28 15:41:25.863624 dv-cinder-859319-2-iscsi neutron-server[112830]: DEBUG neutron_lib.callbacks.manager [None req-3c3e290d-1ba7-4c35-80b8-9400ea23b9b0 admin admin] Publish callbacks [] for security_group (9361d83b-5ba5-4a38-80b9-0e4fd8dfa542), precommit_create {{(pid=112830) _notify_loop /usr/local/lib/python3.8/dist-packages/neutron_lib/callbacks/manager.py:176}}
Sep 28 15:41:25.872959 dv-cinder-859319-2-iscsi neutron-server[112830]: DEBUG neutron.plugins.ml2.drivers.helpers [None req-a286bd52-3e6f-49a1-9e9a-5d9ad537f4fd admin admin] vlan segment allocate from pool success with {'vlan_id': 63, 'physical_network': 'physnet1'} {{(pid=112830) allocate_partially_specified_segment /opt/stack/neutron/neutron/plugins/ml2/drivers/helpers.py:153}}
Sep 28 15:41:25.875462 dv-cinder-859319-2-iscsi neutron-server[112832]: DEBUG neutron.db.db_base_plugin_common [None req-c3af4138-1e0d-4438-ae6a-1a84526a451f None None] Allocated IP 172.20.0.2 (e3f5d48c-3282-4a82-969b-edabdb53cfff/3ba17e55-cd6a-4168-9e6d-8d57c624d948/a3ade354-4809-4590-876d-18eb89355113) {{(pid=112832) _store_ip_allocation /opt/stack/neutron/neutron/db/db_base_plugin_common.py:131}}
Sep 28 15:41:25.908542 dv-cinder-859319-2-iscsi neutron-server[112830]: DEBUG dbcounter [-] [112830] Writing DB stats neutron:SELECT=70,neutron:INSERT=26,neutron:UPDATE=2,neutron:DELETE=2 {{(pid=112830) stat_writer /usr/local/lib/python3.8/dist-packages/dbcounter.py:114}}
Sep 28 15:41:25.911051 dv-cinder-859319-2-iscsi neutron-server[112830]: DEBUG neutron.plugins.ml2.drivers.helpers [None req-626fb686-6a70-49c4-a7de-2a1ccc3b19b1 admin admin] vlan segment allocate from pool success with {'vlan_id': 58, 'physical_network': 'physnet1'} {{(pid=112830) allocate_partially_specified_segment /opt/stack/neutron/neutron/plugins/ml2/drivers/helpers.py:153}}
Sep 28 15:41:25.918778 dv-cinder-859319-2-iscsi neutron-server[112830]: DEBUG neutron_lib.callbacks.manager [None req-3c3e290d-1ba7-4c35-80b8-9400ea23b9b0 admin admin] Publish callbacks ['neutron.plugins.ml2.ovo_rpc._ObjectChangeHandler.handle_event-1594098'] for security_group (9361d83b-5ba5-4a38-80b9-0e4fd8dfa542), after_create {{(pid=112830) _notify_loop /usr/local/lib/python3.8/dist-packages/neutron_lib/callbacks/manager.py:176}}
Sep 28 15:41:25.935149 dv-cinder-859319-2-iscsi neutron-server[112831]: DEBUG neutron.db.db_base_plugin_common [None req-01ee4eea-39ad-44e4-9109-99879e3fec77 admin admin] Allocated IP 172.27.2.243 (f685b48a-c03f-466e-b53a-e2fe3db84996/2bcf8f69-ea2f-46a5-b261-39ea3508e584/d796e8b0-fa81-4f4c-9d5e-ad0f27e1e24a) {{(pid=112831) _store_ip_allocation /opt/stack/neutron/neutron/db/db_base_plugin_common.py:131}}
Sep 28 15:41:25.940782 dv-cinder-859319-2-iscsi neutron-server[112830]: DEBUG neutron.api.rpc.handlers.resources_rpc [None req-a286bd52-3e6f-49a1-9e9a-5d9ad537f4fd admin admin] Pushing event updated for resources: {'SecurityGroup': ['ID=a8295a5f-8f75-4364-b810-f45871ba5aba,revision_number=1']} {{(pid=112830) push /opt/stack/neutron/neutron/api/rpc/handlers/resources_rpc.py:237}}
Sep 28 15:41:25.976054 dv-cinder-859319-2-iscsi neutron-server[112830]: DEBUG neutron_lib.callbacks.manager [None req-a286bd52-3e6f-49a1-9e9a-5d9ad537f4fd admin admin] Publish callbacks ['neutron.plugins.ml2.plugin.Ml2Plugin._handle_segment_change-817957'] for segment (3564c503-0b35-4a3e-9a76-10a24cfd46dc), precommit_create {{(pid=112830) _notify_loop /usr/local/lib/python3.8/dist-packages/neutron_lib/callbacks/manager.py:176}}
Sep 28 15:41:25.976397 dv-cinder-859319-2-iscsi neutron-server[112830]: INFO neutron.db.segments_db [None req-a286bd52-3e6f-49a1-9e9a-5d9ad537f4fd admin admin] Added segment 3564c503-0b35-4a3e-9a76-10a24cfd46dc of type vlan for network 2beddede-7b14-4a1e-9c9b-0bc00eba3b72
Sep 28 15:41:25.985167 dv-cinder-859319-2-iscsi neutron-server[112830]: DEBUG neutron_lib.callbacks.manager [None req-33cadf4e-b99b-4ed6-85b2-9e205c55be28 admin admin] Publish callbacks [] for router_controller (0e1255bc-7bf2-4f2f-9f76-dd0f45922bf2), precommit_add_association {{(pid=112830) _notify_loop /usr/local/lib/python3.8/dist-packages/neutron_lib/callbacks/manager.py:176}}
Sep 28 15:41:26.008372 dv-cinder-859319-2-iscsi neutron-server[112830]: DEBUG neutron.plugins.ml2.drivers.helpers [None req-3c3e290d-1ba7-4c35-80b8-9400ea23b9b0 admin admin] vlan segment allocate from pool success with {'vlan_id': 71, 'physical_network': 'physnet1'} {{(pid=112830) allocate_partially_specified_segment /opt/stack/neutron/neutron/plugins/ml2/drivers/helpers.py:153}}
Sep 28 15:41:26.011794 dv-cinder-859319-2-iscsi neutron-server[112830]: DEBUG neutron_lib.callbacks.manager [None req-626fb686-6a70-49c4-a7de-2a1ccc3b19b1 admin admin] Publish callbacks ['neutron.plugins.ml2.plugin.Ml2Plugin._handle_segment_change-817957'] for segment (9065f949-8795-437a-9f76-36a5c33869e1), precommit_create {{(pid=112830) _notify_loop /usr/local/lib/python3.8/dist-packages/neutron_lib/callbacks/manager.py:176}}
Sep 28 15:41:26.012137 dv-cinder-859319-2-iscsi neutron-server[112830]: INFO neutron.db.segments_db [None req-626fb686-6a70-49c4-a7de-2a1ccc3b19b1 admin admin] Added segment 9065f949-8795-437a-9f76-36a5c33869e1 of type vlan for network b037e357-8df3-4ca3-8b1b-f30273c72384
Sep 28 15:41:26.025609 dv-cinder-859319-2-iscsi neutron-server[112832]: DEBUG neutron_lib.callbacks.manager [None req-c3af4138-1e0d-4438-ae6a-1a84526a451f None None] Publish callbacks [] for port (a3ade354-4809-4590-876d-18eb89355113), precommit_create {{(pid=112832) _notify_loop /usr/local/lib/python3.8/dist-packages/neutron_lib/callbacks/manager.py:176}}
Sep 28 15:41:26.029434 dv-cinder-859319-2-iscsi neutron-server[112832]: DEBUG dbcounter [-] [112832] Writing DB stats neutron:SELECT=86,neutron:INSERT=8,neutron:UPDATE=6 {{(pid=112832) stat_writer /usr/local/lib/python3.8/dist-packages/dbcounter.py:114}}
Sep 28 15:41:26.051666 dv-cinder-859319-2-iscsi neutron-server[112832]: DEBUG neutron_lib.callbacks.manager [None req-c3af4138-1e0d-4438-ae6a-1a84526a451f None None] Publish callbacks ['neutron.plugins.ml2.plugin.SecurityGroupServerNotifierRpcMixin._notify_sg_on_port_change-884866', 'neutron.plugins.ml2.ovo_rpc._ObjectChangeHandler.handle_event-278701', 'neutron.api.rpc.agentnotifiers.dhcp_rpc_agent_api.DhcpAgentNotifyAPI._native_event_send_dhcp_notification-1629957', 'neutron.db.l3_dvrscheduler_db._notify_l3_agent_new_port-8762151411420'] for port (a3ade354-4809-4590-876d-18eb89355113), after_create {{(pid=112832) _notify_loop /usr/local/lib/python3.8/dist-packages/neutron_lib/callbacks/manager.py:176}}
Sep 28 15:41:26.097367 dv-cinder-859319-2-iscsi neutron-server[112832]: DEBUG neutron.scheduler.dhcp_agent_scheduler [None req-c3af4138-1e0d-4438-ae6a-1a84526a451f None None] Network e3f5d48c-3282-4a82-969b-edabdb53cfff is already hosted by enough agents. {{(pid=112832) _get_dhcp_agents_hosting_network /opt/stack/neutron/neutron/scheduler/dhcp_agent_scheduler.py:275}}
Sep 28 15:41:26.144161 dv-cinder-859319-2-iscsi neutron-server[112832]: DEBUG neutron.scheduler.base_scheduler [None req-c3af4138-1e0d-4438-ae6a-1a84526a451f None None] Resources bound (agent type, host, resource id): {{(pid=112832) schedule /opt/stack/neutron/neutron/scheduler/base_scheduler.py:57}}
Sep 28 15:41:26.146949 dv-cinder-859319-2-iscsi neutron-server[112832]: DEBUG neutron.api.rpc.handlers.resources_rpc [None req-c3af4138-1e0d-4438-ae6a-1a84526a451f None None] Pushing event updated for resources: {'Port': ['ID=a3ade354-4809-4590-876d-18eb89355113,revision_number=1']} {{(pid=112832) push /opt/stack/neutron/neutron/api/rpc/handlers/resources_rpc.py:237}}
Sep 28 15:41:26.154405 dv-cinder-859319-2-iscsi neutron-server[112832]: DEBUG neutron.db.l3_dvrscheduler_db [None req-c3af4138-1e0d-4438-ae6a-1a84526a451f None None] Received port after_create {{(pid=112832) _notify_l3_agent_new_port /opt/stack/neutron/neutron/db/l3_dvrscheduler_db.py:538}}
Sep 28 15:41:26.161626 dv-cinder-859319-2-iscsi neutron-server[112832]: DEBUG dbcounter [-] [112832] Writing DB stats neutron:SELECT=92,neutron:UPDATE=5,neutron:INSERT=3 {{(pid=112832) stat_writer /usr/local/lib/python3.8/dist-packages/dbcounter.py:114}}
Sep 28 15:41:26.164275 dv-cinder-859319-2-iscsi neutron-server[112832]: DEBUG neutron.api.rpc.callbacks.version_manager [None req-c3af4138-1e0d-4438-ae6a-1a84526a451f None None] Version for resource type AddressGroup changed None to 1.2 on consumer Open vSwitch agent@dv-cinder-859319-2-iscsi {{(pid=112832) _set_version /opt/stack/neutron/neutron/api/rpc/callbacks/version_manager.py:113}}
Sep 28 15:41:26.164793 dv-cinder-859319-2-iscsi neutron-server[112832]: DEBUG neutron.api.rpc.callbacks.version_manager [None req-c3af4138-1e0d-4438-ae6a-1a84526a451f None None] Version for resource type Agent changed None to 1.1 on consumer Open vSwitch agent@dv-cinder-859319-2-iscsi {{(pid=112832) _set_version /opt/stack/neutron/neutron/api/rpc/callbacks/version_manager.py:113}}
Sep 28 15:41:26.165399 dv-cinder-859319-2-iscsi neutron-server[112832]: DEBUG neutron.api.rpc.callbacks.version_manager [None req-c3af4138-1e0d-4438-ae6a-1a84526a451f None None] Version for resource type ConntrackHelper changed None to 1.0 on consumer Open vSwitch agent@dv-cinder-859319-2-iscsi {{(pid=112832) _set_version /opt/stack/neutron/neutron/api/rpc/callbacks/version_manager.py:113}}
Sep 28 15:41:26.166049 dv-cinder-859319-2-iscsi neutron-server[112832]: DEBUG neutron.api.rpc.callbacks.version_manager [None req-c3af4138-1e0d-4438-ae6a-1a84526a451f None None] Version for resource type LocalIPAssociation changed None to 1.0 on consumer Open vSwitch agent@dv-cinder-859319-2-iscsi {{(pid=112832) _set_version /opt/stack/neutron/neutron/api/rpc/callbacks/version_manager.py:113}}
Sep 28 15:41:26.166543 dv-cinder-859319-2-iscsi neutron-server[112832]: DEBUG neutron.api.rpc.callbacks.version_manager [None req-c3af4138-1e0d-4438-ae6a-1a84526a451f None None] Version for resource type Log changed None to 1.0 on consumer Open vSwitch agent@dv-cinder-859319-2-iscsi {{(pid=112832) _set_version /opt/stack/neutron/neutron/api/rpc/callbacks/version_manager.py:113}}
Sep 28 15:41:26.167016 dv-cinder-859319-2-iscsi neutron-server[112832]: DEBUG neutron.api.rpc.callbacks.version_manager [None req-c3af4138-1e0d-4438-ae6a-1a84526a451f None None] Version for resource type NDPProxy changed None to 1.0 on consumer Open vSwitch agent@dv-cinder-859319-2-iscsi {{(pid=112832) _set_version /opt/stack/neutron/neutron/api/rpc/callbacks/version_manager.py:113}}
Sep 28 15:41:26.167496 dv-cinder-859319-2-iscsi neutron-server[112832]: DEBUG neutron.api.rpc.callbacks.version_manager [None req-c3af4138-1e0d-4438-ae6a-1a84526a451f None None] Version for resource type Network changed None to 1.1 on consumer Open vSwitch agent@dv-cinder-859319-2-iscsi {{(pid=112832) _set_version /opt/stack/neutron/neutron/api/rpc/callbacks/version_manager.py:113}}
Sep 28 15:41:26.167981 dv-cinder-859319-2-iscsi neutron-server[112832]: DEBUG neutron.api.rpc.callbacks.version_manager [None req-c3af4138-1e0d-4438-ae6a-1a84526a451f None None] Version for resource type Port changed None to 1.7 on consumer Open vSwitch agent@dv-cinder-859319-2-iscsi {{(pid=112832) _set_version /opt/stack/neutron/neutron/api/rpc/callbacks/version_manager.py:113}}
Sep 28 15:41:26.168451 dv-cinder-859319-2-iscsi neutron-server[112832]: DEBUG neutron.api.rpc.callbacks.version_manager [None req-c3af4138-1e0d-4438-ae6a-1a84526a451f None None] Version for resource type PortForwarding changed None to 1.3 on consumer Open vSwitch agent@dv-cinder-859319-2-iscsi {{(pid=112832) _set_version /opt/stack/neutron/neutron/api/rpc/callbacks/version_manager.py:113}}
Sep 28 15:41:26.168922 dv-cinder-859319-2-iscsi neutron-server[112832]: DEBUG neutron.api.rpc.callbacks.version_manager [None req-c3af4138-1e0d-4438-ae6a-1a84526a451f None None] Version for resource type QosPolicy changed None to 1.10 on consumer Open vSwitch agent@dv-cinder-859319-2-iscsi {{(pid=112832) _set_version /opt/stack/neutron/neutron/api/rpc/callbacks/version_manager.py:113}}
Sep 28 15:41:26.169955 dv-cinder-859319-2-iscsi neutron-server[112832]: DEBUG neutron.api.rpc.callbacks.version_manager [None req-c3af4138-1e0d-4438-ae6a-1a84526a451f None None] Version for resource type SecurityGroup changed None to 1.5 on consumer Open vSwitch agent@dv-cinder-859319-2-iscsi {{(pid=112832) _set_version /opt/stack/neutron/neutron/api/rpc/callbacks/version_manager.py:113}}
Sep 28 15:41:26.170460 dv-cinder-859319-2-iscsi neutron-server[112832]: DEBUG neutron.api.rpc.callbacks.version_manager [None req-c3af4138-1e0d-4438-ae6a-1a84526a451f None None] Version for resource type SecurityGroupRule changed None to 1.2 on consumer Open vSwitch agent@dv-cinder-859319-2-iscsi {{(pid=112832) _set_version /opt/stack/neutron/neutron/api/rpc/callbacks/version_manager.py:113}}
Sep 28 15:41:26.170929 dv-cinder-859319-2-iscsi neutron-server[112832]: DEBUG neutron.api.rpc.callbacks.version_manager [None req-c3af4138-1e0d-4438-ae6a-1a84526a451f None None] Version for resource type SubPort changed None to 1.0 on consumer Open vSwitch agent@dv-cinder-859319-2-iscsi {{(pid=112832) _set_version /opt/stack/neutron/neutron/api/rpc/callbacks/version_manager.py:113}}
Sep 28 15:41:26.171403 dv-cinder-859319-2-iscsi neutron-server[112832]: DEBUG neutron.api.rpc.callbacks.version_manager [None req-c3af4138-1e0d-4438-ae6a-1a84526a451f None None] Version for resource type Subnet changed None to 1.1 on consumer Open vSwitch agent@dv-cinder-859319-2-iscsi {{(pid=112832) _set_version /opt/stack/neutron/neutron/api/rpc/callbacks/version_manager.py:113}}
Sep 28 15:41:26.171876 dv-cinder-859319-2-iscsi neutron-server[112832]: DEBUG neutron.api.rpc.callbacks.version_manager [None req-c3af4138-1e0d-4438-ae6a-1a84526a451f None None] Version for resource type Trunk changed None to 1.1 on consumer Open vSwitch agent@dv-cinder-859319-2-iscsi {{(pid=112832) _set_version /opt/stack/neutron/neutron/api/rpc/callbacks/version_manager.py:113}}
Sep 28 15:41:26.173678 dv-cinder-859319-2-iscsi neutron-server[112832]: DEBUG neutron.api.rpc.callbacks.version_manager [None req-c3af4138-1e0d-4438-ae6a-1a84526a451f None None] Tracked resource versions report:
Sep 28 15:41:26.173678 dv-cinder-859319-2-iscsi neutron-server[112832]: pushed versions:
Sep 28 15:41:26.173678 dv-cinder-859319-2-iscsi neutron-server[112832]: { 'AddressGroup': {'1.2'},
Sep 28 15:41:26.173678 dv-cinder-859319-2-iscsi neutron-server[112832]: 'Agent': {'1.1'},
Sep 28 15:41:26.173678 dv-cinder-859319-2-iscsi neutron-server[112832]: 'ConntrackHelper': {'1.0'},
Sep 28 15:41:26.173678 dv-cinder-859319-2-iscsi neutron-server[112832]: 'LocalIPAssociation': {'1.0'},
Sep 28 15:41:26.173678 dv-cinder-859319-2-iscsi neutron-server[112832]: 'Log': {'1.0'},
Sep 28 15:41:26.173678 dv-cinder-859319-2-iscsi neutron-server[112832]: 'NDPProxy': {'1.0'},
Sep 28 15:41:26.173678 dv-cinder-859319-2-iscsi neutron-server[112832]: 'Network': {'1.1'},
Sep 28 15:41:26.173678 dv-cinder-859319-2-iscsi neutron-server[112832]: 'Port': {'1.7'},
Sep 28 15:41:26.173678 dv-cinder-859319-2-iscsi neutron-server[112832]: 'PortForwarding': {'1.3'},
Sep 28 15:41:26.173678 dv-cinder-859319-2-iscsi neutron-server[112832]: 'QosPolicy': {'1.10'},
Sep 28 15:41:26.173678 dv-cinder-859319-2-iscsi neutron-server[112832]: 'SecurityGroup': {'1.5'},
Sep 28 15:41:26.173678 dv-cinder-859319-2-iscsi neutron-server[112832]: 'SecurityGroupRule': {'1.2'},
Sep 28 15:41:26.173678 dv-cinder-859319-2-iscsi neutron-server[112832]: 'SubPort': {'1.0'},
Sep 28 15:41:26.173678 dv-cinder-859319-2-iscsi neutron-server[112832]: 'Subnet': {'1.1'},
Sep 28 15:41:26.173678 dv-cinder-859319-2-iscsi neutron-server[112832]: 'Trunk': {'1.1'}}
Sep 28 15:41:26.173678 dv-cinder-859319-2-iscsi neutron-server[112832]: consumer versions:
Sep 28 15:41:26.173678 dv-cinder-859319-2-iscsi neutron-server[112832]: { DHCP agent@dv-cinder-859319-2-iscsi: {},
Sep 28 15:41:26.173678 dv-cinder-859319-2-iscsi neutron-server[112832]: HyperV agent@hv-cinder-85931: {},
Sep 28 15:41:26.173678 dv-cinder-859319-2-iscsi neutron-server[112832]: L3 agent@dv-cinder-859319-2-iscsi: {},
Sep 28 15:41:26.173678 dv-cinder-859319-2-iscsi neutron-server[112832]: Metadata agent@dv-cinder-859319-2-iscsi: {},
Sep 28 15:41:26.173678 dv-cinder-859319-2-iscsi neutron-server[112832]: Metering agent@dv-cinder-859319-2-iscsi: {},
Sep 28 15:41:26.173678 dv-cinder-859319-2-iscsi neutron-server[112832]: Open vSwitch agent@dv-cinder-859319-2-iscsi: { 'AddressGroup': '1.2',
Sep 28 15:41:26.173678 dv-cinder-859319-2-iscsi neutron-server[112832]: 'Agent': '1.1',
Sep 28 15:41:26.173678 dv-cinder-859319-2-iscsi neutron-server[112832]: 'ConntrackHelper': '1.0',
Sep 28 15:41:26.173678 dv-cinder-859319-2-iscsi neutron-server[112832]: 'LocalIPAssociation': '1.0',
Sep 28 15:41:26.173678 dv-cinder-859319-2-iscsi neutron-server[112832]: 'Log': '1.0',
Sep 28 15:41:26.173678 dv-cinder-859319-2-iscsi neutron-server[112832]: 'NDPProxy': '1.0',
Sep 28 15:41:26.173678 dv-cinder-859319-2-iscsi neutron-server[112832]: 'Network': '1.1',
Sep 28 15:41:26.173678 dv-cinder-859319-2-iscsi neutron-server[112832]: 'Port': '1.7',
Sep 28 15:41:26.173678 dv-cinder-859319-2-iscsi neutron-server[112832]: 'PortForwarding': '1.3',
Sep 28 15:41:26.173678 dv-cinder-859319-2-iscsi neutron-server[112832]: 'QosPolicy': '1.10',
Sep 28 15:41:26.173678 dv-cinder-859319-2-iscsi neutron-server[112832]: 'SecurityGroup': '1.5',
Sep 28 15:41:26.173678 dv-cinder-859319-2-iscsi neutron-server[112832]: 'SecurityGroupRule': '1.2',
Sep 28 15:41:26.173678 dv-cinder-859319-2-iscsi neutron-server[112832]: 'SubPort': '1.0',
Sep 28 15:41:26.173678 dv-cinder-859319-2-iscsi neutron-server[112832]: 'Subnet': '1.1',
Sep 28 15:41:26.173678 dv-cinder-859319-2-iscsi neutron-server[112832]: 'Trunk': '1.1'}}
Sep 28 15:41:26.173678 dv-cinder-859319-2-iscsi neutron-server[112832]: {{(pid=112832) report /opt/stack/neutron/neutron/api/rpc/callbacks/version_manager.py:175}}
Sep 28 15:41:26.203404 dv-cinder-859319-2-iscsi neutron-server[112831]: DEBUG neutron_lib.callbacks.manager [None req-01ee4eea-39ad-44e4-9109-99879e3fec77 admin admin] Publish callbacks [] for port (d796e8b0-fa81-4f4c-9d5e-ad0f27e1e24a), precommit_create {{(pid=112831) _notify_loop /usr/local/lib/python3.8/dist-packages/neutron_lib/callbacks/manager.py:176}}
Sep 28 15:41:26.241741 dv-cinder-859319-2-iscsi neutron-server[112831]: DEBUG dbcounter [-] [112831] Writing DB stats neutron:INSERT=8,neutron:UPDATE=6,neutron:SELECT=86 {{(pid=112831) stat_writer /usr/local/lib/python3.8/dist-packages/dbcounter.py:114}}
Sep 28 15:41:26.242067 dv-cinder-859319-2-iscsi neutron-server[112830]: DEBUG neutron_lib.callbacks.manager [None req-3c3e290d-1ba7-4c35-80b8-9400ea23b9b0 admin admin] Publish callbacks ['neutron.plugins.ml2.plugin.Ml2Plugin._handle_segment_change-817957'] for segment (2f63a2fb-6fdf-42ff-a841-caf485c46c93), precommit_create {{(pid=112830) _notify_loop /usr/local/lib/python3.8/dist-packages/neutron_lib/callbacks/manager.py:176}}
Sep 28 15:41:26.244179 dv-cinder-859319-2-iscsi neutron-server[112830]: INFO neutron.db.segments_db [None req-3c3e290d-1ba7-4c35-80b8-9400ea23b9b0 admin admin] Added segment 2f63a2fb-6fdf-42ff-a841-caf485c46c93 of type vlan for network df05fe18-9205-4e7c-b6d8-ac63aa67e1aa
Sep 28 15:41:26.250847 dv-cinder-859319-2-iscsi neutron-server[112831]: DEBUG neutron_lib.callbacks.manager [None req-01ee4eea-39ad-44e4-9109-99879e3fec77 admin admin] Publish callbacks ['neutron.plugins.ml2.plugin.SecurityGroupServerNotifierRpcMixin._notify_sg_on_port_change-884866', 'neutron.plugins.ml2.ovo_rpc._ObjectChangeHandler.handle_event-278701', 'neutron.api.rpc.agentnotifiers.dhcp_rpc_agent_api.DhcpAgentNotifyAPI._native_event_send_dhcp_notification-1629957', 'neutron.db.l3_dvrscheduler_db._notify_l3_agent_new_port-8762151411420'] for port (d796e8b0-fa81-4f4c-9d5e-ad0f27e1e24a), after_create {{(pid=112831) _notify_loop /usr/local/lib/python3.8/dist-packages/neutron_lib/callbacks/manager.py:176}}
Sep 28 15:41:26.283591 dv-cinder-859319-2-iscsi neutron-server[112830]: DEBUG neutron.api.rpc.handlers.resources_rpc [None req-626fb686-6a70-49c4-a7de-2a1ccc3b19b1 admin admin] Pushing event updated for resources: {'SecurityGroup': ['ID=32c79b14-f7a3-4d1d-b61c-6e035ef69c47,revision_number=1']} {{(pid=112830) push /opt/stack/neutron/neutron/api/rpc/handlers/resources_rpc.py:237}}
Sep 28 15:41:26.307754 dv-cinder-859319-2-iscsi neutron-server[112830]: DEBUG neutron_lib.callbacks.manager [None req-a286bd52-3e6f-49a1-9e9a-5d9ad537f4fd admin admin] Publish callbacks ['neutron.services.auto_allocate.db._ensure_external_network_default_value_callback-8762151366593'] for network (2beddede-7b14-4a1e-9c9b-0bc00eba3b72), precommit_create {{(pid=112830) _notify_loop /usr/local/lib/python3.8/dist-packages/neutron_lib/callbacks/manager.py:176}}
Sep 28 15:41:26.317806 dv-cinder-859319-2-iscsi neutron-server[112830]: DEBUG dbcounter [-] [112830] Writing DB stats neutron:INSERT=28,neutron:SELECT=62,neutron:UPDATE=10 {{(pid=112830) stat_writer /usr/local/lib/python3.8/dist-packages/dbcounter.py:114}}
Sep 28 15:41:26.328048 dv-cinder-859319-2-iscsi neutron-server[112830]: DEBUG neutron_lib.callbacks.manager [None req-626fb686-6a70-49c4-a7de-2a1ccc3b19b1 admin admin] Publish callbacks ['neutron.services.auto_allocate.db._ensure_external_network_default_value_callback-8762151366593'] for network (b037e357-8df3-4ca3-8b1b-f30273c72384), precommit_create {{(pid=112830) _notify_loop /usr/local/lib/python3.8/dist-packages/neutron_lib/callbacks/manager.py:176}}
Sep 28 15:41:26.386462 dv-cinder-859319-2-iscsi neutron-server[112831]: DEBUG neutron.api.rpc.handlers.resources_rpc [None req-01ee4eea-39ad-44e4-9109-99879e3fec77 admin admin] Pushing event updated for resources: {'Port': ['ID=d796e8b0-fa81-4f4c-9d5e-ad0f27e1e24a,revision_number=1']} {{(pid=112831) push /opt/stack/neutron/neutron/api/rpc/handlers/resources_rpc.py:237}}
Sep 28 15:41:26.398836 dv-cinder-859319-2-iscsi neutron-server[112830]: DEBUG neutron_lib.callbacks.manager [None req-3c3e290d-1ba7-4c35-80b8-9400ea23b9b0 admin admin] Publish callbacks ['neutron.services.auto_allocate.db._ensure_external_network_default_value_callback-8762151366593'] for network (df05fe18-9205-4e7c-b6d8-ac63aa67e1aa), precommit_create {{(pid=112830) _notify_loop /usr/local/lib/python3.8/dist-packages/neutron_lib/callbacks/manager.py:176}}
Sep 28 15:41:26.426037 dv-cinder-859319-2-iscsi neutron-server[112831]: DEBUG neutron.scheduler.dhcp_agent_scheduler [None req-01ee4eea-39ad-44e4-9109-99879e3fec77 admin admin] Network f685b48a-c03f-466e-b53a-e2fe3db84996 is already hosted by enough agents. {{(pid=112831) _get_dhcp_agents_hosting_network /opt/stack/neutron/neutron/scheduler/dhcp_agent_scheduler.py:275}}
Sep 28 15:41:26.435532 dv-cinder-859319-2-iscsi neutron-server[112831]: DEBUG neutron.scheduler.base_scheduler [None req-01ee4eea-39ad-44e4-9109-99879e3fec77 admin admin] Resources bound (agent type, host, resource id): {{(pid=112831) schedule /opt/stack/neutron/neutron/scheduler/base_scheduler.py:57}}
Sep 28 15:41:26.440881 dv-cinder-859319-2-iscsi neutron-server[112831]: DEBUG neutron.db.l3_dvrscheduler_db [None req-01ee4eea-39ad-44e4-9109-99879e3fec77 admin admin] Received port after_create {{(pid=112831) _notify_l3_agent_new_port /opt/stack/neutron/neutron/db/l3_dvrscheduler_db.py:538}}
Sep 28 15:41:26.454928 dv-cinder-859319-2-iscsi neutron-server[112830]: DEBUG neutron.api.rpc.handlers.resources_rpc [None req-3c3e290d-1ba7-4c35-80b8-9400ea23b9b0 admin admin] Pushing event updated for resources: {'SecurityGroup': ['ID=9361d83b-5ba5-4a38-80b9-0e4fd8dfa542,revision_number=1']} {{(pid=112830) push /opt/stack/neutron/neutron/api/rpc/handlers/resources_rpc.py:237}}
Sep 28 15:41:26.501930 dv-cinder-859319-2-iscsi neutron-server[112832]: DEBUG neutron.plugins.ml2.managers [None req-c3af4138-1e0d-4438-ae6a-1a84526a451f None None] Attempting to bind port a3ade354-4809-4590-876d-18eb89355113 on host dv-cinder-859319-2-iscsi for vnic_type normal with profile {{(pid=112832) bind_port /opt/stack/neutron/neutron/plugins/ml2/managers.py:810}}
Sep 28 15:41:26.502626 dv-cinder-859319-2-iscsi neutron-server[112832]: DEBUG neutron.plugins.ml2.managers [None req-c3af4138-1e0d-4438-ae6a-1a84526a451f None None] Attempting to bind port a3ade354-4809-4590-876d-18eb89355113 by drivers openvswitch,hyperv on host dv-cinder-859319-2-iscsi at level 0 using segments [{'id': '6d5af7d4-a325-48f3-af5c-27adc1334102', 'network_type': 'vlan', 'physical_network': 'physnet1', 'segmentation_id': 64, 'network_id': 'e3f5d48c-3282-4a82-969b-edabdb53cfff'}] {{(pid=112832) _bind_port_level /opt/stack/neutron/neutron/plugins/ml2/managers.py:835}}
Sep 28 15:41:26.503075 dv-cinder-859319-2-iscsi neutron-server[112832]: DEBUG neutron.plugins.ml2.drivers.mech_agent [None req-c3af4138-1e0d-4438-ae6a-1a84526a451f None None] Attempting to bind port a3ade354-4809-4590-876d-18eb89355113 on network e3f5d48c-3282-4a82-969b-edabdb53cfff {{(pid=112832) bind_port /opt/stack/neutron/neutron/plugins/ml2/drivers/mech_agent.py:91}}
Sep 28 15:41:26.519480 dv-cinder-859319-2-iscsi neutron-server[112830]: DEBUG neutron_lib.callbacks.manager [None req-a286bd52-3e6f-49a1-9e9a-5d9ad537f4fd admin admin] Publish callbacks ['neutron.plugins.ml2.ovo_rpc._ObjectChangeHandler.handle_event-1596201', 'neutron.api.rpc.agentnotifiers.dhcp_rpc_agent_api.DhcpAgentNotifyAPI._native_event_send_dhcp_notification-1629957'] for network (2beddede-7b14-4a1e-9c9b-0bc00eba3b72), after_create {{(pid=112830) _notify_loop /usr/local/lib/python3.8/dist-packages/neutron_lib/callbacks/manager.py:176}}
Sep 28 15:41:26.520545 dv-cinder-859319-2-iscsi neutron-server[112830]: DEBUG neutron.pecan_wsgi.hooks.policy_enforcement [None req-a286bd52-3e6f-49a1-9e9a-5d9ad537f4fd admin admin] Attributes excluded by policy engine: ['standard_attr_id', 'vlan_transparent'] {{(pid=112830) _exclude_attributes_by_policy /opt/stack/neutron/neutron/pecan_wsgi/hooks/policy_enforcement.py:259}}
Sep 28 15:41:26.521129 dv-cinder-859319-2-iscsi neutron-server[112830]: DEBUG neutron_lib.callbacks.manager [None req-a286bd52-3e6f-49a1-9e9a-5d9ad537f4fd admin admin] Publish callbacks ['neutron.api.rpc.agentnotifiers.dhcp_rpc_agent_api.DhcpAgentNotifyAPI._send_dhcp_notification-1630071'] for network (None), before_response {{(pid=112830) _notify_loop /usr/local/lib/python3.8/dist-packages/neutron_lib/callbacks/manager.py:176}}
Sep 28 15:41:26.527750 dv-cinder-859319-2-iscsi neutron-server[112830]: DEBUG neutron_lib.callbacks.manager [None req-33cadf4e-b99b-4ed6-85b2-9e205c55be28 admin admin] Publish callbacks [] for router_gateway (0e1255bc-7bf2-4f2f-9f76-dd0f45922bf2), precommit_update {{(pid=112830) _notify_loop /usr/local/lib/python3.8/dist-packages/neutron_lib/callbacks/manager.py:176}}
Sep 28 15:41:26.542747 dv-cinder-859319-2-iscsi neutron-server[112830]: DEBUG neutron_lib.callbacks.manager [None req-626fb686-6a70-49c4-a7de-2a1ccc3b19b1 admin admin] Publish callbacks ['neutron.plugins.ml2.ovo_rpc._ObjectChangeHandler.handle_event-1596201', 'neutron.api.rpc.agentnotifiers.dhcp_rpc_agent_api.DhcpAgentNotifyAPI._native_event_send_dhcp_notification-1629957'] for network (b037e357-8df3-4ca3-8b1b-f30273c72384), after_create {{(pid=112830) _notify_loop /usr/local/lib/python3.8/dist-packages/neutron_lib/callbacks/manager.py:176}}
Sep 28 15:41:26.543728 dv-cinder-859319-2-iscsi neutron-server[112830]: DEBUG neutron.pecan_wsgi.hooks.policy_enforcement [None req-626fb686-6a70-49c4-a7de-2a1ccc3b19b1 admin admin] Attributes excluded by policy engine: ['standard_attr_id', 'vlan_transparent'] {{(pid=112830) _exclude_attributes_by_policy /opt/stack/neutron/neutron/pecan_wsgi/hooks/policy_enforcement.py:259}}
Sep 28 15:41:26.545119 dv-cinder-859319-2-iscsi neutron-server[112830]: DEBUG neutron_lib.callbacks.manager [None req-626fb686-6a70-49c4-a7de-2a1ccc3b19b1 admin admin] Publish callbacks ['neutron.api.rpc.agentnotifiers.dhcp_rpc_agent_api.DhcpAgentNotifyAPI._send_dhcp_notification-1630071'] for network (None), before_response {{(pid=112830) _notify_loop /usr/local/lib/python3.8/dist-packages/neutron_lib/callbacks/manager.py:176}}
