Sep 28 15:41:40.736703 dv-cinder-859319-2-iscsi neutron-server[112833]: DEBUG neutron.api.rpc.handlers.l3_rpc [None req-f8ded14a-a2bf-46c0-a540-e5780b88192b None None] The sync data for ids ['63f958b7-0059-4377-b390-c9bf0f008e22'] in dv-cinder-859319-2-iscsi is: [{'id': '63f958b7-0059-4377-b390-c9bf0f008e22', 'name': 'tempest-ServerRescueNegativeTestJSON-593595512-router', 'tenant_id': '824ddb9f6f344a2684cf31d08427306c', 'admin_state_up': True, 'status': 'ACTIVE', 'external_gateway_info': {'network_id': 'f685b48a-c03f-466e-b53a-e2fe3db84996', 'external_fixed_ips': [{'subnet_id': '2bcf8f69-ea2f-46a5-b261-39ea3508e584', 'ip_address': '172.27.2.138'}], 'enable_snat': True}, 'gw_port_id': '6222802f-1999-442c-a0ca-189f3bb0e03e', 'description': '', 'availability_zones': ['nova'], 'distributed': False, 'ha': False, 'ha_vr_id': 0, 'availability_zone_hints': [], 'routes': [], 'flavor_id': None, 'tags': [], 'created_at': '2022-09-28T15:41:29Z', 'updated_at': '2022-09-28T15:41:34Z', 'revision_number': 3, 'project_id': '824ddb9f6f344a2684cf31d08427306c', 'gw_port': {'id': '6222802f-1999-442c-a0ca-189f3bb0e03e', 'name': '', 'network_id': 'f685b48a-c03f-466e-b53a-e2fe3db84996', 'tenant_id': '', 'mac_address': 'fa:16:3e:5e:ac:df', 'admin_state_up': True, 'status': 'DOWN', 'device_id': '63f958b7-0059-4377-b390-c9bf0f008e22', 'device_owner': 'network:router_gateway', 'standard_attr_id': 90, 'fixed_ips': [{'subnet_id': '2bcf8f69-ea2f-46a5-b261-39ea3508e584', 'ip_address': '172.27.2.138', 'prefixlen': 24}], 'allowed_address_pairs': [], 'extra_dhcp_opts': [], 'security_groups': [], 'description': '', 'binding:vnic_type': 'normal', 'binding:profile': {}, 'binding:host_id': 'dv-cinder-859319-2-iscsi', 'binding:vif_type': 'ovs', 'binding:vif_details': {'connectivity': 'l2', 'port_filter': True, 'ovs_hybrid_plug': False, 'datapath_type': 'system', 'bridge_name': 'br-int', 'bound_drivers': {'0': 'openvswitch'}}, 'port_security_enabled': False, 'tags': [], 'created_at': '2022-09-28T15:41:32Z', 'updated_at': '2022-09-28T15:41:39Z', 'revision_number': 3, 'project_id': '', 'subnets': [{'id': '2bcf8f69-ea2f-46a5-b261-39ea3508e584', 'cidr': '172.27.2.0/24', 'gateway_ip': '172.27.2.1', 'dns_nameservers': [], 'ipv6_ra_mode': None, 'subnetpool_id': None}], 'extra_subnets': [], 'address_scopes': {4: None, 6: None}, 'mtu': 1500}, 'enable_snat': True, 'gw_port_host': 'dv-cinder-859319-2-iscsi'}] {{(pid=112833) sync_routers /opt/stack/neutron/neutron/api/rpc/handlers/l3_rpc.py:137}}
Sep 28 15:41:40.763550 dv-cinder-859319-2-iscsi neutron-server[112832]: DEBUG neutron.plugins.ml2.plugin [None req-706516f9-a437-4a6b-8c48-91ffcee00618 None None] Current status of the port 9b9df40f-24b4-4f8b-a3d9-3b162868d207 is: ACTIVE; New status is: ACTIVE {{(pid=112832) _update_individual_port_db_status /opt/stack/neutron/neutron/plugins/ml2/plugin.py:2321}}
Sep 28 15:41:40.768298 dv-cinder-859319-2-iscsi neutron-server[112832]: DEBUG neutron.plugins.ml2.rpc [None req-706516f9-a437-4a6b-8c48-91ffcee00618 None None] Device d796e8b0-fa81-4f4c-9d5e-ad0f27e1e24a up at agent ovs-agent-dv-cinder-859319-2-iscsi {{(pid=112832) update_device_up /opt/stack/neutron/neutron/plugins/ml2/rpc.py:296}}
Sep 28 15:41:40.772521 dv-cinder-859319-2-iscsi neutron-server[112832]: DEBUG neutron_lib.callbacks.manager [None req-72b7d45f-fa8b-4fc8-95f2-ad2b3c8db074 None None] Publish callbacks ['neutron.plugins.ml2.plugin.SecurityGroupServerNotifierRpcMixin._notify_sg_on_port_change-884866', 'neutron.plugins.ml2.ovo_rpc._ObjectChangeHandler.handle_event-278701', 'neutron.api.rpc.agentnotifiers.dhcp_rpc_agent_api.DhcpAgentNotifyAPI._native_event_send_dhcp_notification-1629957', 'neutron.db.l3_db.L3RpcNotifierMixin._notify_gateway_port_ip_changed-8762151851951', 'neutron.db.l3_dvrscheduler_db._notify_l3_agent_port_update-8762151411438', 'neutron.db.l3_hascheduler_db._notify_l3_agent_ha_port_update-8762151414788'] for port (d1e276eb-7c37-4811-9642-dbe5fcc5354c), after_update {{(pid=112832) _notify_loop /usr/local/lib/python3.8/dist-packages/neutron_lib/callbacks/manager.py:176}}
Sep 28 15:41:40.816708 dv-cinder-859319-2-iscsi neutron-server[112831]: DEBUG neutron_lib.callbacks.manager [None req-6ae83bdc-e4dd-407d-9969-1587790703c8 admin admin] Publish callbacks ['neutron.plugins.ml2.plugin.Ml2Plugin._subnet_delete_after_delete_handler-832037', 'neutron.plugins.ml2.ovo_rpc._ObjectChangeHandler.handle_event-1596318', 'neutron.api.rpc.agentnotifiers.dhcp_rpc_agent_api.DhcpAgentNotifyAPI._native_event_send_dhcp_notification-1629957'] for subnet (91b0c254-e435-4af0-b755-6babb8c931c9), after_delete {{(pid=112831) _notify_loop /usr/local/lib/python3.8/dist-packages/neutron_lib/callbacks/manager.py:176}}
Sep 28 15:41:40.822472 dv-cinder-859319-2-iscsi neutron-server[112830]: DEBUG neutron_lib.callbacks.manager [None req-7e4b676c-122e-402c-947b-f380a6337b7e admin admin] Publish callbacks ['neutron.plugins.ml2.plugin.SecurityGroupDbMixin._ensure_default_security_group_handler-887361'] for port (e4212f8a-0e87-4a49-bdb9-09c417dc30ca), before_update {{(pid=112830) _notify_loop /usr/local/lib/python3.8/dist-packages/neutron_lib/callbacks/manager.py:176}}
Sep 28 15:41:40.956434 dv-cinder-859319-2-iscsi neutron-server[112832]: DEBUG neutron.plugins.ml2.plugin [None req-1dbafae6-3277-422c-8b38-2da6cb637059 None None] Port 084a3d84-6987-4fe9-9cb4-54fb9b82186a cannot update to ACTIVE because it is not bound. {{(pid=112832) _port_provisioned /opt/stack/neutron/neutron/plugins/ml2/plugin.py:359}}
Sep 28 15:41:41.011651 dv-cinder-859319-2-iscsi neutron-server[112831]: DEBUG neutron.api.rpc.handlers.resources_rpc [None req-6ae83bdc-e4dd-407d-9969-1587790703c8 admin admin] Pushing event deleted for resources: {'Subnet': ['ID=91b0c254-e435-4af0-b755-6babb8c931c9,revision_number=None']} {{(pid=112831) push /opt/stack/neutron/neutron/api/rpc/handlers/resources_rpc.py:237}}
Sep 28 15:41:41.038743 dv-cinder-859319-2-iscsi neutron-server[112831]: DEBUG neutron.scheduler.dhcp_agent_scheduler [None req-55c041e2-69a8-494e-a3d6-a68c72d8ff08 admin admin] Network e3f5d48c-3282-4a82-969b-edabdb53cfff is already hosted by enough agents. {{(pid=112831) _get_dhcp_agents_hosting_network /opt/stack/neutron/neutron/scheduler/dhcp_agent_scheduler.py:275}}
Sep 28 15:41:41.044373 dv-cinder-859319-2-iscsi neutron-server[112830]: DEBUG neutron.api.rpc.agentnotifiers.l3_rpc_agent_api [None req-9352d5dd-16b9-49b0-8892-6851bce67610 admin admin] Notify agent at l3_agent.dv-cinder-859319-2-iscsi the message routers_updated {{(pid=112830) _agent_notification /opt/stack/neutron/neutron/api/rpc/agentnotifiers/l3_rpc_agent_api.py:65}}
Sep 28 15:41:41.045196 dv-cinder-859319-2-iscsi neutron-server[112831]: DEBUG neutron_lib.callbacks.manager [None req-6ae83bdc-e4dd-407d-9969-1587790703c8 admin admin] Publish callbacks [] for subnet (None), before_response {{(pid=112831) _notify_loop /usr/local/lib/python3.8/dist-packages/neutron_lib/callbacks/manager.py:176}}
Sep 28 15:41:41.061600 dv-cinder-859319-2-iscsi neutron-server[112832]: DEBUG neutron.plugins.ml2.managers [None req-72b7d45f-fa8b-4fc8-95f2-ad2b3c8db074 None None] Attempting to bind port d1e276eb-7c37-4811-9642-dbe5fcc5354c on host dv-cinder-859319-2-iscsi for vnic_type normal with profile {{(pid=112832) bind_port /opt/stack/neutron/neutron/plugins/ml2/managers.py:810}}
Sep 28 15:41:41.064144 dv-cinder-859319-2-iscsi neutron-server[112832]: DEBUG neutron.plugins.ml2.managers [None req-72b7d45f-fa8b-4fc8-95f2-ad2b3c8db074 None None] Attempting to bind port d1e276eb-7c37-4811-9642-dbe5fcc5354c by drivers openvswitch,hyperv on host dv-cinder-859319-2-iscsi at level 0 using segments [{'id': '64957324-0651-44f7-965b-32587128330c', 'network_type': 'flat', 'physical_network': 'physnet1', 'segmentation_id': None, 'network_id': 'f685b48a-c03f-466e-b53a-e2fe3db84996'}] {{(pid=112832) _bind_port_level /opt/stack/neutron/neutron/plugins/ml2/managers.py:835}}
Sep 28 15:41:41.065170 dv-cinder-859319-2-iscsi neutron-server[112832]: DEBUG neutron.plugins.ml2.drivers.mech_agent [None req-72b7d45f-fa8b-4fc8-95f2-ad2b3c8db074 None None] Attempting to bind port d1e276eb-7c37-4811-9642-dbe5fcc5354c on network f685b48a-c03f-466e-b53a-e2fe3db84996 {{(pid=112832) bind_port /opt/stack/neutron/neutron/plugins/ml2/drivers/mech_agent.py:91}}
Sep 28 15:41:41.065290 dv-cinder-859319-2-iscsi neutron-server[112831]: INFO neutron.wsgi [None req-6ae83bdc-e4dd-407d-9969-1587790703c8 admin admin] 10.222.0.52 "DELETE /networking/v2.0/subnets/91b0c254-e435-4af0-b755-6babb8c931c9 HTTP/1.1" status: 204 len: 168 time: 1.0892746
Sep 28 15:41:41.067167 dv-cinder-859319-2-iscsi neutron-server[112830]: INFO neutron.wsgi [None req-9352d5dd-16b9-49b0-8892-6851bce67610 admin admin] 10.222.0.52 "PUT /networking/v2.0/routers/895b776f-1a2a-4160-9ea2-0173388f3460/add_router_interface HTTP/1.1" status: 200 len: 503 time: 12.3960342
Sep 28 15:41:41.069843 dv-cinder-859319-2-iscsi neutron-server[112831]: DEBUG neutron.wsgi [-] (112831) accepted ('10.222.0.52', 37290) {{(pid=112831) server /usr/local/lib/python3.8/dist-packages/eventlet/wsgi.py:1004}}
Sep 28 15:41:41.090989 dv-cinder-859319-2-iscsi neutron-server[112832]: DEBUG neutron.api.rpc.handlers.l3_rpc [None req-19d90a92-fd52-45f1-80ee-c98e2d8a76b7 None None] Sync routers for ids ['895b776f-1a2a-4160-9ea2-0173388f3460'] in dv-cinder-859319-2-iscsi {{(pid=112832) sync_routers /opt/stack/neutron/neutron/api/rpc/handlers/l3_rpc.py:125}}
Sep 28 15:41:41.119634 dv-cinder-859319-2-iscsi neutron-server[112830]: DEBUG neutron.api.rpc.handlers.resources_rpc [None req-7e4b676c-122e-402c-947b-f380a6337b7e admin admin] Pushing event updated for resources: {'Port': ['ID=e4212f8a-0e87-4a49-bdb9-09c417dc30ca,revision_number=1']} {{(pid=112830) push /opt/stack/neutron/neutron/api/rpc/handlers/resources_rpc.py:237}}
Sep 28 15:41:41.122469 dv-cinder-859319-2-iscsi neutron-server[112830]: DEBUG dbcounter [-] [112830] Writing DB stats neutron:SELECT=96,neutron:INSERT=3,neutron:UPDATE=1 {{(pid=112830) stat_writer /usr/local/lib/python3.8/dist-packages/dbcounter.py:114}}
Sep 28 15:41:41.204392 dv-cinder-859319-2-iscsi neutron-server[112832]: DEBUG neutron.db.provisioning_blocks [None req-706516f9-a437-4a6b-8c48-91ffcee00618 None None] Provisioning complete for port d796e8b0-fa81-4f4c-9d5e-ad0f27e1e24a triggered by entity L2. {{(pid=112832) provisioning_complete /opt/stack/neutron/neutron/db/provisioning_blocks.py:144}}
Sep 28 15:41:41.204824 dv-cinder-859319-2-iscsi neutron-server[112832]: DEBUG neutron_lib.callbacks.manager [None req-706516f9-a437-4a6b-8c48-91ffcee00618 None None] Publish callbacks ['neutron.plugins.ml2.plugin.Ml2Plugin._port_provisioned-1021393'] for port (d796e8b0-fa81-4f4c-9d5e-ad0f27e1e24a), provisioning_complete {{(pid=112832) _notify_loop /usr/local/lib/python3.8/dist-packages/neutron_lib/callbacks/manager.py:176}}
Sep 28 15:41:41.205113 dv-cinder-859319-2-iscsi neutron-server[112832]: INFO neutron.plugins.ml2.plugin [None req-706516f9-a437-4a6b-8c48-91ffcee00618 None None] Attempt 1 to provision port d796e8b0-fa81-4f4c-9d5e-ad0f27e1e24a
Sep 28 15:41:41.206530 dv-cinder-859319-2-iscsi neutron-server[112831]: DEBUG neutron.scheduler.base_scheduler [None req-55c041e2-69a8-494e-a3d6-a68c72d8ff08 admin admin] Resources bound (agent type, host, resource id): {{(pid=112831) schedule /opt/stack/neutron/neutron/scheduler/base_scheduler.py:57}}
Sep 28 15:41:41.267874 dv-cinder-859319-2-iscsi neutron-server[112831]: DEBUG neutron.db.db_base_plugin_common [None req-74529168-9915-446d-9e5b-8562dd07f016 tempest-AttachVolumeNegativeTest-780220516 tempest-AttachVolumeNegativeTest-780220516-project] Allocated IP 172.27.2.13 (f685b48a-c03f-466e-b53a-e2fe3db84996/2bcf8f69-ea2f-46a5-b261-39ea3508e584/cc5e46be-cb5e-4386-bd6d-e6760645c712) {{(pid=112831) _store_ip_allocation /opt/stack/neutron/neutron/db/db_base_plugin_common.py:131}}
Sep 28 15:41:41.299279 dv-cinder-859319-2-iscsi neutron-server[112830]: DEBUG neutron_lib.callbacks.manager [None req-0a81d8ec-eddd-427c-8feb-3a3b70e0e651 admin admin] Publish callbacks ['neutron.plugins.ml2.plugin.SecurityGroupDbMixin._ensure_default_security_group_handler-887361'] for port (f5ebc6c2-0877-4fe9-86b4-847c8bc45669), before_update {{(pid=112830) _notify_loop /usr/local/lib/python3.8/dist-packages/neutron_lib/callbacks/manager.py:176}}
Sep 28 15:41:41.309985 dv-cinder-859319-2-iscsi neutron-server[112832]: DEBUG neutron.api.rpc.handlers.resources_rpc [None req-7b5fb473-db81-4636-8031-038ba4b43b15 None None] Pushing event updated for resources: {'Port': ['ID=d1e276eb-7c37-4811-9642-dbe5fcc5354c,revision_number=2']} {{(pid=112832) push /opt/stack/neutron/neutron/api/rpc/handlers/resources_rpc.py:237}}
Sep 28 15:41:41.333519 dv-cinder-859319-2-iscsi neutron-server[112832]: DEBUG neutron.db.l3_dvrscheduler_db [None req-19d90a92-fd52-45f1-80ee-c98e2d8a76b7 None None] Routers {'895b776f-1a2a-4160-9ea2-0173388f3460'} bound to L3 agent in host dv-cinder-859319-2-iscsi {{(pid=112832) _get_router_ids_for_agent /opt/stack/neutron/neutron/db/l3_dvrscheduler_db.py:422}}
Sep 28 15:41:41.334192 dv-cinder-859319-2-iscsi neutron-server[112832]: DEBUG neutron.db.l3_hamode_db [None req-19d90a92-fd52-45f1-80ee-c98e2d8a76b7 None None] neutron.services.l3_router.l3_router_plugin.L3RouterPlugin method get_ha_sync_data_for_host called with arguments (, 'dv-cinder-859319-2-iscsi', Agent(admin_state_up=True,agent_type='L3 agent',availability_zone='nova',binary='neutron-l3-agent',configurations={"agent_mode": "legacy", "ex_gw_ports": 1, "extensions": [], "floating_ips": 0, "handle_internal_only_routers": true, "interface_driver": "openvswitch", "interfaces": 1, "log_agent_heartbeats": false, "routers": 1},created_at=2022-09-28T15:33:26Z,description=,heartbeat_timestamp=2022-09-28T15:41:26Z,host='dv-cinder-859319-2-iscsi',id=fb160c2a-d659-41d0-b2c2-05054a7d69c6,load=0,resource_versions=,resources_synced=,started_at=2022-09-28T15:33:27Z,topic='l3_agent')) {'router_ids': ['895b776f-1a2a-4160-9ea2-0173388f3460'], 'active': True} {{(pid=112832) wrapper /usr/local/lib/python3.8/dist-packages/oslo_log/helpers.py:65}}
Sep 28 15:41:41.442423 dv-cinder-859319-2-iscsi neutron-server[112831]: DEBUG neutron_lib.callbacks.manager [None req-e376d4a6-014c-4b1c-a095-f4ffa6c1f843 admin admin] Publish callbacks ['neutron.plugins.ml2.plugin.External_net_db_mixin._before_network_delete_handler-796447'] for network (357b5bdb-0a1c-4397-876f-38cfcaa80a8e), before_delete {{(pid=112831) _notify_loop /usr/local/lib/python3.8/dist-packages/neutron_lib/callbacks/manager.py:176}}
Sep 28 15:41:41.457566 dv-cinder-859319-2-iscsi neutron-server[112831]: DEBUG dbcounter [-] [112831] Writing DB stats neutron:SELECT=90,neutron:UPDATE=5,neutron:DELETE=5 {{(pid=112831) stat_writer /usr/local/lib/python3.8/dist-packages/dbcounter.py:114}}
Sep 28 15:41:41.484706 dv-cinder-859319-2-iscsi neutron-server[112832]: INFO neutron.plugins.ml2.plugin [None req-1dbafae6-3277-422c-8b38-2da6cb637059 None None] Attempt 2 to provision port 084a3d84-6987-4fe9-9cb4-54fb9b82186a
Sep 28 15:41:41.555751 dv-cinder-859319-2-iscsi neutron-server[112832]: DEBUG neutron.plugins.ml2.drivers.mech_agent [None req-72b7d45f-fa8b-4fc8-95f2-ad2b3c8db074 None None] Checking agent: {'id': '569556f2-8a4c-4d5e-b3ac-c23eaa3f6db0', 'agent_type': 'Open vSwitch agent', 'binary': 'neutron-openvswitch-agent', 'topic': 'N/A', 'host': 'dv-cinder-859319-2-iscsi', 'admin_state_up': True, 'created_at': datetime.datetime(2022, 9, 28, 15, 33, 30), 'started_at': datetime.datetime(2022, 9, 28, 15, 34), 'heartbeat_timestamp': datetime.datetime(2022, 9, 28, 15, 41, 30), 'description': None, 'resources_synced': None, 'availability_zone': None, 'alive': True, 'configurations': {'arp_responder_enabled': False, 'baremetal_smartnic': False, 'bridge_mappings': {'physnet1': 'br-data'}, 'datapath_type': 'system', 'devices': 0, 'enable_distributed_routing': False, 'extensions': [], 'in_distributed_mode': False, 'integration_bridge': 'br-int', 'l2_population': False, 'log_agent_heartbeats': False, 'ovs_capabilities': {'datapath_types': ['netdev', 'system'], 'iface_types': ['erspan', 'geneve', 'gre', 'internal', 'ip6erspan', 'ip6gre', 'lisp', 'patch', 'stt', 'system', 'tap', 'vxlan']}, 'ovs_hybrid_plug': False, 'resource_provider_bandwidths': {}, 'resource_provider_hypervisors': {'br-data': 'dv-cinder-859319-2-iscsi'}, 'resource_provider_inventory_defaults': {'allocation_ratio': 1.0, 'min_unit': 1, 'step_size': 1, 'reserved': 0}, 'resource_provider_packet_processing_inventory_defaults': {'allocation_ratio': 1.0, 'min_unit': 1, 'step_size': 1, 'reserved': 0}, 'resource_provider_packet_processing_with_direction': {}, 'resource_provider_packet_processing_without_direction': {}, 'tunnel_types': [], 'tunneling_ip': None, 'vhostuser_socket_dir': '/var/run/openvswitch'}, 'resource_versions': {'AddressGroup': '1.2', 'Agent': '1.1', 'ConntrackHelper': '1.0', 'LocalIPAssociation': '1.0', 'Log': '1.0', 'NDPProxy': '1.0', 'Network': '1.1', 'Port': '1.7', 'PortForwarding': '1.3', 'QosPolicy': '1.10', 'SecurityGroup': '1.5', 'SecurityGroupRule': '1.2', 'SubPort': '1.0', 'Subnet': '1.1', 'Trunk': '1.1'}} {{(pid=112832) bind_port /opt/stack/neutron/neutron/plugins/ml2/drivers/mech_agent.py:127}}
Sep 28 15:41:41.555751 dv-cinder-859319-2-iscsi neutron-server[112832]: DEBUG neutron.plugins.ml2.drivers.mech_agent [None req-72b7d45f-fa8b-4fc8-95f2-ad2b3c8db074 None None] Checking segment: {'id': '64957324-0651-44f7-965b-32587128330c', 'network_type': 'flat', 'physical_network': 'physnet1', 'segmentation_id': None, 'network_id': 'f685b48a-c03f-466e-b53a-e2fe3db84996'} for mappings: {'physnet1': 'br-data'} with network types: ['local', 'flat', 'vlan'] {{(pid=112832) check_segment_for_agent /opt/stack/neutron/neutron/plugins/ml2/drivers/mech_agent.py:399}}
Sep 28 15:41:41.556270 dv-cinder-859319-2-iscsi neutron-server[112832]: DEBUG neutron_lib.callbacks.manager [None req-72b7d45f-fa8b-4fc8-95f2-ad2b3c8db074 None None] Publish callbacks [] for ovs_bridge_name (None), before_read {{(pid=112832) _notify_loop /usr/local/lib/python3.8/dist-packages/neutron_lib/callbacks/manager.py:176}}
Sep 28 15:41:41.556819 dv-cinder-859319-2-iscsi neutron-server[112832]: DEBUG neutron.plugins.ml2.drivers.mech_agent [None req-72b7d45f-fa8b-4fc8-95f2-ad2b3c8db074 None None] Bound using segment: {'id': '64957324-0651-44f7-965b-32587128330c', 'network_type': 'flat', 'physical_network': 'physnet1', 'segmentation_id': None, 'network_id': 'f685b48a-c03f-466e-b53a-e2fe3db84996'} {{(pid=112832) bind_port /opt/stack/neutron/neutron/plugins/ml2/drivers/mech_agent.py:137}}
Sep 28 15:41:41.557520 dv-cinder-859319-2-iscsi neutron-server[112832]: DEBUG neutron.plugins.ml2.managers [None req-72b7d45f-fa8b-4fc8-95f2-ad2b3c8db074 None None] Bound port: d1e276eb-7c37-4811-9642-dbe5fcc5354c, host: dv-cinder-859319-2-iscsi, vif_type: ovs, vif_details: {"connectivity": "l2", "port_filter": true, "ovs_hybrid_plug": false, "datapath_type": "system", "bridge_name": "br-int"}, binding_levels: [{'bound_driver': 'openvswitch', 'bound_segment': {'id': '64957324-0651-44f7-965b-32587128330c', 'network_type': 'flat', 'physical_network': 'physnet1', 'segmentation_id': None, 'network_id': 'f685b48a-c03f-466e-b53a-e2fe3db84996'}}] {{(pid=112832) _bind_port_level /opt/stack/neutron/neutron/plugins/ml2/managers.py:947}}
Sep 28 15:41:41.558131 dv-cinder-859319-2-iscsi neutron-server[112832]: DEBUG neutron_lib.callbacks.manager [None req-72b7d45f-fa8b-4fc8-95f2-ad2b3c8db074 None None] Publish callbacks ['neutron.plugins.ml2.plugin.SecurityGroupDbMixin._ensure_default_security_group_handler-887361'] for port (d1e276eb-7c37-4811-9642-dbe5fcc5354c), before_update {{(pid=112832) _notify_loop /usr/local/lib/python3.8/dist-packages/neutron_lib/callbacks/manager.py:176}}
Sep 28 15:41:41.676321 dv-cinder-859319-2-iscsi neutron-server[112830]: DEBUG dbcounter [-] [112830] Writing DB stats neutron:SELECT=97,neutron:UPDATE=3 {{(pid=112830) stat_writer /usr/local/lib/python3.8/dist-packages/dbcounter.py:114}}
Sep 28 15:41:41.704322 dv-cinder-859319-2-iscsi neutron-server[112830]: DEBUG neutron_lib.callbacks.manager [None req-7e4b676c-122e-402c-947b-f380a6337b7e admin admin] Publish callbacks [] for port (e4212f8a-0e87-4a49-bdb9-09c417dc30ca), precommit_update {{(pid=112830) _notify_loop /usr/local/lib/python3.8/dist-packages/neutron_lib/callbacks/manager.py:176}}
Sep 28 15:41:41.716459 dv-cinder-859319-2-iscsi neutron-server[112830]: DEBUG neutron_lib.callbacks.manager [None req-7e4b676c-122e-402c-947b-f380a6337b7e admin admin] Publish callbacks ['neutron.plugins.ml2.plugin.SecurityGroupServerNotifierRpcMixin._notify_sg_on_port_change-884866', 'neutron.plugins.ml2.ovo_rpc._ObjectChangeHandler.handle_event-278701', 'neutron.api.rpc.agentnotifiers.dhcp_rpc_agent_api.DhcpAgentNotifyAPI._native_event_send_dhcp_notification-1629957', 'neutron.db.l3_db.L3RpcNotifierMixin._notify_gateway_port_ip_changed-8762151851951', 'neutron.db.l3_dvrscheduler_db._notify_l3_agent_port_update-8762151411438', 'neutron.db.l3_hascheduler_db._notify_l3_agent_ha_port_update-8762151414788'] for port (e4212f8a-0e87-4a49-bdb9-09c417dc30ca), after_update {{(pid=112830) _notify_loop /usr/local/lib/python3.8/dist-packages/neutron_lib/callbacks/manager.py:176}}
Sep 28 15:41:41.717345 dv-cinder-859319-2-iscsi neutron-server[112830]: DEBUG neutron_lib.callbacks.manager [None req-7e4b676c-122e-402c-947b-f380a6337b7e admin admin] Publish callbacks ['neutron.api.rpc.agentnotifiers.dhcp_rpc_agent_api.DhcpAgentNotifyAPI._after_router_interface_created-1629995', 'neutron.services.l3_router.l3_router_plugin.DVRResourceOperationHandler._update_snat_v6_addrs_after_intf_update-2000784'] for router_interface (7ea8f9a1-3028-4889-86b7-3c4a73791ae5), after_create {{(pid=112830) _notify_loop /usr/local/lib/python3.8/dist-packages/neutron_lib/callbacks/manager.py:176}}
Sep 28 15:41:41.781675 dv-cinder-859319-2-iscsi neutron-server[112830]: DEBUG neutron.api.rpc.handlers.resources_rpc [None req-7e4b676c-122e-402c-947b-f380a6337b7e admin admin] Pushing event updated for resources: {'Port': ['ID=e4212f8a-0e87-4a49-bdb9-09c417dc30ca,revision_number=2']} {{(pid=112830) push /opt/stack/neutron/neutron/api/rpc/handlers/resources_rpc.py:237}}
Sep 28 15:41:41.828124 dv-cinder-859319-2-iscsi neutron-server[112830]: DEBUG neutron.wsgi [-] (112830) accepted ('10.222.0.52', 37312) {{(pid=112830) server /usr/local/lib/python3.8/dist-packages/eventlet/wsgi.py:1004}}
Sep 28 15:41:41.843352 dv-cinder-859319-2-iscsi neutron-server[112830]: DEBUG neutron.api.v2.base [None req-ff85bcf8-e99b-4817-9b9e-fc2cc55abfb9 tempest-AttachVolumeTestJSON-668844500 tempest-AttachVolumeTestJSON-668844500-project] Request body: {'security_group': {'name': 'tempest-securitygroup--287085337', 'description': 'tempest-description--169429536'}} {{(pid=112830) prepare_request_body /opt/stack/neutron/neutron/api/v2/base.py:730}}
Sep 28 15:41:41.906315 dv-cinder-859319-2-iscsi neutron-server[112831]: DEBUG neutron_lib.callbacks.manager [None req-e376d4a6-014c-4b1c-a095-f4ffa6c1f843 admin admin] Publish callbacks ['neutron.plugins.ml2.plugin.Ml2Plugin._network_delete_precommit_handler-814712', 'neutron.services.segments.db._delete_segments_for_network-8762151926986'] for network (357b5bdb-0a1c-4397-876f-38cfcaa80a8e), precommit_delete {{(pid=112831) _notify_loop /usr/local/lib/python3.8/dist-packages/neutron_lib/callbacks/manager.py:176}}
Sep 28 15:41:41.921011 dv-cinder-859319-2-iscsi neutron-server[112831]: DEBUG neutron.wsgi [-] (112831) accepted ('10.222.0.52', 37314) {{(pid=112831) server /usr/local/lib/python3.8/dist-packages/eventlet/wsgi.py:1004}}
Sep 28 15:41:41.945894 dv-cinder-859319-2-iscsi neutron-server[112830]: DEBUG neutron_lib.callbacks.manager [None req-0a81d8ec-eddd-427c-8feb-3a3b70e0e651 admin admin] Publish callbacks [] for port (f5ebc6c2-0877-4fe9-86b4-847c8bc45669), precommit_update {{(pid=112830) _notify_loop /usr/local/lib/python3.8/dist-packages/neutron_lib/callbacks/manager.py:176}}
Sep 28 15:41:41.958514 dv-cinder-859319-2-iscsi neutron-server[112831]: DEBUG neutron.scheduler.l3_agent_scheduler [None req-55c041e2-69a8-494e-a3d6-a68c72d8ff08 admin admin] Router 0e1255bc-7bf2-4f2f-9f76-dd0f45922bf2 has already been hosted by L3 agent fb160c2a-d659-41d0-b2c2-05054a7d69c6 {{(pid=112831) _get_candidates /opt/stack/neutron/neutron/scheduler/l3_agent_scheduler.py:126}}
Sep 28 15:41:41.962132 dv-cinder-859319-2-iscsi neutron-server[112830]: DEBUG neutron_lib.callbacks.manager [None req-0a81d8ec-eddd-427c-8feb-3a3b70e0e651 admin admin] Publish callbacks ['neutron.plugins.ml2.plugin.SecurityGroupServerNotifierRpcMixin._notify_sg_on_port_change-884866', 'neutron.plugins.ml2.ovo_rpc._ObjectChangeHandler.handle_event-278701', 'neutron.api.rpc.agentnotifiers.dhcp_rpc_agent_api.DhcpAgentNotifyAPI._native_event_send_dhcp_notification-1629957', 'neutron.db.l3_db.L3RpcNotifierMixin._notify_gateway_port_ip_changed-8762151851951', 'neutron.db.l3_dvrscheduler_db._notify_l3_agent_port_update-8762151411438', 'neutron.db.l3_hascheduler_db._notify_l3_agent_ha_port_update-8762151414788'] for port (f5ebc6c2-0877-4fe9-86b4-847c8bc45669), after_update {{(pid=112830) _notify_loop /usr/local/lib/python3.8/dist-packages/neutron_lib/callbacks/manager.py:176}}
Sep 28 15:41:41.963052 dv-cinder-859319-2-iscsi neutron-server[112830]: DEBUG neutron_lib.callbacks.manager [None req-0a81d8ec-eddd-427c-8feb-3a3b70e0e651 admin admin] Publish callbacks ['neutron.api.rpc.agentnotifiers.dhcp_rpc_agent_api.DhcpAgentNotifyAPI._after_router_interface_created-1629995', 'neutron.services.l3_router.l3_router_plugin.DVRResourceOperationHandler._update_snat_v6_addrs_after_intf_update-2000784'] for router_interface (63f958b7-0059-4377-b390-c9bf0f008e22), after_create {{(pid=112830) _notify_loop /usr/local/lib/python3.8/dist-packages/neutron_lib/callbacks/manager.py:176}}
Sep 28 15:41:41.974450 dv-cinder-859319-2-iscsi neutron-server[112831]: DEBUG neutron_lib.callbacks.manager [None req-e376d4a6-014c-4b1c-a095-f4ffa6c1f843 admin admin] Subscribe: > segment before_delete 55550000 {{(pid=112831) subscribe /usr/local/lib/python3.8/dist-packages/neutron_lib/callbacks/manager.py:45}}
Sep 28 15:41:41.975075 dv-cinder-859319-2-iscsi neutron-server[112831]: DEBUG neutron_lib.callbacks.manager [None req-e376d4a6-014c-4b1c-a095-f4ffa6c1f843 admin admin] Subscribe: > subnet precommit_delete_associations 55550000 {{(pid=112831) subscribe /usr/local/lib/python3.8/dist-packages/neutron_lib/callbacks/manager.py:45}}
Sep 28 15:41:41.976034 dv-cinder-859319-2-iscsi neutron-server[112831]: DEBUG neutron_lib.callbacks.manager [None req-e376d4a6-014c-4b1c-a095-f4ffa6c1f843 admin admin] Subscribe: > segment_host_mapping after_create 55550000 {{(pid=112831) subscribe /usr/local/lib/python3.8/dist-packages/neutron_lib/callbacks/manager.py:45}}
Sep 28 15:41:41.976554 dv-cinder-859319-2-iscsi neutron-server[112831]: DEBUG neutron_lib.callbacks.manager [None req-e376d4a6-014c-4b1c-a095-f4ffa6c1f843 admin admin] Subscribe: > port after_create 55550000 {{(pid=112831) subscribe /usr/local/lib/python3.8/dist-packages/neutron_lib/callbacks/manager.py:45}}
Sep 28 15:41:41.977035 dv-cinder-859319-2-iscsi neutron-server[112831]: DEBUG neutron_lib.callbacks.manager [None req-e376d4a6-014c-4b1c-a095-f4ffa6c1f843 admin admin] Subscribe: > port after_delete 55550000 {{(pid=112831) subscribe /usr/local/lib/python3.8/dist-packages/neutron_lib/callbacks/manager.py:45}}
Sep 28 15:41:41.977541 dv-cinder-859319-2-iscsi neutron-server[112831]: DEBUG neutron_lib.callbacks.manager [None req-e376d4a6-014c-4b1c-a095-f4ffa6c1f843 admin admin] Subscribe: > port after_update 55550000 {{(pid=112831) subscribe /usr/local/lib/python3.8/dist-packages/neutron_lib/callbacks/manager.py:45}}
Sep 28 15:41:41.978037 dv-cinder-859319-2-iscsi neutron-server[112831]: DEBUG neutron_lib.callbacks.manager [None req-e376d4a6-014c-4b1c-a095-f4ffa6c1f843 admin admin] Subscribe: > segment after_delete 55550000 {{(pid=112831) subscribe /usr/local/lib/python3.8/dist-packages/neutron_lib/callbacks/manager.py:45}}
Sep 28 15:41:41.978508 dv-cinder-859319-2-iscsi neutron-server[112831]: DEBUG neutron_lib.callbacks.manager [None req-e376d4a6-014c-4b1c-a095-f4ffa6c1f843 admin admin] Subscribe: > subnet after_create 55550000 {{(pid=112831) subscribe /usr/local/lib/python3.8/dist-packages/neutron_lib/callbacks/manager.py:45}}
Sep 28 15:41:41.978973 dv-cinder-859319-2-iscsi neutron-server[112831]: DEBUG neutron_lib.callbacks.manager [None req-e376d4a6-014c-4b1c-a095-f4ffa6c1f843 admin admin] Subscribe: > subnet after_delete 55550000 {{(pid=112831) subscribe /usr/local/lib/python3.8/dist-packages/neutron_lib/callbacks/manager.py:45}}
Sep 28 15:41:41.979457 dv-cinder-859319-2-iscsi neutron-server[112831]: DEBUG neutron_lib.callbacks.manager [None req-e376d4a6-014c-4b1c-a095-f4ffa6c1f843 admin admin] Subscribe: > subnet after_update 55550000 {{(pid=112831) subscribe /usr/local/lib/python3.8/dist-packages/neutron_lib/callbacks/manager.py:45}}
Sep 28 15:41:41.982362 dv-cinder-859319-2-iscsi neutron-server[112832]: DEBUG neutron.plugins.ml2.plugin [None req-706516f9-a437-4a6b-8c48-91ffcee00618 None None] Current status of the port d796e8b0-fa81-4f4c-9d5e-ad0f27e1e24a is: ACTIVE; New status is: ACTIVE {{(pid=112832) _update_individual_port_db_status /opt/stack/neutron/neutron/plugins/ml2/plugin.py:2321}}
Sep 28 15:41:42.004839 dv-cinder-859319-2-iscsi neutron-server[112832]: DEBUG neutron.plugins.ml2.plugin [None req-1dbafae6-3277-422c-8b38-2da6cb637059 None None] Port 084a3d84-6987-4fe9-9cb4-54fb9b82186a cannot update to ACTIVE because it is not bound. {{(pid=112832) _port_provisioned /opt/stack/neutron/neutron/plugins/ml2/plugin.py:359}}
Sep 28 15:41:42.037778 dv-cinder-859319-2-iscsi neutron-server[112832]: DEBUG neutron.plugins.ml2.db [None req-72b7d45f-fa8b-4fc8-95f2-ad2b3c8db074 None None] For port d1e276eb-7c37-4811-9642-dbe5fcc5354c, host dv-cinder-859319-2-iscsi, cleared binding levels {{(pid=112832) clear_binding_levels /opt/stack/neutron/neutron/plugins/ml2/db.py:87}}
Sep 28 15:41:42.043412 dv-cinder-859319-2-iscsi neutron-server[112832]: DEBUG neutron.plugins.ml2.db [None req-72b7d45f-fa8b-4fc8-95f2-ad2b3c8db074 None None] For port d1e276eb-7c37-4811-9642-dbe5fcc5354c, host dv-cinder-859319-2-iscsi, set binding levels [PortBindingLevel(driver='openvswitch',host='dv-cinder-859319-2-iscsi',level=0,port_id=d1e276eb-7c37-4811-9642-dbe5fcc5354c,segment=NetworkSegment(64957324-0651-44f7-965b-32587128330c),segment_id=64957324-0651-44f7-965b-32587128330c)] {{(pid=112832) set_binding_levels /opt/stack/neutron/neutron/plugins/ml2/db.py:59}}
Sep 28 15:41:42.053304 dv-cinder-859319-2-iscsi neutron-server[112832]: DEBUG neutron_lib.callbacks.manager [None req-72b7d45f-fa8b-4fc8-95f2-ad2b3c8db074 None None] Publish callbacks ['neutron.plugins.ml2.plugin.SecurityGroupServerNotifierRpcMixin._notify_sg_on_port_change-884866', 'neutron.plugins.ml2.ovo_rpc._ObjectChangeHandler.handle_event-278701', 'neutron.api.rpc.agentnotifiers.dhcp_rpc_agent_api.DhcpAgentNotifyAPI._native_event_send_dhcp_notification-1629957', 'neutron.db.l3_db.L3RpcNotifierMixin._notify_gateway_port_ip_changed-8762151851951', 'neutron.db.l3_dvrscheduler_db._notify_l3_agent_port_update-8762151411438', 'neutron.db.l3_hascheduler_db._notify_l3_agent_ha_port_update-8762151414788'] for port (d1e276eb-7c37-4811-9642-dbe5fcc5354c), after_update {{(pid=112832) _notify_loop /usr/local/lib/python3.8/dist-packages/neutron_lib/callbacks/manager.py:176}}
Sep 28 15:41:42.148099 dv-cinder-859319-2-iscsi neutron-server[112832]: DEBUG neutron.api.rpc.handlers.resources_rpc [None req-7b5fb473-db81-4636-8031-038ba4b43b15 None None] Pushing event updated for resources: {'Port': ['ID=d1e276eb-7c37-4811-9642-dbe5fcc5354c,revision_number=3']} {{(pid=112832) push /opt/stack/neutron/neutron/api/rpc/handlers/resources_rpc.py:237}}
Sep 28 15:41:42.173298 dv-cinder-859319-2-iscsi neutron-server[112832]: DEBUG neutron.db.l3_dvr_db [None req-19d90a92-fd52-45f1-80ee-c98e2d8a76b7 None None] Set router 895b776f-1a2a-4160-9ea2-0173388f3460 gateway port host: dv-cinder-859319-2-iscsi {{(pid=112832) _build_routers_list /opt/stack/neutron/neutron/db/l3_dvr_db.py:907}}
Sep 28 15:41:42.175270 dv-cinder-859319-2-iscsi neutron-server[112832]: DEBUG neutron.db.l3_dvrscheduler_db [None req-72b7d45f-fa8b-4fc8-95f2-ad2b3c8db074 None None] Routers {'7ea8f9a1-3028-4889-86b7-3c4a73791ae5'} bound to L3 agent in host dv-cinder-859319-2-iscsi {{(pid=112832) _get_router_ids_for_agent /opt/stack/neutron/neutron/db/l3_dvrscheduler_db.py:422}}
Sep 28 15:41:42.175884 dv-cinder-859319-2-iscsi neutron-server[112832]: DEBUG neutron.db.l3_hamode_db [None req-72b7d45f-fa8b-4fc8-95f2-ad2b3c8db074 None None] neutron.services.l3_router.l3_router_plugin.L3RouterPlugin method get_ha_sync_data_for_host called with arguments (, 'dv-cinder-859319-2-iscsi', Agent(admin_state_up=True,agent_type='L3 agent',availability_zone='nova',binary='neutron-l3-agent',configurations={"agent_mode": "legacy", "ex_gw_ports": 1, "extensions": [], "floating_ips": 0, "handle_internal_only_routers": true, "interface_driver": "openvswitch", "interfaces": 1, "log_agent_heartbeats": false, "routers": 1},created_at=2022-09-28T15:33:26Z,description=,heartbeat_timestamp=2022-09-28T15:41:26Z,host='dv-cinder-859319-2-iscsi',id=fb160c2a-d659-41d0-b2c2-05054a7d69c6,load=0,resource_versions=,resources_synced=,started_at=2022-09-28T15:33:27Z,topic='l3_agent')) {'router_ids': ['7ea8f9a1-3028-4889-86b7-3c4a73791ae5'], 'active': True} {{(pid=112832) wrapper /usr/local/lib/python3.8/dist-packages/oslo_log/helpers.py:65}}
Sep 28 15:41:42.229719 dv-cinder-859319-2-iscsi neutron-server[112830]: DEBUG neutron.api.rpc.handlers.resources_rpc [None req-0a81d8ec-eddd-427c-8feb-3a3b70e0e651 admin admin] Pushing event updated for resources: {'Port': ['ID=f5ebc6c2-0877-4fe9-86b4-847c8bc45669,revision_number=2']} {{(pid=112830) push /opt/stack/neutron/neutron/api/rpc/handlers/resources_rpc.py:237}}
Sep 28 15:41:42.235609 dv-cinder-859319-2-iscsi neutron-server[112830]: DEBUG neutron_lib.callbacks.manager [None req-ff85bcf8-e99b-4817-9b9e-fc2cc55abfb9 tempest-AttachVolumeTestJSON-668844500 tempest-AttachVolumeTestJSON-668844500-project] Publish callbacks [] for security_group (None), before_create {{(pid=112830) _notify_loop /usr/local/lib/python3.8/dist-packages/neutron_lib/callbacks/manager.py:176}}
Sep 28 15:41:42.239291 dv-cinder-859319-2-iscsi neutron-server[112830]: DEBUG neutron.scheduler.dhcp_agent_scheduler [None req-0a81d8ec-eddd-427c-8feb-3a3b70e0e651 admin admin] Network b037e357-8df3-4ca3-8b1b-f30273c72384 is already hosted by enough agents. {{(pid=112830) _get_dhcp_agents_hosting_network /opt/stack/neutron/neutron/scheduler/dhcp_agent_scheduler.py:275}}
Sep 28 15:41:42.261695 dv-cinder-859319-2-iscsi neutron-server[112830]: DEBUG neutron.scheduler.base_scheduler [None req-0a81d8ec-eddd-427c-8feb-3a3b70e0e651 admin admin] Resources bound (agent type, host, resource id): {{(pid=112830) schedule /opt/stack/neutron/neutron/scheduler/base_scheduler.py:57}}
Sep 28 15:41:42.309665 dv-cinder-859319-2-iscsi neutron-server[112832]: DEBUG dbcounter [-] [112832] Writing DB stats neutron:SELECT=95,neutron:UPDATE=4,neutron:INSERT=1 {{(pid=112832) stat_writer /usr/local/lib/python3.8/dist-packages/dbcounter.py:114}}
Sep 28 15:41:42.336110 dv-cinder-859319-2-iscsi neutron-server[112831]: DEBUG neutron_lib.callbacks.manager [None req-e376d4a6-014c-4b1c-a095-f4ffa6c1f843 admin admin] Subscribe: > subnet after_create 55550000 {{(pid=112831) subscribe /usr/local/lib/python3.8/dist-packages/neutron_lib/callbacks/manager.py:45}}
Sep 28 15:41:42.336634 dv-cinder-859319-2-iscsi neutron-server[112831]: DEBUG neutron_lib.callbacks.manager [None req-e376d4a6-014c-4b1c-a095-f4ffa6c1f843 admin admin] Subscribe: > subnet after_delete 55550000 {{(pid=112831) subscribe /usr/local/lib/python3.8/dist-packages/neutron_lib/callbacks/manager.py:45}}
Sep 28 15:41:42.341535 dv-cinder-859319-2-iscsi neutron-server[112831]: DEBUG neutron_lib.callbacks.manager [None req-e376d4a6-014c-4b1c-a095-f4ffa6c1f843 admin admin] Subscribe: > subnet before_create 55550000 {{(pid=112831) subscribe /usr/local/lib/python3.8/dist-packages/neutron_lib/callbacks/manager.py:45}}
Sep 28 15:41:42.353246 dv-cinder-859319-2-iscsi neutron-server[112831]: DEBUG neutron_lib.callbacks.manager [None req-e376d4a6-014c-4b1c-a095-f4ffa6c1f843 admin admin] Subscribe: > subnet before_update 55550000 {{(pid=112831) subscribe /usr/local/lib/python3.8/dist-packages/neutron_lib/callbacks/manager.py:45}}
Sep 28 15:41:42.353974 dv-cinder-859319-2-iscsi neutron-server[112831]: DEBUG neutron.services.segments.db [None req-e376d4a6-014c-4b1c-a095-f4ffa6c1f843 admin admin] neutron.services.segments.plugin.Plugin method get_segments called with arguments (,) {'filters': {'network_id': ['357b5bdb-0a1c-4397-876f-38cfcaa80a8e']}} {{(pid=112831) wrapper /usr/local/lib/python3.8/dist-packages/oslo_log/helpers.py:65}}
Sep 28 15:41:42.385017 dv-cinder-859319-2-iscsi neutron-server[112830]: DEBUG neutron.scheduler.dhcp_agent_scheduler [None req-7e4b676c-122e-402c-947b-f380a6337b7e admin admin] Network 2beddede-7b14-4a1e-9c9b-0bc00eba3b72 is already hosted by enough agents. {{(pid=112830) _get_dhcp_agents_hosting_network /opt/stack/neutron/neutron/scheduler/dhcp_agent_scheduler.py:275}}
Sep 28 15:41:42.392689 dv-cinder-859319-2-iscsi neutron-server[112830]: DEBUG neutron.scheduler.base_scheduler [None req-7e4b676c-122e-402c-947b-f380a6337b7e admin admin] Resources bound (agent type, host, resource id): {{(pid=112830) schedule /opt/stack/neutron/neutron/scheduler/base_scheduler.py:57}}
Sep 28 15:41:42.404336 dv-cinder-859319-2-iscsi neutron-server[112831]: DEBUG neutron_lib.callbacks.manager [None req-74529168-9915-446d-9e5b-8562dd07f016 tempest-AttachVolumeNegativeTest-780220516 tempest-AttachVolumeNegativeTest-780220516-project] Publish callbacks [] for port (cc5e46be-cb5e-4386-bd6d-e6760645c712), precommit_create {{(pid=112831) _notify_loop /usr/local/lib/python3.8/dist-packages/neutron_lib/callbacks/manager.py:176}}
Sep 28 15:41:42.408073 dv-cinder-859319-2-iscsi neutron-server[112830]: DEBUG neutron_lib.callbacks.manager [None req-ff85bcf8-e99b-4817-9b9e-fc2cc55abfb9 tempest-AttachVolumeTestJSON-668844500 tempest-AttachVolumeTestJSON-668844500-project] Publish callbacks [] for security_group (02148823-52cc-4fc5-ac21-63e05c10e806), precommit_create {{(pid=112830) _notify_loop /usr/local/lib/python3.8/dist-packages/neutron_lib/callbacks/manager.py:176}}
Sep 28 15:41:42.429702 dv-cinder-859319-2-iscsi neutron-server[112832]: DEBUG neutron.plugins.ml2.rpc [None req-706516f9-a437-4a6b-8c48-91ffcee00618 None None] Device 5e5633bc-703d-4a85-bce0-c68a26836a3b up at agent ovs-agent-dv-cinder-859319-2-iscsi {{(pid=112832) update_device_up /opt/stack/neutron/neutron/plugins/ml2/rpc.py:296}}
Sep 28 15:41:42.477361 dv-cinder-859319-2-iscsi neutron-server[112831]: DEBUG dbcounter [-] [112831] Writing DB stats neutron:SELECT=95,neutron:INSERT=4,neutron:UPDATE=1 {{(pid=112831) stat_writer /usr/local/lib/python3.8/dist-packages/dbcounter.py:114}}
Sep 28 15:41:42.531201 dv-cinder-859319-2-iscsi neutron-server[112831]: DEBUG neutron.services.segments.db [None req-e376d4a6-014c-4b1c-a095-f4ffa6c1f843 admin admin] neutron.services.segments.plugin.Plugin method delete_segment called with arguments (, '42c4c8e3-284e-437a-a859-4819260cb39a') {'for_net_delete': True} {{(pid=112831) wrapper /usr/local/lib/python3.8/dist-packages/oslo_log/helpers.py:65}}
Sep 28 15:41:42.531730 dv-cinder-859319-2-iscsi neutron-server[112831]: DEBUG neutron.services.segments.db [None req-e376d4a6-014c-4b1c-a095-f4ffa6c1f843 admin admin] neutron.services.segments.plugin.Plugin method get_segment called with arguments (, '42c4c8e3-284e-437a-a859-4819260cb39a') {} {{(pid=112831) wrapper /usr/local/lib/python3.8/dist-packages/oslo_log/helpers.py:65}}
Sep 28 15:41:42.577313 dv-cinder-859319-2-iscsi neutron-server[112832]: INFO neutron.plugins.ml2.plugin [None req-1dbafae6-3277-422c-8b38-2da6cb637059 None None] Attempt 3 to provision port 084a3d84-6987-4fe9-9cb4-54fb9b82186a
Sep 28 15:41:42.580118 dv-cinder-859319-2-iscsi neutron-server[112831]: DEBUG neutron_lib.callbacks.manager [None req-74529168-9915-446d-9e5b-8562dd07f016 tempest-AttachVolumeNegativeTest-780220516 tempest-AttachVolumeNegativeTest-780220516-project] Publish callbacks ['neutron.plugins.ml2.plugin.SecurityGroupServerNotifierRpcMixin._notify_sg_on_port_change-884866', 'neutron.plugins.ml2.ovo_rpc._ObjectChangeHandler.handle_event-278701', 'neutron.api.rpc.agentnotifiers.dhcp_rpc_agent_api.DhcpAgentNotifyAPI._native_event_send_dhcp_notification-1629957', 'neutron.db.l3_dvrscheduler_db._notify_l3_agent_new_port-8762151411420', 'neutron.services.segments.plugin.NovaSegmentNotifier._notify_port_created_or_deleted-4066777'] for port (cc5e46be-cb5e-4386-bd6d-e6760645c712), after_create {{(pid=112831) _notify_loop /usr/local/lib/python3.8/dist-packages/neutron_lib/callbacks/manager.py:176}}
Sep 28 15:41:42.589595 dv-cinder-859319-2-iscsi neutron-server[112830]: DEBUG neutron_lib.callbacks.manager [None req-ff85bcf8-e99b-4817-9b9e-fc2cc55abfb9 tempest-AttachVolumeTestJSON-668844500 tempest-AttachVolumeTestJSON-668844500-project] Publish callbacks ['neutron.plugins.ml2.ovo_rpc._ObjectChangeHandler.handle_event-1594098'] for security_group (02148823-52cc-4fc5-ac21-63e05c10e806), after_create {{(pid=112830) _notify_loop /usr/local/lib/python3.8/dist-packages/neutron_lib/callbacks/manager.py:176}}
Sep 28 15:41:42.607287 dv-cinder-859319-2-iscsi neutron-server[112831]: DEBUG neutron_lib.callbacks.manager [None req-e376d4a6-014c-4b1c-a095-f4ffa6c1f843 admin admin] Publish callbacks ['neutron.plugins.ml2.db._prevent_segment_delete_with_port_bound-8762151815271', 'neutron.services.segments.plugin.Plugin._prevent_segment_delete_with_subnet_associated-4064846'] for segment (42c4c8e3-284e-437a-a859-4819260cb39a), before_delete {{(pid=112831) _notify_loop /usr/local/lib/python3.8/dist-packages/neutron_lib/callbacks/manager.py:176}}
Sep 28 15:41:42.619822 dv-cinder-859319-2-iscsi neutron-server[112831]: DEBUG neutron_lib.callbacks.manager [None req-86bebefe-6398-4afd-b4fe-02362647e1e2 admin admin] Publish callbacks [] for security_group (None), before_create {{(pid=112831) _notify_loop /usr/local/lib/python3.8/dist-packages/neutron_lib/callbacks/manager.py:176}}
Sep 28 15:41:42.649636 dv-cinder-859319-2-iscsi neutron-server[112830]: DEBUG dbcounter [-] [112830] Writing DB stats neutron:SELECT=100 {{(pid=112830) stat_writer /usr/local/lib/python3.8/dist-packages/dbcounter.py:114}}
Sep 28 15:41:42.762584 dv-cinder-859319-2-iscsi neutron-server[112830]: DEBUG neutron_lib.callbacks.manager [None req-ff85bcf8-e99b-4817-9b9e-fc2cc55abfb9 tempest-AttachVolumeTestJSON-668844500 tempest-AttachVolumeTestJSON-668844500-project] Publish callbacks [] for security_group (None), before_response {{(pid=112830) _notify_loop /usr/local/lib/python3.8/dist-packages/neutron_lib/callbacks/manager.py:176}}
Sep 28 15:41:42.763902 dv-cinder-859319-2-iscsi neutron-server[112830]: INFO neutron.wsgi [None req-ff85bcf8-e99b-4817-9b9e-fc2cc55abfb9 tempest-AttachVolumeTestJSON-668844500 tempest-AttachVolumeTestJSON-668844500-project] 10.222.0.52 "POST /networking/v2.0/security-groups HTTP/1.1" status: 201 len: 1795 time: 0.9339345
Sep 28 15:41:42.823846 dv-cinder-859319-2-iscsi neutron-server[112832]: DEBUG neutron.plugins.ml2.plugin [None req-1dbafae6-3277-422c-8b38-2da6cb637059 None None] Port 084a3d84-6987-4fe9-9cb4-54fb9b82186a cannot update to ACTIVE because it is not bound. {{(pid=112832) _port_provisioned /opt/stack/neutron/neutron/plugins/ml2/plugin.py:359}}
Sep 28 15:41:42.824082 dv-cinder-859319-2-iscsi neutron-server[112832]: DEBUG dbcounter [-] [112832] Writing DB stats neutron:SELECT=100 {{(pid=112832) stat_writer /usr/local/lib/python3.8/dist-packages/dbcounter.py:114}}
Sep 28 15:41:42.825452 dv-cinder-859319-2-iscsi neutron-server[112831]: DEBUG neutron.wsgi [-] (112831) accepted ('10.222.0.52', 37330) {{(pid=112831) server /usr/local/lib/python3.8/dist-packages/eventlet/wsgi.py:1004}}
Sep 28 15:41:42.840681 dv-cinder-859319-2-iscsi neutron-server[112831]: DEBUG neutron_lib.callbacks.manager [None req-e376d4a6-014c-4b1c-a095-f4ffa6c1f843 admin admin] Publish callbacks ['neutron.plugins.ml2.plugin.Ml2Plugin._handle_segment_change-817957'] for segment (42c4c8e3-284e-437a-a859-4819260cb39a), precommit_delete {{(pid=112831) _notify_loop /usr/local/lib/python3.8/dist-packages/neutron_lib/callbacks/manager.py:176}}
Sep 28 15:41:42.852215 dv-cinder-859319-2-iscsi neutron-server[112831]: DEBUG neutron.api.v2.base [None req-a1fdfa6d-287f-4c9e-adcb-003d1f941e1c tempest-AttachVolumeTestJSON-668844500 tempest-AttachVolumeTestJSON-668844500-project] Request body: {'security_group_rule': {'security_group_id': '02148823-52cc-4fc5-ac21-63e05c10e806', 'protocol': 'tcp', 'ethertype': 'IPv4', 'port_range_min': 22, 'port_range_max': 22, 'direction': 'ingress'}} {{(pid=112831) prepare_request_body /opt/stack/neutron/neutron/api/v2/base.py:730}}
Sep 28 15:41:42.876097 dv-cinder-859319-2-iscsi neutron-server[112832]: DEBUG neutron.db.l3_dvr_db [None req-72b7d45f-fa8b-4fc8-95f2-ad2b3c8db074 None None] Set router 7ea8f9a1-3028-4889-86b7-3c4a73791ae5 gateway port host: dv-cinder-859319-2-iscsi {{(pid=112832) _build_routers_list /opt/stack/neutron/neutron/db/l3_dvr_db.py:907}}
Sep 28 15:41:42.923407 dv-cinder-859319-2-iscsi neutron-server[112831]: DEBUG neutron.scheduler.dhcp_agent_scheduler [None req-74529168-9915-446d-9e5b-8562dd07f016 tempest-AttachVolumeNegativeTest-780220516 tempest-AttachVolumeNegativeTest-780220516-project] Network f685b48a-c03f-466e-b53a-e2fe3db84996 is already hosted by enough agents. {{(pid=112831) _get_dhcp_agents_hosting_network /opt/stack/neutron/neutron/scheduler/dhcp_agent_scheduler.py:275}}
Sep 28 15:41:42.937751 dv-cinder-859319-2-iscsi neutron-server[112831]: DEBUG neutron.plugins.ml2.drivers.type_vlan [None req-e376d4a6-014c-4b1c-a095-f4ffa6c1f843 admin admin] Releasing vlan 57 on physical network physnet1 to pool {{(pid=112831) release_segment /opt/stack/neutron/neutron/plugins/ml2/drivers/type_vlan.py:304}}
Sep 28 15:41:42.938424 dv-cinder-859319-2-iscsi neutron-server[112831]: DEBUG neutron_lib.callbacks.manager [None req-e376d4a6-014c-4b1c-a095-f4ffa6c1f843 admin admin] Publish callbacks ['neutron.plugins.ml2.plugin.Ml2Plugin._handle_segment_change-817957', 'neutron.services.segments.plugin.NovaSegmentNotifier._notify_segment_deleted-4066602'] for segment (42c4c8e3-284e-437a-a859-4819260cb39a), after_delete {{(pid=112831) _notify_loop /usr/local/lib/python3.8/dist-packages/neutron_lib/callbacks/manager.py:176}}
Sep 28 15:41:42.945047 dv-cinder-859319-2-iscsi neutron-server[112831]: DEBUG neutron_lib.callbacks.manager [None req-a1fdfa6d-287f-4c9e-adcb-003d1f941e1c tempest-AttachVolumeTestJSON-668844500 tempest-AttachVolumeTestJSON-668844500-project] Publish callbacks [] for security_group_rule (1831a989-60a0-4b5b-ace7-8ddb7b2413a0), before_create {{(pid=112831) _notify_loop /usr/local/lib/python3.8/dist-packages/neutron_lib/callbacks/manager.py:176}}
Sep 28 15:41:42.958609 dv-cinder-859319-2-iscsi neutron-server[112832]: DEBUG neutron.db.provisioning_blocks [None req-706516f9-a437-4a6b-8c48-91ffcee00618 None None] Provisioning complete for port 5e5633bc-703d-4a85-bce0-c68a26836a3b triggered by entity L2. {{(pid=112832) provisioning_complete /opt/stack/neutron/neutron/db/provisioning_blocks.py:144}}
Sep 28 15:41:42.958990 dv-cinder-859319-2-iscsi neutron-server[112832]: DEBUG neutron_lib.callbacks.manager [None req-706516f9-a437-4a6b-8c48-91ffcee00618 None None] Publish callbacks ['neutron.plugins.ml2.plugin.Ml2Plugin._port_provisioned-1021393'] for port (5e5633bc-703d-4a85-bce0-c68a26836a3b), provisioning_complete {{(pid=112832) _notify_loop /usr/local/lib/python3.8/dist-packages/neutron_lib/callbacks/manager.py:176}}
Sep 28 15:41:42.959496 dv-cinder-859319-2-iscsi neutron-server[112832]: INFO neutron.plugins.ml2.plugin [None req-706516f9-a437-4a6b-8c48-91ffcee00618 None None] Attempt 1 to provision port 5e5633bc-703d-4a85-bce0-c68a26836a3b
