Sep 28 15:41:28.646335 dv-cinder-859319-2-iscsi neutron-server[112832]: DEBUG neutron_lib.callbacks.manager [None req-706516f9-a437-4a6b-8c48-91ffcee00618 None None] Publish callbacks ['neutron.plugins.ml2.plugin.SecurityGroupDbMixin._ensure_default_security_group_handler-887361'] for port (a3ade354-4809-4590-876d-18eb89355113), before_update {{(pid=112832) _notify_loop /usr/local/lib/python3.8/dist-packages/neutron_lib/callbacks/manager.py:176}}
Sep 28 15:41:28.648281 dv-cinder-859319-2-iscsi neutron-server[112831]: DEBUG neutron_lib.callbacks.manager [None req-01ee4eea-39ad-44e4-9109-99879e3fec77 admin admin] Publish callbacks [] for router (None), before_response {{(pid=112831) _notify_loop /usr/local/lib/python3.8/dist-packages/neutron_lib/callbacks/manager.py:176}}
Sep 28 15:41:28.657286 dv-cinder-859319-2-iscsi neutron-server[112831]: INFO neutron.wsgi [None req-01ee4eea-39ad-44e4-9109-99879e3fec77 admin admin] 10.222.0.52 "POST /networking/v2.0/routers HTTP/1.1" status: 201 len: 923 time: 3.6543424
Sep 28 15:41:28.668149 dv-cinder-859319-2-iscsi neutron-server[112830]: DEBUG neutron.wsgi [-] (112830) accepted ('10.222.0.52', 37044) {{(pid=112830) server /usr/local/lib/python3.8/dist-packages/eventlet/wsgi.py:1004}}
Sep 28 15:41:28.668263 dv-cinder-859319-2-iscsi neutron-server[112833]: DEBUG neutron.db.l3_dvrscheduler_db [None req-e455c0b0-e07a-4f2f-bd74-2a1dc7bf2b22 None None] Routers {'895b776f-1a2a-4160-9ea2-0173388f3460'} bound to L3 agent in host dv-cinder-859319-2-iscsi {{(pid=112833) _get_router_ids_for_agent /opt/stack/neutron/neutron/db/l3_dvrscheduler_db.py:422}}
Sep 28 15:41:28.672096 dv-cinder-859319-2-iscsi neutron-server[112833]: DEBUG neutron.db.l3_hamode_db [None req-e455c0b0-e07a-4f2f-bd74-2a1dc7bf2b22 None None] neutron.services.l3_router.l3_router_plugin.L3RouterPlugin method get_ha_sync_data_for_host called with arguments (, 'dv-cinder-859319-2-iscsi', Agent(admin_state_up=True,agent_type='L3 agent',availability_zone='nova',binary='neutron-l3-agent',configurations={"agent_mode": "legacy", "ex_gw_ports": 1, "extensions": [], "floating_ips": 0, "handle_internal_only_routers": true, "interface_driver": "openvswitch", "interfaces": 1, "log_agent_heartbeats": false, "routers": 1},created_at=2022-09-28T15:33:26Z,description=,heartbeat_timestamp=2022-09-28T15:41:26Z,host='dv-cinder-859319-2-iscsi',id=fb160c2a-d659-41d0-b2c2-05054a7d69c6,load=0,resource_versions=,resources_synced=,started_at=2022-09-28T15:33:27Z,topic='l3_agent')) {'router_ids': ['895b776f-1a2a-4160-9ea2-0173388f3460'], 'active': True} {{(pid=112833) wrapper /usr/local/lib/python3.8/dist-packages/oslo_log/helpers.py:65}}
Sep 28 15:41:29.018901 dv-cinder-859319-2-iscsi neutron-server[112830]: DEBUG neutron.scheduler.dhcp_agent_scheduler [None req-c3d94adc-3bcc-40dc-ad33-8381b5b88430 admin admin] Network b037e357-8df3-4ca3-8b1b-f30273c72384 is scheduled to be hosted by DHCP agent 7802b0b3-f79f-4e61-b9ee-14f81a494c4e with binding_index 1 {{(pid=112830) bind /opt/stack/neutron/neutron/scheduler/dhcp_agent_scheduler.py:227}}
Sep 28 15:41:29.035098 dv-cinder-859319-2-iscsi neutron-server[112830]: DEBUG neutron_lib.callbacks.manager [None req-33cadf4e-b99b-4ed6-85b2-9e205c55be28 admin admin] Publish callbacks [] for port (2776856d-a99f-479a-a008-d9028bfe09cb), precommit_create {{(pid=112830) _notify_loop /usr/local/lib/python3.8/dist-packages/neutron_lib/callbacks/manager.py:176}}
Sep 28 15:41:29.116976 dv-cinder-859319-2-iscsi neutron-server[112830]: DEBUG neutron.scheduler.base_scheduler [None req-c3d94adc-3bcc-40dc-ad33-8381b5b88430 admin admin] Resources bound (agent type, host, resource id): (DHCP agent, dv-cinder-859319-2-iscsi, b037e357-8df3-4ca3-8b1b-f30273c72384) {{(pid=112830) schedule /opt/stack/neutron/neutron/scheduler/base_scheduler.py:57}}
Sep 28 15:41:29.127181 dv-cinder-859319-2-iscsi neutron-server[112830]: DEBUG neutron.pecan_wsgi.hooks.policy_enforcement [None req-c3d94adc-3bcc-40dc-ad33-8381b5b88430 admin admin] Attributes excluded by policy engine: ['standard_attr_id', 'shared', 'network'] {{(pid=112830) _exclude_attributes_by_policy /opt/stack/neutron/neutron/pecan_wsgi/hooks/policy_enforcement.py:259}}
Sep 28 15:41:29.127785 dv-cinder-859319-2-iscsi neutron-server[112830]: DEBUG neutron_lib.callbacks.manager [None req-c3d94adc-3bcc-40dc-ad33-8381b5b88430 admin admin] Publish callbacks ['neutron.api.rpc.agentnotifiers.dhcp_rpc_agent_api.DhcpAgentNotifyAPI._send_dhcp_notification-1630071'] for subnet (None), before_response {{(pid=112830) _notify_loop /usr/local/lib/python3.8/dist-packages/neutron_lib/callbacks/manager.py:176}}
Sep 28 15:41:29.134134 dv-cinder-859319-2-iscsi neutron-server[112830]: DEBUG neutron_lib.callbacks.manager [None req-59887026-5828-47c0-938b-ae3f53622e4a admin admin] Publish callbacks [] for router_controller (7ea8f9a1-3028-4889-86b7-3c4a73791ae5), precommit_add_association {{(pid=112830) _notify_loop /usr/local/lib/python3.8/dist-packages/neutron_lib/callbacks/manager.py:176}}
Sep 28 15:41:29.209935 dv-cinder-859319-2-iscsi neutron-server[112832]: DEBUG neutron.db.db_base_plugin_common [None req-82ebf28f-ca1d-4202-8979-674851d52c26 None None] Allocated IP 172.20.0.2 (df05fe18-9205-4e7c-b6d8-ac63aa67e1aa/1d382cba-cbbe-4f33-a626-0774b388d92e/5e5633bc-703d-4a85-bce0-c68a26836a3b) {{(pid=112832) _store_ip_allocation /opt/stack/neutron/neutron/db/db_base_plugin_common.py:131}}
Sep 28 15:41:29.228411 dv-cinder-859319-2-iscsi neutron-server[112831]: DEBUG neutron_lib.callbacks.manager [None req-80123b98-fbae-41cd-8266-26efac4141d3 admin admin] Publish callbacks [] for router_gateway (afbb5fe3-7737-46f0-905c-2d478e9fde4b), before_create {{(pid=112831) _notify_loop /usr/local/lib/python3.8/dist-packages/neutron_lib/callbacks/manager.py:176}}
Sep 28 15:41:29.273430 dv-cinder-859319-2-iscsi neutron-server[112833]: DEBUG neutron.db.l3_dvr_db [None req-e455c0b0-e07a-4f2f-bd74-2a1dc7bf2b22 None None] Set router 895b776f-1a2a-4160-9ea2-0173388f3460 gateway port host: dv-cinder-859319-2-iscsi {{(pid=112833) _build_routers_list /opt/stack/neutron/neutron/db/l3_dvr_db.py:907}}
Sep 28 15:41:29.281069 dv-cinder-859319-2-iscsi neutron-server[112830]: DEBUG dbcounter [-] [112830] Writing DB stats neutron:SELECT=85,neutron:INSERT=11,neutron:DELETE=2,neutron:UPDATE=2 {{(pid=112830) stat_writer /usr/local/lib/python3.8/dist-packages/dbcounter.py:114}}
Sep 28 15:41:29.305166 dv-cinder-859319-2-iscsi neutron-server[112831]: DEBUG neutron_lib.callbacks.manager [None req-80123b98-fbae-41cd-8266-26efac4141d3 admin admin] Publish callbacks ['neutron.plugins.ml2.plugin.SecurityGroupDbMixin._ensure_default_security_group_handler-887361'] for port (None), before_create {{(pid=112831) _notify_loop /usr/local/lib/python3.8/dist-packages/neutron_lib/callbacks/manager.py:176}}
Sep 28 15:41:29.326518 dv-cinder-859319-2-iscsi neutron-server[112830]: INFO neutron.wsgi [None req-c3d94adc-3bcc-40dc-ad33-8381b5b88430 admin admin] 10.222.0.52 "POST /networking/v2.0/subnets HTTP/1.1" status: 201 len: 854 time: 2.6071327
Sep 28 15:41:29.329585 dv-cinder-859319-2-iscsi neutron-server[112830]: DEBUG neutron.wsgi [-] (112830) accepted ('10.222.0.52', 37050) {{(pid=112830) server /usr/local/lib/python3.8/dist-packages/eventlet/wsgi.py:1004}}
Sep 28 15:41:29.391734 dv-cinder-859319-2-iscsi neutron-server[112831]: DEBUG dbcounter [-] [112831] Writing DB stats neutron:SELECT=92,neutron:INSERT=3,neutron:UPDATE=2,neutron:DELETE=3 {{(pid=112831) stat_writer /usr/local/lib/python3.8/dist-packages/dbcounter.py:114}}
Sep 28 15:41:29.395096 dv-cinder-859319-2-iscsi neutron-server[112831]: DEBUG neutron_lib.callbacks.manager [None req-3f639c3e-cf63-4dae-9718-36a340c5bf87 admin admin] Publish callbacks [] for security_group (None), before_create {{(pid=112831) _notify_loop /usr/local/lib/python3.8/dist-packages/neutron_lib/callbacks/manager.py:176}}
Sep 28 15:41:29.433691 dv-cinder-859319-2-iscsi neutron-server[112830]: DEBUG neutron.api.v2.base [None req-4121d10f-52f5-4fd7-bbc2-83570075eda8 admin admin] Request body: {'router': {'name': 'tempest-ServerRescueNegativeTestJSON-593595512-router', 'tenant_id': '824ddb9f6f344a2684cf31d08427306c', 'external_gateway_info': {'network_id': 'f685b48a-c03f-466e-b53a-e2fe3db84996'}}} {{(pid=112830) prepare_request_body /opt/stack/neutron/neutron/api/v2/base.py:730}}
Sep 28 15:41:29.535460 dv-cinder-859319-2-iscsi neutron-server[112831]: DEBUG dbcounter [-] [112831] Writing DB stats neutron:SELECT=83,neutron:INSERT=13,neutron:UPDATE=3,neutron:DELETE=1 {{(pid=112831) stat_writer /usr/local/lib/python3.8/dist-packages/dbcounter.py:114}}
Sep 28 15:41:29.545141 dv-cinder-859319-2-iscsi neutron-server[112832]: DEBUG neutron_lib.callbacks.manager [None req-82ebf28f-ca1d-4202-8979-674851d52c26 None None] Publish callbacks [] for port (5e5633bc-703d-4a85-bce0-c68a26836a3b), precommit_create {{(pid=112832) _notify_loop /usr/local/lib/python3.8/dist-packages/neutron_lib/callbacks/manager.py:176}}
Sep 28 15:41:29.582098 dv-cinder-859319-2-iscsi neutron-server[112831]: DEBUG neutron_lib.callbacks.manager [None req-3f639c3e-cf63-4dae-9718-36a340c5bf87 admin admin] Publish callbacks [] for security_group (477ff677-0e1a-4275-a986-1262dcff922f), precommit_create {{(pid=112831) _notify_loop /usr/local/lib/python3.8/dist-packages/neutron_lib/callbacks/manager.py:176}}
Sep 28 15:41:29.582098 dv-cinder-859319-2-iscsi neutron-server[112831]: DEBUG neutron_lib.callbacks.manager [None req-3f639c3e-cf63-4dae-9718-36a340c5bf87 admin admin] Publish callbacks ['neutron.plugins.ml2.ovo_rpc._ObjectChangeHandler.handle_event-1594098'] for security_group (477ff677-0e1a-4275-a986-1262dcff922f), after_create {{(pid=112831) _notify_loop /usr/local/lib/python3.8/dist-packages/neutron_lib/callbacks/manager.py:176}}
Sep 28 15:41:29.585030 dv-cinder-859319-2-iscsi neutron-server[112832]: DEBUG neutron.api.rpc.handlers.dhcp_rpc [None req-a7bcc528-fd15-407b-86e4-376a49bae2e5 None None] Network e3f5d48c-3282-4a82-969b-edabdb53cfff requested from dv-cinder-859319-2-iscsi {{(pid=112832) get_network_info /opt/stack/neutron/neutron/api/rpc/handlers/dhcp_rpc.py:193}}
Sep 28 15:41:29.587846 dv-cinder-859319-2-iscsi neutron-server[112832]: DEBUG dbcounter [-] [112832] Writing DB stats neutron:SELECT=89,neutron:UPDATE=6,neutron:INSERT=5 {{(pid=112832) stat_writer /usr/local/lib/python3.8/dist-packages/dbcounter.py:114}}
Sep 28 15:41:29.601918 dv-cinder-859319-2-iscsi neutron-server[112832]: DEBUG neutron.api.rpc.handlers.dhcp_rpc [None req-68a07ee2-e2a6-4273-beaa-6802165603bf None None] Network b037e357-8df3-4ca3-8b1b-f30273c72384 requested from dv-cinder-859319-2-iscsi {{(pid=112832) get_network_info /opt/stack/neutron/neutron/api/rpc/handlers/dhcp_rpc.py:193}}
Sep 28 15:41:29.603861 dv-cinder-859319-2-iscsi neutron-server[112832]: DEBUG neutron.api.rpc.handlers.dhcp_rpc [None req-580cadf3-1a7c-45df-a1ce-2a1f6bd221d6 None None] Network 85a0d787-d04b-4ff1-9585-ae17b62d54da requested from dv-cinder-859319-2-iscsi {{(pid=112832) get_network_info /opt/stack/neutron/neutron/api/rpc/handlers/dhcp_rpc.py:193}}
Sep 28 15:41:29.609271 dv-cinder-859319-2-iscsi neutron-server[112832]: DEBUG neutron.plugins.ml2.db [None req-706516f9-a437-4a6b-8c48-91ffcee00618 None None] For port a3ade354-4809-4590-876d-18eb89355113, host dv-cinder-859319-2-iscsi, got binding levels [PortBindingLevel(driver='openvswitch',host='dv-cinder-859319-2-iscsi',level=0,port_id=a3ade354-4809-4590-876d-18eb89355113,segment=NetworkSegment(6d5af7d4-a325-48f3-af5c-27adc1334102),segment_id=6d5af7d4-a325-48f3-af5c-27adc1334102)] {{(pid=112832) get_binding_level_objs /opt/stack/neutron/neutron/plugins/ml2/db.py:74}}
Sep 28 15:41:29.614662 dv-cinder-859319-2-iscsi neutron-server[112832]: DEBUG neutron.db.provisioning_blocks [None req-9b107cf0-9eb2-40a6-9c89-e17dd1ebbdba None None] Provisioning complete for port a3ade354-4809-4590-876d-18eb89355113 triggered by entity DHCP. {{(pid=112832) provisioning_complete /opt/stack/neutron/neutron/db/provisioning_blocks.py:144}}
Sep 28 15:41:29.614922 dv-cinder-859319-2-iscsi neutron-server[112832]: DEBUG neutron_lib.callbacks.manager [None req-9b107cf0-9eb2-40a6-9c89-e17dd1ebbdba None None] Publish callbacks ['neutron.plugins.ml2.plugin.Ml2Plugin._port_provisioned-1021393'] for port (a3ade354-4809-4590-876d-18eb89355113), provisioning_complete {{(pid=112832) _notify_loop /usr/local/lib/python3.8/dist-packages/neutron_lib/callbacks/manager.py:176}}
Sep 28 15:41:29.615264 dv-cinder-859319-2-iscsi neutron-server[112832]: INFO neutron.plugins.ml2.plugin [None req-9b107cf0-9eb2-40a6-9c89-e17dd1ebbdba None None] Attempt 1 to provision port a3ade354-4809-4590-876d-18eb89355113
Sep 28 15:41:29.617264 dv-cinder-859319-2-iscsi neutron-server[112832]: DEBUG neutron.api.rpc.handlers.dhcp_rpc [None req-4309fb65-065e-4bed-869d-7103c84cf1f7 None None] Create dhcp port {'port': {'name': '', 'admin_state_up': True, 'device_id': 'dhcpcbea2f03-f2f5-5d16-984d-da56f93fd32e-2beddede-7b14-4a1e-9c9b-0bc00eba3b72', 'network_id': '2beddede-7b14-4a1e-9c9b-0bc00eba3b72', 'project_id': '335ecfeb5c6a436e909618c1305593bb', 'fixed_ips': [{'subnet_id': 'e585d368-0577-4ccc-adae-9744acd6a68f'}]}} from dv-cinder-859319-2-iscsi. {{(pid=112832) create_dhcp_port /opt/stack/neutron/neutron/api/rpc/handlers/dhcp_rpc.py:282}}
Sep 28 15:41:29.618808 dv-cinder-859319-2-iscsi neutron-server[112832]: DEBUG neutron_lib.callbacks.manager [None req-4309fb65-065e-4bed-869d-7103c84cf1f7 None None] Publish callbacks ['neutron.plugins.ml2.plugin.SecurityGroupDbMixin._ensure_default_security_group_handler-887361'] for port (None), before_create {{(pid=112832) _notify_loop /usr/local/lib/python3.8/dist-packages/neutron_lib/callbacks/manager.py:176}}
Sep 28 15:41:29.623200 dv-cinder-859319-2-iscsi neutron-server[112832]: DEBUG neutron_lib.callbacks.manager [None req-82ebf28f-ca1d-4202-8979-674851d52c26 None None] Publish callbacks ['neutron.plugins.ml2.plugin.SecurityGroupServerNotifierRpcMixin._notify_sg_on_port_change-884866', 'neutron.plugins.ml2.ovo_rpc._ObjectChangeHandler.handle_event-278701', 'neutron.api.rpc.agentnotifiers.dhcp_rpc_agent_api.DhcpAgentNotifyAPI._native_event_send_dhcp_notification-1629957', 'neutron.db.l3_dvrscheduler_db._notify_l3_agent_new_port-8762151411420'] for port (5e5633bc-703d-4a85-bce0-c68a26836a3b), after_create {{(pid=112832) _notify_loop /usr/local/lib/python3.8/dist-packages/neutron_lib/callbacks/manager.py:176}}
Sep 28 15:41:29.669264 dv-cinder-859319-2-iscsi neutron-server[112830]: DEBUG neutron_lib.callbacks.manager [None req-4121d10f-52f5-4fd7-bbc2-83570075eda8 admin admin] Publish callbacks ['neutron.services.l3_router.l3_router_plugin.L3_HA_NAT_db_mixin._before_router_create_handler-2010839', 'neutron.services.l3_router.service_providers.driver_controller.DriverController._check_router_request-921'] for router (63f958b7-0059-4377-b390-c9bf0f008e22), before_create {{(pid=112830) _notify_loop /usr/local/lib/python3.8/dist-packages/neutron_lib/callbacks/manager.py:176}}
Sep 28 15:41:29.675571 dv-cinder-859319-2-iscsi neutron-server[112830]: DEBUG neutron_lib.callbacks.manager [None req-4121d10f-52f5-4fd7-bbc2-83570075eda8 admin admin] Publish callbacks ['neutron.services.l3_router.l3_router_plugin.L3_HA_NAT_db_mixin._precommit_router_create-2007291', 'neutron.services.l3_router.l3_router_plugin.DVRResourceOperationHandler._set_distributed_flag-2002050', 'neutron.services.l3_router.l3_router_plugin.RouterAvailabilityZoneMixin._process_az_request-1936186', 'neutron.services.l3_router.service_providers.driver_controller.DriverController._set_router_provider-898'] for router (63f958b7-0059-4377-b390-c9bf0f008e22), precommit_create {{(pid=112830) _notify_loop /usr/local/lib/python3.8/dist-packages/neutron_lib/callbacks/manager.py:176}}
Sep 28 15:41:29.690545 dv-cinder-859319-2-iscsi neutron-server[112833]: DEBUG neutron.db.l3_hamode_db [None req-e455c0b0-e07a-4f2f-bd74-2a1dc7bf2b22 None None] neutron.services.l3_router.l3_router_plugin.L3RouterPlugin method _process_sync_ha_data called with arguments (, [{'id': '895b776f-1a2a-4160-9ea2-0173388f3460', 'name': 'tempest-AttachVolumeTestJSON-2075640652-router', 'tenant_id': '62692d2b160040879aecaf4d44ad19b3', 'admin_state_up': True, 'status': 'ACTIVE', 'external_gateway_info': {'network_id': 'f685b48a-c03f-466e-b53a-e2fe3db84996', 'external_fixed_ips': [{'subnet_id': '2bcf8f69-ea2f-46a5-b261-39ea3508e584', 'ip_address': '172.27.2.243'}], 'enable_snat': True}, 'gw_port_id': 'd796e8b0-fa81-4f4c-9d5e-ad0f27e1e24a', 'description': '', 'availability_zones': ['nova'], 'distributed': False, 'ha': False, 'ha_vr_id': 0, 'availability_zone_hints': [], 'routes': [], 'flavor_id': None, 'tags': [], 'created_at': '2022-09-28T15:41:25Z', 'updated_at': '2022-09-28T15:41:26Z', 'revision_number': 3, 'project_id': '62692d2b160040879aecaf4d44ad19b3', 'gw_port': {'id': 'd796e8b0-fa81-4f4c-9d5e-ad0f27e1e24a', 'name': '', 'network_id': 'f685b48a-c03f-466e-b53a-e2fe3db84996', 'tenant_id': '', 'mac_address': 'fa:16:3e:06:71:8c', 'admin_state_up': True, 'status': 'DOWN', 'device_id': '895b776f-1a2a-4160-9ea2-0173388f3460', 'device_owner': 'network:router_gateway', 'standard_attr_id': 68, 'fixed_ips': [{'subnet_id': '2bcf8f69-ea2f-46a5-b261-39ea3508e584', 'ip_address': '172.27.2.243', 'prefixlen': 24}], 'allowed_address_pairs': [], 'extra_dhcp_opts': [], 'security_groups': [], 'description': '', 'binding:vnic_type': 'normal', 'binding:profile': {}, 'binding:host_id': '', 'binding:vif_type': 'unbound', 'binding:vif_details': {}, 'port_security_enabled': False, 'tags': [], 'created_at': '2022-09-28T15:41:25Z', 'updated_at': '2022-09-28T15:41:25Z', 'revision_number': 1, 'project_id': '', 'subnets': [{'id': '2bcf8f69-ea2f-46a5-b261-39ea3508e584', 'cidr': '172.27.2.0/24', 'gateway_ip': '172.27.2.1', 'dns_nameservers': [], 'ipv6_ra_mode': None, 'subnetpool_id': None}], 'extra_subnets': [], 'address_scopes': {4: None, 6: None}, 'mtu': 1500}, 'enable_snat': True, 'gw_port_host': 'dv-cinder-859319-2-iscsi'}], 'dv-cinder-859319-2-iscsi', False) {} {{(pid=112833) wrapper /usr/local/lib/python3.8/dist-packages/oslo_log/helpers.py:65}}
Sep 28 15:41:29.694558 dv-cinder-859319-2-iscsi neutron-server[112831]: INFO neutron.wsgi [None req-3f639c3e-cf63-4dae-9718-36a340c5bf87 admin admin] 10.222.0.52 "GET /networking/v2.0/security-groups?tenant_id=2af27dac96724c4592f66af8801ff80b&name=default HTTP/1.1" status: 200 len: 2992 time: 1.1360149
Sep 28 15:41:29.695368 dv-cinder-859319-2-iscsi neutron-server[112831]: DEBUG neutron.wsgi [-] (112831) accepted ('10.222.0.52', 37076) {{(pid=112831) server /usr/local/lib/python3.8/dist-packages/eventlet/wsgi.py:1004}}
Sep 28 15:41:29.711353 dv-cinder-859319-2-iscsi neutron-server[112831]: DEBUG neutron.db.db_base_plugin_common [None req-80123b98-fbae-41cd-8266-26efac4141d3 admin admin] Allocated IP 172.27.2.127 (f685b48a-c03f-466e-b53a-e2fe3db84996/2bcf8f69-ea2f-46a5-b261-39ea3508e584/166e9cd5-e335-494e-b66d-3cf4ee318c60) {{(pid=112831) _store_ip_allocation /opt/stack/neutron/neutron/db/db_base_plugin_common.py:131}}
Sep 28 15:41:29.719457 dv-cinder-859319-2-iscsi neutron-server[112833]: DEBUG neutron.api.rpc.handlers.l3_rpc [None req-e455c0b0-e07a-4f2f-bd74-2a1dc7bf2b22 None None] Checking router: 895b776f-1a2a-4160-9ea2-0173388f3460 for host: dv-cinder-859319-2-iscsi {{(pid=112833) _ensure_host_set_on_ports /opt/stack/neutron/neutron/api/rpc/handlers/l3_rpc.py:155}}
Sep 28 15:41:29.720033 dv-cinder-859319-2-iscsi neutron-server[112833]: DEBUG neutron.api.rpc.handlers.l3_rpc [None req-e455c0b0-e07a-4f2f-bd74-2a1dc7bf2b22 None None] Updating router 895b776f-1a2a-4160-9ea2-0173388f3460 port d796e8b0-fa81-4f4c-9d5e-ad0f27e1e24a binding host dv-cinder-859319-2-iscsi {{(pid=112833) _ensure_host_set_on_port /opt/stack/neutron/neutron/api/rpc/handlers/l3_rpc.py:205}}
Sep 28 15:41:29.743580 dv-cinder-859319-2-iscsi neutron-server[112830]: DEBUG neutron_lib.callbacks.manager [None req-33cadf4e-b99b-4ed6-85b2-9e205c55be28 admin admin] Publish callbacks ['neutron.plugins.ml2.plugin.SecurityGroupServerNotifierRpcMixin._notify_sg_on_port_change-884866', 'neutron.plugins.ml2.ovo_rpc._ObjectChangeHandler.handle_event-278701', 'neutron.api.rpc.agentnotifiers.dhcp_rpc_agent_api.DhcpAgentNotifyAPI._native_event_send_dhcp_notification-1629957', 'neutron.db.l3_dvrscheduler_db._notify_l3_agent_new_port-8762151411420'] for port (2776856d-a99f-479a-a008-d9028bfe09cb), after_create {{(pid=112830) _notify_loop /usr/local/lib/python3.8/dist-packages/neutron_lib/callbacks/manager.py:176}}
Sep 28 15:41:29.774641 dv-cinder-859319-2-iscsi neutron-server[112833]: DEBUG neutron_lib.callbacks.manager [None req-e455c0b0-e07a-4f2f-bd74-2a1dc7bf2b22 None None] Publish callbacks ['neutron.plugins.ml2.plugin.SecurityGroupDbMixin._ensure_default_security_group_handler-887361'] for port (d796e8b0-fa81-4f4c-9d5e-ad0f27e1e24a), before_update {{(pid=112833) _notify_loop /usr/local/lib/python3.8/dist-packages/neutron_lib/callbacks/manager.py:176}}
Sep 28 15:41:29.797368 dv-cinder-859319-2-iscsi neutron-server[112832]: DEBUG dbcounter [-] [112832] Writing DB stats neutron:SELECT=96,neutron:INSERT=1,neutron:UPDATE=3 {{(pid=112832) stat_writer /usr/local/lib/python3.8/dist-packages/dbcounter.py:114}}
Sep 28 15:41:29.798515 dv-cinder-859319-2-iscsi neutron-server[112832]: DEBUG neutron_lib.callbacks.manager [None req-706516f9-a437-4a6b-8c48-91ffcee00618 None None] Publish callbacks ['neutron.plugins.ml2.plugin.SecurityGroupServerNotifierRpcMixin._notify_sg_on_port_change-884866', 'neutron.plugins.ml2.ovo_rpc._ObjectChangeHandler.handle_event-278701', 'neutron.api.rpc.agentnotifiers.dhcp_rpc_agent_api.DhcpAgentNotifyAPI._native_event_send_dhcp_notification-1629957', 'neutron.db.l3_db.L3RpcNotifierMixin._notify_gateway_port_ip_changed-8762151851951', 'neutron.db.l3_dvrscheduler_db._notify_l3_agent_port_update-8762151411438', 'neutron.db.l3_hascheduler_db._notify_l3_agent_ha_port_update-8762151414788'] for port (a3ade354-4809-4590-876d-18eb89355113), after_update {{(pid=112832) _notify_loop /usr/local/lib/python3.8/dist-packages/neutron_lib/callbacks/manager.py:176}}
Sep 28 15:41:29.821631 dv-cinder-859319-2-iscsi neutron-server[112830]: DEBUG neutron_lib.callbacks.manager [None req-4121d10f-52f5-4fd7-bbc2-83570075eda8 admin admin] Publish callbacks [] for router_controller (63f958b7-0059-4377-b390-c9bf0f008e22), precommit_add_association {{(pid=112830) _notify_loop /usr/local/lib/python3.8/dist-packages/neutron_lib/callbacks/manager.py:176}}
Sep 28 15:41:29.880044 dv-cinder-859319-2-iscsi neutron-server[112831]: DEBUG neutron_lib.callbacks.manager [None req-80123b98-fbae-41cd-8266-26efac4141d3 admin admin] Publish callbacks [] for port (166e9cd5-e335-494e-b66d-3cf4ee318c60), precommit_create {{(pid=112831) _notify_loop /usr/local/lib/python3.8/dist-packages/neutron_lib/callbacks/manager.py:176}}
Sep 28 15:41:29.880253 dv-cinder-859319-2-iscsi neutron-server[112832]: DEBUG neutron_lib.callbacks.manager [None req-80a18de6-cea4-4a42-b768-b3bc7ec019b3 None None] Publish callbacks ['neutron.services.segments.db._update_segment_host_mapping_for_agent-8762151926968', 'neutron.plugins.ml2.plugin.Ml2Plugin._retry_binding_revived_agents-1021243'] for agent (428cac71-7150-41b5-80d1-44bbd9378bf0), after_update {{(pid=112832) _notify_loop /usr/local/lib/python3.8/dist-packages/neutron_lib/callbacks/manager.py:176}}
Sep 28 15:41:29.880923 dv-cinder-859319-2-iscsi neutron-server[112832]: DEBUG neutron.api.rpc.handlers.resources_rpc [None req-82ebf28f-ca1d-4202-8979-674851d52c26 None None] Pushing event updated for resources: {'Port': ['ID=5e5633bc-703d-4a85-bce0-c68a26836a3b,revision_number=1']} {{(pid=112832) push /opt/stack/neutron/neutron/api/rpc/handlers/resources_rpc.py:237}}
Sep 28 15:41:29.923760 dv-cinder-859319-2-iscsi neutron-server[112832]: DEBUG neutron.scheduler.dhcp_agent_scheduler [None req-82ebf28f-ca1d-4202-8979-674851d52c26 None None] Network df05fe18-9205-4e7c-b6d8-ac63aa67e1aa is already hosted by enough agents. {{(pid=112832) _get_dhcp_agents_hosting_network /opt/stack/neutron/neutron/scheduler/dhcp_agent_scheduler.py:275}}
Sep 28 15:41:29.942033 dv-cinder-859319-2-iscsi neutron-server[112831]: DEBUG neutron.api.rpc.handlers.resources_rpc [None req-3f639c3e-cf63-4dae-9718-36a340c5bf87 admin admin] Pushing event updated for resources: {'SecurityGroup': ['ID=477ff677-0e1a-4275-a986-1262dcff922f,revision_number=1']} {{(pid=112831) push /opt/stack/neutron/neutron/api/rpc/handlers/resources_rpc.py:237}}
Sep 28 15:41:29.953729 dv-cinder-859319-2-iscsi neutron-server[112832]: DEBUG neutron.scheduler.base_scheduler [None req-82ebf28f-ca1d-4202-8979-674851d52c26 None None] Resources bound (agent type, host, resource id): {{(pid=112832) schedule /opt/stack/neutron/neutron/scheduler/base_scheduler.py:57}}
Sep 28 15:41:29.963971 dv-cinder-859319-2-iscsi neutron-server[112832]: DEBUG neutron.db.l3_dvrscheduler_db [None req-82ebf28f-ca1d-4202-8979-674851d52c26 None None] Received port after_create {{(pid=112832) _notify_l3_agent_new_port /opt/stack/neutron/neutron/db/l3_dvrscheduler_db.py:538}}
Sep 28 15:41:29.970606 dv-cinder-859319-2-iscsi neutron-server[112832]: DEBUG neutron_lib.callbacks.manager [None req-1695a6fb-198a-4653-b907-5c62c153f5ed None None] Publish callbacks ['neutron.services.segments.db._update_segment_host_mapping_for_agent-8762151926968', 'neutron.plugins.ml2.plugin.Ml2Plugin._retry_binding_revived_agents-1021243'] for agent (8f9293e0-04b3-48c8-8ad0-041ebc0abdaf), after_update {{(pid=112832) _notify_loop /usr/local/lib/python3.8/dist-packages/neutron_lib/callbacks/manager.py:176}}
Sep 28 15:41:29.972863 dv-cinder-859319-2-iscsi neutron-server[112831]: DEBUG neutron_lib.callbacks.manager [None req-80123b98-fbae-41cd-8266-26efac4141d3 admin admin] Publish callbacks ['neutron.plugins.ml2.plugin.SecurityGroupServerNotifierRpcMixin._notify_sg_on_port_change-884866', 'neutron.plugins.ml2.ovo_rpc._ObjectChangeHandler.handle_event-278701', 'neutron.api.rpc.agentnotifiers.dhcp_rpc_agent_api.DhcpAgentNotifyAPI._native_event_send_dhcp_notification-1629957', 'neutron.db.l3_dvrscheduler_db._notify_l3_agent_new_port-8762151411420'] for port (166e9cd5-e335-494e-b66d-3cf4ee318c60), after_create {{(pid=112831) _notify_loop /usr/local/lib/python3.8/dist-packages/neutron_lib/callbacks/manager.py:176}}
Sep 28 15:41:29.985581 dv-cinder-859319-2-iscsi neutron-server[112832]: DEBUG neutron_lib.callbacks.manager [None req-706516f9-a437-4a6b-8c48-91ffcee00618 None None] Publish callbacks ['neutron.services.segments.db._update_segment_host_mapping_for_agent-8762151926968', 'neutron.plugins.ml2.plugin.Ml2Plugin._retry_binding_revived_agents-1021243'] for agent (569556f2-8a4c-4d5e-b3ac-c23eaa3f6db0), after_update {{(pid=112832) _notify_loop /usr/local/lib/python3.8/dist-packages/neutron_lib/callbacks/manager.py:176}}
Sep 28 15:41:30.028171 dv-cinder-859319-2-iscsi neutron-server[112830]: DEBUG neutron_lib.callbacks.manager [None req-59887026-5828-47c0-938b-ae3f53622e4a admin admin] Publish callbacks [] for router_gateway (7ea8f9a1-3028-4889-86b7-3c4a73791ae5), precommit_update {{(pid=112830) _notify_loop /usr/local/lib/python3.8/dist-packages/neutron_lib/callbacks/manager.py:176}}
Sep 28 15:41:30.059424 dv-cinder-859319-2-iscsi neutron-server[112831]: DEBUG neutron.api.rpc.handlers.resources_rpc [None req-80123b98-fbae-41cd-8266-26efac4141d3 admin admin] Pushing event updated for resources: {'Port': ['ID=166e9cd5-e335-494e-b66d-3cf4ee318c60,revision_number=1']} {{(pid=112831) push /opt/stack/neutron/neutron/api/rpc/handlers/resources_rpc.py:237}}
Sep 28 15:41:30.120876 dv-cinder-859319-2-iscsi neutron-server[112830]: DEBUG neutron_lib.callbacks.manager [None req-4121d10f-52f5-4fd7-bbc2-83570075eda8 admin admin] Publish callbacks [] for router_gateway (63f958b7-0059-4377-b390-c9bf0f008e22), precommit_update {{(pid=112830) _notify_loop /usr/local/lib/python3.8/dist-packages/neutron_lib/callbacks/manager.py:176}}
Sep 28 15:41:30.130688 dv-cinder-859319-2-iscsi neutron-server[112831]: DEBUG neutron.scheduler.dhcp_agent_scheduler [None req-80123b98-fbae-41cd-8266-26efac4141d3 admin admin] Network f685b48a-c03f-466e-b53a-e2fe3db84996 is already hosted by enough agents. {{(pid=112831) _get_dhcp_agents_hosting_network /opt/stack/neutron/neutron/scheduler/dhcp_agent_scheduler.py:275}}
Sep 28 15:41:30.131883 dv-cinder-859319-2-iscsi neutron-server[112831]: DEBUG neutron_lib.callbacks.manager [None req-8ffa0e05-52d7-4d2b-be02-9179f051b7e9 admin admin] Publish callbacks [] for security_group (477ff677-0e1a-4275-a986-1262dcff922f), before_delete {{(pid=112831) _notify_loop /usr/local/lib/python3.8/dist-packages/neutron_lib/callbacks/manager.py:176}}
Sep 28 15:41:30.137778 dv-cinder-859319-2-iscsi neutron-server[112830]: DEBUG dbcounter [-] [112830] Writing DB stats neutron:SELECT=89,neutron:INSERT=7,neutron:UPDATE=3,neutron:DELETE=1 {{(pid=112830) stat_writer /usr/local/lib/python3.8/dist-packages/dbcounter.py:114}}
Sep 28 15:41:30.145677 dv-cinder-859319-2-iscsi neutron-server[112831]: DEBUG neutron.scheduler.base_scheduler [None req-80123b98-fbae-41cd-8266-26efac4141d3 admin admin] Resources bound (agent type, host, resource id): {{(pid=112831) schedule /opt/stack/neutron/neutron/scheduler/base_scheduler.py:57}}
Sep 28 15:41:30.150396 dv-cinder-859319-2-iscsi neutron-server[112831]: DEBUG neutron.db.l3_dvrscheduler_db [None req-80123b98-fbae-41cd-8266-26efac4141d3 admin admin] Received port after_create {{(pid=112831) _notify_l3_agent_new_port /opt/stack/neutron/neutron/db/l3_dvrscheduler_db.py:538}}
Sep 28 15:41:30.235026 dv-cinder-859319-2-iscsi neutron-server[112833]: DEBUG neutron_lib.callbacks.manager [None req-e455c0b0-e07a-4f2f-bd74-2a1dc7bf2b22 None None] Publish callbacks [] for port (d796e8b0-fa81-4f4c-9d5e-ad0f27e1e24a), precommit_update {{(pid=112833) _notify_loop /usr/local/lib/python3.8/dist-packages/neutron_lib/callbacks/manager.py:176}}
Sep 28 15:41:30.242005 dv-cinder-859319-2-iscsi neutron-server[112833]: DEBUG neutron_lib.callbacks.manager [None req-e455c0b0-e07a-4f2f-bd74-2a1dc7bf2b22 None None] Publish callbacks ['neutron.plugins.ml2.plugin.SecurityGroupServerNotifierRpcMixin._notify_sg_on_port_change-884866', 'neutron.plugins.ml2.ovo_rpc._ObjectChangeHandler.handle_event-278701', 'neutron.api.rpc.agentnotifiers.dhcp_rpc_agent_api.DhcpAgentNotifyAPI._native_event_send_dhcp_notification-1629957', 'neutron.db.l3_db.L3RpcNotifierMixin._notify_gateway_port_ip_changed-8762151851951', 'neutron.db.l3_dvrscheduler_db._notify_l3_agent_port_update-8762151411438', 'neutron.db.l3_hascheduler_db._notify_l3_agent_ha_port_update-8762151414788'] for port (d796e8b0-fa81-4f4c-9d5e-ad0f27e1e24a), after_update {{(pid=112833) _notify_loop /usr/local/lib/python3.8/dist-packages/neutron_lib/callbacks/manager.py:176}}
Sep 28 15:41:30.259329 dv-cinder-859319-2-iscsi neutron-server[112832]: DEBUG neutron.plugins.ml2.rpc [None req-706516f9-a437-4a6b-8c48-91ffcee00618 None None] Device 125a09df-cfb8-43bc-82d0-a385d18a2777 up at agent ovs-agent-dv-cinder-859319-2-iscsi {{(pid=112832) update_device_up /opt/stack/neutron/neutron/plugins/ml2/rpc.py:296}}
Sep 28 15:41:30.260155 dv-cinder-859319-2-iscsi neutron-server[112830]: DEBUG neutron.scheduler.dhcp_agent_scheduler [None req-33cadf4e-b99b-4ed6-85b2-9e205c55be28 admin admin] Network f685b48a-c03f-466e-b53a-e2fe3db84996 is already hosted by enough agents. {{(pid=112830) _get_dhcp_agents_hosting_network /opt/stack/neutron/neutron/scheduler/dhcp_agent_scheduler.py:275}}
Sep 28 15:41:30.286797 dv-cinder-859319-2-iscsi neutron-server[112830]: DEBUG neutron.scheduler.base_scheduler [None req-33cadf4e-b99b-4ed6-85b2-9e205c55be28 admin admin] Resources bound (agent type, host, resource id): {{(pid=112830) schedule /opt/stack/neutron/neutron/scheduler/base_scheduler.py:57}}
Sep 28 15:41:30.303733 dv-cinder-859319-2-iscsi neutron-server[112831]: DEBUG neutron_lib.callbacks.manager [None req-8ffa0e05-52d7-4d2b-be02-9179f051b7e9 admin admin] Publish callbacks [] for security_group (477ff677-0e1a-4275-a986-1262dcff922f), precommit_delete {{(pid=112831) _notify_loop /usr/local/lib/python3.8/dist-packages/neutron_lib/callbacks/manager.py:176}}
Sep 28 15:41:30.314903 dv-cinder-859319-2-iscsi neutron-server[112833]: DEBUG neutron.api.rpc.handlers.resources_rpc [None req-0ae03dc0-4168-450d-ab19-f40cd8a086b9 None None] Pushing event updated for resources: {'Port': ['ID=d796e8b0-fa81-4f4c-9d5e-ad0f27e1e24a,revision_number=2']} {{(pid=112833) push /opt/stack/neutron/neutron/api/rpc/handlers/resources_rpc.py:237}}
Sep 28 15:41:30.331493 dv-cinder-859319-2-iscsi neutron-server[112830]: DEBUG neutron.db.l3_dvrscheduler_db [None req-33cadf4e-b99b-4ed6-85b2-9e205c55be28 admin admin] Received port after_create {{(pid=112830) _notify_l3_agent_new_port /opt/stack/neutron/neutron/db/l3_dvrscheduler_db.py:538}}
Sep 28 15:41:30.333294 dv-cinder-859319-2-iscsi neutron-server[112833]: DEBUG neutron.api.rpc.callbacks.version_manager [None req-0ae03dc0-4168-450d-ab19-f40cd8a086b9 None None] Version for resource type AddressGroup changed None to 1.2 on consumer Open vSwitch agent@dv-cinder-859319-2-iscsi {{(pid=112833) _set_version /opt/stack/neutron/neutron/api/rpc/callbacks/version_manager.py:113}}
Sep 28 15:41:30.333652 dv-cinder-859319-2-iscsi neutron-server[112833]: DEBUG neutron.api.rpc.callbacks.version_manager [None req-0ae03dc0-4168-450d-ab19-f40cd8a086b9 None None] Version for resource type Agent changed None to 1.1 on consumer Open vSwitch agent@dv-cinder-859319-2-iscsi {{(pid=112833) _set_version /opt/stack/neutron/neutron/api/rpc/callbacks/version_manager.py:113}}
Sep 28 15:41:30.334063 dv-cinder-859319-2-iscsi neutron-server[112833]: DEBUG neutron.api.rpc.callbacks.version_manager [None req-0ae03dc0-4168-450d-ab19-f40cd8a086b9 None None] Version for resource type ConntrackHelper changed None to 1.0 on consumer Open vSwitch agent@dv-cinder-859319-2-iscsi {{(pid=112833) _set_version /opt/stack/neutron/neutron/api/rpc/callbacks/version_manager.py:113}}
Sep 28 15:41:30.334425 dv-cinder-859319-2-iscsi neutron-server[112833]: DEBUG neutron.api.rpc.callbacks.version_manager [None req-0ae03dc0-4168-450d-ab19-f40cd8a086b9 None None] Version for resource type LocalIPAssociation changed None to 1.0 on consumer Open vSwitch agent@dv-cinder-859319-2-iscsi {{(pid=112833) _set_version /opt/stack/neutron/neutron/api/rpc/callbacks/version_manager.py:113}}
Sep 28 15:41:30.334541 dv-cinder-859319-2-iscsi neutron-server[112830]: DEBUG neutron.api.rpc.handlers.resources_rpc [None req-33cadf4e-b99b-4ed6-85b2-9e205c55be28 admin admin] Pushing event updated for resources: {'Port': ['ID=2776856d-a99f-479a-a008-d9028bfe09cb,revision_number=1']} {{(pid=112830) push /opt/stack/neutron/neutron/api/rpc/handlers/resources_rpc.py:237}}
Sep 28 15:41:30.334757 dv-cinder-859319-2-iscsi neutron-server[112833]: DEBUG neutron.api.rpc.callbacks.version_manager [None req-0ae03dc0-4168-450d-ab19-f40cd8a086b9 None None] Version for resource type Log changed None to 1.0 on consumer Open vSwitch agent@dv-cinder-859319-2-iscsi {{(pid=112833) _set_version /opt/stack/neutron/neutron/api/rpc/callbacks/version_manager.py:113}}
Sep 28 15:41:30.335085 dv-cinder-859319-2-iscsi neutron-server[112833]: DEBUG neutron.api.rpc.callbacks.version_manager [None req-0ae03dc0-4168-450d-ab19-f40cd8a086b9 None None] Version for resource type NDPProxy changed None to 1.0 on consumer Open vSwitch agent@dv-cinder-859319-2-iscsi {{(pid=112833) _set_version /opt/stack/neutron/neutron/api/rpc/callbacks/version_manager.py:113}}
Sep 28 15:41:30.335410 dv-cinder-859319-2-iscsi neutron-server[112833]: DEBUG neutron.api.rpc.callbacks.version_manager [None req-0ae03dc0-4168-450d-ab19-f40cd8a086b9 None None] Version for resource type Network changed None to 1.1 on consumer Open vSwitch agent@dv-cinder-859319-2-iscsi {{(pid=112833) _set_version /opt/stack/neutron/neutron/api/rpc/callbacks/version_manager.py:113}}
Sep 28 15:41:30.335734 dv-cinder-859319-2-iscsi neutron-server[112833]: DEBUG neutron.api.rpc.callbacks.version_manager [None req-0ae03dc0-4168-450d-ab19-f40cd8a086b9 None None] Version for resource type Port changed None to 1.7 on consumer Open vSwitch agent@dv-cinder-859319-2-iscsi {{(pid=112833) _set_version /opt/stack/neutron/neutron/api/rpc/callbacks/version_manager.py:113}}
Sep 28 15:41:30.336055 dv-cinder-859319-2-iscsi neutron-server[112833]: DEBUG neutron.api.rpc.callbacks.version_manager [None req-0ae03dc0-4168-450d-ab19-f40cd8a086b9 None None] Version for resource type PortForwarding changed None to 1.3 on consumer Open vSwitch agent@dv-cinder-859319-2-iscsi {{(pid=112833) _set_version /opt/stack/neutron/neutron/api/rpc/callbacks/version_manager.py:113}}
Sep 28 15:41:30.336375 dv-cinder-859319-2-iscsi neutron-server[112833]: DEBUG neutron.api.rpc.callbacks.version_manager [None req-0ae03dc0-4168-450d-ab19-f40cd8a086b9 None None] Version for resource type QosPolicy changed None to 1.10 on consumer Open vSwitch agent@dv-cinder-859319-2-iscsi {{(pid=112833) _set_version /opt/stack/neutron/neutron/api/rpc/callbacks/version_manager.py:113}}
Sep 28 15:41:30.336749 dv-cinder-859319-2-iscsi neutron-server[112833]: DEBUG neutron.api.rpc.callbacks.version_manager [None req-0ae03dc0-4168-450d-ab19-f40cd8a086b9 None None] Version for resource type SecurityGroup changed None to 1.5 on consumer Open vSwitch agent@dv-cinder-859319-2-iscsi {{(pid=112833) _set_version /opt/stack/neutron/neutron/api/rpc/callbacks/version_manager.py:113}}
Sep 28 15:41:30.337091 dv-cinder-859319-2-iscsi neutron-server[112833]: DEBUG neutron.api.rpc.callbacks.version_manager [None req-0ae03dc0-4168-450d-ab19-f40cd8a086b9 None None] Version for resource type SecurityGroupRule changed None to 1.2 on consumer Open vSwitch agent@dv-cinder-859319-2-iscsi {{(pid=112833) _set_version /opt/stack/neutron/neutron/api/rpc/callbacks/version_manager.py:113}}
Sep 28 15:41:30.337414 dv-cinder-859319-2-iscsi neutron-server[112833]: DEBUG neutron.api.rpc.callbacks.version_manager [None req-0ae03dc0-4168-450d-ab19-f40cd8a086b9 None None] Version for resource type SubPort changed None to 1.0 on consumer Open vSwitch agent@dv-cinder-859319-2-iscsi {{(pid=112833) _set_version /opt/stack/neutron/neutron/api/rpc/callbacks/version_manager.py:113}}
Sep 28 15:41:30.337731 dv-cinder-859319-2-iscsi neutron-server[112833]: DEBUG neutron.api.rpc.callbacks.version_manager [None req-0ae03dc0-4168-450d-ab19-f40cd8a086b9 None None] Version for resource type Subnet changed None to 1.1 on consumer Open vSwitch agent@dv-cinder-859319-2-iscsi {{(pid=112833) _set_version /opt/stack/neutron/neutron/api/rpc/callbacks/version_manager.py:113}}
Sep 28 15:41:30.338222 dv-cinder-859319-2-iscsi neutron-server[112833]: DEBUG neutron.api.rpc.callbacks.version_manager [None req-0ae03dc0-4168-450d-ab19-f40cd8a086b9 None None] Version for resource type Trunk changed None to 1.1 on consumer Open vSwitch agent@dv-cinder-859319-2-iscsi {{(pid=112833) _set_version /opt/stack/neutron/neutron/api/rpc/callbacks/version_manager.py:113}}
Sep 28 15:41:30.342499 dv-cinder-859319-2-iscsi neutron-server[112833]: DEBUG neutron.api.rpc.callbacks.version_manager [None req-0ae03dc0-4168-450d-ab19-f40cd8a086b9 None None] Tracked resource versions report:
Sep 28 15:41:30.342499 dv-cinder-859319-2-iscsi neutron-server[112833]: pushed versions:
Sep 28 15:41:30.342499 dv-cinder-859319-2-iscsi neutron-server[112833]: { 'AddressGroup': {'1.2'},
Sep 28 15:41:30.342499 dv-cinder-859319-2-iscsi neutron-server[112833]: 'Agent': {'1.1'},
Sep 28 15:41:30.342499 dv-cinder-859319-2-iscsi neutron-server[112833]: 'ConntrackHelper': {'1.0'},
Sep 28 15:41:30.342499 dv-cinder-859319-2-iscsi neutron-server[112833]: 'LocalIPAssociation': {'1.0'},
Sep 28 15:41:30.342499 dv-cinder-859319-2-iscsi neutron-server[112833]: 'Log': {'1.0'},
Sep 28 15:41:30.342499 dv-cinder-859319-2-iscsi neutron-server[112833]: 'NDPProxy': {'1.0'},
Sep 28 15:41:30.342499 dv-cinder-859319-2-iscsi neutron-server[112833]: 'Network': {'1.1'},
Sep 28 15:41:30.342499 dv-cinder-859319-2-iscsi neutron-server[112833]: 'Port': {'1.7'},
Sep 28 15:41:30.342499 dv-cinder-859319-2-iscsi neutron-server[112833]: 'PortForwarding': {'1.3'},
Sep 28 15:41:30.342499 dv-cinder-859319-2-iscsi neutron-server[112833]: 'QosPolicy': {'1.10'},
Sep 28 15:41:30.342499 dv-cinder-859319-2-iscsi neutron-server[112833]: 'SecurityGroup': {'1.5'},
Sep 28 15:41:30.342499 dv-cinder-859319-2-iscsi neutron-server[112833]: 'SecurityGroupRule': {'1.2'},
Sep 28 15:41:30.342499 dv-cinder-859319-2-iscsi neutron-server[112833]: 'SubPort': {'1.0'},
Sep 28 15:41:30.342499 dv-cinder-859319-2-iscsi neutron-server[112833]: 'Subnet': {'1.1'},
Sep 28 15:41:30.342499 dv-cinder-859319-2-iscsi neutron-server[112833]: 'Trunk': {'1.1'}}
Sep 28 15:41:30.342499 dv-cinder-859319-2-iscsi neutron-server[112833]: consumer versions:
Sep 28 15:41:30.342499 dv-cinder-859319-2-iscsi neutron-server[112833]: { DHCP agent@dv-cinder-859319-2-iscsi: {},
Sep 28 15:41:30.342499 dv-cinder-859319-2-iscsi neutron-server[112833]: HyperV agent@hv-cinder-85931: {},
Sep 28 15:41:30.342499 dv-cinder-859319-2-iscsi neutron-server[112833]: L3 agent@dv-cinder-859319-2-iscsi: {},
Sep 28 15:41:30.342499 dv-cinder-859319-2-iscsi neutron-server[112833]: Metadata agent@dv-cinder-859319-2-iscsi: {},
Sep 28 15:41:30.342499 dv-cinder-859319-2-iscsi neutron-server[112833]: Metering agent@dv-cinder-859319-2-iscsi: {},
Sep 28 15:41:30.342499 dv-cinder-859319-2-iscsi neutron-server[112833]: Open vSwitch agent@dv-cinder-859319-2-iscsi: { 'AddressGroup': '1.2',
Sep 28 15:41:30.342499 dv-cinder-859319-2-iscsi neutron-server[112833]: 'Agent': '1.1',
Sep 28 15:41:30.342499 dv-cinder-859319-2-iscsi neutron-server[112833]: 'ConntrackHelper': '1.0',
Sep 28 15:41:30.342499 dv-cinder-859319-2-iscsi neutron-server[112833]: 'LocalIPAssociation': '1.0',
Sep 28 15:41:30.342499 dv-cinder-859319-2-iscsi neutron-server[112833]: 'Log': '1.0',
Sep 28 15:41:30.342499 dv-cinder-859319-2-iscsi neutron-server[112833]: 'NDPProxy': '1.0',
Sep 28 15:41:30.342499 dv-cinder-859319-2-iscsi neutron-server[112833]: 'Network': '1.1',
Sep 28 15:41:30.342499 dv-cinder-859319-2-iscsi neutron-server[112833]: 'Port': '1.7',
Sep 28 15:41:30.342499 dv-cinder-859319-2-iscsi neutron-server[112833]: 'PortForwarding': '1.3',
Sep 28 15:41:30.342499 dv-cinder-859319-2-iscsi neutron-server[112833]: 'QosPolicy': '1.10',
Sep 28 15:41:30.342499 dv-cinder-859319-2-iscsi neutron-server[112833]: 'SecurityGroup': '1.5',
Sep 28 15:41:30.342499 dv-cinder-859319-2-iscsi neutron-server[112833]: 'SecurityGroupRule': '1.2',
Sep 28 15:41:30.342499 dv-cinder-859319-2-iscsi neutron-server[112833]: 'SubPort': '1.0',
Sep 28 15:41:30.342499 dv-cinder-859319-2-iscsi neutron-server[112833]: 'Subnet': '1.1',
Sep 28 15:41:30.342499 dv-cinder-859319-2-iscsi neutron-server[112833]: 'Trunk': '1.1'}}
Sep 28 15:41:30.342499 dv-cinder-859319-2-iscsi neutron-server[112833]: {{(pid=112833) report /opt/stack/neutron/neutron/api/rpc/callbacks/version_manager.py:175}}
Sep 28 15:41:30.354301 dv-cinder-859319-2-iscsi neutron-server[112833]: DEBUG neutron.plugins.ml2.managers [None req-e455c0b0-e07a-4f2f-bd74-2a1dc7bf2b22 None None] Attempting to bind port d796e8b0-fa81-4f4c-9d5e-ad0f27e1e24a on host dv-cinder-859319-2-iscsi for vnic_type normal with profile {{(pid=112833) bind_port /opt/stack/neutron/neutron/plugins/ml2/managers.py:810}}
Sep 28 15:41:30.354720 dv-cinder-859319-2-iscsi neutron-server[112833]: DEBUG neutron.plugins.ml2.managers [None req-e455c0b0-e07a-4f2f-bd74-2a1dc7bf2b22 None None] Attempting to bind port d796e8b0-fa81-4f4c-9d5e-ad0f27e1e24a by drivers openvswitch,hyperv on host dv-cinder-859319-2-iscsi at level 0 using segments [{'id': '64957324-0651-44f7-965b-32587128330c', 'network_type': 'flat', 'physical_network': 'physnet1', 'segmentation_id': None, 'network_id': 'f685b48a-c03f-466e-b53a-e2fe3db84996'}] {{(pid=112833) _bind_port_level /opt/stack/neutron/neutron/plugins/ml2/managers.py:835}}
Sep 28 15:41:30.355162 dv-cinder-859319-2-iscsi neutron-server[112833]: DEBUG neutron.plugins.ml2.drivers.mech_agent [None req-e455c0b0-e07a-4f2f-bd74-2a1dc7bf2b22 None None] Attempting to bind port d796e8b0-fa81-4f4c-9d5e-ad0f27e1e24a on network f685b48a-c03f-466e-b53a-e2fe3db84996 {{(pid=112833) bind_port /opt/stack/neutron/neutron/plugins/ml2/drivers/mech_agent.py:91}}
Sep 28 15:41:30.449973 dv-cinder-859319-2-iscsi neutron-server[112833]: DEBUG neutron.plugins.ml2.drivers.mech_agent [None req-e455c0b0-e07a-4f2f-bd74-2a1dc7bf2b22 None None] Checking agent: {'id': '569556f2-8a4c-4d5e-b3ac-c23eaa3f6db0', 'agent_type': 'Open vSwitch agent', 'binary': 'neutron-openvswitch-agent', 'topic': 'N/A', 'host': 'dv-cinder-859319-2-iscsi', 'admin_state_up': True, 'created_at': datetime.datetime(2022, 9, 28, 15, 33, 30), 'started_at': datetime.datetime(2022, 9, 28, 15, 34), 'heartbeat_timestamp': datetime.datetime(2022, 9, 28, 15, 41, 30), 'description': None, 'resources_synced': None, 'availability_zone': None, 'alive': True, 'configurations': {'arp_responder_enabled': False, 'baremetal_smartnic': False, 'bridge_mappings': {'physnet1': 'br-data'}, 'datapath_type': 'system', 'devices': 0, 'enable_distributed_routing': False, 'extensions': [], 'in_distributed_mode': False, 'integration_bridge': 'br-int', 'l2_population': False, 'log_agent_heartbeats': False, 'ovs_capabilities': {'datapath_types': ['netdev', 'system'], 'iface_types': ['erspan', 'geneve', 'gre', 'internal', 'ip6erspan', 'ip6gre', 'lisp', 'patch', 'stt', 'system', 'tap', 'vxlan']}, 'ovs_hybrid_plug': False, 'resource_provider_bandwidths': {}, 'resource_provider_hypervisors': {'br-data': 'dv-cinder-859319-2-iscsi'}, 'resource_provider_inventory_defaults': {'allocation_ratio': 1.0, 'min_unit': 1, 'step_size': 1, 'reserved': 0}, 'resource_provider_packet_processing_inventory_defaults': {'allocation_ratio': 1.0, 'min_unit': 1, 'step_size': 1, 'reserved': 0}, 'resource_provider_packet_processing_with_direction': {}, 'resource_provider_packet_processing_without_direction': {}, 'tunnel_types': [], 'tunneling_ip': None, 'vhostuser_socket_dir': '/var/run/openvswitch'}, 'resource_versions': {'AddressGroup': '1.2', 'Agent': '1.1', 'ConntrackHelper': '1.0', 'LocalIPAssociation': '1.0', 'Log': '1.0', 'NDPProxy': '1.0', 'Network': '1.1', 'Port': '1.7', 'PortForwarding': '1.3', 'QosPolicy': '1.10', 'SecurityGroup': '1.5', 'SecurityGroupRule': '1.2', 'SubPort': '1.0', 'Subnet': '1.1', 'Trunk': '1.1'}} {{(pid=112833) bind_port /opt/stack/neutron/neutron/plugins/ml2/drivers/mech_agent.py:127}}
Sep 28 15:41:30.451149 dv-cinder-859319-2-iscsi neutron-server[112833]: DEBUG neutron.plugins.ml2.drivers.mech_agent [None req-e455c0b0-e07a-4f2f-bd74-2a1dc7bf2b22 None None] Checking segment: {'id': '64957324-0651-44f7-965b-32587128330c', 'network_type': 'flat', 'physical_network': 'physnet1', 'segmentation_id': None, 'network_id': 'f685b48a-c03f-466e-b53a-e2fe3db84996'} for mappings: {'physnet1': 'br-data'} with network types: ['local', 'flat', 'vlan'] {{(pid=112833) check_segment_for_agent /opt/stack/neutron/neutron/plugins/ml2/drivers/mech_agent.py:399}}
Sep 28 15:41:30.453620 dv-cinder-859319-2-iscsi neutron-server[112833]: DEBUG neutron_lib.callbacks.manager [None req-e455c0b0-e07a-4f2f-bd74-2a1dc7bf2b22 None None] Publish callbacks [] for ovs_bridge_name (None), before_read {{(pid=112833) _notify_loop /usr/local/lib/python3.8/dist-packages/neutron_lib/callbacks/manager.py:176}}
Sep 28 15:41:30.454055 dv-cinder-859319-2-iscsi neutron-server[112833]: DEBUG neutron.plugins.ml2.drivers.mech_agent [None req-e455c0b0-e07a-4f2f-bd74-2a1dc7bf2b22 None None] Bound using segment: {'id': '64957324-0651-44f7-965b-32587128330c', 'network_type': 'flat', 'physical_network': 'physnet1', 'segmentation_id': None, 'network_id': 'f685b48a-c03f-466e-b53a-e2fe3db84996'} {{(pid=112833) bind_port /opt/stack/neutron/neutron/plugins/ml2/drivers/mech_agent.py:137}}
Sep 28 15:41:30.455400 dv-cinder-859319-2-iscsi neutron-server[112833]: DEBUG neutron.plugins.ml2.managers [None req-e455c0b0-e07a-4f2f-bd74-2a1dc7bf2b22 None None] Bound port: d796e8b0-fa81-4f4c-9d5e-ad0f27e1e24a, host: dv-cinder-859319-2-iscsi, vif_type: ovs, vif_details: {"connectivity": "l2", "port_filter": true, "ovs_hybrid_plug": false, "datapath_type": "system", "bridge_name": "br-int"}, binding_levels: [{'bound_driver': 'openvswitch', 'bound_segment': {'id': '64957324-0651-44f7-965b-32587128330c', 'network_type': 'flat', 'physical_network': 'physnet1', 'segmentation_id': None, 'network_id': 'f685b48a-c03f-466e-b53a-e2fe3db84996'}}] {{(pid=112833) _bind_port_level /opt/stack/neutron/neutron/plugins/ml2/managers.py:947}}
Sep 28 15:41:30.456191 dv-cinder-859319-2-iscsi neutron-server[112833]: DEBUG neutron_lib.callbacks.manager [None req-e455c0b0-e07a-4f2f-bd74-2a1dc7bf2b22 None None] Publish callbacks ['neutron.plugins.ml2.plugin.SecurityGroupDbMixin._ensure_default_security_group_handler-887361'] for port (d796e8b0-fa81-4f4c-9d5e-ad0f27e1e24a), before_update {{(pid=112833) _notify_loop /usr/local/lib/python3.8/dist-packages/neutron_lib/callbacks/manager.py:176}}
Sep 28 15:41:30.475070 dv-cinder-859319-2-iscsi neutron-server[112831]: DEBUG dbcounter [-] [112831] Writing DB stats neutron:SELECT=92,neutron:INSERT=4,neutron:UPDATE=3,neutron:DELETE=1 {{(pid=112831) stat_writer /usr/local/lib/python3.8/dist-packages/dbcounter.py:114}}
Sep 28 15:41:30.478627 dv-cinder-859319-2-iscsi neutron-server[112832]: DEBUG neutron.db.db_base_plugin_common [None req-4309fb65-065e-4bed-869d-7103c84cf1f7 None None] Allocated IP 172.20.0.2 (2beddede-7b14-4a1e-9c9b-0bc00eba3b72/e585d368-0577-4ccc-adae-9744acd6a68f/da3b5368-0f7d-4344-94df-6ebbe1bc7ff5) {{(pid=112832) _store_ip_allocation /opt/stack/neutron/neutron/db/db_base_plugin_common.py:131}}
