Sep 26 17:56:08.724175 dv-cinder-859318-1-smb devstack@placement-api.service[106587]: DEBUG placement.objects.research_context [req-d86a9410-aefd-4a62-80dd-fd88342640bd req-d4cf7dab-b830-40b7-a925-b90f99197d10 service placement] found 1 providers after filtering by previous result {{(pid=106587) get_provider_ids_matching /opt/stack/placement/placement/objects/research_context.py:594}}
Sep 26 17:56:08.765752 dv-cinder-859318-1-smb devstack@placement-api.service[106587]: DEBUG placement.objects.allocation_candidate [req-d86a9410-aefd-4a62-80dd-fd88342640bd req-d4cf7dab-b830-40b7-a925-b90f99197d10 service placement] RequestGroup(use_same_provider=False, resources={DISK_GB:1, MEMORY_MB:1024, VCPU:1}, traits=(), aggregates=[]) (suffix '') returned 1 matches {{(pid=106587) _get_by_requests /opt/stack/placement/placement/objects/allocation_candidate.py:156}}
Sep 26 17:56:08.771456 dv-cinder-859318-1-smb devstack@placement-api.service[106587]: DEBUG placement.objects.allocation_candidate [req-d86a9410-aefd-4a62-80dd-fd88342640bd req-d4cf7dab-b830-40b7-a925-b90f99197d10 service placement] Merging candidates yields 1 allocation requests and 1 provider summaries {{(pid=106587) _merge_candidates /opt/stack/placement/placement/objects/allocation_candidate.py:809}}
Sep 26 17:56:08.775598 dv-cinder-859318-1-smb devstack@placement-api.service[106587]: INFO placement.requestlog [req-d86a9410-aefd-4a62-80dd-fd88342640bd req-d4cf7dab-b830-40b7-a925-b90f99197d10 service placement] 10.222.0.62 "GET /placement/allocation_candidates?limit=1000&resources=DISK_GB%3A1%2CMEMORY_MB%3A1024%2CVCPU%3A1&root_required=%21COMPUTE_STATUS_DISABLED" status: 200 len: 767 microversion: 1.36
Sep 26 17:56:08.785542 dv-cinder-859318-1-smb devstack@placement-api.service[106587]: [pid: 106587|app: 0|req: 12/23] 10.222.0.62 () {60 vars in 1506 bytes} [Mon Sep 26 17:56:08 2022] GET /placement/allocation_candidates?limit=1000&resources=DISK_GB%3A1%2CMEMORY_MB%3A1024%2CVCPU%3A1&root_required=%21COMPUTE_STATUS_DISABLED => generated 767 bytes in 267 msecs (HTTP/1.1 200) 8 headers in 296 bytes (1 switches on core 0)
Sep 26 17:56:09.177923 dv-cinder-859318-1-smb devstack@placement-api.service[106586]: DEBUG placement.requestlog [req-d86a9410-aefd-4a62-80dd-fd88342640bd req-2f6b0900-4c4c-4ba8-95f5-18c42d2873d6 None None] Starting request: 10.222.0.62 "GET /placement/allocations/333df8a7-c5e7-4843-8639-197af2be552a" {{(pid=106586) __call__ /opt/stack/placement/placement/requestlog.py:55}}
Sep 26 17:56:09.206134 dv-cinder-859318-1-smb devstack@placement-api.service[106586]: INFO placement.requestlog [req-d86a9410-aefd-4a62-80dd-fd88342640bd req-2f6b0900-4c4c-4ba8-95f5-18c42d2873d6 service placement] 10.222.0.62 "GET /placement/allocations/333df8a7-c5e7-4843-8639-197af2be552a" status: 200 len: 19 microversion: 1.28
Sep 26 17:56:09.208834 dv-cinder-859318-1-smb devstack@placement-api.service[106586]: [pid: 106586|app: 0|req: 12/24] 10.222.0.62 () {60 vars in 1380 bytes} [Mon Sep 26 17:56:09 2022] GET /placement/allocations/333df8a7-c5e7-4843-8639-197af2be552a => generated 19 bytes in 32 msecs (HTTP/1.1 200) 8 headers in 295 bytes (1 switches on core 0)
Sep 26 17:56:09.219385 dv-cinder-859318-1-smb devstack@placement-api.service[106587]: DEBUG placement.requestlog [req-d86a9410-aefd-4a62-80dd-fd88342640bd req-66d7047a-9da1-4d91-af86-e30883697759 None None] Starting request: 10.222.0.62 "PUT /placement/allocations/333df8a7-c5e7-4843-8639-197af2be552a" {{(pid=106587) __call__ /opt/stack/placement/placement/requestlog.py:55}}
Sep 26 17:56:09.431060 dv-cinder-859318-1-smb devstack@placement-api.service[106587]: DEBUG placement.handlers.allocation [req-d86a9410-aefd-4a62-80dd-fd88342640bd req-66d7047a-9da1-4d91-af86-e30883697759 service placement] Successfully wrote allocations [, , ] {{(pid=106587) _update_consumers_and_create_allocations /opt/stack/placement/placement/handlers/allocation.py:462}}
Sep 26 17:56:09.437563 dv-cinder-859318-1-smb devstack@placement-api.service[106587]: INFO placement.requestlog [req-d86a9410-aefd-4a62-80dd-fd88342640bd req-66d7047a-9da1-4d91-af86-e30883697759 service placement] 10.222.0.62 "PUT /placement/allocations/333df8a7-c5e7-4843-8639-197af2be552a" status: 204 len: 0 microversion: 1.36
Sep 26 17:56:09.439486 dv-cinder-859318-1-smb devstack@placement-api.service[106587]: [pid: 106587|app: 0|req: 13/25] 10.222.0.62 () {64 vars in 1433 bytes} [Mon Sep 26 17:56:09 2022] PUT /placement/allocations/333df8a7-c5e7-4843-8639-197af2be552a => generated 0 bytes in 220 msecs (HTTP/1.1 204) 5 headers in 199 bytes (1 switches on core 0)
Sep 26 17:56:10.521233 dv-cinder-859318-1-smb devstack@placement-api.service[106586]: DEBUG placement.requestlog [req-d86a9410-aefd-4a62-80dd-fd88342640bd req-3bc188b7-3515-44ba-987a-b617f0a33f45 None None] Starting request: 10.222.0.97 "GET /placement/allocations/333df8a7-c5e7-4843-8639-197af2be552a" {{(pid=106586) __call__ /opt/stack/placement/placement/requestlog.py:55}}
Sep 26 17:56:10.586183 dv-cinder-859318-1-smb devstack@placement-api.service[106586]: INFO placement.requestlog [req-d86a9410-aefd-4a62-80dd-fd88342640bd req-3bc188b7-3515-44ba-987a-b617f0a33f45 service placement] 10.222.0.97 "GET /placement/allocations/333df8a7-c5e7-4843-8639-197af2be552a" status: 200 len: 258 microversion: 1.28
Sep 26 17:56:10.588056 dv-cinder-859318-1-smb devstack@placement-api.service[106586]: [pid: 106586|app: 0|req: 13/26] 10.222.0.97 () {60 vars in 1377 bytes} [Mon Sep 26 17:56:10 2022] GET /placement/allocations/333df8a7-c5e7-4843-8639-197af2be552a => generated 258 bytes in 67 msecs (HTTP/1.1 200) 8 headers in 296 bytes (1 switches on core 0)
Sep 26 17:56:10.932365 dv-cinder-859318-1-smb devstack@placement-api.service[106587]: DEBUG placement.requestlog [req-d86a9410-aefd-4a62-80dd-fd88342640bd req-4f52387f-fd6d-4a7b-bb93-5c4b654baea3 None None] Starting request: 10.222.0.97 "GET /placement/resource_providers/308baa27-8130-4d25-88cd-4de3826670a1/allocations" {{(pid=106587) __call__ /opt/stack/placement/placement/requestlog.py:55}}
Sep 26 17:56:11.020593 dv-cinder-859318-1-smb devstack@placement-api.service[106587]: INFO placement.requestlog [req-d86a9410-aefd-4a62-80dd-fd88342640bd req-4f52387f-fd6d-4a7b-bb93-5c4b654baea3 service placement] 10.222.0.97 "GET /placement/resource_providers/308baa27-8130-4d25-88cd-4de3826670a1/allocations" status: 200 len: 254 microversion: 1.0
Sep 26 17:56:11.026876 dv-cinder-859318-1-smb devstack@placement-api.service[106587]: [pid: 106587|app: 0|req: 14/27] 10.222.0.97 () {58 vars in 1390 bytes} [Mon Sep 26 17:56:10 2022] GET /placement/resource_providers/308baa27-8130-4d25-88cd-4de3826670a1/allocations => generated 254 bytes in 94 msecs (HTTP/1.1 200) 6 headers in 224 bytes (1 switches on core 0)
Sep 26 17:56:11.038254 dv-cinder-859318-1-smb devstack@placement-api.service[106586]: DEBUG placement.requestlog [req-d86a9410-aefd-4a62-80dd-fd88342640bd req-eec0b858-5451-4de8-b592-61ab2d504fc1 None None] Starting request: 10.222.0.97 "GET /placement/allocations/333df8a7-c5e7-4843-8639-197af2be552a" {{(pid=106586) __call__ /opt/stack/placement/placement/requestlog.py:55}}
Sep 26 17:56:11.065816 dv-cinder-859318-1-smb devstack@placement-api.service[106586]: INFO placement.requestlog [req-d86a9410-aefd-4a62-80dd-fd88342640bd req-eec0b858-5451-4de8-b592-61ab2d504fc1 service placement] 10.222.0.97 "GET /placement/allocations/333df8a7-c5e7-4843-8639-197af2be552a" status: 200 len: 258 microversion: 1.28
Sep 26 17:56:11.068164 dv-cinder-859318-1-smb devstack@placement-api.service[106586]: [pid: 106586|app: 0|req: 14/28] 10.222.0.97 () {60 vars in 1377 bytes} [Mon Sep 26 17:56:11 2022] GET /placement/allocations/333df8a7-c5e7-4843-8639-197af2be552a => generated 258 bytes in 30 msecs (HTTP/1.1 200) 8 headers in 296 bytes (1 switches on core 0)
Sep 26 17:56:11.088974 dv-cinder-859318-1-smb devstack@placement-api.service[106587]: DEBUG placement.requestlog [req-d86a9410-aefd-4a62-80dd-fd88342640bd req-ab3025e1-a367-484a-813b-8a84d95fb43b None None] Starting request: 10.222.0.97 "GET /placement/allocations/39b75a92-7112-4ca6-88c6-b8df60743a0f" {{(pid=106587) __call__ /opt/stack/placement/placement/requestlog.py:55}}
Sep 26 17:56:11.126230 dv-cinder-859318-1-smb devstack@placement-api.service[106587]: INFO placement.requestlog [req-d86a9410-aefd-4a62-80dd-fd88342640bd req-ab3025e1-a367-484a-813b-8a84d95fb43b service placement] 10.222.0.97 "GET /placement/allocations/39b75a92-7112-4ca6-88c6-b8df60743a0f" status: 200 len: 258 microversion: 1.28
Sep 26 17:56:11.129500 dv-cinder-859318-1-smb devstack@placement-api.service[106587]: [pid: 106587|app: 0|req: 15/29] 10.222.0.97 () {60 vars in 1377 bytes} [Mon Sep 26 17:56:11 2022] GET /placement/allocations/39b75a92-7112-4ca6-88c6-b8df60743a0f => generated 258 bytes in 41 msecs (HTTP/1.1 200) 8 headers in 296 bytes (1 switches on core 0)
Sep 26 17:56:13.154375 dv-cinder-859318-1-smb devstack@placement-api.service[106586]: DEBUG placement.requestlog [req-54187922-9f8f-435e-9633-f17c6cfd563e req-469e42e2-9b50-4e30-b1d3-4a8b94c18823 None None] Starting request: 10.222.0.62 "GET /placement/allocation_candidates?limit=1000&resources=DISK_GB%3A1%2CMEMORY_MB%3A1024%2CVCPU%3A1&root_required=%21COMPUTE_STATUS_DISABLED" {{(pid=106586) __call__ /opt/stack/placement/placement/requestlog.py:55}}
Sep 26 17:56:13.359251 dv-cinder-859318-1-smb devstack@placement-api.service[106586]: DEBUG placement.objects.research_context [req-54187922-9f8f-435e-9633-f17c6cfd563e req-469e42e2-9b50-4e30-b1d3-4a8b94c18823 service placement] getting providers with 1 DISK_GB {{(pid=106586) __init__ /opt/stack/placement/placement/objects/research_context.py:136}}
Sep 26 17:56:13.390442 dv-cinder-859318-1-smb devstack@placement-api.service[106586]: DEBUG placement.objects.research_context [req-54187922-9f8f-435e-9633-f17c6cfd563e req-469e42e2-9b50-4e30-b1d3-4a8b94c18823 service placement] getting providers with 1024 MEMORY_MB {{(pid=106586) __init__ /opt/stack/placement/placement/objects/research_context.py:136}}
Sep 26 17:56:13.412802 dv-cinder-859318-1-smb devstack@placement-api.service[106586]: DEBUG placement.objects.research_context [req-54187922-9f8f-435e-9633-f17c6cfd563e req-469e42e2-9b50-4e30-b1d3-4a8b94c18823 service placement] getting providers with 1 VCPU {{(pid=106586) __init__ /opt/stack/placement/placement/objects/research_context.py:136}}
Sep 26 17:56:13.432986 dv-cinder-859318-1-smb devstack@placement-api.service[106586]: DEBUG placement.objects.research_context [req-54187922-9f8f-435e-9633-f17c6cfd563e req-469e42e2-9b50-4e30-b1d3-4a8b94c18823 service placement] found 1 providers with available 1 DISK_GB {{(pid=106586) get_provider_ids_matching /opt/stack/placement/placement/objects/research_context.py:563}}
Sep 26 17:56:13.433284 dv-cinder-859318-1-smb devstack@placement-api.service[106586]: DEBUG placement.objects.research_context [req-54187922-9f8f-435e-9633-f17c6cfd563e req-469e42e2-9b50-4e30-b1d3-4a8b94c18823 service placement] found 1 providers with available 1024 MEMORY_MB {{(pid=106586) get_provider_ids_matching /opt/stack/placement/placement/objects/research_context.py:563}}
Sep 26 17:56:13.433780 dv-cinder-859318-1-smb devstack@placement-api.service[106586]: DEBUG placement.objects.research_context [req-54187922-9f8f-435e-9633-f17c6cfd563e req-469e42e2-9b50-4e30-b1d3-4a8b94c18823 service placement] found 1 providers after filtering by previous result {{(pid=106586) get_provider_ids_matching /opt/stack/placement/placement/objects/research_context.py:594}}
Sep 26 17:56:13.434043 dv-cinder-859318-1-smb devstack@placement-api.service[106586]: DEBUG placement.objects.research_context [req-54187922-9f8f-435e-9633-f17c6cfd563e req-469e42e2-9b50-4e30-b1d3-4a8b94c18823 service placement] found 1 providers with available 1 VCPU {{(pid=106586) get_provider_ids_matching /opt/stack/placement/placement/objects/research_context.py:563}}
Sep 26 17:56:13.434306 dv-cinder-859318-1-smb devstack@placement-api.service[106586]: DEBUG placement.objects.research_context [req-54187922-9f8f-435e-9633-f17c6cfd563e req-469e42e2-9b50-4e30-b1d3-4a8b94c18823 service placement] found 1 providers after filtering by previous result {{(pid=106586) get_provider_ids_matching /opt/stack/placement/placement/objects/research_context.py:594}}
Sep 26 17:56:13.509669 dv-cinder-859318-1-smb devstack@placement-api.service[106586]: DEBUG placement.objects.allocation_candidate [req-54187922-9f8f-435e-9633-f17c6cfd563e req-469e42e2-9b50-4e30-b1d3-4a8b94c18823 service placement] RequestGroup(use_same_provider=False, resources={DISK_GB:1, MEMORY_MB:1024, VCPU:1}, traits=(), aggregates=[]) (suffix '') returned 1 matches {{(pid=106586) _get_by_requests /opt/stack/placement/placement/objects/allocation_candidate.py:156}}
Sep 26 17:56:13.512020 dv-cinder-859318-1-smb devstack@placement-api.service[106586]: DEBUG placement.objects.allocation_candidate [req-54187922-9f8f-435e-9633-f17c6cfd563e req-469e42e2-9b50-4e30-b1d3-4a8b94c18823 service placement] Merging candidates yields 1 allocation requests and 1 provider summaries {{(pid=106586) _merge_candidates /opt/stack/placement/placement/objects/allocation_candidate.py:809}}
Sep 26 17:56:13.517292 dv-cinder-859318-1-smb devstack@placement-api.service[106586]: INFO placement.requestlog [req-54187922-9f8f-435e-9633-f17c6cfd563e req-469e42e2-9b50-4e30-b1d3-4a8b94c18823 service placement] 10.222.0.62 "GET /placement/allocation_candidates?limit=1000&resources=DISK_GB%3A1%2CMEMORY_MB%3A1024%2CVCPU%3A1&root_required=%21COMPUTE_STATUS_DISABLED" status: 200 len: 767 microversion: 1.36
Sep 26 17:56:13.522137 dv-cinder-859318-1-smb devstack@placement-api.service[106586]: [pid: 106586|app: 0|req: 15/30] 10.222.0.62 () {60 vars in 1506 bytes} [Mon Sep 26 17:56:13 2022] GET /placement/allocation_candidates?limit=1000&resources=DISK_GB%3A1%2CMEMORY_MB%3A1024%2CVCPU%3A1&root_required=%21COMPUTE_STATUS_DISABLED => generated 767 bytes in 368 msecs (HTTP/1.1 200) 8 headers in 296 bytes (1 switches on core 0)
Sep 26 17:56:13.741835 dv-cinder-859318-1-smb devstack@placement-api.service[106587]: DEBUG placement.requestlog [req-54187922-9f8f-435e-9633-f17c6cfd563e req-c24809b7-0f8c-44aa-b09f-942decadd771 None None] Starting request: 10.222.0.62 "GET /placement/allocations/e00ed3b1-5e73-4b12-a966-9cb08ce2bf1b" {{(pid=106587) __call__ /opt/stack/placement/placement/requestlog.py:55}}
Sep 26 17:56:13.814626 dv-cinder-859318-1-smb devstack@placement-api.service[106587]: INFO placement.requestlog [req-54187922-9f8f-435e-9633-f17c6cfd563e req-c24809b7-0f8c-44aa-b09f-942decadd771 service placement] 10.222.0.62 "GET /placement/allocations/e00ed3b1-5e73-4b12-a966-9cb08ce2bf1b" status: 200 len: 19 microversion: 1.28
Sep 26 17:56:13.817375 dv-cinder-859318-1-smb devstack@placement-api.service[106587]: [pid: 106587|app: 0|req: 16/31] 10.222.0.62 () {60 vars in 1380 bytes} [Mon Sep 26 17:56:13 2022] GET /placement/allocations/e00ed3b1-5e73-4b12-a966-9cb08ce2bf1b => generated 19 bytes in 81 msecs (HTTP/1.1 200) 8 headers in 295 bytes (1 switches on core 0)
Sep 26 17:56:13.823895 dv-cinder-859318-1-smb devstack@placement-api.service[106586]: DEBUG placement.requestlog [req-54187922-9f8f-435e-9633-f17c6cfd563e req-518cc899-fa13-4498-86c4-bc7fc32943f2 None None] Starting request: 10.222.0.62 "PUT /placement/allocations/e00ed3b1-5e73-4b12-a966-9cb08ce2bf1b" {{(pid=106586) __call__ /opt/stack/placement/placement/requestlog.py:55}}
Sep 26 17:56:14.109151 dv-cinder-859318-1-smb devstack@placement-api.service[106586]: DEBUG placement.handlers.allocation [req-54187922-9f8f-435e-9633-f17c6cfd563e req-518cc899-fa13-4498-86c4-bc7fc32943f2 service placement] Successfully wrote allocations [, , ] {{(pid=106586) _update_consumers_and_create_allocations /opt/stack/placement/placement/handlers/allocation.py:462}}
Sep 26 17:56:14.115587 dv-cinder-859318-1-smb devstack@placement-api.service[106586]: INFO placement.requestlog [req-54187922-9f8f-435e-9633-f17c6cfd563e req-518cc899-fa13-4498-86c4-bc7fc32943f2 service placement] 10.222.0.62 "PUT /placement/allocations/e00ed3b1-5e73-4b12-a966-9cb08ce2bf1b" status: 204 len: 0 microversion: 1.36
Sep 26 17:56:14.117940 dv-cinder-859318-1-smb devstack@placement-api.service[106586]: [pid: 106586|app: 0|req: 16/32] 10.222.0.62 () {64 vars in 1433 bytes} [Mon Sep 26 17:56:13 2022] PUT /placement/allocations/e00ed3b1-5e73-4b12-a966-9cb08ce2bf1b => generated 0 bytes in 294 msecs (HTTP/1.1 204) 5 headers in 199 bytes (1 switches on core 0)
Sep 26 17:56:14.889895 dv-cinder-859318-1-smb devstack@placement-api.service[106587]: DEBUG placement.requestlog [req-54187922-9f8f-435e-9633-f17c6cfd563e req-f7023c2e-2382-493d-9e4c-485e3b356338 None None] Starting request: 10.222.0.97 "GET /placement/allocations/e00ed3b1-5e73-4b12-a966-9cb08ce2bf1b" {{(pid=106587) __call__ /opt/stack/placement/placement/requestlog.py:55}}
Sep 26 17:56:15.027557 dv-cinder-859318-1-smb devstack@placement-api.service[106587]: INFO placement.requestlog [req-54187922-9f8f-435e-9633-f17c6cfd563e req-f7023c2e-2382-493d-9e4c-485e3b356338 service placement] 10.222.0.97 "GET /placement/allocations/e00ed3b1-5e73-4b12-a966-9cb08ce2bf1b" status: 200 len: 258 microversion: 1.28
Sep 26 17:56:15.029875 dv-cinder-859318-1-smb devstack@placement-api.service[106587]: [pid: 106587|app: 0|req: 17/33] 10.222.0.97 () {60 vars in 1377 bytes} [Mon Sep 26 17:56:14 2022] GET /placement/allocations/e00ed3b1-5e73-4b12-a966-9cb08ce2bf1b => generated 258 bytes in 141 msecs (HTTP/1.1 200) 8 headers in 296 bytes (1 switches on core 0)
Sep 26 17:56:15.406128 dv-cinder-859318-1-smb devstack@placement-api.service[106586]: DEBUG placement.requestlog [req-54187922-9f8f-435e-9633-f17c6cfd563e req-7c78dd5e-a6ec-45b8-9008-b368d77c81ca None None] Starting request: 10.222.0.97 "GET /placement/resource_providers/308baa27-8130-4d25-88cd-4de3826670a1/allocations" {{(pid=106586) __call__ /opt/stack/placement/placement/requestlog.py:55}}
Sep 26 17:56:15.464522 dv-cinder-859318-1-smb devstack@placement-api.service[106586]: INFO placement.requestlog [req-54187922-9f8f-435e-9633-f17c6cfd563e req-7c78dd5e-a6ec-45b8-9008-b368d77c81ca service placement] 10.222.0.97 "GET /placement/resource_providers/308baa27-8130-4d25-88cd-4de3826670a1/allocations" status: 200 len: 355 microversion: 1.0
Sep 26 17:56:15.466540 dv-cinder-859318-1-smb devstack@placement-api.service[106586]: [pid: 106586|app: 0|req: 17/34] 10.222.0.97 () {58 vars in 1390 bytes} [Mon Sep 26 17:56:15 2022] GET /placement/resource_providers/308baa27-8130-4d25-88cd-4de3826670a1/allocations => generated 355 bytes in 60 msecs (HTTP/1.1 200) 6 headers in 224 bytes (2 switches on core 0)
Sep 26 17:56:15.498802 dv-cinder-859318-1-smb devstack@placement-api.service[106587]: DEBUG placement.requestlog [req-54187922-9f8f-435e-9633-f17c6cfd563e req-0978f5a3-21c6-4aa8-9213-96976dcf0bdb None None] Starting request: 10.222.0.97 "GET /placement/allocations/333df8a7-c5e7-4843-8639-197af2be552a" {{(pid=106587) __call__ /opt/stack/placement/placement/requestlog.py:55}}
Sep 26 17:56:15.532754 dv-cinder-859318-1-smb devstack@placement-api.service[106587]: INFO placement.requestlog [req-54187922-9f8f-435e-9633-f17c6cfd563e req-0978f5a3-21c6-4aa8-9213-96976dcf0bdb service placement] 10.222.0.97 "GET /placement/allocations/333df8a7-c5e7-4843-8639-197af2be552a" status: 200 len: 258 microversion: 1.28
Sep 26 17:56:15.534205 dv-cinder-859318-1-smb devstack@placement-api.service[106587]: [pid: 106587|app: 0|req: 18/35] 10.222.0.97 () {60 vars in 1377 bytes} [Mon Sep 26 17:56:15 2022] GET /placement/allocations/333df8a7-c5e7-4843-8639-197af2be552a => generated 258 bytes in 36 msecs (HTTP/1.1 200) 8 headers in 296 bytes (1 switches on core 0)
Sep 26 17:56:15.549270 dv-cinder-859318-1-smb devstack@placement-api.service[106586]: DEBUG placement.requestlog [req-54187922-9f8f-435e-9633-f17c6cfd563e req-31173ffa-1b02-46b5-8727-2ad4bb120d4a None None] Starting request: 10.222.0.97 "GET /placement/allocations/e00ed3b1-5e73-4b12-a966-9cb08ce2bf1b" {{(pid=106586) __call__ /opt/stack/placement/placement/requestlog.py:55}}
Sep 26 17:56:15.593135 dv-cinder-859318-1-smb devstack@placement-api.service[106586]: INFO placement.requestlog [req-54187922-9f8f-435e-9633-f17c6cfd563e req-31173ffa-1b02-46b5-8727-2ad4bb120d4a service placement] 10.222.0.97 "GET /placement/allocations/e00ed3b1-5e73-4b12-a966-9cb08ce2bf1b" status: 200 len: 258 microversion: 1.28
Sep 26 17:56:15.593781 dv-cinder-859318-1-smb devstack@placement-api.service[106586]: [pid: 106586|app: 0|req: 18/36] 10.222.0.97 () {60 vars in 1377 bytes} [Mon Sep 26 17:56:15 2022] GET /placement/allocations/e00ed3b1-5e73-4b12-a966-9cb08ce2bf1b => generated 258 bytes in 45 msecs (HTTP/1.1 200) 8 headers in 296 bytes (2 switches on core 0)
Sep 26 17:56:15.612668 dv-cinder-859318-1-smb devstack@placement-api.service[106587]: DEBUG placement.requestlog [req-54187922-9f8f-435e-9633-f17c6cfd563e req-4ee63637-9e72-427d-993a-7b5422ad567b None None] Starting request: 10.222.0.97 "GET /placement/allocations/39b75a92-7112-4ca6-88c6-b8df60743a0f" {{(pid=106587) __call__ /opt/stack/placement/placement/requestlog.py:55}}
Sep 26 17:56:15.650197 dv-cinder-859318-1-smb devstack@placement-api.service[106587]: DEBUG dbcounter [-] [106587] Writing DB stats placement:SELECT=82,placement:INSERT=10,placement:DELETE=4,placement:UPDATE=4 {{(pid=106587) stat_writer /usr/local/lib/python3.8/dist-packages/dbcounter.py:114}}
Sep 26 17:56:15.662581 dv-cinder-859318-1-smb devstack@placement-api.service[106587]: INFO placement.requestlog [req-54187922-9f8f-435e-9633-f17c6cfd563e req-4ee63637-9e72-427d-993a-7b5422ad567b service placement] 10.222.0.97 "GET /placement/allocations/39b75a92-7112-4ca6-88c6-b8df60743a0f" status: 200 len: 258 microversion: 1.28
Sep 26 17:56:15.663961 dv-cinder-859318-1-smb devstack@placement-api.service[106587]: [pid: 106587|app: 0|req: 19/37] 10.222.0.97 () {60 vars in 1377 bytes} [Mon Sep 26 17:56:15 2022] GET /placement/allocations/39b75a92-7112-4ca6-88c6-b8df60743a0f => generated 258 bytes in 51 msecs (HTTP/1.1 200) 8 headers in 296 bytes (1 switches on core 0)
Sep 26 17:56:17.245701 dv-cinder-859318-1-smb devstack@placement-api.service[106586]: DEBUG placement.requestlog [req-58bde379-e1ca-4663-8eee-59733d371dbb req-5fb21eb2-9249-426e-9706-7e3b2dafa5ae None None] Starting request: 10.222.0.62 "GET /placement/allocation_candidates?limit=1000&resources=DISK_GB%3A1%2CMEMORY_MB%3A1024%2CVCPU%3A1&root_required=%21COMPUTE_STATUS_DISABLED" {{(pid=106586) __call__ /opt/stack/placement/placement/requestlog.py:55}}
Sep 26 17:56:17.423299 dv-cinder-859318-1-smb devstack@placement-api.service[106586]: DEBUG placement.objects.research_context [req-58bde379-e1ca-4663-8eee-59733d371dbb req-5fb21eb2-9249-426e-9706-7e3b2dafa5ae service placement] getting providers with 1 DISK_GB {{(pid=106586) __init__ /opt/stack/placement/placement/objects/research_context.py:136}}
Sep 26 17:56:17.455212 dv-cinder-859318-1-smb devstack@placement-api.service[106586]: DEBUG placement.objects.research_context [req-58bde379-e1ca-4663-8eee-59733d371dbb req-5fb21eb2-9249-426e-9706-7e3b2dafa5ae service placement] getting providers with 1024 MEMORY_MB {{(pid=106586) __init__ /opt/stack/placement/placement/objects/research_context.py:136}}
Sep 26 17:56:17.479433 dv-cinder-859318-1-smb devstack@placement-api.service[106586]: DEBUG placement.objects.research_context [req-58bde379-e1ca-4663-8eee-59733d371dbb req-5fb21eb2-9249-426e-9706-7e3b2dafa5ae service placement] getting providers with 1 VCPU {{(pid=106586) __init__ /opt/stack/placement/placement/objects/research_context.py:136}}
Sep 26 17:56:17.519761 dv-cinder-859318-1-smb devstack@placement-api.service[106586]: DEBUG placement.objects.research_context [req-58bde379-e1ca-4663-8eee-59733d371dbb req-5fb21eb2-9249-426e-9706-7e3b2dafa5ae service placement] found 1 providers with available 1 DISK_GB {{(pid=106586) get_provider_ids_matching /opt/stack/placement/placement/objects/research_context.py:563}}
Sep 26 17:56:17.520103 dv-cinder-859318-1-smb devstack@placement-api.service[106586]: DEBUG placement.objects.research_context [req-58bde379-e1ca-4663-8eee-59733d371dbb req-5fb21eb2-9249-426e-9706-7e3b2dafa5ae service placement] found 1 providers with available 1024 MEMORY_MB {{(pid=106586) get_provider_ids_matching /opt/stack/placement/placement/objects/research_context.py:563}}
Sep 26 17:56:17.520578 dv-cinder-859318-1-smb devstack@placement-api.service[106586]: DEBUG placement.objects.research_context [req-58bde379-e1ca-4663-8eee-59733d371dbb req-5fb21eb2-9249-426e-9706-7e3b2dafa5ae service placement] found 1 providers after filtering by previous result {{(pid=106586) get_provider_ids_matching /opt/stack/placement/placement/objects/research_context.py:594}}
Sep 26 17:56:17.522951 dv-cinder-859318-1-smb devstack@placement-api.service[106586]: DEBUG placement.objects.research_context [req-58bde379-e1ca-4663-8eee-59733d371dbb req-5fb21eb2-9249-426e-9706-7e3b2dafa5ae service placement] found 1 providers with available 1 VCPU {{(pid=106586) get_provider_ids_matching /opt/stack/placement/placement/objects/research_context.py:563}}
Sep 26 17:56:17.530772 dv-cinder-859318-1-smb devstack@placement-api.service[106586]: DEBUG placement.objects.research_context [req-58bde379-e1ca-4663-8eee-59733d371dbb req-5fb21eb2-9249-426e-9706-7e3b2dafa5ae service placement] found 1 providers after filtering by previous result {{(pid=106586) get_provider_ids_matching /opt/stack/placement/placement/objects/research_context.py:594}}
Sep 26 17:56:17.605457 dv-cinder-859318-1-smb devstack@placement-api.service[106586]: DEBUG placement.objects.allocation_candidate [req-58bde379-e1ca-4663-8eee-59733d371dbb req-5fb21eb2-9249-426e-9706-7e3b2dafa5ae service placement] RequestGroup(use_same_provider=False, resources={DISK_GB:1, MEMORY_MB:1024, VCPU:1}, traits=(), aggregates=[]) (suffix '') returned 1 matches {{(pid=106586) _get_by_requests /opt/stack/placement/placement/objects/allocation_candidate.py:156}}
Sep 26 17:56:17.612454 dv-cinder-859318-1-smb devstack@placement-api.service[106586]: DEBUG placement.objects.allocation_candidate [req-58bde379-e1ca-4663-8eee-59733d371dbb req-5fb21eb2-9249-426e-9706-7e3b2dafa5ae service placement] Merging candidates yields 1 allocation requests and 1 provider summaries {{(pid=106586) _merge_candidates /opt/stack/placement/placement/objects/allocation_candidate.py:809}}
Sep 26 17:56:17.623639 dv-cinder-859318-1-smb devstack@placement-api.service[106586]: INFO placement.requestlog [req-58bde379-e1ca-4663-8eee-59733d371dbb req-5fb21eb2-9249-426e-9706-7e3b2dafa5ae service placement] 10.222.0.62 "GET /placement/allocation_candidates?limit=1000&resources=DISK_GB%3A1%2CMEMORY_MB%3A1024%2CVCPU%3A1&root_required=%21COMPUTE_STATUS_DISABLED" status: 200 len: 767 microversion: 1.36
Sep 26 17:56:17.629560 dv-cinder-859318-1-smb devstack@placement-api.service[106586]: [pid: 106586|app: 0|req: 19/38] 10.222.0.62 () {60 vars in 1506 bytes} [Mon Sep 26 17:56:17 2022] GET /placement/allocation_candidates?limit=1000&resources=DISK_GB%3A1%2CMEMORY_MB%3A1024%2CVCPU%3A1&root_required=%21COMPUTE_STATUS_DISABLED => generated 767 bytes in 384 msecs (HTTP/1.1 200) 8 headers in 296 bytes (1 switches on core 0)
Sep 26 17:56:17.745128 dv-cinder-859318-1-smb devstack@placement-api.service[106587]: DEBUG placement.requestlog [req-58bde379-e1ca-4663-8eee-59733d371dbb req-d50cc96d-ab22-4b16-9126-00b442341bf1 None None] Starting request: 10.222.0.62 "GET /placement/allocations/14ec8eb9-f937-4e5e-8d4d-e44cb41c2e3d" {{(pid=106587) __call__ /opt/stack/placement/placement/requestlog.py:55}}
Sep 26 17:56:17.799717 dv-cinder-859318-1-smb devstack@placement-api.service[106587]: INFO placement.requestlog [req-58bde379-e1ca-4663-8eee-59733d371dbb req-d50cc96d-ab22-4b16-9126-00b442341bf1 service placement] 10.222.0.62 "GET /placement/allocations/14ec8eb9-f937-4e5e-8d4d-e44cb41c2e3d" status: 200 len: 19 microversion: 1.28
Sep 26 17:56:17.800351 dv-cinder-859318-1-smb devstack@placement-api.service[106587]: [pid: 106587|app: 0|req: 20/39] 10.222.0.62 () {60 vars in 1380 bytes} [Mon Sep 26 17:56:17 2022] GET /placement/allocations/14ec8eb9-f937-4e5e-8d4d-e44cb41c2e3d => generated 19 bytes in 56 msecs (HTTP/1.1 200) 8 headers in 295 bytes (1 switches on core 0)
Sep 26 17:56:17.811371 dv-cinder-859318-1-smb devstack@placement-api.service[106586]: DEBUG placement.requestlog [req-58bde379-e1ca-4663-8eee-59733d371dbb req-69590be3-fd22-4aca-9397-82af82ebb8d5 None None] Starting request: 10.222.0.62 "PUT /placement/allocations/14ec8eb9-f937-4e5e-8d4d-e44cb41c2e3d" {{(pid=106586) __call__ /opt/stack/placement/placement/requestlog.py:55}}
Sep 26 17:56:18.200655 dv-cinder-859318-1-smb devstack@placement-api.service[106586]: DEBUG dbcounter [-] [106586] Writing DB stats placement:SELECT=83,placement:INSERT=12,placement:DELETE=3,placement:UPDATE=2 {{(pid=106586) stat_writer /usr/local/lib/python3.8/dist-packages/dbcounter.py:114}}
Sep 26 17:56:18.229708 dv-cinder-859318-1-smb devstack@placement-api.service[106586]: DEBUG placement.handlers.allocation [req-58bde379-e1ca-4663-8eee-59733d371dbb req-69590be3-fd22-4aca-9397-82af82ebb8d5 service placement] Successfully wrote allocations [, , ] {{(pid=106586) _update_consumers_and_create_allocations /opt/stack/placement/placement/handlers/allocation.py:462}}
Sep 26 17:56:18.242946 dv-cinder-859318-1-smb devstack@placement-api.service[106586]: INFO placement.requestlog [req-58bde379-e1ca-4663-8eee-59733d371dbb req-69590be3-fd22-4aca-9397-82af82ebb8d5 service placement] 10.222.0.62 "PUT /placement/allocations/14ec8eb9-f937-4e5e-8d4d-e44cb41c2e3d" status: 204 len: 0 microversion: 1.36
Sep 26 17:56:18.243758 dv-cinder-859318-1-smb devstack@placement-api.service[106586]: [pid: 106586|app: 0|req: 20/40] 10.222.0.62 () {64 vars in 1433 bytes} [Mon Sep 26 17:56:17 2022] PUT /placement/allocations/14ec8eb9-f937-4e5e-8d4d-e44cb41c2e3d => generated 0 bytes in 435 msecs (HTTP/1.1 204) 5 headers in 199 bytes (1 switches on core 0)
Sep 26 17:56:19.199604 dv-cinder-859318-1-smb devstack@placement-api.service[106587]: DEBUG placement.requestlog [req-58bde379-e1ca-4663-8eee-59733d371dbb req-be66fbc1-a119-4284-aee8-48de3ff9228a None None] Starting request: 10.222.0.97 "GET /placement/allocations/14ec8eb9-f937-4e5e-8d4d-e44cb41c2e3d" {{(pid=106587) __call__ /opt/stack/placement/placement/requestlog.py:55}}
Sep 26 17:56:19.276501 dv-cinder-859318-1-smb devstack@placement-api.service[106587]: INFO placement.requestlog [req-58bde379-e1ca-4663-8eee-59733d371dbb req-be66fbc1-a119-4284-aee8-48de3ff9228a service placement] 10.222.0.97 "GET /placement/allocations/14ec8eb9-f937-4e5e-8d4d-e44cb41c2e3d" status: 200 len: 258 microversion: 1.28
Sep 26 17:56:19.289652 dv-cinder-859318-1-smb devstack@placement-api.service[106587]: [pid: 106587|app: 0|req: 21/41] 10.222.0.97 () {60 vars in 1377 bytes} [Mon Sep 26 17:56:19 2022] GET /placement/allocations/14ec8eb9-f937-4e5e-8d4d-e44cb41c2e3d => generated 258 bytes in 90 msecs (HTTP/1.1 200) 8 headers in 296 bytes (1 switches on core 0)
Sep 26 17:56:19.330572 dv-cinder-859318-1-smb devstack@placement-api.service[106586]: DEBUG placement.requestlog [req-dd9ba1d8-511f-4cf5-ab07-8920a7a57f47 req-65d78842-8fa4-4808-8a20-62a83132766d None None] Starting request: 10.222.0.62 "GET /placement/allocation_candidates?limit=1000&resources=DISK_GB%3A1%2CMEMORY_MB%3A1024%2CVCPU%3A1&root_required=%21COMPUTE_STATUS_DISABLED" {{(pid=106586) __call__ /opt/stack/placement/placement/requestlog.py:55}}
Sep 26 17:56:19.481760 dv-cinder-859318-1-smb devstack@placement-api.service[106586]: DEBUG placement.objects.research_context [req-dd9ba1d8-511f-4cf5-ab07-8920a7a57f47 req-65d78842-8fa4-4808-8a20-62a83132766d service placement] getting providers with 1 DISK_GB {{(pid=106586) __init__ /opt/stack/placement/placement/objects/research_context.py:136}}
Sep 26 17:56:19.503645 dv-cinder-859318-1-smb devstack@placement-api.service[106586]: DEBUG placement.objects.research_context [req-dd9ba1d8-511f-4cf5-ab07-8920a7a57f47 req-65d78842-8fa4-4808-8a20-62a83132766d service placement] getting providers with 1024 MEMORY_MB {{(pid=106586) __init__ /opt/stack/placement/placement/objects/research_context.py:136}}
Sep 26 17:56:19.520102 dv-cinder-859318-1-smb devstack@placement-api.service[106586]: DEBUG placement.objects.research_context [req-dd9ba1d8-511f-4cf5-ab07-8920a7a57f47 req-65d78842-8fa4-4808-8a20-62a83132766d service placement] getting providers with 1 VCPU {{(pid=106586) __init__ /opt/stack/placement/placement/objects/research_context.py:136}}
Sep 26 17:56:19.537678 dv-cinder-859318-1-smb devstack@placement-api.service[106586]: DEBUG placement.objects.research_context [req-dd9ba1d8-511f-4cf5-ab07-8920a7a57f47 req-65d78842-8fa4-4808-8a20-62a83132766d service placement] found 1 providers with available 1 DISK_GB {{(pid=106586) get_provider_ids_matching /opt/stack/placement/placement/objects/research_context.py:563}}
Sep 26 17:56:19.539492 dv-cinder-859318-1-smb devstack@placement-api.service[106586]: DEBUG placement.objects.research_context [req-dd9ba1d8-511f-4cf5-ab07-8920a7a57f47 req-65d78842-8fa4-4808-8a20-62a83132766d service placement] found 1 providers with available 1024 MEMORY_MB {{(pid=106586) get_provider_ids_matching /opt/stack/placement/placement/objects/research_context.py:563}}
Sep 26 17:56:19.540008 dv-cinder-859318-1-smb devstack@placement-api.service[106586]: DEBUG placement.objects.research_context [req-dd9ba1d8-511f-4cf5-ab07-8920a7a57f47 req-65d78842-8fa4-4808-8a20-62a83132766d service placement] found 1 providers after filtering by previous result {{(pid=106586) get_provider_ids_matching /opt/stack/placement/placement/objects/research_context.py:594}}
Sep 26 17:56:19.540988 dv-cinder-859318-1-smb devstack@placement-api.service[106586]: DEBUG placement.objects.research_context [req-dd9ba1d8-511f-4cf5-ab07-8920a7a57f47 req-65d78842-8fa4-4808-8a20-62a83132766d service placement] found 1 providers with available 1 VCPU {{(pid=106586) get_provider_ids_matching /opt/stack/placement/placement/objects/research_context.py:563}}
Sep 26 17:56:19.541927 dv-cinder-859318-1-smb devstack@placement-api.service[106586]: DEBUG placement.objects.research_context [req-dd9ba1d8-511f-4cf5-ab07-8920a7a57f47 req-65d78842-8fa4-4808-8a20-62a83132766d service placement] found 1 providers after filtering by previous result {{(pid=106586) get_provider_ids_matching /opt/stack/placement/placement/objects/research_context.py:594}}
Sep 26 17:56:19.574116 dv-cinder-859318-1-smb devstack@placement-api.service[106586]: DEBUG placement.objects.allocation_candidate [req-dd9ba1d8-511f-4cf5-ab07-8920a7a57f47 req-65d78842-8fa4-4808-8a20-62a83132766d service placement] RequestGroup(use_same_provider=False, resources={DISK_GB:1, MEMORY_MB:1024, VCPU:1}, traits=(), aggregates=[]) (suffix '') returned 1 matches {{(pid=106586) _get_by_requests /opt/stack/placement/placement/objects/allocation_candidate.py:156}}
Sep 26 17:56:19.576038 dv-cinder-859318-1-smb devstack@placement-api.service[106586]: DEBUG placement.objects.allocation_candidate [req-dd9ba1d8-511f-4cf5-ab07-8920a7a57f47 req-65d78842-8fa4-4808-8a20-62a83132766d service placement] Merging candidates yields 1 allocation requests and 1 provider summaries {{(pid=106586) _merge_candidates /opt/stack/placement/placement/objects/allocation_candidate.py:809}}
Sep 26 17:56:19.578832 dv-cinder-859318-1-smb devstack@placement-api.service[106586]: INFO placement.requestlog [req-dd9ba1d8-511f-4cf5-ab07-8920a7a57f47 req-65d78842-8fa4-4808-8a20-62a83132766d service placement] 10.222.0.62 "GET /placement/allocation_candidates?limit=1000&resources=DISK_GB%3A1%2CMEMORY_MB%3A1024%2CVCPU%3A1&root_required=%21COMPUTE_STATUS_DISABLED" status: 200 len: 767 microversion: 1.36
Sep 26 17:56:19.587310 dv-cinder-859318-1-smb devstack@placement-api.service[106587]: DEBUG placement.requestlog [req-58bde379-e1ca-4663-8eee-59733d371dbb req-c87e82ad-55b2-4a5e-8944-21e0dfb95b31 None None] Starting request: 10.222.0.97 "GET /placement/resource_providers/308baa27-8130-4d25-88cd-4de3826670a1/allocations" {{(pid=106587) __call__ /opt/stack/placement/placement/requestlog.py:55}}
Sep 26 17:56:19.591866 dv-cinder-859318-1-smb devstack@placement-api.service[106586]: [pid: 106586|app: 0|req: 21/42] 10.222.0.62 () {60 vars in 1506 bytes} [Mon Sep 26 17:56:19 2022] GET /placement/allocation_candidates?limit=1000&resources=DISK_GB%3A1%2CMEMORY_MB%3A1024%2CVCPU%3A1&root_required=%21COMPUTE_STATUS_DISABLED => generated 767 bytes in 261 msecs (HTTP/1.1 200) 8 headers in 296 bytes (1 switches on core 0)
Sep 26 17:56:19.642734 dv-cinder-859318-1-smb devstack@placement-api.service[106587]: INFO placement.requestlog [req-58bde379-e1ca-4663-8eee-59733d371dbb req-c87e82ad-55b2-4a5e-8944-21e0dfb95b31 service placement] 10.222.0.97 "GET /placement/resource_providers/308baa27-8130-4d25-88cd-4de3826670a1/allocations" status: 200 len: 456 microversion: 1.0
Sep 26 17:56:19.644312 dv-cinder-859318-1-smb devstack@placement-api.service[106587]: [pid: 106587|app: 0|req: 22/43] 10.222.0.97 () {58 vars in 1390 bytes} [Mon Sep 26 17:56:19 2022] GET /placement/resource_providers/308baa27-8130-4d25-88cd-4de3826670a1/allocations => generated 456 bytes in 58 msecs (HTTP/1.1 200) 6 headers in 224 bytes (1 switches on core 0)
Sep 26 17:56:19.657903 dv-cinder-859318-1-smb devstack@placement-api.service[106586]: DEBUG placement.requestlog [req-58bde379-e1ca-4663-8eee-59733d371dbb req-d8e1e721-d3d2-44cc-8a98-62e45071ef17 None None] Starting request: 10.222.0.97 "GET /placement/allocations/333df8a7-c5e7-4843-8639-197af2be552a" {{(pid=106586) __call__ /opt/stack/placement/placement/requestlog.py:55}}
Sep 26 17:56:19.687600 dv-cinder-859318-1-smb devstack@placement-api.service[106587]: DEBUG placement.requestlog [req-dd9ba1d8-511f-4cf5-ab07-8920a7a57f47 req-c5583369-330a-45a1-9899-fa4a669d20f3 None None] Starting request: 10.222.0.62 "GET /placement/allocations/09f453cf-eef8-434c-a52b-246158f6a97a" {{(pid=106587) __call__ /opt/stack/placement/placement/requestlog.py:55}}
Sep 26 17:56:19.687809 dv-cinder-859318-1-smb devstack@placement-api.service[106586]: INFO placement.requestlog [req-58bde379-e1ca-4663-8eee-59733d371dbb req-d8e1e721-d3d2-44cc-8a98-62e45071ef17 service placement] 10.222.0.97 "GET /placement/allocations/333df8a7-c5e7-4843-8639-197af2be552a" status: 200 len: 258 microversion: 1.28
Sep 26 17:56:19.701732 dv-cinder-859318-1-smb devstack@placement-api.service[106586]: [pid: 106586|app: 0|req: 22/44] 10.222.0.97 () {60 vars in 1377 bytes} [Mon Sep 26 17:56:19 2022] GET /placement/allocations/333df8a7-c5e7-4843-8639-197af2be552a => generated 258 bytes in 30 msecs (HTTP/1.1 200) 8 headers in 296 bytes (1 switches on core 0)
Sep 26 17:56:19.701732 dv-cinder-859318-1-smb devstack@placement-api.service[106586]: DEBUG placement.requestlog [req-58bde379-e1ca-4663-8eee-59733d371dbb req-17c39cb5-9683-42f5-ba4f-fb3f895ddc2c None None] Starting request: 10.222.0.97 "GET /placement/allocations/e00ed3b1-5e73-4b12-a966-9cb08ce2bf1b" {{(pid=106586) __call__ /opt/stack/placement/placement/requestlog.py:55}}
Sep 26 17:56:19.701898 dv-cinder-859318-1-smb devstack@placement-api.service[106587]: INFO placement.requestlog [req-dd9ba1d8-511f-4cf5-ab07-8920a7a57f47 req-c5583369-330a-45a1-9899-fa4a669d20f3 service placement] 10.222.0.62 "GET /placement/allocations/09f453cf-eef8-434c-a52b-246158f6a97a" status: 200 len: 19 microversion: 1.28
Sep 26 17:56:19.704370 dv-cinder-859318-1-smb devstack@placement-api.service[106587]: [pid: 106587|app: 0|req: 23/45] 10.222.0.62 () {60 vars in 1380 bytes} [Mon Sep 26 17:56:19 2022] GET /placement/allocations/09f453cf-eef8-434c-a52b-246158f6a97a => generated 19 bytes in 17 msecs (HTTP/1.1 200) 8 headers in 295 bytes (1 switches on core 0)
Sep 26 17:56:19.709281 dv-cinder-859318-1-smb devstack@placement-api.service[106587]: DEBUG placement.requestlog [req-dd9ba1d8-511f-4cf5-ab07-8920a7a57f47 req-772b11e9-6f39-4e8c-b2ca-1e96726e5046 None None] Starting request: 10.222.0.62 "PUT /placement/allocations/09f453cf-eef8-434c-a52b-246158f6a97a" {{(pid=106587) __call__ /opt/stack/placement/placement/requestlog.py:55}}
Sep 26 17:56:19.750958 dv-cinder-859318-1-smb devstack@placement-api.service[106586]: INFO placement.requestlog [req-58bde379-e1ca-4663-8eee-59733d371dbb req-17c39cb5-9683-42f5-ba4f-fb3f895ddc2c service placement] 10.222.0.97 "GET /placement/allocations/e00ed3b1-5e73-4b12-a966-9cb08ce2bf1b" status: 200 len: 258 microversion: 1.28
Sep 26 17:56:19.753478 dv-cinder-859318-1-smb devstack@placement-api.service[106586]: [pid: 106586|app: 0|req: 23/46] 10.222.0.97 () {60 vars in 1377 bytes} [Mon Sep 26 17:56:19 2022] GET /placement/allocations/e00ed3b1-5e73-4b12-a966-9cb08ce2bf1b => generated 258 bytes in 57 msecs (HTTP/1.1 200) 8 headers in 296 bytes (2 switches on core 0)
Sep 26 17:56:19.761253 dv-cinder-859318-1-smb devstack@placement-api.service[106586]: DEBUG placement.requestlog [req-58bde379-e1ca-4663-8eee-59733d371dbb req-ae40d4be-b024-4235-a591-eaac242d21d2 None None] Starting request: 10.222.0.97 "GET /placement/allocations/14ec8eb9-f937-4e5e-8d4d-e44cb41c2e3d" {{(pid=106586) __call__ /opt/stack/placement/placement/requestlog.py:55}}
Sep 26 17:56:19.802065 dv-cinder-859318-1-smb devstack@placement-api.service[106586]: INFO placement.requestlog [req-58bde379-e1ca-4663-8eee-59733d371dbb req-ae40d4be-b024-4235-a591-eaac242d21d2 service placement] 10.222.0.97 "GET /placement/allocations/14ec8eb9-f937-4e5e-8d4d-e44cb41c2e3d" status: 200 len: 258 microversion: 1.28
Sep 26 17:56:19.802574 dv-cinder-859318-1-smb devstack@placement-api.service[106586]: [pid: 106586|app: 0|req: 24/47] 10.222.0.97 () {60 vars in 1377 bytes} [Mon Sep 26 17:56:19 2022] GET /placement/allocations/14ec8eb9-f937-4e5e-8d4d-e44cb41c2e3d => generated 258 bytes in 42 msecs (HTTP/1.1 200) 8 headers in 296 bytes (2 switches on core 0)
Sep 26 17:56:19.810923 dv-cinder-859318-1-smb devstack@placement-api.service[106586]: DEBUG placement.requestlog [req-58bde379-e1ca-4663-8eee-59733d371dbb req-d9a76e42-f95a-4f4b-bd9b-9775bec146df None None] Starting request: 10.222.0.97 "GET /placement/allocations/39b75a92-7112-4ca6-88c6-b8df60743a0f" {{(pid=106586) __call__ /opt/stack/placement/placement/requestlog.py:55}}
Sep 26 17:56:19.855761 dv-cinder-859318-1-smb devstack@placement-api.service[106586]: INFO placement.requestlog [req-58bde379-e1ca-4663-8eee-59733d371dbb req-d9a76e42-f95a-4f4b-bd9b-9775bec146df service placement] 10.222.0.97 "GET /placement/allocations/39b75a92-7112-4ca6-88c6-b8df60743a0f" status: 200 len: 258 microversion: 1.28
Sep 26 17:56:19.857647 dv-cinder-859318-1-smb devstack@placement-api.service[106586]: [pid: 106586|app: 0|req: 25/48] 10.222.0.97 () {60 vars in 1377 bytes} [Mon Sep 26 17:56:19 2022] GET /placement/allocations/39b75a92-7112-4ca6-88c6-b8df60743a0f => generated 258 bytes in 48 msecs (HTTP/1.1 200) 8 headers in 296 bytes (2 switches on core 0)
Sep 26 17:56:19.933673 dv-cinder-859318-1-smb devstack@placement-api.service[106587]: DEBUG placement.handlers.allocation [req-dd9ba1d8-511f-4cf5-ab07-8920a7a57f47 req-772b11e9-6f39-4e8c-b2ca-1e96726e5046 service placement] Successfully wrote allocations [, , ] {{(pid=106587) _update_consumers_and_create_allocations /opt/stack/placement/placement/handlers/allocation.py:462}}
Sep 26 17:56:19.941127 dv-cinder-859318-1-smb devstack@placement-api.service[106587]: INFO placement.requestlog [req-dd9ba1d8-511f-4cf5-ab07-8920a7a57f47 req-772b11e9-6f39-4e8c-b2ca-1e96726e5046 service placement] 10.222.0.62 "PUT /placement/allocations/09f453cf-eef8-434c-a52b-246158f6a97a" status: 204 len: 0 microversion: 1.36
Sep 26 17:56:19.942619 dv-cinder-859318-1-smb devstack@placement-api.service[106587]: [pid: 106587|app: 0|req: 24/49] 10.222.0.62 () {64 vars in 1433 bytes} [Mon Sep 26 17:56:19 2022] PUT /placement/allocations/09f453cf-eef8-434c-a52b-246158f6a97a => generated 0 bytes in 233 msecs (HTTP/1.1 204) 5 headers in 199 bytes (1 switches on core 0)
Sep 26 17:56:20.848024 dv-cinder-859318-1-smb devstack@placement-api.service[106586]: DEBUG placement.requestlog [req-dd9ba1d8-511f-4cf5-ab07-8920a7a57f47 req-6f684887-a4bd-4964-8f1b-aa64efc59cd9 None None] Starting request: 10.222.0.97 "GET /placement/allocations/09f453cf-eef8-434c-a52b-246158f6a97a" {{(pid=106586) __call__ /opt/stack/placement/placement/requestlog.py:55}}
Sep 26 17:56:20.891588 dv-cinder-859318-1-smb devstack@placement-api.service[106586]: INFO placement.requestlog [req-dd9ba1d8-511f-4cf5-ab07-8920a7a57f47 req-6f684887-a4bd-4964-8f1b-aa64efc59cd9 service placement] 10.222.0.97 "GET /placement/allocations/09f453cf-eef8-434c-a52b-246158f6a97a" status: 200 len: 258 microversion: 1.28
Sep 26 17:56:20.892706 dv-cinder-859318-1-smb devstack@placement-api.service[106586]: [pid: 106586|app: 0|req: 26/50] 10.222.0.97 () {60 vars in 1377 bytes} [Mon Sep 26 17:56:20 2022] GET /placement/allocations/09f453cf-eef8-434c-a52b-246158f6a97a => generated 258 bytes in 45 msecs (HTTP/1.1 200) 8 headers in 296 bytes (1 switches on core 0)
Sep 26 17:56:21.382755 dv-cinder-859318-1-smb devstack@placement-api.service[106587]: DEBUG placement.requestlog [req-dd9ba1d8-511f-4cf5-ab07-8920a7a57f47 req-bc037076-89ad-45c6-9bf6-096695efe0ba None None] Starting request: 10.222.0.97 "GET /placement/resource_providers/308baa27-8130-4d25-88cd-4de3826670a1/allocations" {{(pid=106587) __call__ /opt/stack/placement/placement/requestlog.py:55}}
Sep 26 17:56:21.482318 dv-cinder-859318-1-smb devstack@placement-api.service[106587]: INFO placement.requestlog [req-dd9ba1d8-511f-4cf5-ab07-8920a7a57f47 req-bc037076-89ad-45c6-9bf6-096695efe0ba service placement] 10.222.0.97 "GET /placement/resource_providers/308baa27-8130-4d25-88cd-4de3826670a1/allocations" status: 200 len: 557 microversion: 1.0
Sep 26 17:56:21.485770 dv-cinder-859318-1-smb devstack@placement-api.service[106587]: [pid: 106587|app: 0|req: 25/51] 10.222.0.97 () {58 vars in 1390 bytes} [Mon Sep 26 17:56:21 2022] GET /placement/resource_providers/308baa27-8130-4d25-88cd-4de3826670a1/allocations => generated 557 bytes in 103 msecs (HTTP/1.1 200) 6 headers in 224 bytes (2 switches on core 0)
Sep 26 17:56:21.552878 dv-cinder-859318-1-smb devstack@placement-api.service[106586]: DEBUG placement.requestlog [req-dd9ba1d8-511f-4cf5-ab07-8920a7a57f47 req-2edf5e61-1b7a-42bd-99b1-f68d0f35fefa None None] Starting request: 10.222.0.97 "GET /placement/allocations/333df8a7-c5e7-4843-8639-197af2be552a" {{(pid=106586) __call__ /opt/stack/placement/placement/requestlog.py:55}}
Sep 26 17:56:21.586626 dv-cinder-859318-1-smb devstack@placement-api.service[106586]: INFO placement.requestlog [req-dd9ba1d8-511f-4cf5-ab07-8920a7a57f47 req-2edf5e61-1b7a-42bd-99b1-f68d0f35fefa service placement] 10.222.0.97 "GET /placement/allocations/333df8a7-c5e7-4843-8639-197af2be552a" status: 200 len: 258 microversion: 1.28
Sep 26 17:56:21.587644 dv-cinder-859318-1-smb devstack@placement-api.service[106586]: [pid: 106586|app: 0|req: 27/52] 10.222.0.97 () {60 vars in 1377 bytes} [Mon Sep 26 17:56:21 2022] GET /placement/allocations/333df8a7-c5e7-4843-8639-197af2be552a => generated 258 bytes in 35 msecs (HTTP/1.1 200) 8 headers in 296 bytes (1 switches on core 0)
Sep 26 17:56:21.599589 dv-cinder-859318-1-smb devstack@placement-api.service[106587]: DEBUG placement.requestlog [req-dd9ba1d8-511f-4cf5-ab07-8920a7a57f47 req-30672564-7df7-4d15-b1d2-3a665356ef5c None None] Starting request: 10.222.0.97 "GET /placement/allocations/e00ed3b1-5e73-4b12-a966-9cb08ce2bf1b" {{(pid=106587) __call__ /opt/stack/placement/placement/requestlog.py:55}}
Sep 26 17:56:21.633916 dv-cinder-859318-1-smb devstack@placement-api.service[106587]: INFO placement.requestlog [req-dd9ba1d8-511f-4cf5-ab07-8920a7a57f47 req-30672564-7df7-4d15-b1d2-3a665356ef5c service placement] 10.222.0.97 "GET /placement/allocations/e00ed3b1-5e73-4b12-a966-9cb08ce2bf1b" status: 200 len: 258 microversion: 1.28
Sep 26 17:56:21.634532 dv-cinder-859318-1-smb devstack@placement-api.service[106587]: [pid: 106587|app: 0|req: 26/53] 10.222.0.97 () {60 vars in 1377 bytes} [Mon Sep 26 17:56:21 2022] GET /placement/allocations/e00ed3b1-5e73-4b12-a966-9cb08ce2bf1b => generated 258 bytes in 36 msecs (HTTP/1.1 200) 8 headers in 296 bytes (1 switches on core 0)
Sep 26 17:56:21.642540 dv-cinder-859318-1-smb devstack@placement-api.service[106586]: DEBUG placement.requestlog [req-dd9ba1d8-511f-4cf5-ab07-8920a7a57f47 req-0511a948-164d-418a-bbe0-2afd2adf03fa None None] Starting request: 10.222.0.97 "GET /placement/allocations/14ec8eb9-f937-4e5e-8d4d-e44cb41c2e3d" {{(pid=106586) __call__ /opt/stack/placement/placement/requestlog.py:55}}
Sep 26 17:56:21.666890 dv-cinder-859318-1-smb devstack@placement-api.service[106586]: INFO placement.requestlog [req-dd9ba1d8-511f-4cf5-ab07-8920a7a57f47 req-0511a948-164d-418a-bbe0-2afd2adf03fa service placement] 10.222.0.97 "GET /placement/allocations/14ec8eb9-f937-4e5e-8d4d-e44cb41c2e3d" status: 200 len: 258 microversion: 1.28
Sep 26 17:56:21.667835 dv-cinder-859318-1-smb devstack@placement-api.service[106586]: [pid: 106586|app: 0|req: 28/54] 10.222.0.97 () {60 vars in 1377 bytes} [Mon Sep 26 17:56:21 2022] GET /placement/allocations/14ec8eb9-f937-4e5e-8d4d-e44cb41c2e3d => generated 258 bytes in 25 msecs (HTTP/1.1 200) 8 headers in 296 bytes (1 switches on core 0)
Sep 26 17:56:21.683208 dv-cinder-859318-1-smb devstack@placement-api.service[106587]: DEBUG placement.requestlog [req-dd9ba1d8-511f-4cf5-ab07-8920a7a57f47 req-a9c016dc-9a14-4121-a4cf-38806993ee38 None None] Starting request: 10.222.0.97 "GET /placement/allocations/39b75a92-7112-4ca6-88c6-b8df60743a0f" {{(pid=106587) __call__ /opt/stack/placement/placement/requestlog.py:55}}
