Sep 26 17:56:27.556046 dv-cinder-859318-1-smb devstack@c-api.service[113096]: /usr/local/lib/python3.8/dist-packages/oslo_context/context.py:100: DeprecationWarning: Policy enforcement is depending on the value of is_admin. This key is deprecated. Please update your policy file to use the standard policy values.
Sep 26 17:56:27.556046 dv-cinder-859318-1-smb devstack@c-api.service[113096]: warnings.warn('Policy enforcement is depending on the value of '
Sep 26 17:56:27.589786 dv-cinder-859318-1-smb devstack@c-api.service[113096]: INFO cinder.api.openstack.wsgi [None req-63c8c4ff-8a75-4ce7-b6e4-68f2d07ad1d8 tempest-VolumeQuotasAdminTestJSON-216559835 tempest-VolumeQuotasAdminTestJSON-216559835-project] http://10.222.0.62/volume/v3/61b5cd302b004202aabc2aca40a17f09/os-volume-transfer returned with HTTP 202
Sep 26 17:56:27.604107 dv-cinder-859318-1-smb devstack@c-api.service[113095]: DEBUG cinder.api.middleware.request_id [None req-38210648-a916-4cc2-bbef-75fec1ac71ca None None] RequestId filter calling following filter/app {{(pid=113095) _context_setter /opt/stack/cinder/cinder/api/middleware/request_id.py:62}}
Sep 26 17:56:27.609119 dv-cinder-859318-1-smb devstack@c-api.service[113096]: [pid: 113096|app: 0|req: 114/225] 10.222.0.62 () {60 vars in 1268 bytes} [Mon Sep 26 17:56:27 2022] POST /volume/v3/61b5cd302b004202aabc2aca40a17f09/os-volume-transfer => generated 507 bytes in 83 msecs (HTTP/1.1 202) 7 headers in 291 bytes (1 switches on core 0)
Sep 26 17:56:28.049451 dv-cinder-859318-1-smb devstack@c-api.service[113095]: INFO cinder.api.openstack.wsgi [None req-38210648-a916-4cc2-bbef-75fec1ac71ca tempest-VolumeQuotasAdminTestJSON-10581997 tempest-VolumeQuotasAdminTestJSON-10581997-project] POST http://10.222.0.62/volume/v3/e1acfd04892644fab3e1f6accd451eb1/os-volume-transfer/4439a6ea-cde2-4754-bdb0-978773296fba/accept
Sep 26 17:56:28.050448 dv-cinder-859318-1-smb devstack@c-api.service[113095]: DEBUG cinder.api.openstack.wsgi [None req-38210648-a916-4cc2-bbef-75fec1ac71ca tempest-VolumeQuotasAdminTestJSON-10581997 tempest-VolumeQuotasAdminTestJSON-10581997-project] Action: 'accept', calling method: accept, body: {"accept": {"auth_key": "c14cd8d698c8e8c0"}} {{(pid=113095) _process_stack /opt/stack/cinder/cinder/api/openstack/wsgi.py:866}}
Sep 26 17:56:28.054477 dv-cinder-859318-1-smb devstack@c-api.service[113095]: DEBUG cinder.api.contrib.volume_transfer [None req-38210648-a916-4cc2-bbef-75fec1ac71ca tempest-VolumeQuotasAdminTestJSON-10581997 tempest-VolumeQuotasAdminTestJSON-10581997-project] Accepting volume transfer 4439a6ea-cde2-4754-bdb0-978773296fba {{(pid=113095) accept /opt/stack/cinder/cinder/api/contrib/volume_transfer.py:115}}
Sep 26 17:56:28.054804 dv-cinder-859318-1-smb devstack@c-api.service[113095]: INFO cinder.api.contrib.volume_transfer [None req-38210648-a916-4cc2-bbef-75fec1ac71ca tempest-VolumeQuotasAdminTestJSON-10581997 tempest-VolumeQuotasAdminTestJSON-10581997-project] Accepting transfer 4439a6ea-cde2-4754-bdb0-978773296fba
Sep 26 17:56:28.249890 dv-cinder-859318-1-smb devstack@c-api.service[113095]: DEBUG dbcounter [-] [113095] Writing DB stats cinder:SELECT=76,cinder:INSERT=11,cinder:UPDATE=13 {{(pid=113095) stat_writer /usr/local/lib/python3.8/dist-packages/dbcounter.py:114}}
Sep 26 17:56:28.265790 dv-cinder-859318-1-smb devstack@c-api.service[113095]: DEBUG cinder.quota [None req-38210648-a916-4cc2-bbef-75fec1ac71ca tempest-VolumeQuotasAdminTestJSON-10581997 tempest-VolumeQuotasAdminTestJSON-10581997-project] Created reservations ['8d0a57af-a871-4001-927c-c37d7b55c1bf', '58afc642-13f6-471d-9d13-5a882c2c0495', '9e168539-cee8-4795-9941-fa0093b65f93', '791958ec-0460-4ae9-8500-b2c30fe4f96e'] {{(pid=113095) reserve /opt/stack/cinder/cinder/quota.py:755}}
Sep 26 17:56:28.312850 dv-cinder-859318-1-smb devstack@c-api.service[113095]: DEBUG cinder.quota [None req-38210648-a916-4cc2-bbef-75fec1ac71ca tempest-VolumeQuotasAdminTestJSON-10581997 tempest-VolumeQuotasAdminTestJSON-10581997-project] Created reservations ['3d86f4d5-1913-4480-9f1c-997cec6ffec6', '813e9b6f-cbc1-48c9-9a81-f26790a05bf3', '113b3a16-897f-4b88-8495-b38d7d17b319', 'bcc90245-05d0-4e00-95e2-f727cc9e9a2a'] {{(pid=113095) reserve /opt/stack/cinder/cinder/quota.py:755}}
Sep 26 17:56:28.480037 dv-cinder-859318-1-smb devstack@c-api.service[113095]: DEBUG cinder.quota [None req-38210648-a916-4cc2-bbef-75fec1ac71ca tempest-VolumeQuotasAdminTestJSON-10581997 tempest-VolumeQuotasAdminTestJSON-10581997-project] Created reservations ['0ac739f9-9fd7-4796-b2fa-63c82fb1fc12', '996b3f80-4f93-4c33-84aa-ae8b7a48174e', 'c70e1a6a-c391-4433-b25e-a3297969444c', '0252b136-22a0-4a33-b35d-d81bb562e7cb'] {{(pid=113095) reserve /opt/stack/cinder/cinder/quota.py:755}}
Sep 26 17:56:28.560571 dv-cinder-859318-1-smb devstack@c-api.service[113095]: DEBUG cinder.quota [None req-38210648-a916-4cc2-bbef-75fec1ac71ca tempest-VolumeQuotasAdminTestJSON-10581997 tempest-VolumeQuotasAdminTestJSON-10581997-project] Created reservations ['d2f48a42-d8c5-40f3-ba10-2ef6eaa3f795', '8f0ad2db-2bb4-4400-93b3-c6e16d3dcafb', '45f33ca4-f573-4bbd-8742-e6e7eebf0219', '8c4f8520-3481-49a1-a5fe-3314b76dfd8c'] {{(pid=113095) reserve /opt/stack/cinder/cinder/quota.py:755}}
Sep 26 17:56:28.588593 dv-cinder-859318-1-smb devstack@c-api.service[113095]: INFO cinder.volume.api [None req-38210648-a916-4cc2-bbef-75fec1ac71ca tempest-VolumeQuotasAdminTestJSON-10581997 tempest-VolumeQuotasAdminTestJSON-10581997-project] Transfer volume completed successfully.
Sep 26 17:56:28.796650 dv-cinder-859318-1-smb devstack@c-api.service[113095]: DEBUG dbcounter [-] [113095] Writing DB stats cinder:INSERT=19,cinder:UPDATE=25,cinder:SELECT=56 {{(pid=113095) stat_writer /usr/local/lib/python3.8/dist-packages/dbcounter.py:114}}
Sep 26 17:56:28.862155 dv-cinder-859318-1-smb devstack@c-api.service[113095]: INFO cinder.transfer.api [None req-38210648-a916-4cc2-bbef-75fec1ac71ca tempest-VolumeQuotasAdminTestJSON-10581997 tempest-VolumeQuotasAdminTestJSON-10581997-project] Volume fdf49b20-a9d4-477d-aec4-0b32b3bf0263 has been transferred.
Sep 26 17:56:28.888500 dv-cinder-859318-1-smb devstack@c-api.service[113095]: INFO cinder.api.openstack.wsgi [None req-38210648-a916-4cc2-bbef-75fec1ac71ca tempest-VolumeQuotasAdminTestJSON-10581997 tempest-VolumeQuotasAdminTestJSON-10581997-project] http://10.222.0.62/volume/v3/e1acfd04892644fab3e1f6accd451eb1/os-volume-transfer/4439a6ea-cde2-4754-bdb0-978773296fba/accept returned with HTTP 202
Sep 26 17:56:28.891018 dv-cinder-859318-1-smb devstack@c-api.service[113095]: [pid: 113095|app: 0|req: 112/226] 10.222.0.62 () {60 vars in 1400 bytes} [Mon Sep 26 17:56:27 2022] POST /volume/v3/e1acfd04892644fab3e1f6accd451eb1/os-volume-transfer/4439a6ea-cde2-4754-bdb0-978773296fba/accept => generated 431 bytes in 1289 msecs (HTTP/1.1 202) 7 headers in 291 bytes (1 switches on core 0)
Sep 26 17:56:28.900017 dv-cinder-859318-1-smb devstack@c-api.service[113096]: DEBUG cinder.api.middleware.request_id [None req-f7a7dd9c-18c2-4899-b2c7-a8a59434b3ba None None] RequestId filter calling following filter/app {{(pid=113096) _context_setter /opt/stack/cinder/cinder/api/middleware/request_id.py:62}}
Sep 26 17:56:28.904699 dv-cinder-859318-1-smb devstack@c-api.service[113096]: INFO cinder.api.openstack.wsgi [None req-f7a7dd9c-18c2-4899-b2c7-a8a59434b3ba tempest-VolumeQuotasAdminTestJSON-10581997 tempest-VolumeQuotasAdminTestJSON-10581997-project] GET http://10.222.0.62/volume/v3/e1acfd04892644fab3e1f6accd451eb1/volumes/fdf49b20-a9d4-477d-aec4-0b32b3bf0263
Sep 26 17:56:28.905292 dv-cinder-859318-1-smb devstack@c-api.service[113096]: DEBUG cinder.api.openstack.wsgi [None req-f7a7dd9c-18c2-4899-b2c7-a8a59434b3ba tempest-VolumeQuotasAdminTestJSON-10581997 tempest-VolumeQuotasAdminTestJSON-10581997-project] Empty body provided in request {{(pid=113096) get_body /opt/stack/cinder/cinder/api/openstack/wsgi.py:715}}
Sep 26 17:56:28.905750 dv-cinder-859318-1-smb devstack@c-api.service[113096]: DEBUG cinder.api.openstack.wsgi [None req-f7a7dd9c-18c2-4899-b2c7-a8a59434b3ba tempest-VolumeQuotasAdminTestJSON-10581997 tempest-VolumeQuotasAdminTestJSON-10581997-project] Calling method 'show' {{(pid=113096) _process_stack /opt/stack/cinder/cinder/api/openstack/wsgi.py:868}}
Sep 26 17:56:28.926523 dv-cinder-859318-1-smb devstack@c-api.service[113096]: /usr/local/lib/python3.8/dist-packages/oslo_context/context.py:100: DeprecationWarning: Policy enforcement is depending on the value of is_admin. This key is deprecated. Please update your policy file to use the standard policy values.
Sep 26 17:56:28.926523 dv-cinder-859318-1-smb devstack@c-api.service[113096]: warnings.warn('Policy enforcement is depending on the value of '
Sep 26 17:56:28.934229 dv-cinder-859318-1-smb devstack@c-api.service[113096]: INFO cinder.volume.api [None req-f7a7dd9c-18c2-4899-b2c7-a8a59434b3ba tempest-VolumeQuotasAdminTestJSON-10581997 tempest-VolumeQuotasAdminTestJSON-10581997-project] Volume info retrieved successfully.
Sep 26 17:56:28.956856 dv-cinder-859318-1-smb devstack@c-api.service[113096]: INFO cinder.api.openstack.wsgi [None req-f7a7dd9c-18c2-4899-b2c7-a8a59434b3ba tempest-VolumeQuotasAdminTestJSON-10581997 tempest-VolumeQuotasAdminTestJSON-10581997-project] http://10.222.0.62/volume/v3/e1acfd04892644fab3e1f6accd451eb1/volumes/fdf49b20-a9d4-477d-aec4-0b32b3bf0263 returned with HTTP 200
Sep 26 17:56:28.958357 dv-cinder-859318-1-smb devstack@c-api.service[113096]: [pid: 113096|app: 0|req: 115/227] 10.222.0.62 () {58 vars in 1325 bytes} [Mon Sep 26 17:56:28 2022] GET /volume/v3/e1acfd04892644fab3e1f6accd451eb1/volumes/fdf49b20-a9d4-477d-aec4-0b32b3bf0263 => generated 917 bytes in 59 msecs (HTTP/1.1 200) 7 headers in 285 bytes (1 switches on core 0)
Sep 26 17:56:28.975682 dv-cinder-859318-1-smb devstack@c-api.service[113095]: DEBUG cinder.api.middleware.request_id [None req-e03e8f87-e683-45f0-a02a-2d36e29feebb None None] RequestId filter calling following filter/app {{(pid=113095) _context_setter /opt/stack/cinder/cinder/api/middleware/request_id.py:62}}
Sep 26 17:56:28.982128 dv-cinder-859318-1-smb devstack@c-api.service[113095]: INFO cinder.api.openstack.wsgi [None req-e03e8f87-e683-45f0-a02a-2d36e29feebb tempest-VolumeQuotasAdminTestJSON-2018780889 tempest-VolumeQuotasAdminTestJSON-2018780889-project-admin] GET http://10.222.0.62/volume/v3/1c8f8630a574492bab02ff595570badd/os-quota-sets/61b5cd302b004202aabc2aca40a17f09?usage=True
Sep 26 17:56:28.987222 dv-cinder-859318-1-smb devstack@c-api.service[113095]: DEBUG cinder.api.openstack.wsgi [None req-e03e8f87-e683-45f0-a02a-2d36e29feebb tempest-VolumeQuotasAdminTestJSON-2018780889 tempest-VolumeQuotasAdminTestJSON-2018780889-project-admin] Empty body provided in request {{(pid=113095) get_body /opt/stack/cinder/cinder/api/openstack/wsgi.py:715}}
Sep 26 17:56:28.987761 dv-cinder-859318-1-smb devstack@c-api.service[113095]: DEBUG cinder.api.openstack.wsgi [None req-e03e8f87-e683-45f0-a02a-2d36e29feebb tempest-VolumeQuotasAdminTestJSON-2018780889 tempest-VolumeQuotasAdminTestJSON-2018780889-project-admin] Calling method 'show' {{(pid=113095) _process_stack /opt/stack/cinder/cinder/api/openstack/wsgi.py:868}}
Sep 26 17:56:28.988594 dv-cinder-859318-1-smb devstack@c-api.service[113095]: /usr/local/lib/python3.8/dist-packages/oslo_context/context.py:100: DeprecationWarning: Policy enforcement is depending on the value of is_admin. This key is deprecated. Please update your policy file to use the standard policy values.
Sep 26 17:56:28.988594 dv-cinder-859318-1-smb devstack@c-api.service[113095]: warnings.warn('Policy enforcement is depending on the value of '
Sep 26 17:56:29.129601 dv-cinder-859318-1-smb devstack@c-api.service[113095]: INFO cinder.api.openstack.wsgi [None req-e03e8f87-e683-45f0-a02a-2d36e29feebb tempest-VolumeQuotasAdminTestJSON-2018780889 tempest-VolumeQuotasAdminTestJSON-2018780889-project-admin] http://10.222.0.62/volume/v3/1c8f8630a574492bab02ff595570badd/os-quota-sets/61b5cd302b004202aabc2aca40a17f09?usage=True returned with HTTP 200
Sep 26 17:56:29.130380 dv-cinder-859318-1-smb devstack@c-api.service[113095]: [pid: 113095|app: 0|req: 113/228] 10.222.0.62 () {58 vars in 1352 bytes} [Mon Sep 26 17:56:28 2022] GET /volume/v3/1c8f8630a574492bab02ff595570badd/os-quota-sets/61b5cd302b004202aabc2aca40a17f09?usage=True => generated 868 bytes in 156 msecs (HTTP/1.1 200) 7 headers in 285 bytes (1 switches on core 0)
Sep 26 17:56:29.144972 dv-cinder-859318-1-smb devstack@c-api.service[113096]: DEBUG cinder.api.middleware.request_id [None req-26c9bc86-d55d-4ade-abf5-661b6dddd868 None None] RequestId filter calling following filter/app {{(pid=113096) _context_setter /opt/stack/cinder/cinder/api/middleware/request_id.py:62}}
Sep 26 17:56:29.147144 dv-cinder-859318-1-smb devstack@c-api.service[113095]: DEBUG cinder.api.middleware.request_id [None req-b546cd6f-21e3-49cc-8070-3e6a1f568414 None None] RequestId filter calling following filter/app {{(pid=113095) _context_setter /opt/stack/cinder/cinder/api/middleware/request_id.py:62}}
Sep 26 17:56:29.150309 dv-cinder-859318-1-smb devstack@c-api.service[113096]: INFO cinder.api.openstack.wsgi [None req-26c9bc86-d55d-4ade-abf5-661b6dddd868 tempest-VolumeQuotasAdminTestJSON-2018780889 tempest-VolumeQuotasAdminTestJSON-2018780889-project-admin] GET http://10.222.0.62/volume/v3/1c8f8630a574492bab02ff595570badd/os-quota-sets/e1acfd04892644fab3e1f6accd451eb1?usage=True
Sep 26 17:56:29.150946 dv-cinder-859318-1-smb devstack@c-api.service[113096]: DEBUG cinder.api.openstack.wsgi [None req-26c9bc86-d55d-4ade-abf5-661b6dddd868 tempest-VolumeQuotasAdminTestJSON-2018780889 tempest-VolumeQuotasAdminTestJSON-2018780889-project-admin] Empty body provided in request {{(pid=113096) get_body /opt/stack/cinder/cinder/api/openstack/wsgi.py:715}}
Sep 26 17:56:29.151551 dv-cinder-859318-1-smb devstack@c-api.service[113096]: DEBUG cinder.api.openstack.wsgi [None req-26c9bc86-d55d-4ade-abf5-661b6dddd868 tempest-VolumeQuotasAdminTestJSON-2018780889 tempest-VolumeQuotasAdminTestJSON-2018780889-project-admin] Calling method 'show' {{(pid=113096) _process_stack /opt/stack/cinder/cinder/api/openstack/wsgi.py:868}}
Sep 26 17:56:29.174722 dv-cinder-859318-1-smb devstack@c-api.service[113096]: DEBUG dbcounter [-] [113096] Writing DB stats cinder:SELECT=86,cinder:UPDATE=12,cinder:INSERT=2 {{(pid=113096) stat_writer /usr/local/lib/python3.8/dist-packages/dbcounter.py:114}}
Sep 26 17:56:29.235535 dv-cinder-859318-1-smb devstack@c-api.service[113096]: INFO cinder.api.openstack.wsgi [None req-26c9bc86-d55d-4ade-abf5-661b6dddd868 tempest-VolumeQuotasAdminTestJSON-2018780889 tempest-VolumeQuotasAdminTestJSON-2018780889-project-admin] http://10.222.0.62/volume/v3/1c8f8630a574492bab02ff595570badd/os-quota-sets/e1acfd04892644fab3e1f6accd451eb1?usage=True returned with HTTP 200
Sep 26 17:56:29.236986 dv-cinder-859318-1-smb devstack@c-api.service[113096]: [pid: 113096|app: 0|req: 116/229] 10.222.0.62 () {58 vars in 1352 bytes} [Mon Sep 26 17:56:29 2022] GET /volume/v3/1c8f8630a574492bab02ff595570badd/os-quota-sets/e1acfd04892644fab3e1f6accd451eb1?usage=True => generated 868 bytes in 93 msecs (HTTP/1.1 200) 7 headers in 285 bytes (1 switches on core 0)
Sep 26 17:56:29.252256 dv-cinder-859318-1-smb devstack@c-api.service[113096]: DEBUG cinder.api.middleware.request_id [None req-528a7fa8-bef9-4387-b405-160e0423f124 None None] RequestId filter calling following filter/app {{(pid=113096) _context_setter /opt/stack/cinder/cinder/api/middleware/request_id.py:62}}
Sep 26 17:56:29.260712 dv-cinder-859318-1-smb devstack@c-api.service[113096]: INFO cinder.api.openstack.wsgi [None req-528a7fa8-bef9-4387-b405-160e0423f124 tempest-VolumeQuotasAdminTestJSON-2018780889 tempest-VolumeQuotasAdminTestJSON-2018780889-project-admin] DELETE http://10.222.0.62/volume/v3/1c8f8630a574492bab02ff595570badd/volumes/fdf49b20-a9d4-477d-aec4-0b32b3bf0263
Sep 26 17:56:29.262952 dv-cinder-859318-1-smb devstack@c-api.service[113096]: DEBUG cinder.api.openstack.wsgi [None req-528a7fa8-bef9-4387-b405-160e0423f124 tempest-VolumeQuotasAdminTestJSON-2018780889 tempest-VolumeQuotasAdminTestJSON-2018780889-project-admin] Empty body provided in request {{(pid=113096) get_body /opt/stack/cinder/cinder/api/openstack/wsgi.py:715}}
Sep 26 17:56:29.263883 dv-cinder-859318-1-smb devstack@c-api.service[113096]: DEBUG cinder.api.openstack.wsgi [None req-528a7fa8-bef9-4387-b405-160e0423f124 tempest-VolumeQuotasAdminTestJSON-2018780889 tempest-VolumeQuotasAdminTestJSON-2018780889-project-admin] Calling method 'delete' {{(pid=113096) _process_stack /opt/stack/cinder/cinder/api/openstack/wsgi.py:868}}
Sep 26 17:56:29.264724 dv-cinder-859318-1-smb devstack@c-api.service[113096]: INFO cinder.api.v3.volumes [None req-528a7fa8-bef9-4387-b405-160e0423f124 tempest-VolumeQuotasAdminTestJSON-2018780889 tempest-VolumeQuotasAdminTestJSON-2018780889-project-admin] Delete volume with id: fdf49b20-a9d4-477d-aec4-0b32b3bf0263
Sep 26 17:56:29.304951 dv-cinder-859318-1-smb devstack@c-api.service[113096]: /usr/local/lib/python3.8/dist-packages/oslo_context/context.py:100: DeprecationWarning: Policy enforcement is depending on the value of is_admin. This key is deprecated. Please update your policy file to use the standard policy values.
Sep 26 17:56:29.304951 dv-cinder-859318-1-smb devstack@c-api.service[113096]: warnings.warn('Policy enforcement is depending on the value of '
Sep 26 17:56:29.307851 dv-cinder-859318-1-smb devstack@c-api.service[113096]: INFO cinder.volume.api [None req-528a7fa8-bef9-4387-b405-160e0423f124 tempest-VolumeQuotasAdminTestJSON-2018780889 tempest-VolumeQuotasAdminTestJSON-2018780889-project-admin] Volume info retrieved successfully.
Sep 26 17:56:29.348734 dv-cinder-859318-1-smb devstack@c-api.service[113095]: INFO cinder.api.openstack.wsgi [None req-b546cd6f-21e3-49cc-8070-3e6a1f568414 tempest-AvailabilityZoneTestJSON-1643075724 tempest-AvailabilityZoneTestJSON-1643075724-project] GET http://10.222.0.62/volume/v3/f83f92bc88de46b68d931bfb90f1125c/os-availability-zone
Sep 26 17:56:29.349421 dv-cinder-859318-1-smb devstack@c-api.service[113095]: DEBUG cinder.api.openstack.wsgi [None req-b546cd6f-21e3-49cc-8070-3e6a1f568414 tempest-AvailabilityZoneTestJSON-1643075724 tempest-AvailabilityZoneTestJSON-1643075724-project] Empty body provided in request {{(pid=113095) get_body /opt/stack/cinder/cinder/api/openstack/wsgi.py:715}}
Sep 26 17:56:29.350046 dv-cinder-859318-1-smb devstack@c-api.service[113095]: DEBUG cinder.api.openstack.wsgi [None req-b546cd6f-21e3-49cc-8070-3e6a1f568414 tempest-AvailabilityZoneTestJSON-1643075724 tempest-AvailabilityZoneTestJSON-1643075724-project] Calling method 'index' {{(pid=113095) _process_stack /opt/stack/cinder/cinder/api/openstack/wsgi.py:868}}
Sep 26 17:56:29.363707 dv-cinder-859318-1-smb devstack@c-api.service[113095]: INFO cinder.volume.api [None req-b546cd6f-21e3-49cc-8070-3e6a1f568414 tempest-AvailabilityZoneTestJSON-1643075724 tempest-AvailabilityZoneTestJSON-1643075724-project] Availability Zones retrieved successfully.
Sep 26 17:56:29.364947 dv-cinder-859318-1-smb devstack@c-api.service[113095]: INFO cinder.api.openstack.wsgi [None req-b546cd6f-21e3-49cc-8070-3e6a1f568414 tempest-AvailabilityZoneTestJSON-1643075724 tempest-AvailabilityZoneTestJSON-1643075724-project] http://10.222.0.62/volume/v3/f83f92bc88de46b68d931bfb90f1125c/os-availability-zone returned with HTTP 200
Sep 26 17:56:29.375472 dv-cinder-859318-1-smb devstack@c-api.service[113096]: INFO cinder.volume.api [None req-528a7fa8-bef9-4387-b405-160e0423f124 tempest-VolumeQuotasAdminTestJSON-2018780889 tempest-VolumeQuotasAdminTestJSON-2018780889-project-admin] Delete volume request issued successfully.
Sep 26 17:56:29.383657 dv-cinder-859318-1-smb devstack@c-api.service[113095]: [pid: 113095|app: 0|req: 114/230] 10.222.0.62 () {58 vars in 1253 bytes} [Mon Sep 26 17:56:29 2022] GET /volume/v3/f83f92bc88de46b68d931bfb90f1125c/os-availability-zone => generated 82 bytes in 233 msecs (HTTP/1.1 200) 7 headers in 284 bytes (1 switches on core 0)
Sep 26 17:56:29.394362 dv-cinder-859318-1-smb devstack@c-api.service[113096]: INFO cinder.api.openstack.wsgi [None req-528a7fa8-bef9-4387-b405-160e0423f124 tempest-VolumeQuotasAdminTestJSON-2018780889 tempest-VolumeQuotasAdminTestJSON-2018780889-project-admin] http://10.222.0.62/volume/v3/1c8f8630a574492bab02ff595570badd/volumes/fdf49b20-a9d4-477d-aec4-0b32b3bf0263 returned with HTTP 202
Sep 26 17:56:29.398994 dv-cinder-859318-1-smb devstack@c-api.service[113096]: [pid: 113096|app: 0|req: 117/231] 10.222.0.62 () {58 vars in 1328 bytes} [Mon Sep 26 17:56:29 2022] DELETE /volume/v3/1c8f8630a574492bab02ff595570badd/volumes/fdf49b20-a9d4-477d-aec4-0b32b3bf0263 => generated 0 bytes in 148 msecs (HTTP/1.1 202) 6 headers in 233 bytes (2 switches on core 0)
Sep 26 17:56:29.402848 dv-cinder-859318-1-smb devstack@c-api.service[113095]: DEBUG cinder.api.middleware.request_id [None req-0bb3da01-c1df-4417-b99e-7876bd4af8a1 None None] RequestId filter calling following filter/app {{(pid=113095) _context_setter /opt/stack/cinder/cinder/api/middleware/request_id.py:62}}
Sep 26 17:56:29.408085 dv-cinder-859318-1-smb devstack@c-api.service[113095]: INFO cinder.api.openstack.wsgi [None req-0bb3da01-c1df-4417-b99e-7876bd4af8a1 tempest-VolumeQuotasAdminTestJSON-2018780889 tempest-VolumeQuotasAdminTestJSON-2018780889-project-admin] GET http://10.222.0.62/volume/v3/1c8f8630a574492bab02ff595570badd/volumes/fdf49b20-a9d4-477d-aec4-0b32b3bf0263
Sep 26 17:56:29.409076 dv-cinder-859318-1-smb devstack@c-api.service[113095]: DEBUG cinder.api.openstack.wsgi [None req-0bb3da01-c1df-4417-b99e-7876bd4af8a1 tempest-VolumeQuotasAdminTestJSON-2018780889 tempest-VolumeQuotasAdminTestJSON-2018780889-project-admin] Empty body provided in request {{(pid=113095) get_body /opt/stack/cinder/cinder/api/openstack/wsgi.py:715}}
Sep 26 17:56:29.409971 dv-cinder-859318-1-smb devstack@c-api.service[113095]: DEBUG cinder.api.openstack.wsgi [None req-0bb3da01-c1df-4417-b99e-7876bd4af8a1 tempest-VolumeQuotasAdminTestJSON-2018780889 tempest-VolumeQuotasAdminTestJSON-2018780889-project-admin] Calling method 'show' {{(pid=113095) _process_stack /opt/stack/cinder/cinder/api/openstack/wsgi.py:868}}
Sep 26 17:56:29.441139 dv-cinder-859318-1-smb devstack@c-api.service[113095]: /usr/local/lib/python3.8/dist-packages/oslo_context/context.py:100: DeprecationWarning: Policy enforcement is depending on the value of is_admin. This key is deprecated. Please update your policy file to use the standard policy values.
Sep 26 17:56:29.441139 dv-cinder-859318-1-smb devstack@c-api.service[113095]: warnings.warn('Policy enforcement is depending on the value of '
Sep 26 17:56:29.465659 dv-cinder-859318-1-smb devstack@c-api.service[113095]: INFO cinder.volume.api [None req-0bb3da01-c1df-4417-b99e-7876bd4af8a1 tempest-VolumeQuotasAdminTestJSON-2018780889 tempest-VolumeQuotasAdminTestJSON-2018780889-project-admin] Volume info retrieved successfully.
Sep 26 17:56:29.482659 dv-cinder-859318-1-smb devstack@c-api.service[113095]: INFO cinder.api.openstack.wsgi [None req-0bb3da01-c1df-4417-b99e-7876bd4af8a1 tempest-VolumeQuotasAdminTestJSON-2018780889 tempest-VolumeQuotasAdminTestJSON-2018780889-project-admin] http://10.222.0.62/volume/v3/1c8f8630a574492bab02ff595570badd/volumes/fdf49b20-a9d4-477d-aec4-0b32b3bf0263 returned with HTTP 200
Sep 26 17:56:29.483913 dv-cinder-859318-1-smb devstack@c-api.service[113095]: [pid: 113095|app: 0|req: 115/232] 10.222.0.62 () {58 vars in 1325 bytes} [Mon Sep 26 17:56:29 2022] GET /volume/v3/1c8f8630a574492bab02ff595570badd/volumes/fdf49b20-a9d4-477d-aec4-0b32b3bf0263 => generated 1082 bytes in 83 msecs (HTTP/1.1 200) 7 headers in 286 bytes (1 switches on core 0)
Sep 26 17:56:30.265084 dv-cinder-859318-1-smb devstack@c-api.service[113096]: DEBUG cinder.api.middleware.request_id [None req-8937ab6a-323f-4dd0-9f5a-fa78f4c21dc9 None None] RequestId filter calling following filter/app {{(pid=113096) _context_setter /opt/stack/cinder/cinder/api/middleware/request_id.py:62}}
Sep 26 17:56:30.487709 dv-cinder-859318-1-smb devstack@c-api.service[113096]: INFO cinder.api.openstack.wsgi [None req-8937ab6a-323f-4dd0-9f5a-fa78f4c21dc9 tempest-SnapshotsActionsTest-109771809 tempest-SnapshotsActionsTest-109771809-project] POST http://10.222.0.62/volume/v3/b7e9246f4b08438895d0c0874311aa7b/volumes
Sep 26 17:56:30.488598 dv-cinder-859318-1-smb devstack@c-api.service[113096]: DEBUG cinder.api.openstack.wsgi [None req-8937ab6a-323f-4dd0-9f5a-fa78f4c21dc9 tempest-SnapshotsActionsTest-109771809 tempest-SnapshotsActionsTest-109771809-project] Action: 'create', calling method: create, body: {"volume": {"size": 1, "name": "tempest-SnapshotsActionsTest-Volume-189215346"}} {{(pid=113096) _process_stack /opt/stack/cinder/cinder/api/openstack/wsgi.py:866}}
Sep 26 17:56:30.491193 dv-cinder-859318-1-smb devstack@c-api.service[113096]: DEBUG cinder.api.v3.volumes [None req-8937ab6a-323f-4dd0-9f5a-fa78f4c21dc9 tempest-SnapshotsActionsTest-109771809 tempest-SnapshotsActionsTest-109771809-project] Create volume request body: {'volume': {'size': 1, 'name': 'tempest-SnapshotsActionsTest-Volume-189215346'}} {{(pid=113096) create /opt/stack/cinder/cinder/api/v3/volumes.py:298}}
Sep 26 17:56:30.491707 dv-cinder-859318-1-smb devstack@c-api.service[113096]: INFO cinder.api.v3.volumes [None req-8937ab6a-323f-4dd0-9f5a-fa78f4c21dc9 tempest-SnapshotsActionsTest-109771809 tempest-SnapshotsActionsTest-109771809-project] Create volume of 1 GB
Sep 26 17:56:30.502170 dv-cinder-859318-1-smb devstack@c-api.service[113096]: INFO cinder.volume.api [None req-8937ab6a-323f-4dd0-9f5a-fa78f4c21dc9 tempest-SnapshotsActionsTest-109771809 tempest-SnapshotsActionsTest-109771809-project] Availability Zones retrieved successfully.
Sep 26 17:56:30.506961 dv-cinder-859318-1-smb devstack@c-api.service[113095]: DEBUG cinder.api.middleware.request_id [None req-bb727f55-04e7-47fb-b6a1-a02a4d992b96 None None] RequestId filter calling following filter/app {{(pid=113095) _context_setter /opt/stack/cinder/cinder/api/middleware/request_id.py:62}}
Sep 26 17:56:30.510922 dv-cinder-859318-1-smb devstack@c-api.service[113095]: INFO cinder.api.openstack.wsgi [None req-bb727f55-04e7-47fb-b6a1-a02a4d992b96 tempest-VolumeQuotasAdminTestJSON-2018780889 tempest-VolumeQuotasAdminTestJSON-2018780889-project-admin] GET http://10.222.0.62/volume/v3/1c8f8630a574492bab02ff595570badd/volumes/fdf49b20-a9d4-477d-aec4-0b32b3bf0263
Sep 26 17:56:30.511517 dv-cinder-859318-1-smb devstack@c-api.service[113095]: DEBUG cinder.api.openstack.wsgi [None req-bb727f55-04e7-47fb-b6a1-a02a4d992b96 tempest-VolumeQuotasAdminTestJSON-2018780889 tempest-VolumeQuotasAdminTestJSON-2018780889-project-admin] Empty body provided in request {{(pid=113095) get_body /opt/stack/cinder/cinder/api/openstack/wsgi.py:715}}
Sep 26 17:56:30.512004 dv-cinder-859318-1-smb devstack@c-api.service[113095]: DEBUG cinder.api.openstack.wsgi [None req-bb727f55-04e7-47fb-b6a1-a02a4d992b96 tempest-VolumeQuotasAdminTestJSON-2018780889 tempest-VolumeQuotasAdminTestJSON-2018780889-project-admin] Calling method 'show' {{(pid=113095) _process_stack /opt/stack/cinder/cinder/api/openstack/wsgi.py:868}}
Sep 26 17:56:30.523466 dv-cinder-859318-1-smb devstack@c-api.service[113096]: DEBUG cinder.volume.api [None req-8937ab6a-323f-4dd0-9f5a-fa78f4c21dc9 tempest-SnapshotsActionsTest-109771809 tempest-SnapshotsActionsTest-109771809-project] Flow 'volume_create_api' (d7f522a9-af43-475c-8490-11f5b21f4900) transitioned into state 'RUNNING' from state 'PENDING' {{(pid=113096) _flow_receiver /usr/local/lib/python3.8/dist-packages/taskflow/listeners/logging.py:141}}
Sep 26 17:56:30.525661 dv-cinder-859318-1-smb devstack@c-api.service[113095]: INFO cinder.api.openstack.wsgi [None req-bb727f55-04e7-47fb-b6a1-a02a4d992b96 tempest-VolumeQuotasAdminTestJSON-2018780889 tempest-VolumeQuotasAdminTestJSON-2018780889-project-admin] http://10.222.0.62/volume/v3/1c8f8630a574492bab02ff595570badd/volumes/fdf49b20-a9d4-477d-aec4-0b32b3bf0263 returned with HTTP 404
Sep 26 17:56:30.526571 dv-cinder-859318-1-smb devstack@c-api.service[113095]: [pid: 113095|app: 0|req: 116/233] 10.222.0.62 () {58 vars in 1325 bytes} [Mon Sep 26 17:56:30 2022] GET /volume/v3/1c8f8630a574492bab02ff595570badd/volumes/fdf49b20-a9d4-477d-aec4-0b32b3bf0263 => generated 109 bytes in 21 msecs (HTTP/1.1 404) 7 headers in 292 bytes (2 switches on core 0)
Sep 26 17:56:30.533120 dv-cinder-859318-1-smb devstack@c-api.service[113096]: DEBUG cinder.volume.api [None req-8937ab6a-323f-4dd0-9f5a-fa78f4c21dc9 tempest-SnapshotsActionsTest-109771809 tempest-SnapshotsActionsTest-109771809-project] Task 'cinder.volume.flows.api.create_volume.ExtractVolumeRequestTask;volume:create' (f1a814e2-ef79-4fa7-b06b-6da3e6475bae) transitioned into state 'RUNNING' from state 'PENDING' {{(pid=113096) _task_receiver /usr/local/lib/python3.8/dist-packages/taskflow/listeners/logging.py:190}}
Sep 26 17:56:30.533120 dv-cinder-859318-1-smb devstack@c-api.service[113096]: DEBUG cinder.volume.flows.api.create_volume [None req-8937ab6a-323f-4dd0-9f5a-fa78f4c21dc9 tempest-SnapshotsActionsTest-109771809 tempest-SnapshotsActionsTest-109771809-project] Validating volume size '1' using validate_int {{(pid=113096) _extract_size /opt/stack/cinder/cinder/volume/flows/api/create_volume.py:228}}
Sep 26 17:56:30.536556 dv-cinder-859318-1-smb devstack@c-api.service[113095]: DEBUG cinder.api.middleware.request_id [None req-6241a689-bf23-4b91-b8e3-fb156e62d6ac None None] RequestId filter calling following filter/app {{(pid=113095) _context_setter /opt/stack/cinder/cinder/api/middleware/request_id.py:62}}
Sep 26 17:56:30.542513 dv-cinder-859318-1-smb devstack@c-api.service[113095]: INFO cinder.api.openstack.wsgi [None req-6241a689-bf23-4b91-b8e3-fb156e62d6ac tempest-VolumeQuotasAdminTestJSON-2018780889 tempest-VolumeQuotasAdminTestJSON-2018780889-project-admin] GET http://10.222.0.62/volume/v3/1c8f8630a574492bab02ff595570badd/os-quota-sets/1c8f8630a574492bab02ff595570badd?usage=True
Sep 26 17:56:30.544289 dv-cinder-859318-1-smb devstack@c-api.service[113095]: DEBUG cinder.api.openstack.wsgi [None req-6241a689-bf23-4b91-b8e3-fb156e62d6ac tempest-VolumeQuotasAdminTestJSON-2018780889 tempest-VolumeQuotasAdminTestJSON-2018780889-project-admin] Empty body provided in request {{(pid=113095) get_body /opt/stack/cinder/cinder/api/openstack/wsgi.py:715}}
Sep 26 17:56:30.545166 dv-cinder-859318-1-smb devstack@c-api.service[113095]: DEBUG cinder.api.openstack.wsgi [None req-6241a689-bf23-4b91-b8e3-fb156e62d6ac tempest-VolumeQuotasAdminTestJSON-2018780889 tempest-VolumeQuotasAdminTestJSON-2018780889-project-admin] Calling method 'show' {{(pid=113095) _process_stack /opt/stack/cinder/cinder/api/openstack/wsgi.py:868}}
Sep 26 17:56:30.591159 dv-cinder-859318-1-smb devstack@c-api.service[113095]: INFO cinder.api.openstack.wsgi [None req-6241a689-bf23-4b91-b8e3-fb156e62d6ac tempest-VolumeQuotasAdminTestJSON-2018780889 tempest-VolumeQuotasAdminTestJSON-2018780889-project-admin] http://10.222.0.62/volume/v3/1c8f8630a574492bab02ff595570badd/os-quota-sets/1c8f8630a574492bab02ff595570badd?usage=True returned with HTTP 200
Sep 26 17:56:30.592237 dv-cinder-859318-1-smb devstack@c-api.service[113095]: [pid: 113095|app: 0|req: 117/234] 10.222.0.62 () {58 vars in 1352 bytes} [Mon Sep 26 17:56:30 2022] GET /volume/v3/1c8f8630a574492bab02ff595570badd/os-quota-sets/1c8f8630a574492bab02ff595570badd?usage=True => generated 868 bytes in 57 msecs (HTTP/1.1 200) 7 headers in 285 bytes (1 switches on core 0)
Sep 26 17:56:30.601112 dv-cinder-859318-1-smb devstack@c-api.service[113096]: DEBUG cinder.volume.api [None req-8937ab6a-323f-4dd0-9f5a-fa78f4c21dc9 tempest-SnapshotsActionsTest-109771809 tempest-SnapshotsActionsTest-109771809-project] Task 'cinder.volume.flows.api.create_volume.ExtractVolumeRequestTask;volume:create' (f1a814e2-ef79-4fa7-b06b-6da3e6475bae) transitioned into state 'SUCCESS' from state 'RUNNING' with result '{'size': 1, 'snapshot_id': None, 'source_volid': None, 'volume_type': VolumeType(created_at=2022-09-26T17:45:33Z,deleted=False,deleted_at=None,description='Default Volume Type',extra_specs={},id=670df5e1-fa23-454c-b5c4-13f0389b2ff4,is_public=True,name='__DEFAULT__',projects=[],qos_specs=,qos_specs_id=None,updated_at=2022-09-26T17:45:33Z), 'volume_type_id': '670df5e1-fa23-454c-b5c4-13f0389b2ff4', 'encryption_key_id': None, 'qos_specs': None, 'consistencygroup_id': None, 'cgsnapshot_id': None, 'group_id': None, 'replication_status': 'disabled', 'refresh_az': False, 'backup_id': None, 'multiattach': False, 'availability_zones': ['nova']}' {{(pid=113096) _task_receiver /usr/local/lib/python3.8/dist-packages/taskflow/listeners/logging.py:178}}
Sep 26 17:56:30.601112 dv-cinder-859318-1-smb devstack@c-api.service[113096]: DEBUG cinder.volume.api [None req-8937ab6a-323f-4dd0-9f5a-fa78f4c21dc9 tempest-SnapshotsActionsTest-109771809 tempest-SnapshotsActionsTest-109771809-project] Task 'cinder.volume.flows.api.create_volume.QuotaReserveTask;volume:create' (b3fe19d9-94f9-450d-ba06-d3d9cbad3151) transitioned into state 'RUNNING' from state 'PENDING' {{(pid=113096) _task_receiver /usr/local/lib/python3.8/dist-packages/taskflow/listeners/logging.py:190}}
Sep 26 17:56:30.610177 dv-cinder-859318-1-smb devstack@c-api.service[113095]: DEBUG cinder.api.middleware.request_id [None req-2484640d-7a9b-43af-9787-a9dcbd33b2e5 None None] RequestId filter calling following filter/app {{(pid=113095) _context_setter /opt/stack/cinder/cinder/api/middleware/request_id.py:62}}
Sep 26 17:56:30.621598 dv-cinder-859318-1-smb devstack@c-api.service[113095]: INFO cinder.api.openstack.wsgi [None req-2484640d-7a9b-43af-9787-a9dcbd33b2e5 tempest-VolumeQuotasAdminTestJSON-2018780889 tempest-VolumeQuotasAdminTestJSON-2018780889-project-admin] PUT http://10.222.0.62/volume/v3/1c8f8630a574492bab02ff595570badd/os-quota-sets/61b5cd302b004202aabc2aca40a17f09
Sep 26 17:56:30.622803 dv-cinder-859318-1-smb devstack@c-api.service[113095]: DEBUG cinder.api.openstack.wsgi [None req-2484640d-7a9b-43af-9787-a9dcbd33b2e5 tempest-VolumeQuotasAdminTestJSON-2018780889 tempest-VolumeQuotasAdminTestJSON-2018780889-project-admin] Action: 'update', calling method: update, body: {"quota_set": {"gigabytes": 1009, "volumes": 11, "snapshots": 11, "backups": 11, "backup_gigabytes": 1009, "per_volume_gigabytes": 1009}} {{(pid=113095) _process_stack /opt/stack/cinder/cinder/api/openstack/wsgi.py:866}}
Sep 26 17:56:30.727485 dv-cinder-859318-1-smb devstack@c-api.service[113096]: DEBUG cinder.quota [None req-8937ab6a-323f-4dd0-9f5a-fa78f4c21dc9 tempest-SnapshotsActionsTest-109771809 tempest-SnapshotsActionsTest-109771809-project] Created reservations ['a526bbdf-92fe-4553-82f8-71200f3f24e1', '08e76354-2b28-4e28-ab48-bfc20ea5718f', '6822cb0d-a1b3-45cc-a705-fcc2a60a930e', '434904e1-baac-42f8-821e-0e3da18c77d8'] {{(pid=113096) reserve /opt/stack/cinder/cinder/quota.py:755}}
Sep 26 17:56:30.730177 dv-cinder-859318-1-smb devstack@c-api.service[113096]: DEBUG cinder.volume.api [None req-8937ab6a-323f-4dd0-9f5a-fa78f4c21dc9 tempest-SnapshotsActionsTest-109771809 tempest-SnapshotsActionsTest-109771809-project] Task 'cinder.volume.flows.api.create_volume.QuotaReserveTask;volume:create' (b3fe19d9-94f9-450d-ba06-d3d9cbad3151) transitioned into state 'SUCCESS' from state 'RUNNING' with result '{'reservations': ['a526bbdf-92fe-4553-82f8-71200f3f24e1', '08e76354-2b28-4e28-ab48-bfc20ea5718f', '6822cb0d-a1b3-45cc-a705-fcc2a60a930e', '434904e1-baac-42f8-821e-0e3da18c77d8']}' {{(pid=113096) _task_receiver /usr/local/lib/python3.8/dist-packages/taskflow/listeners/logging.py:178}}
Sep 26 17:56:30.732792 dv-cinder-859318-1-smb devstack@c-api.service[113096]: DEBUG cinder.volume.api [None req-8937ab6a-323f-4dd0-9f5a-fa78f4c21dc9 tempest-SnapshotsActionsTest-109771809 tempest-SnapshotsActionsTest-109771809-project] Task 'cinder.volume.flows.api.create_volume.EntryCreateTask;volume:create' (83dc42e5-0ee0-4b4c-b501-7590b9100874) transitioned into state 'RUNNING' from state 'PENDING' {{(pid=113096) _task_receiver /usr/local/lib/python3.8/dist-packages/taskflow/listeners/logging.py:190}}
Sep 26 17:56:30.765434 dv-cinder-859318-1-smb devstack@c-api.service[113096]: DEBUG cinder.volume.api [None req-8937ab6a-323f-4dd0-9f5a-fa78f4c21dc9 tempest-SnapshotsActionsTest-109771809 tempest-SnapshotsActionsTest-109771809-project] Task 'cinder.volume.flows.api.create_volume.EntryCreateTask;volume:create' (83dc42e5-0ee0-4b4c-b501-7590b9100874) transitioned into state 'SUCCESS' from state 'RUNNING' with result '{'volume_id': '89287605-750d-4214-b6bc-a37eb28912d7', 'volume_properties': VolumeProperties(attach_status='detached',availability_zone='nova',cgsnapshot_id=None,consistencygroup_id=None,display_description=None,display_name='tempest-SnapshotsActionsTest-Volume-189215346',encryption_key_id=None,group_id=None,group_type_id=,metadata={},multiattach=False,project_id='b7e9246f4b08438895d0c0874311aa7b',qos_specs=None,replication_status=,reservations=['a526bbdf-92fe-4553-82f8-71200f3f24e1','08e76354-2b28-4e28-ab48-bfc20ea5718f','6822cb0d-a1b3-45cc-a705-fcc2a60a930e','434904e1-baac-42f8-821e-0e3da18c77d8'],size=1,snapshot_id=None,source_replicaid=,source_volid=None,status='creating',user_id='709453b367df4113b03d4d031616bf06',volume_type_id=670df5e1-fa23-454c-b5c4-13f0389b2ff4), 'volume': Volume(_name_id=None,admin_metadata=,attach_status='detached',availability_zone='nova',bootable=False,cluster=,cluster_name=None,consistencygroup=,consistencygroup_id=None,created_at=2022-09-26T17:56:30Z,deleted=False,deleted_at=None,display_description=None,display_name='tempest-SnapshotsActionsTest-Volume-189215346',ec2_id=None,encryption_key_id=None,glance_metadata=,group=,group_id=None,host=None,id=89287605-750d-4214-b6bc-a37eb28912d7,launched_at=None,metadata={},migration_status=None,multiattach=False,previous_status=None,project_id='b7e9246f4b08438895d0c0874311aa7b',provider_auth=None,provider_geometry=None,provider_id=None,provider_location=None,replication_driver_data=None,replication_extended_status=None,replication_status=None,scheduled_at=None,service_uuid=None,shared_targets=True,size=1,snapshot_id=None,snapshots=,source_volid=None,status='creating',terminated_at=None,updated_at=None,use_quota=True,user_id='709453b367df4113b03d4d031616bf06',volume_attachment=VolumeAttachmentList,volume_type=VolumeType(670df5e1-fa23-454c-b5c4-13f0389b2ff4),volume_type_id=670df5e1-fa23-454c-b5c4-13f0389b2ff4)}' {{(pid=113096) _task_receiver /usr/local/lib/python3.8/dist-packages/taskflow/listeners/logging.py:178}}
Sep 26 17:56:30.767866 dv-cinder-859318-1-smb devstack@c-api.service[113096]: DEBUG cinder.volume.api [None req-8937ab6a-323f-4dd0-9f5a-fa78f4c21dc9 tempest-SnapshotsActionsTest-109771809 tempest-SnapshotsActionsTest-109771809-project] Task 'cinder.volume.flows.api.create_volume.QuotaCommitTask;volume:create' (1dee6074-cabb-4a06-aef7-6f984658b14f) transitioned into state 'RUNNING' from state 'PENDING' {{(pid=113096) _task_receiver /usr/local/lib/python3.8/dist-packages/taskflow/listeners/logging.py:190}}
Sep 26 17:56:30.820332 dv-cinder-859318-1-smb devstack@c-api.service[113096]: DEBUG cinder.volume.api [None req-8937ab6a-323f-4dd0-9f5a-fa78f4c21dc9 tempest-SnapshotsActionsTest-109771809 tempest-SnapshotsActionsTest-109771809-project] Task 'cinder.volume.flows.api.create_volume.QuotaCommitTask;volume:create' (1dee6074-cabb-4a06-aef7-6f984658b14f) transitioned into state 'SUCCESS' from state 'RUNNING' with result '{'volume_properties': VolumeProperties(attach_status='detached',availability_zone='nova',cgsnapshot_id=None,consistencygroup_id=None,display_description=None,display_name='tempest-SnapshotsActionsTest-Volume-189215346',encryption_key_id=None,group_id=None,group_type_id=,metadata={},multiattach=False,project_id='b7e9246f4b08438895d0c0874311aa7b',qos_specs=None,replication_status=,reservations=['a526bbdf-92fe-4553-82f8-71200f3f24e1','08e76354-2b28-4e28-ab48-bfc20ea5718f','6822cb0d-a1b3-45cc-a705-fcc2a60a930e','434904e1-baac-42f8-821e-0e3da18c77d8'],size=1,snapshot_id=None,source_replicaid=,source_volid=None,status='creating',user_id='709453b367df4113b03d4d031616bf06',volume_type_id=670df5e1-fa23-454c-b5c4-13f0389b2ff4)}' {{(pid=113096) _task_receiver /usr/local/lib/python3.8/dist-packages/taskflow/listeners/logging.py:178}}
Sep 26 17:56:30.822404 dv-cinder-859318-1-smb devstack@c-api.service[113096]: DEBUG cinder.volume.api [None req-8937ab6a-323f-4dd0-9f5a-fa78f4c21dc9 tempest-SnapshotsActionsTest-109771809 tempest-SnapshotsActionsTest-109771809-project] Task 'cinder.volume.flows.api.create_volume.VolumeCastTask;volume:create' (3d765651-6333-483d-bcfd-3d87bcc0de0d) transitioned into state 'RUNNING' from state 'PENDING' {{(pid=113096) _task_receiver /usr/local/lib/python3.8/dist-packages/taskflow/listeners/logging.py:190}}
Sep 26 17:56:30.854204 dv-cinder-859318-1-smb devstack@c-api.service[113096]: DEBUG cinder.volume.api [None req-8937ab6a-323f-4dd0-9f5a-fa78f4c21dc9 tempest-SnapshotsActionsTest-109771809 tempest-SnapshotsActionsTest-109771809-project] Task 'cinder.volume.flows.api.create_volume.VolumeCastTask;volume:create' (3d765651-6333-483d-bcfd-3d87bcc0de0d) transitioned into state 'SUCCESS' from state 'RUNNING' with result 'None' {{(pid=113096) _task_receiver /usr/local/lib/python3.8/dist-packages/taskflow/listeners/logging.py:178}}
Sep 26 17:56:30.857147 dv-cinder-859318-1-smb devstack@c-api.service[113096]: DEBUG cinder.volume.api [None req-8937ab6a-323f-4dd0-9f5a-fa78f4c21dc9 tempest-SnapshotsActionsTest-109771809 tempest-SnapshotsActionsTest-109771809-project] Flow 'volume_create_api' (d7f522a9-af43-475c-8490-11f5b21f4900) transitioned into state 'SUCCESS' from state 'RUNNING' {{(pid=113096) _flow_receiver /usr/local/lib/python3.8/dist-packages/taskflow/listeners/logging.py:141}}
Sep 26 17:56:30.857857 dv-cinder-859318-1-smb devstack@c-api.service[113096]: INFO cinder.volume.api [None req-8937ab6a-323f-4dd0-9f5a-fa78f4c21dc9 tempest-SnapshotsActionsTest-109771809 tempest-SnapshotsActionsTest-109771809-project] Create volume request issued successfully.
Sep 26 17:56:30.869928 dv-cinder-859318-1-smb devstack@c-api.service[113096]: INFO cinder.api.openstack.wsgi [None req-8937ab6a-323f-4dd0-9f5a-fa78f4c21dc9 tempest-SnapshotsActionsTest-109771809 tempest-SnapshotsActionsTest-109771809-project] http://10.222.0.62/volume/v3/b7e9246f4b08438895d0c0874311aa7b/volumes returned with HTTP 202
Sep 26 17:56:30.871583 dv-cinder-859318-1-smb devstack@c-api.service[113096]: [pid: 113096|app: 0|req: 118/235] 10.222.0.62 () {60 vars in 1235 bytes} [Mon Sep 26 17:56:30 2022] POST /volume/v3/b7e9246f4b08438895d0c0874311aa7b/volumes => generated 819 bytes in 607 msecs (HTTP/1.1 202) 7 headers in 291 bytes (1 switches on core 0)
Sep 26 17:56:30.888197 dv-cinder-859318-1-smb devstack@c-api.service[113096]: DEBUG cinder.api.middleware.request_id [None req-b5272183-28c3-49b1-ab57-608c278985a8 None None] RequestId filter calling following filter/app {{(pid=113096) _context_setter /opt/stack/cinder/cinder/api/middleware/request_id.py:62}}
Sep 26 17:56:30.891597 dv-cinder-859318-1-smb devstack@c-api.service[113095]: INFO cinder.api.openstack.wsgi [None req-2484640d-7a9b-43af-9787-a9dcbd33b2e5 tempest-VolumeQuotasAdminTestJSON-2018780889 tempest-VolumeQuotasAdminTestJSON-2018780889-project-admin] http://10.222.0.62/volume/v3/1c8f8630a574492bab02ff595570badd/os-quota-sets/61b5cd302b004202aabc2aca40a17f09 returned with HTTP 200
Sep 26 17:56:30.892286 dv-cinder-859318-1-smb devstack@c-api.service[113096]: INFO cinder.api.openstack.wsgi [None req-b5272183-28c3-49b1-ab57-608c278985a8 tempest-SnapshotsActionsTest-109771809 tempest-SnapshotsActionsTest-109771809-project] GET http://10.222.0.62/volume/v3/b7e9246f4b08438895d0c0874311aa7b/volumes/89287605-750d-4214-b6bc-a37eb28912d7
Sep 26 17:56:30.892731 dv-cinder-859318-1-smb devstack@c-api.service[113096]: DEBUG cinder.api.openstack.wsgi [None req-b5272183-28c3-49b1-ab57-608c278985a8 tempest-SnapshotsActionsTest-109771809 tempest-SnapshotsActionsTest-109771809-project] Empty body provided in request {{(pid=113096) get_body /opt/stack/cinder/cinder/api/openstack/wsgi.py:715}}
Sep 26 17:56:30.893217 dv-cinder-859318-1-smb devstack@c-api.service[113096]: DEBUG cinder.api.openstack.wsgi [None req-b5272183-28c3-49b1-ab57-608c278985a8 tempest-SnapshotsActionsTest-109771809 tempest-SnapshotsActionsTest-109771809-project] Calling method 'show' {{(pid=113096) _process_stack /opt/stack/cinder/cinder/api/openstack/wsgi.py:868}}
Sep 26 17:56:30.900060 dv-cinder-859318-1-smb devstack@c-api.service[113095]: [pid: 113095|app: 0|req: 118/236] 10.222.0.62 () {60 vars in 1352 bytes} [Mon Sep 26 17:56:30 2022] PUT /volume/v3/1c8f8630a574492bab02ff595570badd/os-quota-sets/61b5cd302b004202aabc2aca40a17f09 => generated 321 bytes in 288 msecs (HTTP/1.1 200) 7 headers in 285 bytes (1 switches on core 0)
Sep 26 17:56:30.901319 dv-cinder-859318-1-smb devstack@c-api.service[113095]: DEBUG cinder.api.middleware.request_id [None req-9731e398-ffab-4d4c-ae01-e7892040478c None None] RequestId filter calling following filter/app {{(pid=113095) _context_setter /opt/stack/cinder/cinder/api/middleware/request_id.py:62}}
Sep 26 17:56:30.914574 dv-cinder-859318-1-smb devstack@c-api.service[113095]: INFO cinder.api.openstack.wsgi [None req-9731e398-ffab-4d4c-ae01-e7892040478c tempest-VolumeQuotasAdminTestJSON-2018780889 tempest-VolumeQuotasAdminTestJSON-2018780889-project-admin] PUT http://10.222.0.62/volume/v3/1c8f8630a574492bab02ff595570badd/os-quota-sets/61b5cd302b004202aabc2aca40a17f09
Sep 26 17:56:30.921231 dv-cinder-859318-1-smb devstack@c-api.service[113096]: /usr/local/lib/python3.8/dist-packages/oslo_context/context.py:100: DeprecationWarning: Policy enforcement is depending on the value of is_admin. This key is deprecated. Please update your policy file to use the standard policy values.
Sep 26 17:56:30.921231 dv-cinder-859318-1-smb devstack@c-api.service[113096]: warnings.warn('Policy enforcement is depending on the value of '
Sep 26 17:56:30.929248 dv-cinder-859318-1-smb devstack@c-api.service[113095]: DEBUG cinder.api.openstack.wsgi [None req-9731e398-ffab-4d4c-ae01-e7892040478c tempest-VolumeQuotasAdminTestJSON-2018780889 tempest-VolumeQuotasAdminTestJSON-2018780889-project-admin] Action: 'update', calling method: update, body: {"quota_set": {"volumes": 10, "per_volume_gigabytes": -1, "snapshots": 10, "gigabytes": 1000, "backups": 10, "backup_gigabytes": 1000}} {{(pid=113095) _process_stack /opt/stack/cinder/cinder/api/openstack/wsgi.py:866}}
Sep 26 17:56:30.934411 dv-cinder-859318-1-smb devstack@c-api.service[113096]: INFO cinder.volume.api [None req-b5272183-28c3-49b1-ab57-608c278985a8 tempest-SnapshotsActionsTest-109771809 tempest-SnapshotsActionsTest-109771809-project] Volume info retrieved successfully.
Sep 26 17:56:30.942978 dv-cinder-859318-1-smb devstack@c-api.service[113095]: DEBUG dbcounter [-] [113095] Writing DB stats cinder:SELECT=90,cinder:UPDATE=10 {{(pid=113095) stat_writer /usr/local/lib/python3.8/dist-packages/dbcounter.py:114}}
Sep 26 17:56:30.961775 dv-cinder-859318-1-smb devstack@c-api.service[113096]: INFO cinder.api.openstack.wsgi [None req-b5272183-28c3-49b1-ab57-608c278985a8 tempest-SnapshotsActionsTest-109771809 tempest-SnapshotsActionsTest-109771809-project] http://10.222.0.62/volume/v3/b7e9246f4b08438895d0c0874311aa7b/volumes/89287605-750d-4214-b6bc-a37eb28912d7 returned with HTTP 200
Sep 26 17:56:30.963046 dv-cinder-859318-1-smb devstack@c-api.service[113096]: [pid: 113096|app: 0|req: 119/237] 10.222.0.62 () {58 vars in 1325 bytes} [Mon Sep 26 17:56:30 2022] GET /volume/v3/b7e9246f4b08438895d0c0874311aa7b/volumes/89287605-750d-4214-b6bc-a37eb28912d7 => generated 887 bytes in 76 msecs (HTTP/1.1 200) 7 headers in 285 bytes (2 switches on core 0)
Sep 26 17:56:31.272696 dv-cinder-859318-1-smb devstack@c-api.service[113095]: INFO cinder.api.openstack.wsgi [None req-9731e398-ffab-4d4c-ae01-e7892040478c tempest-VolumeQuotasAdminTestJSON-2018780889 tempest-VolumeQuotasAdminTestJSON-2018780889-project-admin] http://10.222.0.62/volume/v3/1c8f8630a574492bab02ff595570badd/os-quota-sets/61b5cd302b004202aabc2aca40a17f09 returned with HTTP 200
Sep 26 17:56:31.274028 dv-cinder-859318-1-smb devstack@c-api.service[113095]: [pid: 113095|app: 0|req: 119/238] 10.222.0.62 () {60 vars in 1352 bytes} [Mon Sep 26 17:56:30 2022] PUT /volume/v3/1c8f8630a574492bab02ff595570badd/os-quota-sets/61b5cd302b004202aabc2aca40a17f09 => generated 319 bytes in 374 msecs (HTTP/1.1 200) 7 headers in 285 bytes (1 switches on core 0)
Sep 26 17:56:31.283471 dv-cinder-859318-1-smb devstack@c-api.service[113096]: DEBUG cinder.api.middleware.request_id [None req-98ce818c-3713-4179-9e47-64fd97676ce6 None None] RequestId filter calling following filter/app {{(pid=113096) _context_setter /opt/stack/cinder/cinder/api/middleware/request_id.py:62}}
Sep 26 17:56:31.288712 dv-cinder-859318-1-smb devstack@c-api.service[113096]: INFO cinder.api.openstack.wsgi [None req-98ce818c-3713-4179-9e47-64fd97676ce6 tempest-VolumeQuotasAdminTestJSON-216559835 tempest-VolumeQuotasAdminTestJSON-216559835-project] DELETE http://10.222.0.62/volume/v3/61b5cd302b004202aabc2aca40a17f09/volumes/fdf49b20-a9d4-477d-aec4-0b32b3bf0263
Sep 26 17:56:31.289202 dv-cinder-859318-1-smb devstack@c-api.service[113096]: DEBUG cinder.api.openstack.wsgi [None req-98ce818c-3713-4179-9e47-64fd97676ce6 tempest-VolumeQuotasAdminTestJSON-216559835 tempest-VolumeQuotasAdminTestJSON-216559835-project] Empty body provided in request {{(pid=113096) get_body /opt/stack/cinder/cinder/api/openstack/wsgi.py:715}}
Sep 26 17:56:31.289794 dv-cinder-859318-1-smb devstack@c-api.service[113096]: DEBUG cinder.api.openstack.wsgi [None req-98ce818c-3713-4179-9e47-64fd97676ce6 tempest-VolumeQuotasAdminTestJSON-216559835 tempest-VolumeQuotasAdminTestJSON-216559835-project] Calling method 'delete' {{(pid=113096) _process_stack /opt/stack/cinder/cinder/api/openstack/wsgi.py:868}}
