Sep 26 17:58:17.128796 dv-cinder-859317-1-iscsi devstack@c-api.service[125379]: DEBUG cinder.api.middleware.request_id [None req-a4e8197a-8014-405f-a1f6-c43d276a1f80 None None] RequestId filter calling following filter/app {{(pid=125379) _context_setter /opt/stack/cinder/cinder/api/middleware/request_id.py:62}}
Sep 26 17:58:17.132939 dv-cinder-859317-1-iscsi devstack@c-api.service[125379]: INFO cinder.api.openstack.wsgi [None req-a4e8197a-8014-405f-a1f6-c43d276a1f80 tempest-VolumesDeleteCascade-1555546951 tempest-VolumesDeleteCascade-1555546951-project] POST http://10.222.0.49/volume/v3/5abe007e2f214d11bc76a0ea82cb9a8b/snapshots
Sep 26 17:58:17.133053 dv-cinder-859317-1-iscsi devstack@c-api.service[125378]: DEBUG cinder.api.middleware.request_id [None req-cc7acf15-067b-4228-8ec1-44580e7b3215 None None] RequestId filter calling following filter/app {{(pid=125378) _context_setter /opt/stack/cinder/cinder/api/middleware/request_id.py:62}}
Sep 26 17:58:17.133695 dv-cinder-859317-1-iscsi devstack@c-api.service[125379]: DEBUG cinder.api.openstack.wsgi [None req-a4e8197a-8014-405f-a1f6-c43d276a1f80 tempest-VolumesDeleteCascade-1555546951 tempest-VolumesDeleteCascade-1555546951-project] Action: 'create', calling method: create, body: {"snapshot": {"volume_id": "a96741aa-ae76-496d-a4d7-8a036ef7ea49", "name": "tempest-VolumesDeleteCascade-Snapshot-1276540979"}} {{(pid=125379) _process_stack /opt/stack/cinder/cinder/api/openstack/wsgi.py:866}}
Sep 26 17:58:17.136705 dv-cinder-859317-1-iscsi devstack@c-api.service[125378]: INFO cinder.api.openstack.wsgi [None req-cc7acf15-067b-4228-8ec1-44580e7b3215 tempest-GroupSnapshotsTest-1790810789 tempest-GroupSnapshotsTest-1790810789-project] POST http://10.222.0.49/volume/v3/f0b87420caf2467eab5d91bc78e6324c/volumes
Sep 26 17:58:17.137563 dv-cinder-859317-1-iscsi devstack@c-api.service[125378]: DEBUG cinder.api.openstack.wsgi [None req-cc7acf15-067b-4228-8ec1-44580e7b3215 tempest-GroupSnapshotsTest-1790810789 tempest-GroupSnapshotsTest-1790810789-project] Action: 'create', calling method: create, body: {"volume": {"volume_type": "6bc197b7-dbcb-4e2c-b8dc-07feba9a48ce", "group_id": "e5b45344-0e0c-4207-9c4c-bda34894c620", "size": 1, "name": "tempest-GroupSnapshotsTest-Volume-203593273"}} {{(pid=125378) _process_stack /opt/stack/cinder/cinder/api/openstack/wsgi.py:866}}
Sep 26 17:58:17.139861 dv-cinder-859317-1-iscsi devstack@c-api.service[125378]: DEBUG cinder.api.v3.volumes [None req-cc7acf15-067b-4228-8ec1-44580e7b3215 tempest-GroupSnapshotsTest-1790810789 tempest-GroupSnapshotsTest-1790810789-project] Create volume request body: {'volume': {'volume_type': '6bc197b7-dbcb-4e2c-b8dc-07feba9a48ce', 'group_id': 'e5b45344-0e0c-4207-9c4c-bda34894c620', 'size': 1, 'name': 'tempest-GroupSnapshotsTest-Volume-203593273'}} {{(pid=125378) create /opt/stack/cinder/cinder/api/v3/volumes.py:298}}
Sep 26 17:58:17.150561 dv-cinder-859317-1-iscsi devstack@c-api.service[125379]: /usr/local/lib/python3.8/dist-packages/oslo_context/context.py:100: DeprecationWarning: Policy enforcement is depending on the value of is_admin. This key is deprecated. Please update your policy file to use the standard policy values.
Sep 26 17:58:17.150561 dv-cinder-859317-1-iscsi devstack@c-api.service[125379]: warnings.warn('Policy enforcement is depending on the value of '
Sep 26 17:58:17.151680 dv-cinder-859317-1-iscsi devstack@c-api.service[125379]: INFO cinder.volume.api [None req-a4e8197a-8014-405f-a1f6-c43d276a1f80 tempest-VolumesDeleteCascade-1555546951 tempest-VolumesDeleteCascade-1555546951-project] Volume info retrieved successfully.
Sep 26 17:58:17.151993 dv-cinder-859317-1-iscsi devstack@c-api.service[125379]: INFO cinder.api.v3.snapshots [None req-a4e8197a-8014-405f-a1f6-c43d276a1f80 tempest-VolumesDeleteCascade-1555546951 tempest-VolumesDeleteCascade-1555546951-project] Create snapshot from volume a96741aa-ae76-496d-a4d7-8a036ef7ea49
Sep 26 17:58:17.153047 dv-cinder-859317-1-iscsi devstack@c-api.service[125378]: /usr/local/lib/python3.8/dist-packages/oslo_context/context.py:100: DeprecationWarning: Policy enforcement is depending on the value of is_admin. This key is deprecated. Please update your policy file to use the standard policy values.
Sep 26 17:58:17.153047 dv-cinder-859317-1-iscsi devstack@c-api.service[125378]: warnings.warn('Policy enforcement is depending on the value of '
Sep 26 17:58:17.154023 dv-cinder-859317-1-iscsi devstack@c-api.service[125378]: INFO cinder.api.v3.volumes [None req-cc7acf15-067b-4228-8ec1-44580e7b3215 tempest-GroupSnapshotsTest-1790810789 tempest-GroupSnapshotsTest-1790810789-project] Create volume of 1 GB
Sep 26 17:58:17.163789 dv-cinder-859317-1-iscsi devstack@c-api.service[125378]: INFO cinder.volume.api [None req-cc7acf15-067b-4228-8ec1-44580e7b3215 tempest-GroupSnapshotsTest-1790810789 tempest-GroupSnapshotsTest-1790810789-project] Availability Zones retrieved successfully.
Sep 26 17:58:17.179166 dv-cinder-859317-1-iscsi devstack@c-api.service[125378]: DEBUG cinder.volume.api [None req-cc7acf15-067b-4228-8ec1-44580e7b3215 tempest-GroupSnapshotsTest-1790810789 tempest-GroupSnapshotsTest-1790810789-project] Flow 'volume_create_api' (a5445971-263e-4679-854c-416d54559e9e) transitioned into state 'RUNNING' from state 'PENDING' {{(pid=125378) _flow_receiver /usr/local/lib/python3.8/dist-packages/taskflow/listeners/logging.py:141}}
Sep 26 17:58:17.181644 dv-cinder-859317-1-iscsi devstack@c-api.service[125378]: DEBUG cinder.volume.api [None req-cc7acf15-067b-4228-8ec1-44580e7b3215 tempest-GroupSnapshotsTest-1790810789 tempest-GroupSnapshotsTest-1790810789-project] Task 'cinder.volume.flows.api.create_volume.ExtractVolumeRequestTask;volume:create' (5303c4e4-e17c-45aa-8450-a512c7ef2e14) transitioned into state 'RUNNING' from state 'PENDING' {{(pid=125378) _task_receiver /usr/local/lib/python3.8/dist-packages/taskflow/listeners/logging.py:190}}
Sep 26 17:58:17.183208 dv-cinder-859317-1-iscsi devstack@c-api.service[125378]: /usr/local/lib/python3.8/dist-packages/oslo_context/context.py:100: DeprecationWarning: Policy enforcement is depending on the value of is_admin. This key is deprecated. Please update your policy file to use the standard policy values.
Sep 26 17:58:17.183208 dv-cinder-859317-1-iscsi devstack@c-api.service[125378]: warnings.warn('Policy enforcement is depending on the value of '
Sep 26 17:58:17.184169 dv-cinder-859317-1-iscsi devstack@c-api.service[125378]: DEBUG cinder.volume.flows.api.create_volume [None req-cc7acf15-067b-4228-8ec1-44580e7b3215 tempest-GroupSnapshotsTest-1790810789 tempest-GroupSnapshotsTest-1790810789-project] Validating volume size '1' using validate_int {{(pid=125378) _extract_size /opt/stack/cinder/cinder/volume/flows/api/create_volume.py:228}}
Sep 26 17:58:17.209361 dv-cinder-859317-1-iscsi devstack@c-api.service[125378]: DEBUG cinder.volume.api [None req-cc7acf15-067b-4228-8ec1-44580e7b3215 tempest-GroupSnapshotsTest-1790810789 tempest-GroupSnapshotsTest-1790810789-project] Task 'cinder.volume.flows.api.create_volume.ExtractVolumeRequestTask;volume:create' (5303c4e4-e17c-45aa-8450-a512c7ef2e14) transitioned into state 'SUCCESS' from state 'RUNNING' with result '{'size': 1, 'snapshot_id': None, 'source_volid': None, 'volume_type': VolumeType(created_at=2022-09-26T17:58:11Z,deleted=False,deleted_at=None,description=None,extra_specs={},id=6bc197b7-dbcb-4e2c-b8dc-07feba9a48ce,is_public=True,name='tempest-GroupSnapshotsTest-volume-type-1055885537',projects=[],qos_specs=,qos_specs_id=None,updated_at=None), 'volume_type_id': '6bc197b7-dbcb-4e2c-b8dc-07feba9a48ce', 'encryption_key_id': None, 'qos_specs': None, 'consistencygroup_id': None, 'cgsnapshot_id': None, 'group_id': 'e5b45344-0e0c-4207-9c4c-bda34894c620', 'replication_status': 'disabled', 'refresh_az': False, 'backup_id': None, 'multiattach': False, 'availability_zones': ['nova']}' {{(pid=125378) _task_receiver /usr/local/lib/python3.8/dist-packages/taskflow/listeners/logging.py:178}}
Sep 26 17:58:17.212015 dv-cinder-859317-1-iscsi devstack@c-api.service[125378]: DEBUG cinder.volume.api [None req-cc7acf15-067b-4228-8ec1-44580e7b3215 tempest-GroupSnapshotsTest-1790810789 tempest-GroupSnapshotsTest-1790810789-project] Task 'cinder.volume.flows.api.create_volume.QuotaReserveTask;volume:create' (ce645c21-389d-4888-8079-c485960e23b7) transitioned into state 'RUNNING' from state 'PENDING' {{(pid=125378) _task_receiver /usr/local/lib/python3.8/dist-packages/taskflow/listeners/logging.py:190}}
Sep 26 17:58:17.245554 dv-cinder-859317-1-iscsi devstack@c-api.service[125378]: WARNING cinder.quota [None req-cc7acf15-067b-4228-8ec1-44580e7b3215 tempest-GroupSnapshotsTest-1790810789 tempest-GroupSnapshotsTest-1790810789-project] Deprecated: Default quota for resource: volumes_tempest-GroupSnapshotsTest-volume-type-1055885537 is set by the default quota flag: quota_volumes_tempest-GroupSnapshotsTest-volume-type-1055885537, it is now deprecated. Please use the default quota class for default quota.
Sep 26 17:58:17.246353 dv-cinder-859317-1-iscsi devstack@c-api.service[125378]: WARNING cinder.quota [None req-cc7acf15-067b-4228-8ec1-44580e7b3215 tempest-GroupSnapshotsTest-1790810789 tempest-GroupSnapshotsTest-1790810789-project] Deprecated: Default quota for resource: gigabytes_tempest-GroupSnapshotsTest-volume-type-1055885537 is set by the default quota flag: quota_gigabytes_tempest-GroupSnapshotsTest-volume-type-1055885537, it is now deprecated. Please use the default quota class for default quota.
Sep 26 17:58:17.322265 dv-cinder-859317-1-iscsi devstack@c-api.service[125379]: DEBUG cinder.quota [None req-a4e8197a-8014-405f-a1f6-c43d276a1f80 tempest-VolumesDeleteCascade-1555546951 tempest-VolumesDeleteCascade-1555546951-project] Created reservations ['83714949-de58-4245-935c-e32f4d89f9d5', '8e66b5bd-7b04-4a27-bd79-5b9be66958bf', 'e2e74231-7680-4312-8f67-e247ac64390f', 'b98ddcd4-2185-4747-aeb6-4c8e3f66358b'] {{(pid=125379) reserve /opt/stack/cinder/cinder/quota.py:755}}
Sep 26 17:58:17.356211 dv-cinder-859317-1-iscsi devstack@c-api.service[125378]: DEBUG cinder.quota [None req-cc7acf15-067b-4228-8ec1-44580e7b3215 tempest-GroupSnapshotsTest-1790810789 tempest-GroupSnapshotsTest-1790810789-project] Created reservations ['9e82c21d-4d2f-47b3-8054-63cbcebe2e19', '0443715a-bf9e-477f-b2aa-ccfc190a51ad', '9a219330-9b85-4964-9a18-ce44905a3d7a', '8e8888aa-ed51-4ad0-9abb-f17cad5d439f'] {{(pid=125378) reserve /opt/stack/cinder/cinder/quota.py:755}}
Sep 26 17:58:17.357969 dv-cinder-859317-1-iscsi devstack@c-api.service[125378]: DEBUG cinder.volume.api [None req-cc7acf15-067b-4228-8ec1-44580e7b3215 tempest-GroupSnapshotsTest-1790810789 tempest-GroupSnapshotsTest-1790810789-project] Task 'cinder.volume.flows.api.create_volume.QuotaReserveTask;volume:create' (ce645c21-389d-4888-8079-c485960e23b7) transitioned into state 'SUCCESS' from state 'RUNNING' with result '{'reservations': ['9e82c21d-4d2f-47b3-8054-63cbcebe2e19', '0443715a-bf9e-477f-b2aa-ccfc190a51ad', '9a219330-9b85-4964-9a18-ce44905a3d7a', '8e8888aa-ed51-4ad0-9abb-f17cad5d439f']}' {{(pid=125378) _task_receiver /usr/local/lib/python3.8/dist-packages/taskflow/listeners/logging.py:178}}
Sep 26 17:58:17.359899 dv-cinder-859317-1-iscsi devstack@c-api.service[125378]: DEBUG cinder.volume.api [None req-cc7acf15-067b-4228-8ec1-44580e7b3215 tempest-GroupSnapshotsTest-1790810789 tempest-GroupSnapshotsTest-1790810789-project] Task 'cinder.volume.flows.api.create_volume.EntryCreateTask;volume:create' (1c1bb273-0e65-4d9a-a8b9-c717724db459) transitioned into state 'RUNNING' from state 'PENDING' {{(pid=125378) _task_receiver /usr/local/lib/python3.8/dist-packages/taskflow/listeners/logging.py:190}}
Sep 26 17:58:17.450934 dv-cinder-859317-1-iscsi devstack@c-api.service[125378]: DEBUG cinder.volume.api [None req-cc7acf15-067b-4228-8ec1-44580e7b3215 tempest-GroupSnapshotsTest-1790810789 tempest-GroupSnapshotsTest-1790810789-project] Task 'cinder.volume.flows.api.create_volume.EntryCreateTask;volume:create' (1c1bb273-0e65-4d9a-a8b9-c717724db459) transitioned into state 'SUCCESS' from state 'RUNNING' with result '{'volume_id': '877c5d20-74fc-42a6-a18b-e66189924d51', 'volume_properties': VolumeProperties(attach_status='detached',availability_zone='nova',cgsnapshot_id=None,consistencygroup_id=None,display_description=None,display_name='tempest-GroupSnapshotsTest-Volume-203593273',encryption_key_id=None,group_id=e5b45344-0e0c-4207-9c4c-bda34894c620,group_type_id=,metadata={},multiattach=False,project_id='f0b87420caf2467eab5d91bc78e6324c',qos_specs=None,replication_status=,reservations=['9e82c21d-4d2f-47b3-8054-63cbcebe2e19','0443715a-bf9e-477f-b2aa-ccfc190a51ad','9a219330-9b85-4964-9a18-ce44905a3d7a','8e8888aa-ed51-4ad0-9abb-f17cad5d439f'],size=1,snapshot_id=None,source_replicaid=,source_volid=None,status='creating',user_id='04b7cb73c13d41efa2f587b104a04441',volume_type_id=6bc197b7-dbcb-4e2c-b8dc-07feba9a48ce), 'volume': Volume(_name_id=None,admin_metadata=,attach_status='detached',availability_zone='nova',bootable=False,cluster=,cluster_name=None,consistencygroup=,consistencygroup_id=None,created_at=2022-09-26T17:58:17Z,deleted=False,deleted_at=None,display_description=None,display_name='tempest-GroupSnapshotsTest-Volume-203593273',ec2_id=None,encryption_key_id=None,glance_metadata=,group=,group_id=e5b45344-0e0c-4207-9c4c-bda34894c620,host=None,id=877c5d20-74fc-42a6-a18b-e66189924d51,launched_at=None,metadata={},migration_status=None,multiattach=False,previous_status=None,project_id='f0b87420caf2467eab5d91bc78e6324c',provider_auth=None,provider_geometry=None,provider_id=None,provider_location=None,replication_driver_data=None,replication_extended_status=None,replication_status=None,scheduled_at=None,service_uuid=None,shared_targets=True,size=1,snapshot_id=None,snapshots=,source_volid=None,status='creating',terminated_at=None,updated_at=None,use_quota=True,user_id='04b7cb73c13d41efa2f587b104a04441',volume_attachment=VolumeAttachmentList,volume_type=VolumeType(6bc197b7-dbcb-4e2c-b8dc-07feba9a48ce),volume_type_id=6bc197b7-dbcb-4e2c-b8dc-07feba9a48ce)}' {{(pid=125378) _task_receiver /usr/local/lib/python3.8/dist-packages/taskflow/listeners/logging.py:178}}
Sep 26 17:58:17.452843 dv-cinder-859317-1-iscsi devstack@c-api.service[125378]: DEBUG cinder.volume.api [None req-cc7acf15-067b-4228-8ec1-44580e7b3215 tempest-GroupSnapshotsTest-1790810789 tempest-GroupSnapshotsTest-1790810789-project] Task 'cinder.volume.flows.api.create_volume.QuotaCommitTask;volume:create' (64a5b82b-eedc-4984-b805-49b062ed1bde) transitioned into state 'RUNNING' from state 'PENDING' {{(pid=125378) _task_receiver /usr/local/lib/python3.8/dist-packages/taskflow/listeners/logging.py:190}}
Sep 26 17:58:17.650743 dv-cinder-859317-1-iscsi devstack@c-api.service[125379]: INFO cinder.volume.api [None req-a4e8197a-8014-405f-a1f6-c43d276a1f80 tempest-VolumesDeleteCascade-1555546951 tempest-VolumesDeleteCascade-1555546951-project] Snapshot create request issued successfully.
Sep 26 17:58:17.651459 dv-cinder-859317-1-iscsi devstack@c-api.service[125379]: INFO cinder.api.openstack.wsgi [None req-a4e8197a-8014-405f-a1f6-c43d276a1f80 tempest-VolumesDeleteCascade-1555546951 tempest-VolumesDeleteCascade-1555546951-project] http://10.222.0.49/volume/v3/5abe007e2f214d11bc76a0ea82cb9a8b/snapshots returned with HTTP 202
Sep 26 17:58:17.659381 dv-cinder-859317-1-iscsi devstack@c-api.service[125379]: [pid: 125379|app: 0|req: 115/219] 10.222.0.49 () {60 vars in 1242 bytes} [Mon Sep 26 17:58:17 2022] POST /volume/v3/5abe007e2f214d11bc76a0ea82cb9a8b/snapshots => generated 307 bytes in 524 msecs (HTTP/1.1 202) 7 headers in 291 bytes (1 switches on core 0)
Sep 26 17:58:17.659381 dv-cinder-859317-1-iscsi devstack@c-api.service[125379]: DEBUG cinder.api.middleware.request_id [None req-2117563a-51eb-4305-b583-21f632dcbffd None None] RequestId filter calling following filter/app {{(pid=125379) _context_setter /opt/stack/cinder/cinder/api/middleware/request_id.py:62}}
Sep 26 17:58:17.661876 dv-cinder-859317-1-iscsi devstack@c-api.service[125379]: INFO cinder.api.openstack.wsgi [None req-2117563a-51eb-4305-b583-21f632dcbffd tempest-DeleteServersTestJSON-161468181 tempest-DeleteServersTestJSON-161468181-project] GET http://10.222.0.49/volume/v3/6cd1fad813d94b6cba21a788b11d2cd8/volumes/86dfdcfa-7d63-4a2a-ac8d-87b9cc4d8fa4
Sep 26 17:58:17.662344 dv-cinder-859317-1-iscsi devstack@c-api.service[125379]: DEBUG cinder.api.openstack.wsgi [None req-2117563a-51eb-4305-b583-21f632dcbffd tempest-DeleteServersTestJSON-161468181 tempest-DeleteServersTestJSON-161468181-project] Empty body provided in request {{(pid=125379) get_body /opt/stack/cinder/cinder/api/openstack/wsgi.py:715}}
Sep 26 17:58:17.662849 dv-cinder-859317-1-iscsi devstack@c-api.service[125379]: DEBUG cinder.api.openstack.wsgi [None req-2117563a-51eb-4305-b583-21f632dcbffd tempest-DeleteServersTestJSON-161468181 tempest-DeleteServersTestJSON-161468181-project] Calling method 'show' {{(pid=125379) _process_stack /opt/stack/cinder/cinder/api/openstack/wsgi.py:868}}
Sep 26 17:58:17.691301 dv-cinder-859317-1-iscsi devstack@c-api.service[125379]: /usr/local/lib/python3.8/dist-packages/oslo_context/context.py:100: DeprecationWarning: Policy enforcement is depending on the value of is_admin. This key is deprecated. Please update your policy file to use the standard policy values.
Sep 26 17:58:17.691301 dv-cinder-859317-1-iscsi devstack@c-api.service[125379]: warnings.warn('Policy enforcement is depending on the value of '
Sep 26 17:58:17.697729 dv-cinder-859317-1-iscsi devstack@c-api.service[125379]: INFO cinder.volume.api [None req-2117563a-51eb-4305-b583-21f632dcbffd tempest-DeleteServersTestJSON-161468181 tempest-DeleteServersTestJSON-161468181-project] Volume info retrieved successfully.
Sep 26 17:58:17.709860 dv-cinder-859317-1-iscsi devstack@c-api.service[125379]: INFO cinder.api.openstack.wsgi [None req-2117563a-51eb-4305-b583-21f632dcbffd tempest-DeleteServersTestJSON-161468181 tempest-DeleteServersTestJSON-161468181-project] http://10.222.0.49/volume/v3/6cd1fad813d94b6cba21a788b11d2cd8/volumes/86dfdcfa-7d63-4a2a-ac8d-87b9cc4d8fa4 returned with HTTP 200
Sep 26 17:58:17.712248 dv-cinder-859317-1-iscsi devstack@c-api.service[125379]: [pid: 125379|app: 0|req: 116/220] 10.222.0.49 () {58 vars in 1325 bytes} [Mon Sep 26 17:58:17 2022] GET /volume/v3/6cd1fad813d94b6cba21a788b11d2cd8/volumes/86dfdcfa-7d63-4a2a-ac8d-87b9cc4d8fa4 => generated 912 bytes in 58 msecs (HTTP/1.1 200) 7 headers in 285 bytes (1 switches on core 0)
Sep 26 17:58:17.712248 dv-cinder-859317-1-iscsi devstack@c-api.service[125379]: DEBUG cinder.api.middleware.request_id [None req-e0cf1018-8011-42d6-9fba-1a908d5d7d68 None None] RequestId filter calling following filter/app {{(pid=125379) _context_setter /opt/stack/cinder/cinder/api/middleware/request_id.py:62}}
Sep 26 17:58:17.716007 dv-cinder-859317-1-iscsi devstack@c-api.service[125379]: INFO cinder.api.openstack.wsgi [None req-e0cf1018-8011-42d6-9fba-1a908d5d7d68 tempest-GroupsTest-2093682022 tempest-GroupsTest-2093682022-project] GET http://10.222.0.49/volume/v3/b570a711d9814f1e8b194d5ee17ffef7/groups/229fa91a-00b9-4882-a3e3-eefd93d0d0e5
Sep 26 17:58:17.716497 dv-cinder-859317-1-iscsi devstack@c-api.service[125379]: DEBUG cinder.api.openstack.wsgi [None req-e0cf1018-8011-42d6-9fba-1a908d5d7d68 tempest-GroupsTest-2093682022 tempest-GroupsTest-2093682022-project] Empty body provided in request {{(pid=125379) get_body /opt/stack/cinder/cinder/api/openstack/wsgi.py:715}}
Sep 26 17:58:17.717719 dv-cinder-859317-1-iscsi devstack@c-api.service[125379]: DEBUG cinder.api.openstack.wsgi [None req-e0cf1018-8011-42d6-9fba-1a908d5d7d68 tempest-GroupsTest-2093682022 tempest-GroupsTest-2093682022-project] Calling method 'version_select' {{(pid=125379) _process_stack /opt/stack/cinder/cinder/api/openstack/wsgi.py:868}}
Sep 26 17:58:17.718071 dv-cinder-859317-1-iscsi devstack@c-api.service[125379]: DEBUG cinder.api.v3.groups [None req-e0cf1018-8011-42d6-9fba-1a908d5d7d68 tempest-GroupsTest-2093682022 tempest-GroupsTest-2093682022-project] show called for member 229fa91a-00b9-4882-a3e3-eefd93d0d0e5 {{(pid=125379) show /opt/stack/cinder/cinder/api/v3/groups.py:58}}
Sep 26 17:58:17.723978 dv-cinder-859317-1-iscsi devstack@c-api.service[125379]: INFO cinder.api.openstack.wsgi [None req-e0cf1018-8011-42d6-9fba-1a908d5d7d68 tempest-GroupsTest-2093682022 tempest-GroupsTest-2093682022-project] http://10.222.0.49/volume/v3/b570a711d9814f1e8b194d5ee17ffef7/groups/229fa91a-00b9-4882-a3e3-eefd93d0d0e5 returned with HTTP 404
Sep 26 17:58:17.724896 dv-cinder-859317-1-iscsi devstack@c-api.service[125379]: [pid: 125379|app: 0|req: 117/221] 10.222.0.49 () {60 vars in 1363 bytes} [Mon Sep 26 17:58:17 2022] GET /volume/v3/b570a711d9814f1e8b194d5ee17ffef7/groups/229fa91a-00b9-4882-a3e3-eefd93d0d0e5 => generated 108 bytes in 13 msecs (HTTP/1.1 404) 7 headers in 293 bytes (1 switches on core 0)
Sep 26 17:58:17.726363 dv-cinder-859317-1-iscsi devstack@c-api.service[125379]: DEBUG cinder.api.middleware.request_id [None req-c42e9eb2-59f7-4a9f-ac49-29f575eb6c5c None None] RequestId filter calling following filter/app {{(pid=125379) _context_setter /opt/stack/cinder/cinder/api/middleware/request_id.py:62}}
Sep 26 17:58:17.730319 dv-cinder-859317-1-iscsi devstack@c-api.service[125379]: INFO cinder.api.openstack.wsgi [None req-c42e9eb2-59f7-4a9f-ac49-29f575eb6c5c tempest-VolumesDeleteCascade-1555546951 tempest-VolumesDeleteCascade-1555546951-project] GET http://10.222.0.49/volume/v3/5abe007e2f214d11bc76a0ea82cb9a8b/snapshots/2bcf8468-ecdf-4a20-ba34-08111e2148e0
Sep 26 17:58:17.730760 dv-cinder-859317-1-iscsi devstack@c-api.service[125379]: DEBUG cinder.api.openstack.wsgi [None req-c42e9eb2-59f7-4a9f-ac49-29f575eb6c5c tempest-VolumesDeleteCascade-1555546951 tempest-VolumesDeleteCascade-1555546951-project] Empty body provided in request {{(pid=125379) get_body /opt/stack/cinder/cinder/api/openstack/wsgi.py:715}}
Sep 26 17:58:17.731205 dv-cinder-859317-1-iscsi devstack@c-api.service[125379]: DEBUG cinder.api.openstack.wsgi [None req-c42e9eb2-59f7-4a9f-ac49-29f575eb6c5c tempest-VolumesDeleteCascade-1555546951 tempest-VolumesDeleteCascade-1555546951-project] Calling method 'show' {{(pid=125379) _process_stack /opt/stack/cinder/cinder/api/openstack/wsgi.py:868}}
Sep 26 17:58:17.742311 dv-cinder-859317-1-iscsi devstack@c-api.service[125379]: /usr/local/lib/python3.8/dist-packages/oslo_context/context.py:100: DeprecationWarning: Policy enforcement is depending on the value of is_admin. This key is deprecated. Please update your policy file to use the standard policy values.
Sep 26 17:58:17.742311 dv-cinder-859317-1-iscsi devstack@c-api.service[125379]: warnings.warn('Policy enforcement is depending on the value of '
Sep 26 17:58:17.743293 dv-cinder-859317-1-iscsi devstack@c-api.service[125379]: INFO cinder.volume.api [None req-c42e9eb2-59f7-4a9f-ac49-29f575eb6c5c tempest-VolumesDeleteCascade-1555546951 tempest-VolumesDeleteCascade-1555546951-project] Snapshot retrieved successfully.
Sep 26 17:58:17.745066 dv-cinder-859317-1-iscsi devstack@c-api.service[125379]: INFO cinder.api.openstack.wsgi [None req-c42e9eb2-59f7-4a9f-ac49-29f575eb6c5c tempest-VolumesDeleteCascade-1555546951 tempest-VolumesDeleteCascade-1555546951-project] http://10.222.0.49/volume/v3/5abe007e2f214d11bc76a0ea82cb9a8b/snapshots/2bcf8468-ecdf-4a20-ba34-08111e2148e0 returned with HTTP 200
Sep 26 17:58:17.747165 dv-cinder-859317-1-iscsi devstack@c-api.service[125379]: [pid: 125379|app: 0|req: 118/222] 10.222.0.49 () {58 vars in 1331 bytes} [Mon Sep 26 17:58:17 2022] GET /volume/v3/5abe007e2f214d11bc76a0ea82cb9a8b/snapshots/2bcf8468-ecdf-4a20-ba34-08111e2148e0 => generated 439 bytes in 20 msecs (HTTP/1.1 200) 7 headers in 285 bytes (1 switches on core 0)
Sep 26 17:58:17.747165 dv-cinder-859317-1-iscsi devstack@c-api.service[125379]: DEBUG cinder.api.middleware.request_id [None req-c2931dff-b9b9-4d73-8374-7ebc0c2306af None None] RequestId filter calling following filter/app {{(pid=125379) _context_setter /opt/stack/cinder/cinder/api/middleware/request_id.py:62}}
Sep 26 17:58:17.753335 dv-cinder-859317-1-iscsi devstack@c-api.service[125379]: INFO cinder.api.openstack.wsgi [None req-c2931dff-b9b9-4d73-8374-7ebc0c2306af tempest-GroupsTest-2093682022 tempest-GroupsTest-2093682022-project] GET http://10.222.0.49/volume/v3/b570a711d9814f1e8b194d5ee17ffef7/groups/detail
Sep 26 17:58:17.753335 dv-cinder-859317-1-iscsi devstack@c-api.service[125379]: DEBUG cinder.api.openstack.wsgi [None req-c2931dff-b9b9-4d73-8374-7ebc0c2306af tempest-GroupsTest-2093682022 tempest-GroupsTest-2093682022-project] Empty body provided in request {{(pid=125379) get_body /opt/stack/cinder/cinder/api/openstack/wsgi.py:715}}
Sep 26 17:58:17.753335 dv-cinder-859317-1-iscsi devstack@c-api.service[125379]: DEBUG cinder.api.openstack.wsgi [None req-c2931dff-b9b9-4d73-8374-7ebc0c2306af tempest-GroupsTest-2093682022 tempest-GroupsTest-2093682022-project] Calling method 'version_select' {{(pid=125379) _process_stack /opt/stack/cinder/cinder/api/openstack/wsgi.py:868}}
Sep 26 17:58:17.759376 dv-cinder-859317-1-iscsi devstack@c-api.service[125379]: INFO cinder.api.openstack.wsgi [None req-c2931dff-b9b9-4d73-8374-7ebc0c2306af tempest-GroupsTest-2093682022 tempest-GroupsTest-2093682022-project] http://10.222.0.49/volume/v3/b570a711d9814f1e8b194d5ee17ffef7/groups/detail returned with HTTP 200
Sep 26 17:58:17.760229 dv-cinder-859317-1-iscsi devstack@c-api.service[125379]: [pid: 125379|app: 0|req: 119/223] 10.222.0.49 () {60 vars in 1273 bytes} [Mon Sep 26 17:58:17 2022] GET /volume/v3/b570a711d9814f1e8b194d5ee17ffef7/groups/detail => generated 14 bytes in 14 msecs (HTTP/1.1 200) 7 headers in 285 bytes (1 switches on core 0)
Sep 26 17:58:17.770438 dv-cinder-859317-1-iscsi devstack@c-api.service[125379]: DEBUG cinder.api.middleware.request_id [None req-418d00a8-9bcd-4f33-bbd8-641b1b97d749 None None] RequestId filter calling following filter/app {{(pid=125379) _context_setter /opt/stack/cinder/cinder/api/middleware/request_id.py:62}}
Sep 26 17:58:17.774177 dv-cinder-859317-1-iscsi devstack@c-api.service[125379]: INFO cinder.api.openstack.wsgi [None req-418d00a8-9bcd-4f33-bbd8-641b1b97d749 tempest-GroupsTest-2093682022 tempest-GroupsTest-2093682022-project] GET http://10.222.0.49/volume/v3/b570a711d9814f1e8b194d5ee17ffef7/volumes/detail
Sep 26 17:58:17.774799 dv-cinder-859317-1-iscsi devstack@c-api.service[125379]: DEBUG cinder.api.openstack.wsgi [None req-418d00a8-9bcd-4f33-bbd8-641b1b97d749 tempest-GroupsTest-2093682022 tempest-GroupsTest-2093682022-project] Empty body provided in request {{(pid=125379) get_body /opt/stack/cinder/cinder/api/openstack/wsgi.py:715}}
Sep 26 17:58:17.775260 dv-cinder-859317-1-iscsi devstack@c-api.service[125379]: DEBUG cinder.api.openstack.wsgi [None req-418d00a8-9bcd-4f33-bbd8-641b1b97d749 tempest-GroupsTest-2093682022 tempest-GroupsTest-2093682022-project] Calling method 'detail' {{(pid=125379) _process_stack /opt/stack/cinder/cinder/api/openstack/wsgi.py:868}}
Sep 26 17:58:17.775836 dv-cinder-859317-1-iscsi devstack@c-api.service[125379]: DEBUG cinder.api.api_utils [None req-418d00a8-9bcd-4f33-bbd8-641b1b97d749 tempest-GroupsTest-2093682022 tempest-GroupsTest-2093682022-project] Removing options '' from query. {{(pid=125379) remove_invalid_filter_options /opt/stack/cinder/cinder/api/api_utils.py:84}}
Sep 26 17:58:17.777534 dv-cinder-859317-1-iscsi devstack@c-api.service[125379]: DEBUG cinder.volume.api [None req-418d00a8-9bcd-4f33-bbd8-641b1b97d749 tempest-GroupsTest-2093682022 tempest-GroupsTest-2093682022-project] Searching by: MultiDict([('no_migration_targets', True)]). {{(pid=125379) get_all /opt/stack/cinder/cinder/volume/api.py:664}}
Sep 26 17:58:17.804936 dv-cinder-859317-1-iscsi devstack@c-api.service[125378]: DEBUG cinder.volume.api [None req-cc7acf15-067b-4228-8ec1-44580e7b3215 tempest-GroupSnapshotsTest-1790810789 tempest-GroupSnapshotsTest-1790810789-project] Task 'cinder.volume.flows.api.create_volume.QuotaCommitTask;volume:create' (64a5b82b-eedc-4984-b805-49b062ed1bde) transitioned into state 'SUCCESS' from state 'RUNNING' with result '{'volume_properties': VolumeProperties(attach_status='detached',availability_zone='nova',cgsnapshot_id=None,consistencygroup_id=None,display_description=None,display_name='tempest-GroupSnapshotsTest-Volume-203593273',encryption_key_id=None,group_id=e5b45344-0e0c-4207-9c4c-bda34894c620,group_type_id=,metadata={},multiattach=False,project_id='f0b87420caf2467eab5d91bc78e6324c',qos_specs=None,replication_status=,reservations=['9e82c21d-4d2f-47b3-8054-63cbcebe2e19','0443715a-bf9e-477f-b2aa-ccfc190a51ad','9a219330-9b85-4964-9a18-ce44905a3d7a','8e8888aa-ed51-4ad0-9abb-f17cad5d439f'],size=1,snapshot_id=None,source_replicaid=,source_volid=None,status='creating',user_id='04b7cb73c13d41efa2f587b104a04441',volume_type_id=6bc197b7-dbcb-4e2c-b8dc-07feba9a48ce)}' {{(pid=125378) _task_receiver /usr/local/lib/python3.8/dist-packages/taskflow/listeners/logging.py:178}}
Sep 26 17:58:17.807049 dv-cinder-859317-1-iscsi devstack@c-api.service[125378]: DEBUG cinder.volume.api [None req-cc7acf15-067b-4228-8ec1-44580e7b3215 tempest-GroupSnapshotsTest-1790810789 tempest-GroupSnapshotsTest-1790810789-project] Task 'cinder.volume.flows.api.create_volume.VolumeCastTask;volume:create' (da9a94cf-7581-4699-8fe3-335c036e9e2d) transitioned into state 'RUNNING' from state 'PENDING' {{(pid=125378) _task_receiver /usr/local/lib/python3.8/dist-packages/taskflow/listeners/logging.py:190}}
Sep 26 17:58:17.825760 dv-cinder-859317-1-iscsi devstack@c-api.service[125379]: INFO cinder.volume.api [None req-418d00a8-9bcd-4f33-bbd8-641b1b97d749 tempest-GroupsTest-2093682022 tempest-GroupsTest-2093682022-project] Get all volumes completed successfully.
Sep 26 17:58:17.832180 dv-cinder-859317-1-iscsi devstack@c-api.service[125379]: INFO cinder.api.openstack.wsgi [None req-418d00a8-9bcd-4f33-bbd8-641b1b97d749 tempest-GroupsTest-2093682022 tempest-GroupsTest-2093682022-project] http://10.222.0.49/volume/v3/b570a711d9814f1e8b194d5ee17ffef7/volumes/detail returned with HTTP 200
Sep 26 17:58:17.833609 dv-cinder-859317-1-iscsi devstack@c-api.service[125379]: [pid: 125379|app: 0|req: 120/224] 10.222.0.49 () {60 vars in 1276 bytes} [Mon Sep 26 17:58:17 2022] GET /volume/v3/b570a711d9814f1e8b194d5ee17ffef7/volumes/detail => generated 15 bytes in 64 msecs (HTTP/1.1 200) 7 headers in 285 bytes (2 switches on core 0)
Sep 26 17:58:17.849978 dv-cinder-859317-1-iscsi devstack@c-api.service[125379]: DEBUG cinder.api.middleware.request_id [None req-7373481b-6b07-47cd-945c-f5bc765b7b89 None None] RequestId filter calling following filter/app {{(pid=125379) _context_setter /opt/stack/cinder/cinder/api/middleware/request_id.py:62}}
Sep 26 17:58:17.853875 dv-cinder-859317-1-iscsi devstack@c-api.service[125379]: INFO cinder.api.openstack.wsgi [None req-7373481b-6b07-47cd-945c-f5bc765b7b89 tempest-GroupsTest-2093682022 tempest-GroupsTest-2093682022-project] POST http://10.222.0.49/volume/v3/b570a711d9814f1e8b194d5ee17ffef7/groups/229fa91a-00b9-4882-a3e3-eefd93d0d0e5/action
Sep 26 17:58:17.854731 dv-cinder-859317-1-iscsi devstack@c-api.service[125379]: DEBUG cinder.api.openstack.wsgi [None req-7373481b-6b07-47cd-945c-f5bc765b7b89 tempest-GroupsTest-2093682022 tempest-GroupsTest-2093682022-project] Action body: b'{"delete": {"delete-volumes": true}}' {{(pid=125379) get_method /opt/stack/cinder/cinder/api/openstack/wsgi.py:983}}
Sep 26 17:58:17.855538 dv-cinder-859317-1-iscsi devstack@c-api.service[125379]: DEBUG cinder.api.openstack.wsgi [None req-7373481b-6b07-47cd-945c-f5bc765b7b89 tempest-GroupsTest-2093682022 tempest-GroupsTest-2093682022-project] Action: 'action', calling method: delete_group, body: {"delete": {"delete-volumes": true}} {{(pid=125379) _process_stack /opt/stack/cinder/cinder/api/openstack/wsgi.py:866}}
Sep 26 17:58:17.857361 dv-cinder-859317-1-iscsi devstack@c-api.service[125379]: DEBUG cinder.api.v3.groups [None req-7373481b-6b07-47cd-945c-f5bc765b7b89 tempest-GroupsTest-2093682022 tempest-GroupsTest-2093682022-project] delete called for group 229fa91a-00b9-4882-a3e3-eefd93d0d0e5 {{(pid=125379) _delete /opt/stack/cinder/cinder/api/v3/groups.py:117}}
Sep 26 17:58:17.857964 dv-cinder-859317-1-iscsi devstack@c-api.service[125379]: INFO cinder.api.v3.groups [None req-7373481b-6b07-47cd-945c-f5bc765b7b89 tempest-GroupsTest-2093682022 tempest-GroupsTest-2093682022-project] Delete group with id: 229fa91a-00b9-4882-a3e3-eefd93d0d0e5
Sep 26 17:58:17.865457 dv-cinder-859317-1-iscsi devstack@c-api.service[125379]: INFO cinder.api.openstack.wsgi [None req-7373481b-6b07-47cd-945c-f5bc765b7b89 tempest-GroupsTest-2093682022 tempest-GroupsTest-2093682022-project] http://10.222.0.49/volume/v3/b570a711d9814f1e8b194d5ee17ffef7/groups/229fa91a-00b9-4882-a3e3-eefd93d0d0e5/action returned with HTTP 404
Sep 26 17:58:17.865457 dv-cinder-859317-1-iscsi devstack@c-api.service[125379]: [pid: 125379|app: 0|req: 121/225] 10.222.0.49 () {62 vars in 1405 bytes} [Mon Sep 26 17:58:17 2022] POST /volume/v3/b570a711d9814f1e8b194d5ee17ffef7/groups/229fa91a-00b9-4882-a3e3-eefd93d0d0e5/action => generated 108 bytes in 16 msecs (HTTP/1.1 404) 7 headers in 293 bytes (2 switches on core 0)
Sep 26 17:58:17.874801 dv-cinder-859317-1-iscsi devstack@c-api.service[125379]: DEBUG cinder.api.middleware.request_id [None req-eac59ddc-ca7b-49b4-8bcb-26dd5196998a None None] RequestId filter calling following filter/app {{(pid=125379) _context_setter /opt/stack/cinder/cinder/api/middleware/request_id.py:62}}
Sep 26 17:58:17.879176 dv-cinder-859317-1-iscsi devstack@c-api.service[125379]: INFO cinder.api.openstack.wsgi [None req-eac59ddc-ca7b-49b4-8bcb-26dd5196998a tempest-GroupsTest-2093682022 tempest-GroupsTest-2093682022-project] GET http://10.222.0.49/volume/v3/b570a711d9814f1e8b194d5ee17ffef7/volumes/detail
Sep 26 17:58:17.879659 dv-cinder-859317-1-iscsi devstack@c-api.service[125379]: DEBUG cinder.api.openstack.wsgi [None req-eac59ddc-ca7b-49b4-8bcb-26dd5196998a tempest-GroupsTest-2093682022 tempest-GroupsTest-2093682022-project] Empty body provided in request {{(pid=125379) get_body /opt/stack/cinder/cinder/api/openstack/wsgi.py:715}}
Sep 26 17:58:17.880170 dv-cinder-859317-1-iscsi devstack@c-api.service[125379]: DEBUG cinder.api.openstack.wsgi [None req-eac59ddc-ca7b-49b4-8bcb-26dd5196998a tempest-GroupsTest-2093682022 tempest-GroupsTest-2093682022-project] Calling method 'detail' {{(pid=125379) _process_stack /opt/stack/cinder/cinder/api/openstack/wsgi.py:868}}
Sep 26 17:58:17.881512 dv-cinder-859317-1-iscsi devstack@c-api.service[125379]: DEBUG cinder.api.api_utils [None req-eac59ddc-ca7b-49b4-8bcb-26dd5196998a tempest-GroupsTest-2093682022 tempest-GroupsTest-2093682022-project] Removing options '' from query. {{(pid=125379) remove_invalid_filter_options /opt/stack/cinder/cinder/api/api_utils.py:84}}
Sep 26 17:58:17.884114 dv-cinder-859317-1-iscsi devstack@c-api.service[125379]: DEBUG cinder.volume.api [None req-eac59ddc-ca7b-49b4-8bcb-26dd5196998a tempest-GroupsTest-2093682022 tempest-GroupsTest-2093682022-project] Searching by: MultiDict([('no_migration_targets', True)]). {{(pid=125379) get_all /opt/stack/cinder/cinder/volume/api.py:664}}
Sep 26 17:58:17.912498 dv-cinder-859317-1-iscsi devstack@c-api.service[125378]: DEBUG cinder.volume.api [None req-cc7acf15-067b-4228-8ec1-44580e7b3215 tempest-GroupSnapshotsTest-1790810789 tempest-GroupSnapshotsTest-1790810789-project] Task 'cinder.volume.flows.api.create_volume.VolumeCastTask;volume:create' (da9a94cf-7581-4699-8fe3-335c036e9e2d) transitioned into state 'SUCCESS' from state 'RUNNING' with result 'None' {{(pid=125378) _task_receiver /usr/local/lib/python3.8/dist-packages/taskflow/listeners/logging.py:178}}
Sep 26 17:58:17.915228 dv-cinder-859317-1-iscsi devstack@c-api.service[125378]: DEBUG cinder.volume.api [None req-cc7acf15-067b-4228-8ec1-44580e7b3215 tempest-GroupSnapshotsTest-1790810789 tempest-GroupSnapshotsTest-1790810789-project] Flow 'volume_create_api' (a5445971-263e-4679-854c-416d54559e9e) transitioned into state 'SUCCESS' from state 'RUNNING' {{(pid=125378) _flow_receiver /usr/local/lib/python3.8/dist-packages/taskflow/listeners/logging.py:141}}
Sep 26 17:58:17.916200 dv-cinder-859317-1-iscsi devstack@c-api.service[125378]: INFO cinder.volume.api [None req-cc7acf15-067b-4228-8ec1-44580e7b3215 tempest-GroupSnapshotsTest-1790810789 tempest-GroupSnapshotsTest-1790810789-project] Create volume request issued successfully.
Sep 26 17:58:17.918042 dv-cinder-859317-1-iscsi devstack@c-api.service[125378]: WARNING stevedore.named [None req-cc7acf15-067b-4228-8ec1-44580e7b3215 tempest-GroupSnapshotsTest-1790810789 tempest-GroupSnapshotsTest-1790810789-project] Could not load cinder.keymgr.conf_key_mgr.ConfKeyManager
Sep 26 17:58:17.918648 dv-cinder-859317-1-iscsi devstack@c-api.service[125378]: WARNING castellan.key_manager [None req-cc7acf15-067b-4228-8ec1-44580e7b3215 tempest-GroupSnapshotsTest-1790810789 tempest-GroupSnapshotsTest-1790810789-project] Deprecation Warning : cinder.keymgr.conf_key_mgr.ConfKeyManager is not a stevedore based driver, trying to load it as a class: stevedore.exception.NoMatches: No 'castellan.drivers' driver found, looking for 'cinder.keymgr.conf_key_mgr.ConfKeyManager'
Sep 26 17:58:17.927903 dv-cinder-859317-1-iscsi devstack@c-api.service[125378]: DEBUG oslo_db.sqlalchemy.engines [None req-cc7acf15-067b-4228-8ec1-44580e7b3215 tempest-GroupSnapshotsTest-1790810789 tempest-GroupSnapshotsTest-1790810789-project] MySQL server mode set to STRICT_TRANS_TABLES,STRICT_ALL_TABLES,NO_ZERO_IN_DATE,NO_ZERO_DATE,ERROR_FOR_DIVISION_BY_ZERO,TRADITIONAL,NO_ENGINE_SUBSTITUTION {{(pid=125378) _check_effective_sql_mode /usr/local/lib/python3.8/dist-packages/oslo_db/sqlalchemy/engines.py:314}}
Sep 26 17:58:17.933870 dv-cinder-859317-1-iscsi devstack@c-api.service[125379]: INFO cinder.volume.api [None req-eac59ddc-ca7b-49b4-8bcb-26dd5196998a tempest-GroupsTest-2093682022 tempest-GroupsTest-2093682022-project] Get all volumes completed successfully.
Sep 26 17:58:17.934929 dv-cinder-859317-1-iscsi devstack@c-api.service[125378]: /usr/local/lib/python3.8/dist-packages/oslo_context/context.py:100: DeprecationWarning: Policy enforcement is depending on the value of is_admin. This key is deprecated. Please update your policy file to use the standard policy values.
Sep 26 17:58:17.934929 dv-cinder-859317-1-iscsi devstack@c-api.service[125378]: warnings.warn('Policy enforcement is depending on the value of '
Sep 26 17:58:17.941821 dv-cinder-859317-1-iscsi devstack@c-api.service[125379]: INFO cinder.api.openstack.wsgi [None req-eac59ddc-ca7b-49b4-8bcb-26dd5196998a tempest-GroupsTest-2093682022 tempest-GroupsTest-2093682022-project] http://10.222.0.49/volume/v3/b570a711d9814f1e8b194d5ee17ffef7/volumes/detail returned with HTTP 200
Sep 26 17:58:17.945369 dv-cinder-859317-1-iscsi devstack@c-api.service[125379]: [pid: 125379|app: 0|req: 122/226] 10.222.0.49 () {60 vars in 1276 bytes} [Mon Sep 26 17:58:17 2022] GET /volume/v3/b570a711d9814f1e8b194d5ee17ffef7/volumes/detail => generated 15 bytes in 71 msecs (HTTP/1.1 200) 7 headers in 285 bytes (2 switches on core 0)
Sep 26 17:58:17.958980 dv-cinder-859317-1-iscsi devstack@c-api.service[125378]: INFO cinder.api.openstack.wsgi [None req-cc7acf15-067b-4228-8ec1-44580e7b3215 tempest-GroupSnapshotsTest-1790810789 tempest-GroupSnapshotsTest-1790810789-project] http://10.222.0.49/volume/v3/f0b87420caf2467eab5d91bc78e6324c/volumes returned with HTTP 202
Sep 26 17:58:17.959785 dv-cinder-859317-1-iscsi devstack@c-api.service[125379]: DEBUG cinder.api.middleware.request_id [None req-33860143-c116-43ec-92a4-6ed387381b2f None None] RequestId filter calling following filter/app {{(pid=125379) _context_setter /opt/stack/cinder/cinder/api/middleware/request_id.py:62}}
Sep 26 17:58:17.963408 dv-cinder-859317-1-iscsi devstack@c-api.service[125378]: [pid: 125378|app: 0|req: 105/227] 10.222.0.49 () {62 vars in 1277 bytes} [Mon Sep 26 17:58:17 2022] POST /volume/v3/f0b87420caf2467eab5d91bc78e6324c/volumes => generated 907 bytes in 830 msecs (HTTP/1.1 202) 7 headers in 292 bytes (2 switches on core 0)
Sep 26 17:58:17.967853 dv-cinder-859317-1-iscsi devstack@c-api.service[125379]: INFO cinder.api.openstack.wsgi [None req-33860143-c116-43ec-92a4-6ed387381b2f tempest-GroupsTest-2093682022 tempest-GroupsTest-2093682022-project] POST http://10.222.0.49/volume/v3/b570a711d9814f1e8b194d5ee17ffef7/groups/46cd564b-2812-4068-b1fe-03eae02b654e/action
Sep 26 17:58:17.968784 dv-cinder-859317-1-iscsi devstack@c-api.service[125379]: DEBUG cinder.api.openstack.wsgi [None req-33860143-c116-43ec-92a4-6ed387381b2f tempest-GroupsTest-2093682022 tempest-GroupsTest-2093682022-project] Action body: b'{"delete": {"delete-volumes": true}}' {{(pid=125379) get_method /opt/stack/cinder/cinder/api/openstack/wsgi.py:983}}
Sep 26 17:58:17.969241 dv-cinder-859317-1-iscsi devstack@c-api.service[125379]: DEBUG cinder.api.openstack.wsgi [None req-33860143-c116-43ec-92a4-6ed387381b2f tempest-GroupsTest-2093682022 tempest-GroupsTest-2093682022-project] Action: 'action', calling method: delete_group, body: {"delete": {"delete-volumes": true}} {{(pid=125379) _process_stack /opt/stack/cinder/cinder/api/openstack/wsgi.py:866}}
Sep 26 17:58:17.971508 dv-cinder-859317-1-iscsi devstack@c-api.service[125379]: DEBUG cinder.api.v3.groups [None req-33860143-c116-43ec-92a4-6ed387381b2f tempest-GroupsTest-2093682022 tempest-GroupsTest-2093682022-project] delete called for group 46cd564b-2812-4068-b1fe-03eae02b654e {{(pid=125379) _delete /opt/stack/cinder/cinder/api/v3/groups.py:117}}
Sep 26 17:58:17.972040 dv-cinder-859317-1-iscsi devstack@c-api.service[125379]: INFO cinder.api.v3.groups [None req-33860143-c116-43ec-92a4-6ed387381b2f tempest-GroupsTest-2093682022 tempest-GroupsTest-2093682022-project] Delete group with id: 46cd564b-2812-4068-b1fe-03eae02b654e
Sep 26 17:58:17.976564 dv-cinder-859317-1-iscsi devstack@c-api.service[125378]: DEBUG cinder.api.middleware.request_id [None req-0b10fc04-206b-4fd1-a1a9-2799fcc1ee3a None None] RequestId filter calling following filter/app {{(pid=125378) _context_setter /opt/stack/cinder/cinder/api/middleware/request_id.py:62}}
Sep 26 17:58:17.980471 dv-cinder-859317-1-iscsi devstack@c-api.service[125378]: INFO cinder.api.openstack.wsgi [None req-0b10fc04-206b-4fd1-a1a9-2799fcc1ee3a tempest-GroupSnapshotsTest-1790810789 tempest-GroupSnapshotsTest-1790810789-project] GET http://10.222.0.49/volume/v3/f0b87420caf2467eab5d91bc78e6324c/volumes/877c5d20-74fc-42a6-a18b-e66189924d51
Sep 26 17:58:17.981640 dv-cinder-859317-1-iscsi devstack@c-api.service[125379]: INFO cinder.api.openstack.wsgi [None req-33860143-c116-43ec-92a4-6ed387381b2f tempest-GroupsTest-2093682022 tempest-GroupsTest-2093682022-project] http://10.222.0.49/volume/v3/b570a711d9814f1e8b194d5ee17ffef7/groups/46cd564b-2812-4068-b1fe-03eae02b654e/action returned with HTTP 404
Sep 26 17:58:17.981751 dv-cinder-859317-1-iscsi devstack@c-api.service[125378]: DEBUG cinder.api.openstack.wsgi [None req-0b10fc04-206b-4fd1-a1a9-2799fcc1ee3a tempest-GroupSnapshotsTest-1790810789 tempest-GroupSnapshotsTest-1790810789-project] Empty body provided in request {{(pid=125378) get_body /opt/stack/cinder/cinder/api/openstack/wsgi.py:715}}
Sep 26 17:58:17.981883 dv-cinder-859317-1-iscsi devstack@c-api.service[125378]: DEBUG cinder.api.openstack.wsgi [None req-0b10fc04-206b-4fd1-a1a9-2799fcc1ee3a tempest-GroupSnapshotsTest-1790810789 tempest-GroupSnapshotsTest-1790810789-project] Calling method 'show' {{(pid=125378) _process_stack /opt/stack/cinder/cinder/api/openstack/wsgi.py:868}}
Sep 26 17:58:17.986403 dv-cinder-859317-1-iscsi devstack@c-api.service[125379]: [pid: 125379|app: 0|req: 123/228] 10.222.0.49 () {62 vars in 1405 bytes} [Mon Sep 26 17:58:17 2022] POST /volume/v3/b570a711d9814f1e8b194d5ee17ffef7/groups/46cd564b-2812-4068-b1fe-03eae02b654e/action => generated 108 bytes in 24 msecs (HTTP/1.1 404) 7 headers in 293 bytes (2 switches on core 0)
Sep 26 17:58:17.988375 dv-cinder-859317-1-iscsi devstack@c-api.service[125379]: DEBUG cinder.api.middleware.request_id [None req-6bed9b7b-a264-4d9d-acad-e4aae4683c35 None None] RequestId filter calling following filter/app {{(pid=125379) _context_setter /opt/stack/cinder/cinder/api/middleware/request_id.py:62}}
Sep 26 17:58:17.992043 dv-cinder-859317-1-iscsi devstack@c-api.service[125379]: INFO cinder.api.openstack.wsgi [None req-6bed9b7b-a264-4d9d-acad-e4aae4683c35 tempest-GroupsTest-1379157549 tempest-GroupsTest-1379157549-project-admin] DELETE http://10.222.0.49/volume/v3/eb5e651d2b1b4b3a972ed2cd87b24828/group_types/bae776b3-b06c-4e57-ab0c-a7c226a548a5
Sep 26 17:58:17.992534 dv-cinder-859317-1-iscsi devstack@c-api.service[125379]: DEBUG cinder.api.openstack.wsgi [None req-6bed9b7b-a264-4d9d-acad-e4aae4683c35 tempest-GroupsTest-1379157549 tempest-GroupsTest-1379157549-project-admin] Empty body provided in request {{(pid=125379) get_body /opt/stack/cinder/cinder/api/openstack/wsgi.py:715}}
Sep 26 17:58:17.992984 dv-cinder-859317-1-iscsi devstack@c-api.service[125379]: DEBUG cinder.api.openstack.wsgi [None req-6bed9b7b-a264-4d9d-acad-e4aae4683c35 tempest-GroupsTest-1379157549 tempest-GroupsTest-1379157549-project-admin] Calling method 'version_select' {{(pid=125379) _process_stack /opt/stack/cinder/cinder/api/openstack/wsgi.py:868}}
Sep 26 17:58:18.002397 dv-cinder-859317-1-iscsi devstack@c-api.service[125378]: /usr/local/lib/python3.8/dist-packages/oslo_context/context.py:100: DeprecationWarning: Policy enforcement is depending on the value of is_admin. This key is deprecated. Please update your policy file to use the standard policy values.
Sep 26 17:58:18.002397 dv-cinder-859317-1-iscsi devstack@c-api.service[125378]: warnings.warn('Policy enforcement is depending on the value of '
Sep 26 17:58:18.011068 dv-cinder-859317-1-iscsi devstack@c-api.service[125378]: INFO cinder.volume.api [None req-0b10fc04-206b-4fd1-a1a9-2799fcc1ee3a tempest-GroupSnapshotsTest-1790810789 tempest-GroupSnapshotsTest-1790810789-project] Volume info retrieved successfully.
Sep 26 17:58:18.012494 dv-cinder-859317-1-iscsi devstack@c-api.service[125378]: WARNING stevedore.named [None req-0b10fc04-206b-4fd1-a1a9-2799fcc1ee3a tempest-GroupSnapshotsTest-1790810789 tempest-GroupSnapshotsTest-1790810789-project] Could not load cinder.keymgr.conf_key_mgr.ConfKeyManager
Sep 26 17:58:18.012874 dv-cinder-859317-1-iscsi devstack@c-api.service[125378]: WARNING castellan.key_manager [None req-0b10fc04-206b-4fd1-a1a9-2799fcc1ee3a tempest-GroupSnapshotsTest-1790810789 tempest-GroupSnapshotsTest-1790810789-project] Deprecation Warning : cinder.keymgr.conf_key_mgr.ConfKeyManager is not a stevedore based driver, trying to load it as a class: stevedore.exception.NoMatches: No 'castellan.drivers' driver found, looking for 'cinder.keymgr.conf_key_mgr.ConfKeyManager'
Sep 26 17:58:18.020169 dv-cinder-859317-1-iscsi devstack@c-api.service[125378]: DEBUG oslo_db.sqlalchemy.engines [None req-0b10fc04-206b-4fd1-a1a9-2799fcc1ee3a tempest-GroupSnapshotsTest-1790810789 tempest-GroupSnapshotsTest-1790810789-project] MySQL server mode set to STRICT_TRANS_TABLES,STRICT_ALL_TABLES,NO_ZERO_IN_DATE,NO_ZERO_DATE,ERROR_FOR_DIVISION_BY_ZERO,TRADITIONAL,NO_ENGINE_SUBSTITUTION {{(pid=125378) _check_effective_sql_mode /usr/local/lib/python3.8/dist-packages/oslo_db/sqlalchemy/engines.py:314}}
Sep 26 17:58:18.026995 dv-cinder-859317-1-iscsi devstack@c-api.service[125378]: /usr/local/lib/python3.8/dist-packages/oslo_context/context.py:100: DeprecationWarning: Policy enforcement is depending on the value of is_admin. This key is deprecated. Please update your policy file to use the standard policy values.
Sep 26 17:58:18.026995 dv-cinder-859317-1-iscsi devstack@c-api.service[125378]: warnings.warn('Policy enforcement is depending on the value of '
Sep 26 17:58:18.041629 dv-cinder-859317-1-iscsi devstack@c-api.service[125378]: INFO cinder.api.openstack.wsgi [None req-0b10fc04-206b-4fd1-a1a9-2799fcc1ee3a tempest-GroupSnapshotsTest-1790810789 tempest-GroupSnapshotsTest-1790810789-project] http://10.222.0.49/volume/v3/f0b87420caf2467eab5d91bc78e6324c/volumes/877c5d20-74fc-42a6-a18b-e66189924d51 returned with HTTP 200
Sep 26 17:58:18.042384 dv-cinder-859317-1-iscsi devstack@c-api.service[125378]: [pid: 125378|app: 0|req: 106/229] 10.222.0.49 () {60 vars in 1366 bytes} [Mon Sep 26 17:58:17 2022] GET /volume/v3/f0b87420caf2467eab5d91bc78e6324c/volumes/877c5d20-74fc-42a6-a18b-e66189924d51 => generated 975 bytes in 67 msecs (HTTP/1.1 200) 7 headers in 286 bytes (2 switches on core 0)
Sep 26 17:58:18.054853 dv-cinder-859317-1-iscsi devstack@c-api.service[125378]: DEBUG cinder.api.middleware.request_id [None req-3e5ef4bc-4bd1-4cfd-874d-7ef530598529 None None] RequestId filter calling following filter/app {{(pid=125378) _context_setter /opt/stack/cinder/cinder/api/middleware/request_id.py:62}}
Sep 26 17:58:18.055745 dv-cinder-859317-1-iscsi devstack@c-api.service[125378]: INFO cinder.api.openstack.wsgi [None req-3e5ef4bc-4bd1-4cfd-874d-7ef530598529 None None] GET http://10.222.0.49/volume//
Sep 26 17:58:18.056145 dv-cinder-859317-1-iscsi devstack@c-api.service[125378]: DEBUG cinder.api.openstack.wsgi [None req-3e5ef4bc-4bd1-4cfd-874d-7ef530598529 None None] Empty body provided in request {{(pid=125378) get_body /opt/stack/cinder/cinder/api/openstack/wsgi.py:715}}
Sep 26 17:58:18.056600 dv-cinder-859317-1-iscsi devstack@c-api.service[125378]: DEBUG cinder.api.openstack.wsgi [None req-3e5ef4bc-4bd1-4cfd-874d-7ef530598529 None None] Calling method 'all' {{(pid=125378) _process_stack /opt/stack/cinder/cinder/api/openstack/wsgi.py:868}}
Sep 26 17:58:18.060703 dv-cinder-859317-1-iscsi devstack@c-api.service[125378]: INFO cinder.api.openstack.wsgi [None req-3e5ef4bc-4bd1-4cfd-874d-7ef530598529 None None] http://10.222.0.49/volume// returned with HTTP 300
