Sep 28 15:42:57.252785 dv-cinder-859316-1-smb devstack@c-api.service[119947]: DEBUG cinder.api.v3.volumes [None req-9763a055-13ac-4754-8bcf-0df41e98f698 tempest-VolumesListAdminTestJSON-247389653 tempest-VolumesListAdminTestJSON-247389653-project] Create volume request body: {'volume': {'size': 1, 'name': 'tempest-VolumesListAdminTestJSON-Volume-1922750232'}} {{(pid=119947) create /opt/stack/cinder/cinder/api/v3/volumes.py:298}}
Sep 28 15:42:57.253215 dv-cinder-859316-1-smb devstack@c-api.service[119947]: INFO cinder.api.v3.volumes [None req-9763a055-13ac-4754-8bcf-0df41e98f698 tempest-VolumesListAdminTestJSON-247389653 tempest-VolumesListAdminTestJSON-247389653-project] Create volume of 1 GB
Sep 28 15:42:57.269518 dv-cinder-859316-1-smb devstack@c-api.service[119947]: INFO cinder.volume.api [None req-9763a055-13ac-4754-8bcf-0df41e98f698 tempest-VolumesListAdminTestJSON-247389653 tempest-VolumesListAdminTestJSON-247389653-project] Availability Zones retrieved successfully.
Sep 28 15:42:57.304412 dv-cinder-859316-1-smb devstack@c-api.service[119947]: DEBUG cinder.volume.api [None req-9763a055-13ac-4754-8bcf-0df41e98f698 tempest-VolumesListAdminTestJSON-247389653 tempest-VolumesListAdminTestJSON-247389653-project] Flow 'volume_create_api' (959f01e2-9cac-4eec-b8cb-f6f9eb7a93a0) transitioned into state 'RUNNING' from state 'PENDING' {{(pid=119947) _flow_receiver /usr/local/lib/python3.8/dist-packages/taskflow/listeners/logging.py:141}}
Sep 28 15:42:57.306839 dv-cinder-859316-1-smb devstack@c-api.service[119947]: DEBUG cinder.volume.api [None req-9763a055-13ac-4754-8bcf-0df41e98f698 tempest-VolumesListAdminTestJSON-247389653 tempest-VolumesListAdminTestJSON-247389653-project] Task 'cinder.volume.flows.api.create_volume.ExtractVolumeRequestTask;volume:create' (5ac641b3-beeb-4913-b35d-ca4ffd9b815c) transitioned into state 'RUNNING' from state 'PENDING' {{(pid=119947) _task_receiver /usr/local/lib/python3.8/dist-packages/taskflow/listeners/logging.py:190}}
Sep 28 15:42:57.317774 dv-cinder-859316-1-smb devstack@c-api.service[119947]: DEBUG cinder.volume.flows.api.create_volume [None req-9763a055-13ac-4754-8bcf-0df41e98f698 tempest-VolumesListAdminTestJSON-247389653 tempest-VolumesListAdminTestJSON-247389653-project] Validating volume size '1' using validate_int {{(pid=119947) _extract_size /opt/stack/cinder/cinder/volume/flows/api/create_volume.py:228}}
Sep 28 15:42:57.359925 dv-cinder-859316-1-smb devstack@c-api.service[119948]: DEBUG cinder.api.middleware.request_id [None req-306373ff-6b00-49b3-96bc-c392cc4e72fb None None] RequestId filter calling following filter/app {{(pid=119948) _context_setter /opt/stack/cinder/cinder/api/middleware/request_id.py:62}}
Sep 28 15:42:57.365467 dv-cinder-859316-1-smb devstack@c-api.service[119948]: INFO cinder.api.openstack.wsgi [None req-306373ff-6b00-49b3-96bc-c392cc4e72fb tempest-GroupSnapshotsTest-1130979466 tempest-GroupSnapshotsTest-1130979466-project] GET http://10.222.0.67/volume/v3/bc4073215c4d4084bf87cd7ef3dd1fac/groups/d4836ace-39db-4d2b-86ff-0af5ac083d43
Sep 28 15:42:57.365960 dv-cinder-859316-1-smb devstack@c-api.service[119948]: DEBUG cinder.api.openstack.wsgi [None req-306373ff-6b00-49b3-96bc-c392cc4e72fb tempest-GroupSnapshotsTest-1130979466 tempest-GroupSnapshotsTest-1130979466-project] Empty body provided in request {{(pid=119948) get_body /opt/stack/cinder/cinder/api/openstack/wsgi.py:715}}
Sep 28 15:42:57.366402 dv-cinder-859316-1-smb devstack@c-api.service[119948]: DEBUG cinder.api.openstack.wsgi [None req-306373ff-6b00-49b3-96bc-c392cc4e72fb tempest-GroupSnapshotsTest-1130979466 tempest-GroupSnapshotsTest-1130979466-project] Calling method 'version_select' {{(pid=119948) _process_stack /opt/stack/cinder/cinder/api/openstack/wsgi.py:868}}
Sep 28 15:42:57.374002 dv-cinder-859316-1-smb devstack@c-api.service[119948]: DEBUG cinder.api.v3.groups [None req-306373ff-6b00-49b3-96bc-c392cc4e72fb tempest-GroupSnapshotsTest-1130979466 tempest-GroupSnapshotsTest-1130979466-project] show called for member d4836ace-39db-4d2b-86ff-0af5ac083d43 {{(pid=119948) show /opt/stack/cinder/cinder/api/v3/groups.py:58}}
Sep 28 15:42:57.392582 dv-cinder-859316-1-smb devstack@c-api.service[119948]: /usr/local/lib/python3.8/dist-packages/oslo_context/context.py:100: DeprecationWarning: Policy enforcement is depending on the value of is_admin. This key is deprecated. Please update your policy file to use the standard policy values.
Sep 28 15:42:57.392582 dv-cinder-859316-1-smb devstack@c-api.service[119948]: warnings.warn('Policy enforcement is depending on the value of '
Sep 28 15:42:57.407047 dv-cinder-859316-1-smb devstack@c-api.service[119947]: DEBUG cinder.volume.api [None req-9763a055-13ac-4754-8bcf-0df41e98f698 tempest-VolumesListAdminTestJSON-247389653 tempest-VolumesListAdminTestJSON-247389653-project] Task 'cinder.volume.flows.api.create_volume.ExtractVolumeRequestTask;volume:create' (5ac641b3-beeb-4913-b35d-ca4ffd9b815c) transitioned into state 'SUCCESS' from state 'RUNNING' with result '{'size': 1, 'snapshot_id': None, 'source_volid': None, 'volume_type': VolumeType(created_at=2022-09-28T15:32:05Z,deleted=False,deleted_at=None,description='Default Volume Type',extra_specs={},id=0d824b53-3866-4198-a4d9-f2e4cb7ce81a,is_public=True,name='__DEFAULT__',projects=[],qos_specs=,qos_specs_id=None,updated_at=2022-09-28T15:32:05Z), 'volume_type_id': '0d824b53-3866-4198-a4d9-f2e4cb7ce81a', 'encryption_key_id': None, 'qos_specs': None, 'consistencygroup_id': None, 'cgsnapshot_id': None, 'group_id': None, 'replication_status': 'disabled', 'refresh_az': False, 'backup_id': None, 'multiattach': False, 'availability_zones': ['nova']}' {{(pid=119947) _task_receiver /usr/local/lib/python3.8/dist-packages/taskflow/listeners/logging.py:178}}
Sep 28 15:42:57.409834 dv-cinder-859316-1-smb devstack@c-api.service[119947]: DEBUG cinder.volume.api [None req-9763a055-13ac-4754-8bcf-0df41e98f698 tempest-VolumesListAdminTestJSON-247389653 tempest-VolumesListAdminTestJSON-247389653-project] Task 'cinder.volume.flows.api.create_volume.QuotaReserveTask;volume:create' (81d03b43-578a-45c1-853f-a88640a7b197) transitioned into state 'RUNNING' from state 'PENDING' {{(pid=119947) _task_receiver /usr/local/lib/python3.8/dist-packages/taskflow/listeners/logging.py:190}}
Sep 28 15:42:57.414524 dv-cinder-859316-1-smb devstack@c-api.service[119948]: INFO cinder.api.openstack.wsgi [None req-306373ff-6b00-49b3-96bc-c392cc4e72fb tempest-GroupSnapshotsTest-1130979466 tempest-GroupSnapshotsTest-1130979466-project] http://10.222.0.67/volume/v3/bc4073215c4d4084bf87cd7ef3dd1fac/groups/d4836ace-39db-4d2b-86ff-0af5ac083d43 returned with HTTP 200
Sep 28 15:42:57.417151 dv-cinder-859316-1-smb devstack@c-api.service[119948]: [pid: 119948|app: 0|req: 140/254] 10.222.0.67 () {60 vars in 1363 bytes} [Wed Sep 28 15:42:57 2022] GET /volume/v3/bc4073215c4d4084bf87cd7ef3dd1fac/groups/d4836ace-39db-4d2b-86ff-0af5ac083d43 => generated 392 bytes in 58 msecs (HTTP/1.1 200) 7 headers in 286 bytes (1 switches on core 0)
Sep 28 15:42:57.429861 dv-cinder-859316-1-smb devstack@c-api.service[119948]: DEBUG cinder.api.middleware.request_id [None req-6239c572-c9b0-4951-8f4d-9ae5f599f72c None None] RequestId filter calling following filter/app {{(pid=119948) _context_setter /opt/stack/cinder/cinder/api/middleware/request_id.py:62}}
Sep 28 15:42:57.441133 dv-cinder-859316-1-smb devstack@c-api.service[119948]: INFO cinder.api.openstack.wsgi [None req-6239c572-c9b0-4951-8f4d-9ae5f599f72c tempest-GroupSnapshotsTest-1130979466 tempest-GroupSnapshotsTest-1130979466-project] GET http://10.222.0.67/volume/v3/bc4073215c4d4084bf87cd7ef3dd1fac/volumes/detail
Sep 28 15:42:57.443242 dv-cinder-859316-1-smb devstack@c-api.service[119948]: DEBUG cinder.api.openstack.wsgi [None req-6239c572-c9b0-4951-8f4d-9ae5f599f72c tempest-GroupSnapshotsTest-1130979466 tempest-GroupSnapshotsTest-1130979466-project] Empty body provided in request {{(pid=119948) get_body /opt/stack/cinder/cinder/api/openstack/wsgi.py:715}}
Sep 28 15:42:57.444215 dv-cinder-859316-1-smb devstack@c-api.service[119948]: DEBUG cinder.api.openstack.wsgi [None req-6239c572-c9b0-4951-8f4d-9ae5f599f72c tempest-GroupSnapshotsTest-1130979466 tempest-GroupSnapshotsTest-1130979466-project] Calling method 'detail' {{(pid=119948) _process_stack /opt/stack/cinder/cinder/api/openstack/wsgi.py:868}}
Sep 28 15:42:57.446139 dv-cinder-859316-1-smb devstack@c-api.service[119948]: DEBUG cinder.api.api_utils [None req-6239c572-c9b0-4951-8f4d-9ae5f599f72c tempest-GroupSnapshotsTest-1130979466 tempest-GroupSnapshotsTest-1130979466-project] Removing options '' from query. {{(pid=119948) remove_invalid_filter_options /opt/stack/cinder/cinder/api/api_utils.py:84}}
Sep 28 15:42:57.450494 dv-cinder-859316-1-smb devstack@c-api.service[119948]: /usr/local/lib/python3.8/dist-packages/oslo_context/context.py:100: DeprecationWarning: Policy enforcement is depending on the value of is_admin. This key is deprecated. Please update your policy file to use the standard policy values.
Sep 28 15:42:57.450494 dv-cinder-859316-1-smb devstack@c-api.service[119948]: warnings.warn('Policy enforcement is depending on the value of '
Sep 28 15:42:57.453168 dv-cinder-859316-1-smb devstack@c-api.service[119948]: DEBUG cinder.volume.api [None req-6239c572-c9b0-4951-8f4d-9ae5f599f72c tempest-GroupSnapshotsTest-1130979466 tempest-GroupSnapshotsTest-1130979466-project] Searching by: MultiDict([('no_migration_targets', True)]). {{(pid=119948) get_all /opt/stack/cinder/cinder/volume/api.py:664}}
Sep 28 15:42:57.466530 dv-cinder-859316-1-smb devstack@c-api.service[119947]: DEBUG dbcounter [-] [119947] Writing DB stats cinder:SELECT=84,cinder:UPDATE=12,cinder:INSERT=4 {{(pid=119947) stat_writer /usr/local/lib/python3.8/dist-packages/dbcounter.py:114}}
Sep 28 15:42:57.477415 dv-cinder-859316-1-smb devstack@c-api.service[119947]: DEBUG cinder.quota [None req-9763a055-13ac-4754-8bcf-0df41e98f698 tempest-VolumesListAdminTestJSON-247389653 tempest-VolumesListAdminTestJSON-247389653-project] Created reservations ['743a0797-77b6-49f8-bde0-99c7b2a760f1', 'b6e074c8-bc43-42cd-9713-3903129c1df6', '0a0ef9b7-f55c-4056-b0e5-4f8b9a6af70e', '4291147e-64f9-4056-b1e4-fda838893c82'] {{(pid=119947) reserve /opt/stack/cinder/cinder/quota.py:755}}
Sep 28 15:42:57.479664 dv-cinder-859316-1-smb devstack@c-api.service[119947]: DEBUG cinder.volume.api [None req-9763a055-13ac-4754-8bcf-0df41e98f698 tempest-VolumesListAdminTestJSON-247389653 tempest-VolumesListAdminTestJSON-247389653-project] Task 'cinder.volume.flows.api.create_volume.QuotaReserveTask;volume:create' (81d03b43-578a-45c1-853f-a88640a7b197) transitioned into state 'SUCCESS' from state 'RUNNING' with result '{'reservations': ['743a0797-77b6-49f8-bde0-99c7b2a760f1', 'b6e074c8-bc43-42cd-9713-3903129c1df6', '0a0ef9b7-f55c-4056-b0e5-4f8b9a6af70e', '4291147e-64f9-4056-b1e4-fda838893c82']}' {{(pid=119947) _task_receiver /usr/local/lib/python3.8/dist-packages/taskflow/listeners/logging.py:178}}
Sep 28 15:42:57.481827 dv-cinder-859316-1-smb devstack@c-api.service[119947]: DEBUG cinder.volume.api [None req-9763a055-13ac-4754-8bcf-0df41e98f698 tempest-VolumesListAdminTestJSON-247389653 tempest-VolumesListAdminTestJSON-247389653-project] Task 'cinder.volume.flows.api.create_volume.EntryCreateTask;volume:create' (ea189472-01a0-4ac7-8cb3-e0b7d9b3f50b) transitioned into state 'RUNNING' from state 'PENDING' {{(pid=119947) _task_receiver /usr/local/lib/python3.8/dist-packages/taskflow/listeners/logging.py:190}}
Sep 28 15:42:57.512913 dv-cinder-859316-1-smb devstack@c-api.service[119947]: DEBUG cinder.volume.api [None req-9763a055-13ac-4754-8bcf-0df41e98f698 tempest-VolumesListAdminTestJSON-247389653 tempest-VolumesListAdminTestJSON-247389653-project] Task 'cinder.volume.flows.api.create_volume.EntryCreateTask;volume:create' (ea189472-01a0-4ac7-8cb3-e0b7d9b3f50b) transitioned into state 'SUCCESS' from state 'RUNNING' with result '{'volume_id': 'd16981f2-2dad-4b4d-881b-5f8ebf49828c', 'volume_properties': VolumeProperties(attach_status='detached',availability_zone='nova',cgsnapshot_id=None,consistencygroup_id=None,display_description=None,display_name='tempest-VolumesListAdminTestJSON-Volume-1922750232',encryption_key_id=None,group_id=None,group_type_id=,metadata={},multiattach=False,project_id='b7a97777f3a643798ddd7df94382bf69',qos_specs=None,replication_status=,reservations=['743a0797-77b6-49f8-bde0-99c7b2a760f1','b6e074c8-bc43-42cd-9713-3903129c1df6','0a0ef9b7-f55c-4056-b0e5-4f8b9a6af70e','4291147e-64f9-4056-b1e4-fda838893c82'],size=1,snapshot_id=None,source_replicaid=,source_volid=None,status='creating',user_id='a11a0ca3f65b466faccffcf0cb227c75',volume_type_id=0d824b53-3866-4198-a4d9-f2e4cb7ce81a), 'volume': Volume(_name_id=None,admin_metadata=,attach_status='detached',availability_zone='nova',bootable=False,cluster=,cluster_name=None,consistencygroup=,consistencygroup_id=None,created_at=2022-09-28T15:42:57Z,deleted=False,deleted_at=None,display_description=None,display_name='tempest-VolumesListAdminTestJSON-Volume-1922750232',ec2_id=None,encryption_key_id=None,glance_metadata=,group=,group_id=None,host=None,id=d16981f2-2dad-4b4d-881b-5f8ebf49828c,launched_at=None,metadata={},migration_status=None,multiattach=False,previous_status=None,project_id='b7a97777f3a643798ddd7df94382bf69',provider_auth=None,provider_geometry=None,provider_id=None,provider_location=None,replication_driver_data=None,replication_extended_status=None,replication_status=None,scheduled_at=None,service_uuid=None,shared_targets=True,size=1,snapshot_id=None,snapshots=,source_volid=None,status='creating',terminated_at=None,updated_at=None,use_quota=True,user_id='a11a0ca3f65b466faccffcf0cb227c75',volume_attachment=VolumeAttachmentList,volume_type=VolumeType(0d824b53-3866-4198-a4d9-f2e4cb7ce81a),volume_type_id=0d824b53-3866-4198-a4d9-f2e4cb7ce81a)}' {{(pid=119947) _task_receiver /usr/local/lib/python3.8/dist-packages/taskflow/listeners/logging.py:178}}
Sep 28 15:42:57.515714 dv-cinder-859316-1-smb devstack@c-api.service[119947]: DEBUG cinder.volume.api [None req-9763a055-13ac-4754-8bcf-0df41e98f698 tempest-VolumesListAdminTestJSON-247389653 tempest-VolumesListAdminTestJSON-247389653-project] Task 'cinder.volume.flows.api.create_volume.QuotaCommitTask;volume:create' (75b3b403-f48c-4f1d-b3d1-70dd8d048cb9) transitioned into state 'RUNNING' from state 'PENDING' {{(pid=119947) _task_receiver /usr/local/lib/python3.8/dist-packages/taskflow/listeners/logging.py:190}}
Sep 28 15:42:57.533821 dv-cinder-859316-1-smb devstack@c-api.service[119948]: INFO cinder.volume.api [None req-6239c572-c9b0-4951-8f4d-9ae5f599f72c tempest-GroupSnapshotsTest-1130979466 tempest-GroupSnapshotsTest-1130979466-project] Get all volumes completed successfully.
Sep 28 15:42:57.535373 dv-cinder-859316-1-smb devstack@c-api.service[119948]: WARNING stevedore.named [None req-6239c572-c9b0-4951-8f4d-9ae5f599f72c tempest-GroupSnapshotsTest-1130979466 tempest-GroupSnapshotsTest-1130979466-project] Could not load cinder.keymgr.conf_key_mgr.ConfKeyManager
Sep 28 15:42:57.535817 dv-cinder-859316-1-smb devstack@c-api.service[119948]: WARNING castellan.key_manager [None req-6239c572-c9b0-4951-8f4d-9ae5f599f72c tempest-GroupSnapshotsTest-1130979466 tempest-GroupSnapshotsTest-1130979466-project] Deprecation Warning : cinder.keymgr.conf_key_mgr.ConfKeyManager is not a stevedore based driver, trying to load it as a class: stevedore.exception.NoMatches: No 'castellan.drivers' driver found, looking for 'cinder.keymgr.conf_key_mgr.ConfKeyManager'
Sep 28 15:42:57.544461 dv-cinder-859316-1-smb devstack@c-api.service[119948]: DEBUG oslo_db.sqlalchemy.engines [None req-6239c572-c9b0-4951-8f4d-9ae5f599f72c tempest-GroupSnapshotsTest-1130979466 tempest-GroupSnapshotsTest-1130979466-project] MySQL server mode set to STRICT_TRANS_TABLES,STRICT_ALL_TABLES,NO_ZERO_IN_DATE,NO_ZERO_DATE,ERROR_FOR_DIVISION_BY_ZERO,TRADITIONAL,NO_ENGINE_SUBSTITUTION {{(pid=119948) _check_effective_sql_mode /usr/local/lib/python3.8/dist-packages/oslo_db/sqlalchemy/engines.py:314}}
Sep 28 15:42:57.548909 dv-cinder-859316-1-smb devstack@c-api.service[119947]: DEBUG cinder.volume.api [None req-9763a055-13ac-4754-8bcf-0df41e98f698 tempest-VolumesListAdminTestJSON-247389653 tempest-VolumesListAdminTestJSON-247389653-project] Task 'cinder.volume.flows.api.create_volume.QuotaCommitTask;volume:create' (75b3b403-f48c-4f1d-b3d1-70dd8d048cb9) transitioned into state 'SUCCESS' from state 'RUNNING' with result '{'volume_properties': VolumeProperties(attach_status='detached',availability_zone='nova',cgsnapshot_id=None,consistencygroup_id=None,display_description=None,display_name='tempest-VolumesListAdminTestJSON-Volume-1922750232',encryption_key_id=None,group_id=None,group_type_id=,metadata={},multiattach=False,project_id='b7a97777f3a643798ddd7df94382bf69',qos_specs=None,replication_status=,reservations=['743a0797-77b6-49f8-bde0-99c7b2a760f1','b6e074c8-bc43-42cd-9713-3903129c1df6','0a0ef9b7-f55c-4056-b0e5-4f8b9a6af70e','4291147e-64f9-4056-b1e4-fda838893c82'],size=1,snapshot_id=None,source_replicaid=,source_volid=None,status='creating',user_id='a11a0ca3f65b466faccffcf0cb227c75',volume_type_id=0d824b53-3866-4198-a4d9-f2e4cb7ce81a)}' {{(pid=119947) _task_receiver /usr/local/lib/python3.8/dist-packages/taskflow/listeners/logging.py:178}}
Sep 28 15:42:57.550709 dv-cinder-859316-1-smb devstack@c-api.service[119947]: DEBUG cinder.volume.api [None req-9763a055-13ac-4754-8bcf-0df41e98f698 tempest-VolumesListAdminTestJSON-247389653 tempest-VolumesListAdminTestJSON-247389653-project] Task 'cinder.volume.flows.api.create_volume.VolumeCastTask;volume:create' (962ce35d-24d9-43f0-bbe7-547cfade35b8) transitioned into state 'RUNNING' from state 'PENDING' {{(pid=119947) _task_receiver /usr/local/lib/python3.8/dist-packages/taskflow/listeners/logging.py:190}}
Sep 28 15:42:57.555402 dv-cinder-859316-1-smb devstack@c-api.service[119948]: /usr/local/lib/python3.8/dist-packages/oslo_context/context.py:100: DeprecationWarning: Policy enforcement is depending on the value of is_admin. This key is deprecated. Please update your policy file to use the standard policy values.
Sep 28 15:42:57.555402 dv-cinder-859316-1-smb devstack@c-api.service[119948]: warnings.warn('Policy enforcement is depending on the value of '
Sep 28 15:42:57.564100 dv-cinder-859316-1-smb devstack@c-api.service[119948]: WARNING stevedore.named [None req-6239c572-c9b0-4951-8f4d-9ae5f599f72c tempest-GroupSnapshotsTest-1130979466 tempest-GroupSnapshotsTest-1130979466-project] Could not load cinder.keymgr.conf_key_mgr.ConfKeyManager
Sep 28 15:42:57.564525 dv-cinder-859316-1-smb devstack@c-api.service[119948]: WARNING castellan.key_manager [None req-6239c572-c9b0-4951-8f4d-9ae5f599f72c tempest-GroupSnapshotsTest-1130979466 tempest-GroupSnapshotsTest-1130979466-project] Deprecation Warning : cinder.keymgr.conf_key_mgr.ConfKeyManager is not a stevedore based driver, trying to load it as a class: stevedore.exception.NoMatches: No 'castellan.drivers' driver found, looking for 'cinder.keymgr.conf_key_mgr.ConfKeyManager'
Sep 28 15:42:57.573311 dv-cinder-859316-1-smb devstack@c-api.service[119947]: DEBUG cinder.volume.api [None req-9763a055-13ac-4754-8bcf-0df41e98f698 tempest-VolumesListAdminTestJSON-247389653 tempest-VolumesListAdminTestJSON-247389653-project] Task 'cinder.volume.flows.api.create_volume.VolumeCastTask;volume:create' (962ce35d-24d9-43f0-bbe7-547cfade35b8) transitioned into state 'SUCCESS' from state 'RUNNING' with result 'None' {{(pid=119947) _task_receiver /usr/local/lib/python3.8/dist-packages/taskflow/listeners/logging.py:178}}
Sep 28 15:42:57.576237 dv-cinder-859316-1-smb devstack@c-api.service[119947]: DEBUG cinder.volume.api [None req-9763a055-13ac-4754-8bcf-0df41e98f698 tempest-VolumesListAdminTestJSON-247389653 tempest-VolumesListAdminTestJSON-247389653-project] Flow 'volume_create_api' (959f01e2-9cac-4eec-b8cb-f6f9eb7a93a0) transitioned into state 'SUCCESS' from state 'RUNNING' {{(pid=119947) _flow_receiver /usr/local/lib/python3.8/dist-packages/taskflow/listeners/logging.py:141}}
Sep 28 15:42:57.577238 dv-cinder-859316-1-smb devstack@c-api.service[119947]: INFO cinder.volume.api [None req-9763a055-13ac-4754-8bcf-0df41e98f698 tempest-VolumesListAdminTestJSON-247389653 tempest-VolumesListAdminTestJSON-247389653-project] Create volume request issued successfully.
Sep 28 15:42:57.579107 dv-cinder-859316-1-smb devstack@c-api.service[119947]: INFO cinder.api.openstack.wsgi [None req-9763a055-13ac-4754-8bcf-0df41e98f698 tempest-VolumesListAdminTestJSON-247389653 tempest-VolumesListAdminTestJSON-247389653-project] http://10.222.0.67/volume/v3/b7a97777f3a643798ddd7df94382bf69/volumes returned with HTTP 202
Sep 28 15:42:57.594867 dv-cinder-859316-1-smb devstack@c-api.service[119947]: [pid: 119947|app: 0|req: 115/255] 10.222.0.67 () {60 vars in 1235 bytes} [Wed Sep 28 15:42:57 2022] POST /volume/v3/b7a97777f3a643798ddd7df94382bf69/volumes => generated 824 bytes in 339 msecs (HTTP/1.1 202) 7 headers in 291 bytes (1 switches on core 0)
Sep 28 15:42:57.595063 dv-cinder-859316-1-smb devstack@c-api.service[119948]: DEBUG oslo_db.sqlalchemy.engines [None req-6239c572-c9b0-4951-8f4d-9ae5f599f72c tempest-GroupSnapshotsTest-1130979466 tempest-GroupSnapshotsTest-1130979466-project] MySQL server mode set to STRICT_TRANS_TABLES,STRICT_ALL_TABLES,NO_ZERO_IN_DATE,NO_ZERO_DATE,ERROR_FOR_DIVISION_BY_ZERO,TRADITIONAL,NO_ENGINE_SUBSTITUTION {{(pid=119948) _check_effective_sql_mode /usr/local/lib/python3.8/dist-packages/oslo_db/sqlalchemy/engines.py:314}}
Sep 28 15:42:57.597203 dv-cinder-859316-1-smb devstack@c-api.service[119947]: DEBUG cinder.api.middleware.request_id [None req-c60895a6-a9f9-4d79-b814-94920cc9777b None None] RequestId filter calling following filter/app {{(pid=119947) _context_setter /opt/stack/cinder/cinder/api/middleware/request_id.py:62}}
Sep 28 15:42:57.597907 dv-cinder-859316-1-smb devstack@c-api.service[119948]: /usr/local/lib/python3.8/dist-packages/oslo_context/context.py:100: DeprecationWarning: Policy enforcement is depending on the value of is_admin. This key is deprecated. Please update your policy file to use the standard policy values.
Sep 28 15:42:57.597907 dv-cinder-859316-1-smb devstack@c-api.service[119948]: warnings.warn('Policy enforcement is depending on the value of '
Sep 28 15:42:57.601757 dv-cinder-859316-1-smb devstack@c-api.service[119947]: INFO cinder.api.openstack.wsgi [None req-c60895a6-a9f9-4d79-b814-94920cc9777b tempest-VolumesListAdminTestJSON-247389653 tempest-VolumesListAdminTestJSON-247389653-project] GET http://10.222.0.67/volume/v3/b7a97777f3a643798ddd7df94382bf69/volumes/d16981f2-2dad-4b4d-881b-5f8ebf49828c
Sep 28 15:42:57.602263 dv-cinder-859316-1-smb devstack@c-api.service[119947]: DEBUG cinder.api.openstack.wsgi [None req-c60895a6-a9f9-4d79-b814-94920cc9777b tempest-VolumesListAdminTestJSON-247389653 tempest-VolumesListAdminTestJSON-247389653-project] Empty body provided in request {{(pid=119947) get_body /opt/stack/cinder/cinder/api/openstack/wsgi.py:715}}
Sep 28 15:42:57.602729 dv-cinder-859316-1-smb devstack@c-api.service[119947]: DEBUG cinder.api.openstack.wsgi [None req-c60895a6-a9f9-4d79-b814-94920cc9777b tempest-VolumesListAdminTestJSON-247389653 tempest-VolumesListAdminTestJSON-247389653-project] Calling method 'show' {{(pid=119947) _process_stack /opt/stack/cinder/cinder/api/openstack/wsgi.py:868}}
Sep 28 15:42:57.628804 dv-cinder-859316-1-smb devstack@c-api.service[119948]: INFO cinder.api.openstack.wsgi [None req-6239c572-c9b0-4951-8f4d-9ae5f599f72c tempest-GroupSnapshotsTest-1130979466 tempest-GroupSnapshotsTest-1130979466-project] http://10.222.0.67/volume/v3/bc4073215c4d4084bf87cd7ef3dd1fac/volumes/detail returned with HTTP 200
Sep 28 15:42:57.631479 dv-cinder-859316-1-smb devstack@c-api.service[119948]: [pid: 119948|app: 0|req: 141/256] 10.222.0.67 () {60 vars in 1276 bytes} [Wed Sep 28 15:42:57 2022] GET /volume/v3/bc4073215c4d4084bf87cd7ef3dd1fac/volumes/detail => generated 1994 bytes in 207 msecs (HTTP/1.1 200) 7 headers in 287 bytes (2 switches on core 0)
Sep 28 15:42:57.633481 dv-cinder-859316-1-smb devstack@c-api.service[119947]: /usr/local/lib/python3.8/dist-packages/oslo_context/context.py:100: DeprecationWarning: Policy enforcement is depending on the value of is_admin. This key is deprecated. Please update your policy file to use the standard policy values.
Sep 28 15:42:57.633481 dv-cinder-859316-1-smb devstack@c-api.service[119947]: warnings.warn('Policy enforcement is depending on the value of '
Sep 28 15:42:57.649667 dv-cinder-859316-1-smb devstack@c-api.service[119948]: DEBUG cinder.api.middleware.request_id [None req-f5621fb9-b5e1-4393-8a81-ad9139a3a740 None None] RequestId filter calling following filter/app {{(pid=119948) _context_setter /opt/stack/cinder/cinder/api/middleware/request_id.py:62}}
Sep 28 15:42:57.656678 dv-cinder-859316-1-smb devstack@c-api.service[119948]: INFO cinder.api.openstack.wsgi [None req-f5621fb9-b5e1-4393-8a81-ad9139a3a740 tempest-GroupSnapshotsTest-1130979466 tempest-GroupSnapshotsTest-1130979466-project] POST http://10.222.0.67/volume/v3/bc4073215c4d4084bf87cd7ef3dd1fac/group_snapshots
Sep 28 15:42:57.659591 dv-cinder-859316-1-smb devstack@c-api.service[119948]: DEBUG cinder.api.openstack.wsgi [None req-f5621fb9-b5e1-4393-8a81-ad9139a3a740 tempest-GroupSnapshotsTest-1130979466 tempest-GroupSnapshotsTest-1130979466-project] Action: 'create', calling method: version_select, body: {"group_snapshot": {"group_id": "d4836ace-39db-4d2b-86ff-0af5ac083d43", "name": "tempest-GroupSnapshotsTest-Group_Snapshot-374346068"}} {{(pid=119948) _process_stack /opt/stack/cinder/cinder/api/openstack/wsgi.py:866}}
Sep 28 15:42:57.661545 dv-cinder-859316-1-smb devstack@c-api.service[119947]: INFO cinder.volume.api [None req-c60895a6-a9f9-4d79-b814-94920cc9777b tempest-VolumesListAdminTestJSON-247389653 tempest-VolumesListAdminTestJSON-247389653-project] Volume info retrieved successfully.
Sep 28 15:42:57.663252 dv-cinder-859316-1-smb devstack@c-api.service[119948]: DEBUG cinder.api.v3.group_snapshots [None req-f5621fb9-b5e1-4393-8a81-ad9139a3a740 tempest-GroupSnapshotsTest-1130979466 tempest-GroupSnapshotsTest-1130979466-project] Creating new group_snapshot {'group_snapshot': {'group_id': 'd4836ace-39db-4d2b-86ff-0af5ac083d43', 'name': 'tempest-GroupSnapshotsTest-Group_Snapshot-374346068'}} {{(pid=119948) create /opt/stack/cinder/cinder/api/v3/group_snapshots.py:154}}
Sep 28 15:42:57.677015 dv-cinder-859316-1-smb devstack@c-api.service[119947]: INFO cinder.api.openstack.wsgi [None req-c60895a6-a9f9-4d79-b814-94920cc9777b tempest-VolumesListAdminTestJSON-247389653 tempest-VolumesListAdminTestJSON-247389653-project] http://10.222.0.67/volume/v3/b7a97777f3a643798ddd7df94382bf69/volumes/d16981f2-2dad-4b4d-881b-5f8ebf49828c returned with HTTP 200
Sep 28 15:42:57.677983 dv-cinder-859316-1-smb devstack@c-api.service[119947]: [pid: 119947|app: 0|req: 116/257] 10.222.0.67 () {58 vars in 1325 bytes} [Wed Sep 28 15:42:57 2022] GET /volume/v3/b7a97777f3a643798ddd7df94382bf69/volumes/d16981f2-2dad-4b4d-881b-5f8ebf49828c => generated 892 bytes in 82 msecs (HTTP/1.1 200) 7 headers in 285 bytes (2 switches on core 0)
Sep 28 15:42:57.687807 dv-cinder-859316-1-smb devstack@c-api.service[119948]: /usr/local/lib/python3.8/dist-packages/oslo_context/context.py:100: DeprecationWarning: Policy enforcement is depending on the value of is_admin. This key is deprecated. Please update your policy file to use the standard policy values.
Sep 28 15:42:57.687807 dv-cinder-859316-1-smb devstack@c-api.service[119948]: warnings.warn('Policy enforcement is depending on the value of '
Sep 28 15:42:57.698705 dv-cinder-859316-1-smb devstack@c-api.service[119948]: INFO cinder.api.v3.group_snapshots [None req-f5621fb9-b5e1-4393-8a81-ad9139a3a740 tempest-GroupSnapshotsTest-1130979466 tempest-GroupSnapshotsTest-1130979466-project] Creating group_snapshot tempest-GroupSnapshotsTest-Group_Snapshot-374346068.
Sep 28 15:42:57.743873 dv-cinder-859316-1-smb devstack@c-api.service[119948]: /usr/local/lib/python3.8/dist-packages/oslo_context/context.py:100: DeprecationWarning: Policy enforcement is depending on the value of is_admin. This key is deprecated. Please update your policy file to use the standard policy values.
Sep 28 15:42:57.743873 dv-cinder-859316-1-smb devstack@c-api.service[119948]: warnings.warn('Policy enforcement is depending on the value of '
Sep 28 15:42:57.795065 dv-cinder-859316-1-smb devstack@c-api.service[119948]: WARNING cinder.quota [None req-f5621fb9-b5e1-4393-8a81-ad9139a3a740 tempest-GroupSnapshotsTest-1130979466 tempest-GroupSnapshotsTest-1130979466-project] Deprecated: Default quota for resource: snapshots_tempest-GroupSnapshotsTest-volume-type-1440060352 is set by the default quota flag: quota_snapshots_tempest-GroupSnapshotsTest-volume-type-1440060352, it is now deprecated. Please use the default quota class for default quota.
Sep 28 15:42:57.817753 dv-cinder-859316-1-smb devstack@c-api.service[119948]: DEBUG dbcounter [-] [119948] Writing DB stats cinder:SELECT=79,cinder:INSERT=9,cinder:UPDATE=12 {{(pid=119948) stat_writer /usr/local/lib/python3.8/dist-packages/dbcounter.py:114}}
Sep 28 15:42:57.836496 dv-cinder-859316-1-smb devstack@c-api.service[119948]: DEBUG cinder.quota [None req-f5621fb9-b5e1-4393-8a81-ad9139a3a740 tempest-GroupSnapshotsTest-1130979466 tempest-GroupSnapshotsTest-1130979466-project] Created reservations ['056e8015-5432-4136-8df3-0222c5dc03ba', 'c0c49b71-8055-4f27-b048-81c807e23a1e', 'cf062b87-c125-412c-8b91-cb22ebe45a0f', '9141bde5-aa05-46e5-9352-e7ab0147e25a'] {{(pid=119948) reserve /opt/stack/cinder/cinder/quota.py:755}}
Sep 28 15:42:57.921174 dv-cinder-859316-1-smb devstack@c-api.service[119948]: INFO cinder.api.openstack.wsgi [None req-f5621fb9-b5e1-4393-8a81-ad9139a3a740 tempest-GroupSnapshotsTest-1130979466 tempest-GroupSnapshotsTest-1130979466-project] http://10.222.0.67/volume/v3/bc4073215c4d4084bf87cd7ef3dd1fac/group_snapshots returned with HTTP 202
Sep 28 15:42:57.922248 dv-cinder-859316-1-smb devstack@c-api.service[119948]: [pid: 119948|app: 0|req: 142/258] 10.222.0.67 () {62 vars in 1301 bytes} [Wed Sep 28 15:42:57 2022] POST /volume/v3/bc4073215c4d4084bf87cd7ef3dd1fac/group_snapshots => generated 186 bytes in 274 msecs (HTTP/1.1 202) 7 headers in 292 bytes (2 switches on core 0)
Sep 28 15:42:57.929100 dv-cinder-859316-1-smb devstack@c-api.service[119947]: DEBUG cinder.api.middleware.request_id [None req-128ff86e-9ecc-4834-94b7-cbb643d4cd57 None None] RequestId filter calling following filter/app {{(pid=119947) _context_setter /opt/stack/cinder/cinder/api/middleware/request_id.py:62}}
Sep 28 15:42:57.933409 dv-cinder-859316-1-smb devstack@c-api.service[119947]: INFO cinder.api.openstack.wsgi [None req-128ff86e-9ecc-4834-94b7-cbb643d4cd57 tempest-GroupSnapshotsTest-1130979466 tempest-GroupSnapshotsTest-1130979466-project] GET http://10.222.0.67/volume/v3/bc4073215c4d4084bf87cd7ef3dd1fac/group_snapshots/e41443fd-81dc-49eb-9b22-ef646bbd7d39
Sep 28 15:42:57.934090 dv-cinder-859316-1-smb devstack@c-api.service[119947]: DEBUG cinder.api.openstack.wsgi [None req-128ff86e-9ecc-4834-94b7-cbb643d4cd57 tempest-GroupSnapshotsTest-1130979466 tempest-GroupSnapshotsTest-1130979466-project] Empty body provided in request {{(pid=119947) get_body /opt/stack/cinder/cinder/api/openstack/wsgi.py:715}}
Sep 28 15:42:57.934731 dv-cinder-859316-1-smb devstack@c-api.service[119947]: DEBUG cinder.api.openstack.wsgi [None req-128ff86e-9ecc-4834-94b7-cbb643d4cd57 tempest-GroupSnapshotsTest-1130979466 tempest-GroupSnapshotsTest-1130979466-project] Calling method 'version_select' {{(pid=119947) _process_stack /opt/stack/cinder/cinder/api/openstack/wsgi.py:868}}
Sep 28 15:42:57.935131 dv-cinder-859316-1-smb devstack@c-api.service[119947]: DEBUG cinder.api.v3.group_snapshots [None req-128ff86e-9ecc-4834-94b7-cbb643d4cd57 tempest-GroupSnapshotsTest-1130979466 tempest-GroupSnapshotsTest-1130979466-project] show called for member e41443fd-81dc-49eb-9b22-ef646bbd7d39 {{(pid=119947) show /opt/stack/cinder/cinder/api/v3/group_snapshots.py:58}}
Sep 28 15:42:57.941753 dv-cinder-859316-1-smb devstack@c-api.service[119947]: /usr/local/lib/python3.8/dist-packages/oslo_context/context.py:100: DeprecationWarning: Policy enforcement is depending on the value of is_admin. This key is deprecated. Please update your policy file to use the standard policy values.
Sep 28 15:42:57.941753 dv-cinder-859316-1-smb devstack@c-api.service[119947]: warnings.warn('Policy enforcement is depending on the value of '
Sep 28 15:42:57.948866 dv-cinder-859316-1-smb devstack@c-api.service[119947]: INFO cinder.api.openstack.wsgi [None req-128ff86e-9ecc-4834-94b7-cbb643d4cd57 tempest-GroupSnapshotsTest-1130979466 tempest-GroupSnapshotsTest-1130979466-project] http://10.222.0.67/volume/v3/bc4073215c4d4084bf87cd7ef3dd1fac/group_snapshots/e41443fd-81dc-49eb-9b22-ef646bbd7d39 returned with HTTP 200
Sep 28 15:42:57.949911 dv-cinder-859316-1-smb devstack@c-api.service[119947]: [pid: 119947|app: 0|req: 117/259] 10.222.0.67 () {60 vars in 1390 bytes} [Wed Sep 28 15:42:57 2022] GET /volume/v3/bc4073215c4d4084bf87cd7ef3dd1fac/group_snapshots/e41443fd-81dc-49eb-9b22-ef646bbd7d39 => generated 325 bytes in 22 msecs (HTTP/1.1 200) 7 headers in 286 bytes (2 switches on core 0)
Sep 28 15:42:58.097402 dv-cinder-859316-1-smb devstack@c-api.service[119948]: DEBUG cinder.api.middleware.request_id [None req-471a9c0d-39c4-4728-9d20-da80e2893792 None None] RequestId filter calling following filter/app {{(pid=119948) _context_setter /opt/stack/cinder/cinder/api/middleware/request_id.py:62}}
Sep 28 15:42:58.306243 dv-cinder-859316-1-smb devstack@c-api.service[119948]: INFO cinder.api.openstack.wsgi [None req-471a9c0d-39c4-4728-9d20-da80e2893792 tempest-VolumesTransfersV357Test-170226509 tempest-VolumesTransfersV357Test-170226509-project] POST http://10.222.0.67/volume/v3/2331c5ca1beb40a7845b0a72095ac159/volumes
Sep 28 15:42:58.307054 dv-cinder-859316-1-smb devstack@c-api.service[119948]: DEBUG cinder.api.openstack.wsgi [None req-471a9c0d-39c4-4728-9d20-da80e2893792 tempest-VolumesTransfersV357Test-170226509 tempest-VolumesTransfersV357Test-170226509-project] Action: 'create', calling method: create, body: {"volume": {"size": 1, "name": "tempest-VolumesTransfersV357Test-Volume-312520598"}} {{(pid=119948) _process_stack /opt/stack/cinder/cinder/api/openstack/wsgi.py:866}}
Sep 28 15:42:58.310369 dv-cinder-859316-1-smb devstack@c-api.service[119948]: DEBUG cinder.api.v3.volumes [None req-471a9c0d-39c4-4728-9d20-da80e2893792 tempest-VolumesTransfersV357Test-170226509 tempest-VolumesTransfersV357Test-170226509-project] Create volume request body: {'volume': {'size': 1, 'name': 'tempest-VolumesTransfersV357Test-Volume-312520598'}} {{(pid=119948) create /opt/stack/cinder/cinder/api/v3/volumes.py:298}}
Sep 28 15:42:58.310684 dv-cinder-859316-1-smb devstack@c-api.service[119948]: INFO cinder.api.v3.volumes [None req-471a9c0d-39c4-4728-9d20-da80e2893792 tempest-VolumesTransfersV357Test-170226509 tempest-VolumesTransfersV357Test-170226509-project] Create volume of 1 GB
Sep 28 15:42:58.312095 dv-cinder-859316-1-smb devstack@c-api.service[119948]: /usr/local/lib/python3.8/dist-packages/oslo_context/context.py:100: DeprecationWarning: Policy enforcement is depending on the value of is_admin. This key is deprecated. Please update your policy file to use the standard policy values.
Sep 28 15:42:58.312095 dv-cinder-859316-1-smb devstack@c-api.service[119948]: warnings.warn('Policy enforcement is depending on the value of '
Sep 28 15:42:58.323753 dv-cinder-859316-1-smb devstack@c-api.service[119948]: INFO cinder.volume.api [None req-471a9c0d-39c4-4728-9d20-da80e2893792 tempest-VolumesTransfersV357Test-170226509 tempest-VolumesTransfersV357Test-170226509-project] Availability Zones retrieved successfully.
Sep 28 15:42:58.348428 dv-cinder-859316-1-smb devstack@c-api.service[119948]: DEBUG cinder.volume.api [None req-471a9c0d-39c4-4728-9d20-da80e2893792 tempest-VolumesTransfersV357Test-170226509 tempest-VolumesTransfersV357Test-170226509-project] Flow 'volume_create_api' (4552fde1-eda7-4231-b35d-d7c9e35e522c) transitioned into state 'RUNNING' from state 'PENDING' {{(pid=119948) _flow_receiver /usr/local/lib/python3.8/dist-packages/taskflow/listeners/logging.py:141}}
Sep 28 15:42:58.361401 dv-cinder-859316-1-smb devstack@c-api.service[119948]: DEBUG cinder.volume.api [None req-471a9c0d-39c4-4728-9d20-da80e2893792 tempest-VolumesTransfersV357Test-170226509 tempest-VolumesTransfersV357Test-170226509-project] Task 'cinder.volume.flows.api.create_volume.ExtractVolumeRequestTask;volume:create' (b3a93a39-e791-4509-811c-7c5d0cd72063) transitioned into state 'RUNNING' from state 'PENDING' {{(pid=119948) _task_receiver /usr/local/lib/python3.8/dist-packages/taskflow/listeners/logging.py:190}}
Sep 28 15:42:58.361401 dv-cinder-859316-1-smb devstack@c-api.service[119948]: DEBUG cinder.volume.flows.api.create_volume [None req-471a9c0d-39c4-4728-9d20-da80e2893792 tempest-VolumesTransfersV357Test-170226509 tempest-VolumesTransfersV357Test-170226509-project] Validating volume size '1' using validate_int {{(pid=119948) _extract_size /opt/stack/cinder/cinder/volume/flows/api/create_volume.py:228}}
Sep 28 15:42:58.445319 dv-cinder-859316-1-smb devstack@c-api.service[119948]: DEBUG cinder.volume.api [None req-471a9c0d-39c4-4728-9d20-da80e2893792 tempest-VolumesTransfersV357Test-170226509 tempest-VolumesTransfersV357Test-170226509-project] Task 'cinder.volume.flows.api.create_volume.ExtractVolumeRequestTask;volume:create' (b3a93a39-e791-4509-811c-7c5d0cd72063) transitioned into state 'SUCCESS' from state 'RUNNING' with result '{'size': 1, 'snapshot_id': None, 'source_volid': None, 'volume_type': VolumeType(created_at=2022-09-28T15:32:05Z,deleted=False,deleted_at=None,description='Default Volume Type',extra_specs={},id=0d824b53-3866-4198-a4d9-f2e4cb7ce81a,is_public=True,name='__DEFAULT__',projects=[],qos_specs=,qos_specs_id=None,updated_at=2022-09-28T15:32:05Z), 'volume_type_id': '0d824b53-3866-4198-a4d9-f2e4cb7ce81a', 'encryption_key_id': None, 'qos_specs': None, 'consistencygroup_id': None, 'cgsnapshot_id': None, 'group_id': None, 'replication_status': 'disabled', 'refresh_az': False, 'backup_id': None, 'multiattach': False, 'availability_zones': ['nova']}' {{(pid=119948) _task_receiver /usr/local/lib/python3.8/dist-packages/taskflow/listeners/logging.py:178}}
Sep 28 15:42:58.447332 dv-cinder-859316-1-smb devstack@c-api.service[119948]: DEBUG cinder.volume.api [None req-471a9c0d-39c4-4728-9d20-da80e2893792 tempest-VolumesTransfersV357Test-170226509 tempest-VolumesTransfersV357Test-170226509-project] Task 'cinder.volume.flows.api.create_volume.QuotaReserveTask;volume:create' (03bb7ada-a7e2-495c-a136-53c3899c73f2) transitioned into state 'RUNNING' from state 'PENDING' {{(pid=119948) _task_receiver /usr/local/lib/python3.8/dist-packages/taskflow/listeners/logging.py:190}}
Sep 28 15:42:58.548318 dv-cinder-859316-1-smb devstack@c-api.service[119948]: DEBUG cinder.quota [None req-471a9c0d-39c4-4728-9d20-da80e2893792 tempest-VolumesTransfersV357Test-170226509 tempest-VolumesTransfersV357Test-170226509-project] Created reservations ['d0236f9e-6486-4b60-8d34-1be5d97aa022', 'bcff68a5-2117-4462-9ec1-efc49185b142', 'e09ec9d3-4ecd-4250-b285-8e1b675231ca', 'e9ea0ebd-00b6-40c9-af46-8125e0b0eafb'] {{(pid=119948) reserve /opt/stack/cinder/cinder/quota.py:755}}
Sep 28 15:42:58.550463 dv-cinder-859316-1-smb devstack@c-api.service[119948]: DEBUG cinder.volume.api [None req-471a9c0d-39c4-4728-9d20-da80e2893792 tempest-VolumesTransfersV357Test-170226509 tempest-VolumesTransfersV357Test-170226509-project] Task 'cinder.volume.flows.api.create_volume.QuotaReserveTask;volume:create' (03bb7ada-a7e2-495c-a136-53c3899c73f2) transitioned into state 'SUCCESS' from state 'RUNNING' with result '{'reservations': ['d0236f9e-6486-4b60-8d34-1be5d97aa022', 'bcff68a5-2117-4462-9ec1-efc49185b142', 'e09ec9d3-4ecd-4250-b285-8e1b675231ca', 'e9ea0ebd-00b6-40c9-af46-8125e0b0eafb']}' {{(pid=119948) _task_receiver /usr/local/lib/python3.8/dist-packages/taskflow/listeners/logging.py:178}}
Sep 28 15:42:58.552474 dv-cinder-859316-1-smb devstack@c-api.service[119948]: DEBUG cinder.volume.api [None req-471a9c0d-39c4-4728-9d20-da80e2893792 tempest-VolumesTransfersV357Test-170226509 tempest-VolumesTransfersV357Test-170226509-project] Task 'cinder.volume.flows.api.create_volume.EntryCreateTask;volume:create' (4007d655-274f-4a50-bde5-31d5a377fd1a) transitioned into state 'RUNNING' from state 'PENDING' {{(pid=119948) _task_receiver /usr/local/lib/python3.8/dist-packages/taskflow/listeners/logging.py:190}}
Sep 28 15:42:58.578067 dv-cinder-859316-1-smb devstack@c-api.service[119948]: DEBUG cinder.volume.api [None req-471a9c0d-39c4-4728-9d20-da80e2893792 tempest-VolumesTransfersV357Test-170226509 tempest-VolumesTransfersV357Test-170226509-project] Task 'cinder.volume.flows.api.create_volume.EntryCreateTask;volume:create' (4007d655-274f-4a50-bde5-31d5a377fd1a) transitioned into state 'SUCCESS' from state 'RUNNING' with result '{'volume_id': '83246b07-83dc-4c4f-8b9b-72f0970650b0', 'volume_properties': VolumeProperties(attach_status='detached',availability_zone='nova',cgsnapshot_id=None,consistencygroup_id=None,display_description=None,display_name='tempest-VolumesTransfersV357Test-Volume-312520598',encryption_key_id=None,group_id=None,group_type_id=,metadata={},multiattach=False,project_id='2331c5ca1beb40a7845b0a72095ac159',qos_specs=None,replication_status=,reservations=['d0236f9e-6486-4b60-8d34-1be5d97aa022','bcff68a5-2117-4462-9ec1-efc49185b142','e09ec9d3-4ecd-4250-b285-8e1b675231ca','e9ea0ebd-00b6-40c9-af46-8125e0b0eafb'],size=1,snapshot_id=None,source_replicaid=,source_volid=None,status='creating',user_id='db865a35c57845bb9d31b7b8814a8989',volume_type_id=0d824b53-3866-4198-a4d9-f2e4cb7ce81a), 'volume': Volume(_name_id=None,admin_metadata=,attach_status='detached',availability_zone='nova',bootable=False,cluster=,cluster_name=None,consistencygroup=,consistencygroup_id=None,created_at=2022-09-28T15:42:58Z,deleted=False,deleted_at=None,display_description=None,display_name='tempest-VolumesTransfersV357Test-Volume-312520598',ec2_id=None,encryption_key_id=None,glance_metadata=,group=,group_id=None,host=None,id=83246b07-83dc-4c4f-8b9b-72f0970650b0,launched_at=None,metadata={},migration_status=None,multiattach=False,previous_status=None,project_id='2331c5ca1beb40a7845b0a72095ac159',provider_auth=None,provider_geometry=None,provider_id=None,provider_location=None,replication_driver_data=None,replication_extended_status=None,replication_status=None,scheduled_at=None,service_uuid=None,shared_targets=True,size=1,snapshot_id=None,snapshots=,source_volid=None,status='creating',terminated_at=None,updated_at=None,use_quota=True,user_id='db865a35c57845bb9d31b7b8814a8989',volume_attachment=VolumeAttachmentList,volume_type=VolumeType(0d824b53-3866-4198-a4d9-f2e4cb7ce81a),volume_type_id=0d824b53-3866-4198-a4d9-f2e4cb7ce81a)}' {{(pid=119948) _task_receiver /usr/local/lib/python3.8/dist-packages/taskflow/listeners/logging.py:178}}
Sep 28 15:42:58.582010 dv-cinder-859316-1-smb devstack@c-api.service[119948]: DEBUG cinder.volume.api [None req-471a9c0d-39c4-4728-9d20-da80e2893792 tempest-VolumesTransfersV357Test-170226509 tempest-VolumesTransfersV357Test-170226509-project] Task 'cinder.volume.flows.api.create_volume.QuotaCommitTask;volume:create' (f71295ab-e00e-41ea-ac1d-3e686dbaa22a) transitioned into state 'RUNNING' from state 'PENDING' {{(pid=119948) _task_receiver /usr/local/lib/python3.8/dist-packages/taskflow/listeners/logging.py:190}}
Sep 28 15:42:58.609849 dv-cinder-859316-1-smb devstack@c-api.service[119948]: DEBUG cinder.volume.api [None req-471a9c0d-39c4-4728-9d20-da80e2893792 tempest-VolumesTransfersV357Test-170226509 tempest-VolumesTransfersV357Test-170226509-project] Task 'cinder.volume.flows.api.create_volume.QuotaCommitTask;volume:create' (f71295ab-e00e-41ea-ac1d-3e686dbaa22a) transitioned into state 'SUCCESS' from state 'RUNNING' with result '{'volume_properties': VolumeProperties(attach_status='detached',availability_zone='nova',cgsnapshot_id=None,consistencygroup_id=None,display_description=None,display_name='tempest-VolumesTransfersV357Test-Volume-312520598',encryption_key_id=None,group_id=None,group_type_id=,metadata={},multiattach=False,project_id='2331c5ca1beb40a7845b0a72095ac159',qos_specs=None,replication_status=,reservations=['d0236f9e-6486-4b60-8d34-1be5d97aa022','bcff68a5-2117-4462-9ec1-efc49185b142','e09ec9d3-4ecd-4250-b285-8e1b675231ca','e9ea0ebd-00b6-40c9-af46-8125e0b0eafb'],size=1,snapshot_id=None,source_replicaid=,source_volid=None,status='creating',user_id='db865a35c57845bb9d31b7b8814a8989',volume_type_id=0d824b53-3866-4198-a4d9-f2e4cb7ce81a)}' {{(pid=119948) _task_receiver /usr/local/lib/python3.8/dist-packages/taskflow/listeners/logging.py:178}}
Sep 28 15:42:58.611718 dv-cinder-859316-1-smb devstack@c-api.service[119948]: DEBUG cinder.volume.api [None req-471a9c0d-39c4-4728-9d20-da80e2893792 tempest-VolumesTransfersV357Test-170226509 tempest-VolumesTransfersV357Test-170226509-project] Task 'cinder.volume.flows.api.create_volume.VolumeCastTask;volume:create' (fc01e4a1-2231-487e-8868-8e46d6c5ade9) transitioned into state 'RUNNING' from state 'PENDING' {{(pid=119948) _task_receiver /usr/local/lib/python3.8/dist-packages/taskflow/listeners/logging.py:190}}
Sep 28 15:42:58.628949 dv-cinder-859316-1-smb devstack@c-api.service[119948]: DEBUG cinder.volume.api [None req-471a9c0d-39c4-4728-9d20-da80e2893792 tempest-VolumesTransfersV357Test-170226509 tempest-VolumesTransfersV357Test-170226509-project] Task 'cinder.volume.flows.api.create_volume.VolumeCastTask;volume:create' (fc01e4a1-2231-487e-8868-8e46d6c5ade9) transitioned into state 'SUCCESS' from state 'RUNNING' with result 'None' {{(pid=119948) _task_receiver /usr/local/lib/python3.8/dist-packages/taskflow/listeners/logging.py:178}}
Sep 28 15:42:58.631446 dv-cinder-859316-1-smb devstack@c-api.service[119948]: DEBUG cinder.volume.api [None req-471a9c0d-39c4-4728-9d20-da80e2893792 tempest-VolumesTransfersV357Test-170226509 tempest-VolumesTransfersV357Test-170226509-project] Flow 'volume_create_api' (4552fde1-eda7-4231-b35d-d7c9e35e522c) transitioned into state 'SUCCESS' from state 'RUNNING' {{(pid=119948) _flow_receiver /usr/local/lib/python3.8/dist-packages/taskflow/listeners/logging.py:141}}
Sep 28 15:42:58.632117 dv-cinder-859316-1-smb devstack@c-api.service[119948]: INFO cinder.volume.api [None req-471a9c0d-39c4-4728-9d20-da80e2893792 tempest-VolumesTransfersV357Test-170226509 tempest-VolumesTransfersV357Test-170226509-project] Create volume request issued successfully.
Sep 28 15:42:58.633467 dv-cinder-859316-1-smb devstack@c-api.service[119948]: INFO cinder.api.openstack.wsgi [None req-471a9c0d-39c4-4728-9d20-da80e2893792 tempest-VolumesTransfersV357Test-170226509 tempest-VolumesTransfersV357Test-170226509-project] http://10.222.0.67/volume/v3/2331c5ca1beb40a7845b0a72095ac159/volumes returned with HTTP 202
Sep 28 15:42:58.634412 dv-cinder-859316-1-smb devstack@c-api.service[119948]: [pid: 119948|app: 0|req: 143/260] 10.222.0.67 () {62 vars in 1276 bytes} [Wed Sep 28 15:42:58 2022] POST /volume/v3/2331c5ca1beb40a7845b0a72095ac159/volumes => generated 887 bytes in 538 msecs (HTTP/1.1 202) 7 headers in 292 bytes (1 switches on core 0)
Sep 28 15:42:58.650801 dv-cinder-859316-1-smb devstack@c-api.service[119947]: DEBUG cinder.api.middleware.request_id [None req-bba20653-8de8-44c4-8bf3-1bb4a2f772f5 None None] RequestId filter calling following filter/app {{(pid=119947) _context_setter /opt/stack/cinder/cinder/api/middleware/request_id.py:62}}
Sep 28 15:42:58.655017 dv-cinder-859316-1-smb devstack@c-api.service[119947]: INFO cinder.api.openstack.wsgi [None req-bba20653-8de8-44c4-8bf3-1bb4a2f772f5 tempest-VolumesTransfersV357Test-170226509 tempest-VolumesTransfersV357Test-170226509-project] GET http://10.222.0.67/volume/v3/2331c5ca1beb40a7845b0a72095ac159/volumes/83246b07-83dc-4c4f-8b9b-72f0970650b0
Sep 28 15:42:58.655585 dv-cinder-859316-1-smb devstack@c-api.service[119947]: DEBUG cinder.api.openstack.wsgi [None req-bba20653-8de8-44c4-8bf3-1bb4a2f772f5 tempest-VolumesTransfersV357Test-170226509 tempest-VolumesTransfersV357Test-170226509-project] Empty body provided in request {{(pid=119947) get_body /opt/stack/cinder/cinder/api/openstack/wsgi.py:715}}
Sep 28 15:42:58.656260 dv-cinder-859316-1-smb devstack@c-api.service[119947]: DEBUG cinder.api.openstack.wsgi [None req-bba20653-8de8-44c4-8bf3-1bb4a2f772f5 tempest-VolumesTransfersV357Test-170226509 tempest-VolumesTransfersV357Test-170226509-project] Calling method 'show' {{(pid=119947) _process_stack /opt/stack/cinder/cinder/api/openstack/wsgi.py:868}}
Sep 28 15:42:58.671112 dv-cinder-859316-1-smb devstack@c-api.service[119947]: /usr/local/lib/python3.8/dist-packages/oslo_context/context.py:100: DeprecationWarning: Policy enforcement is depending on the value of is_admin. This key is deprecated. Please update your policy file to use the standard policy values.
Sep 28 15:42:58.671112 dv-cinder-859316-1-smb devstack@c-api.service[119947]: warnings.warn('Policy enforcement is depending on the value of '
Sep 28 15:42:58.678436 dv-cinder-859316-1-smb devstack@c-api.service[119947]: INFO cinder.volume.api [None req-bba20653-8de8-44c4-8bf3-1bb4a2f772f5 tempest-VolumesTransfersV357Test-170226509 tempest-VolumesTransfersV357Test-170226509-project] Volume info retrieved successfully.
Sep 28 15:42:58.689568 dv-cinder-859316-1-smb devstack@c-api.service[119947]: INFO cinder.api.openstack.wsgi [None req-bba20653-8de8-44c4-8bf3-1bb4a2f772f5 tempest-VolumesTransfersV357Test-170226509 tempest-VolumesTransfersV357Test-170226509-project] http://10.222.0.67/volume/v3/2331c5ca1beb40a7845b0a72095ac159/volumes/83246b07-83dc-4c4f-8b9b-72f0970650b0 returned with HTTP 200
