Sep 26 01:37:06.516238 dv-cinder-859203-2-iscsi devstack@c-api.service[113438]: DEBUG cinder.api.middleware.request_id [None req-e540eeba-d179-45eb-97d2-47171eb76043 None None] RequestId filter calling following filter/app {{(pid=113438) _context_setter /opt/stack/cinder/cinder/api/middleware/request_id.py:62}}
Sep 26 01:37:06.524723 dv-cinder-859203-2-iscsi devstack@c-api.service[113439]: INFO cinder.api.openstack.wsgi [None req-cdbe6f6b-656a-44f4-9bcb-362d3dab31da tempest-SnapshotMetadataTestJSON-379085923 tempest-SnapshotMetadataTestJSON-379085923-project] http://10.222.0.25/volume/v3/01a95b064cf4490bab78eb2fa2fd026d/volumes/b21d8b5b-05f6-45a6-9421-cac6d5d5b0d9 returned with HTTP 200
Sep 26 01:37:06.525572 dv-cinder-859203-2-iscsi devstack@c-api.service[113438]: INFO cinder.api.openstack.wsgi [None req-e540eeba-d179-45eb-97d2-47171eb76043 tempest-GroupSnapshotsTest-2001600253 tempest-GroupSnapshotsTest-2001600253-project] GET http://10.222.0.25/volume/v3/b4e2ab570b2c461f9ad8fc19dcbe7f0f/group_snapshots/detail
Sep 26 01:37:06.526401 dv-cinder-859203-2-iscsi devstack@c-api.service[113438]: DEBUG cinder.api.openstack.wsgi [None req-e540eeba-d179-45eb-97d2-47171eb76043 tempest-GroupSnapshotsTest-2001600253 tempest-GroupSnapshotsTest-2001600253-project] Empty body provided in request {{(pid=113438) get_body /opt/stack/cinder/cinder/api/openstack/wsgi.py:715}}
Sep 26 01:37:06.526863 dv-cinder-859203-2-iscsi devstack@c-api.service[113438]: DEBUG cinder.api.openstack.wsgi [None req-e540eeba-d179-45eb-97d2-47171eb76043 tempest-GroupSnapshotsTest-2001600253 tempest-GroupSnapshotsTest-2001600253-project] Calling method 'version_select' {{(pid=113438) _process_stack /opt/stack/cinder/cinder/api/openstack/wsgi.py:868}}
Sep 26 01:37:06.530101 dv-cinder-859203-2-iscsi devstack@c-api.service[113439]: [pid: 113439|app: 0|req: 161/338] 10.222.0.25 () {58 vars in 1325 bytes} [Mon Sep 26 01:37:06 2022] GET /volume/v3/01a95b064cf4490bab78eb2fa2fd026d/volumes/b21d8b5b-05f6-45a6-9421-cac6d5d5b0d9 => generated 917 bytes in 73 msecs (HTTP/1.1 200) 7 headers in 285 bytes (2 switches on core 0)
Sep 26 01:37:06.546151 dv-cinder-859203-2-iscsi devstack@c-api.service[113439]: DEBUG cinder.api.middleware.request_id [None req-7bbcea4f-d604-4e56-81e4-d2ea142cf69d None None] RequestId filter calling following filter/app {{(pid=113439) _context_setter /opt/stack/cinder/cinder/api/middleware/request_id.py:62}}
Sep 26 01:37:06.550155 dv-cinder-859203-2-iscsi devstack@c-api.service[113439]: INFO cinder.api.openstack.wsgi [None req-7bbcea4f-d604-4e56-81e4-d2ea142cf69d tempest-SnapshotMetadataTestJSON-379085923 tempest-SnapshotMetadataTestJSON-379085923-project] POST http://10.222.0.25/volume/v3/01a95b064cf4490bab78eb2fa2fd026d/snapshots
Sep 26 01:37:06.550859 dv-cinder-859203-2-iscsi devstack@c-api.service[113439]: DEBUG cinder.api.openstack.wsgi [None req-7bbcea4f-d604-4e56-81e4-d2ea142cf69d tempest-SnapshotMetadataTestJSON-379085923 tempest-SnapshotMetadataTestJSON-379085923-project] Action: 'create', calling method: create, body: {"snapshot": {"volume_id": "b21d8b5b-05f6-45a6-9421-cac6d5d5b0d9", "name": "tempest-SnapshotMetadataTestJSON-Snapshot-40254368"}} {{(pid=113439) _process_stack /opt/stack/cinder/cinder/api/openstack/wsgi.py:866}}
Sep 26 01:37:06.554041 dv-cinder-859203-2-iscsi devstack@c-api.service[113438]: INFO cinder.api.openstack.wsgi [None req-e540eeba-d179-45eb-97d2-47171eb76043 tempest-GroupSnapshotsTest-2001600253 tempest-GroupSnapshotsTest-2001600253-project] http://10.222.0.25/volume/v3/b4e2ab570b2c461f9ad8fc19dcbe7f0f/group_snapshots/detail returned with HTTP 200
Sep 26 01:37:06.554954 dv-cinder-859203-2-iscsi devstack@c-api.service[113438]: [pid: 113438|app: 0|req: 178/339] 10.222.0.25 () {60 vars in 1300 bytes} [Mon Sep 26 01:37:06 2022] GET /volume/v3/b4e2ab570b2c461f9ad8fc19dcbe7f0f/group_snapshots/detail => generated 311 bytes in 40 msecs (HTTP/1.1 200) 7 headers in 286 bytes (1 switches on core 0)
Sep 26 01:37:06.567377 dv-cinder-859203-2-iscsi devstack@c-api.service[113438]: DEBUG cinder.api.middleware.request_id [None req-b2c200a6-8ab1-4792-8b56-14048885b34b None None] RequestId filter calling following filter/app {{(pid=113438) _context_setter /opt/stack/cinder/cinder/api/middleware/request_id.py:62}}
Sep 26 01:37:06.572863 dv-cinder-859203-2-iscsi devstack@c-api.service[113439]: /usr/local/lib/python3.8/dist-packages/oslo_context/context.py:100: DeprecationWarning: Policy enforcement is depending on the value of is_admin. This key is deprecated. Please update your policy file to use the standard policy values.
Sep 26 01:37:06.572863 dv-cinder-859203-2-iscsi devstack@c-api.service[113439]: warnings.warn('Policy enforcement is depending on the value of '
Sep 26 01:37:06.573767 dv-cinder-859203-2-iscsi devstack@c-api.service[113439]: INFO cinder.volume.api [None req-7bbcea4f-d604-4e56-81e4-d2ea142cf69d tempest-SnapshotMetadataTestJSON-379085923 tempest-SnapshotMetadataTestJSON-379085923-project] Volume info retrieved successfully.
Sep 26 01:37:06.574070 dv-cinder-859203-2-iscsi devstack@c-api.service[113439]: INFO cinder.api.v3.snapshots [None req-7bbcea4f-d604-4e56-81e4-d2ea142cf69d tempest-SnapshotMetadataTestJSON-379085923 tempest-SnapshotMetadataTestJSON-379085923-project] Create snapshot from volume b21d8b5b-05f6-45a6-9421-cac6d5d5b0d9
Sep 26 01:37:06.574620 dv-cinder-859203-2-iscsi devstack@c-api.service[113438]: INFO cinder.api.openstack.wsgi [None req-b2c200a6-8ab1-4792-8b56-14048885b34b tempest-GroupSnapshotsTest-2001600253 tempest-GroupSnapshotsTest-2001600253-project] DELETE http://10.222.0.25/volume/v3/b4e2ab570b2c461f9ad8fc19dcbe7f0f/group_snapshots/9637ad08-c5fb-4b69-a90b-62c26cd7bf34
Sep 26 01:37:06.575349 dv-cinder-859203-2-iscsi devstack@c-api.service[113438]: DEBUG cinder.api.openstack.wsgi [None req-b2c200a6-8ab1-4792-8b56-14048885b34b tempest-GroupSnapshotsTest-2001600253 tempest-GroupSnapshotsTest-2001600253-project] Empty body provided in request {{(pid=113438) get_body /opt/stack/cinder/cinder/api/openstack/wsgi.py:715}}
Sep 26 01:37:06.575868 dv-cinder-859203-2-iscsi devstack@c-api.service[113438]: DEBUG cinder.api.openstack.wsgi [None req-b2c200a6-8ab1-4792-8b56-14048885b34b tempest-GroupSnapshotsTest-2001600253 tempest-GroupSnapshotsTest-2001600253-project] Calling method 'version_select' {{(pid=113438) _process_stack /opt/stack/cinder/cinder/api/openstack/wsgi.py:868}}
Sep 26 01:37:06.576444 dv-cinder-859203-2-iscsi devstack@c-api.service[113438]: DEBUG cinder.api.v3.group_snapshots [None req-b2c200a6-8ab1-4792-8b56-14048885b34b tempest-GroupSnapshotsTest-2001600253 tempest-GroupSnapshotsTest-2001600253-project] delete called for member 9637ad08-c5fb-4b69-a90b-62c26cd7bf34 {{(pid=113438) delete /opt/stack/cinder/cinder/api/v3/group_snapshots.py:72}}
Sep 26 01:37:06.576916 dv-cinder-859203-2-iscsi devstack@c-api.service[113438]: INFO cinder.api.v3.group_snapshots [None req-b2c200a6-8ab1-4792-8b56-14048885b34b tempest-GroupSnapshotsTest-2001600253 tempest-GroupSnapshotsTest-2001600253-project] Delete group_snapshot with id: 9637ad08-c5fb-4b69-a90b-62c26cd7bf34
Sep 26 01:37:06.584033 dv-cinder-859203-2-iscsi devstack@c-api.service[113438]: /usr/local/lib/python3.8/dist-packages/oslo_context/context.py:100: DeprecationWarning: Policy enforcement is depending on the value of is_admin. This key is deprecated. Please update your policy file to use the standard policy values.
Sep 26 01:37:06.584033 dv-cinder-859203-2-iscsi devstack@c-api.service[113438]: warnings.warn('Policy enforcement is depending on the value of '
Sep 26 01:37:06.648034 dv-cinder-859203-2-iscsi devstack@c-api.service[113438]: INFO cinder.api.openstack.wsgi [None req-b2c200a6-8ab1-4792-8b56-14048885b34b tempest-GroupSnapshotsTest-2001600253 tempest-GroupSnapshotsTest-2001600253-project] http://10.222.0.25/volume/v3/b4e2ab570b2c461f9ad8fc19dcbe7f0f/group_snapshots/9637ad08-c5fb-4b69-a90b-62c26cd7bf34 returned with HTTP 202
Sep 26 01:37:06.648257 dv-cinder-859203-2-iscsi devstack@c-api.service[113439]: DEBUG cinder.quota [None req-7bbcea4f-d604-4e56-81e4-d2ea142cf69d tempest-SnapshotMetadataTestJSON-379085923 tempest-SnapshotMetadataTestJSON-379085923-project] Created reservations ['ca48238d-3600-4db8-b51b-42cb4bd644ec', 'd3ddf385-7748-4953-b9fa-898c12193541', '4f60feaa-735f-48d6-8f12-2e2e52f82688', 'cd18463c-47d5-44cd-9779-a65ab5077cf2'] {{(pid=113439) reserve /opt/stack/cinder/cinder/quota.py:755}}
Sep 26 01:37:06.649746 dv-cinder-859203-2-iscsi devstack@c-api.service[113438]: [pid: 113438|app: 0|req: 179/340] 10.222.0.25 () {60 vars in 1393 bytes} [Mon Sep 26 01:37:06 2022] DELETE /volume/v3/b4e2ab570b2c461f9ad8fc19dcbe7f0f/group_snapshots/9637ad08-c5fb-4b69-a90b-62c26cd7bf34 => generated 0 bytes in 88 msecs (HTTP/1.1 202) 6 headers in 234 bytes (2 switches on core 0)
Sep 26 01:37:06.655710 dv-cinder-859203-2-iscsi devstack@c-api.service[113438]: DEBUG cinder.api.middleware.request_id [None req-175c7b3a-9168-48bc-b5fc-1f07fb752954 None None] RequestId filter calling following filter/app {{(pid=113438) _context_setter /opt/stack/cinder/cinder/api/middleware/request_id.py:62}}
Sep 26 01:37:06.659814 dv-cinder-859203-2-iscsi devstack@c-api.service[113438]: INFO cinder.api.openstack.wsgi [None req-175c7b3a-9168-48bc-b5fc-1f07fb752954 tempest-GroupSnapshotsTest-2001600253 tempest-GroupSnapshotsTest-2001600253-project] GET http://10.222.0.25/volume/v3/b4e2ab570b2c461f9ad8fc19dcbe7f0f/volumes/detail
Sep 26 01:37:06.660423 dv-cinder-859203-2-iscsi devstack@c-api.service[113438]: DEBUG cinder.api.openstack.wsgi [None req-175c7b3a-9168-48bc-b5fc-1f07fb752954 tempest-GroupSnapshotsTest-2001600253 tempest-GroupSnapshotsTest-2001600253-project] Empty body provided in request {{(pid=113438) get_body /opt/stack/cinder/cinder/api/openstack/wsgi.py:715}}
Sep 26 01:37:06.661461 dv-cinder-859203-2-iscsi devstack@c-api.service[113438]: DEBUG cinder.api.openstack.wsgi [None req-175c7b3a-9168-48bc-b5fc-1f07fb752954 tempest-GroupSnapshotsTest-2001600253 tempest-GroupSnapshotsTest-2001600253-project] Calling method 'detail' {{(pid=113438) _process_stack /opt/stack/cinder/cinder/api/openstack/wsgi.py:868}}
Sep 26 01:37:06.669120 dv-cinder-859203-2-iscsi devstack@c-api.service[113438]: DEBUG cinder.api.api_utils [None req-175c7b3a-9168-48bc-b5fc-1f07fb752954 tempest-GroupSnapshotsTest-2001600253 tempest-GroupSnapshotsTest-2001600253-project] Removing options '' from query. {{(pid=113438) remove_invalid_filter_options /opt/stack/cinder/cinder/api/api_utils.py:83}}
Sep 26 01:37:06.670314 dv-cinder-859203-2-iscsi devstack@c-api.service[113438]: /usr/local/lib/python3.8/dist-packages/oslo_context/context.py:100: DeprecationWarning: Policy enforcement is depending on the value of is_admin. This key is deprecated. Please update your policy file to use the standard policy values.
Sep 26 01:37:06.670314 dv-cinder-859203-2-iscsi devstack@c-api.service[113438]: warnings.warn('Policy enforcement is depending on the value of '
Sep 26 01:37:06.671442 dv-cinder-859203-2-iscsi devstack@c-api.service[113438]: DEBUG cinder.volume.api [None req-175c7b3a-9168-48bc-b5fc-1f07fb752954 tempest-GroupSnapshotsTest-2001600253 tempest-GroupSnapshotsTest-2001600253-project] Searching by: MultiDict([('no_migration_targets', True)]). {{(pid=113438) get_all /opt/stack/cinder/cinder/volume/api.py:664}}
Sep 26 01:37:06.731760 dv-cinder-859203-2-iscsi devstack@c-api.service[113439]: INFO cinder.volume.api [None req-7bbcea4f-d604-4e56-81e4-d2ea142cf69d tempest-SnapshotMetadataTestJSON-379085923 tempest-SnapshotMetadataTestJSON-379085923-project] Snapshot create request issued successfully.
Sep 26 01:37:06.732513 dv-cinder-859203-2-iscsi devstack@c-api.service[113439]: INFO cinder.api.openstack.wsgi [None req-7bbcea4f-d604-4e56-81e4-d2ea142cf69d tempest-SnapshotMetadataTestJSON-379085923 tempest-SnapshotMetadataTestJSON-379085923-project] http://10.222.0.25/volume/v3/01a95b064cf4490bab78eb2fa2fd026d/snapshots returned with HTTP 202
Sep 26 01:37:06.740634 dv-cinder-859203-2-iscsi devstack@c-api.service[113439]: [pid: 113439|app: 0|req: 162/341] 10.222.0.25 () {60 vars in 1242 bytes} [Mon Sep 26 01:37:06 2022] POST /volume/v3/01a95b064cf4490bab78eb2fa2fd026d/snapshots => generated 309 bytes in 189 msecs (HTTP/1.1 202) 7 headers in 291 bytes (2 switches on core 0)
Sep 26 01:37:06.743538 dv-cinder-859203-2-iscsi devstack@c-api.service[113439]: DEBUG cinder.api.middleware.request_id [None req-f6d2a758-7f2b-4b39-be0d-b5b656a37570 None None] RequestId filter calling following filter/app {{(pid=113439) _context_setter /opt/stack/cinder/cinder/api/middleware/request_id.py:62}}
Sep 26 01:37:06.747959 dv-cinder-859203-2-iscsi devstack@c-api.service[113438]: INFO cinder.volume.api [None req-175c7b3a-9168-48bc-b5fc-1f07fb752954 tempest-GroupSnapshotsTest-2001600253 tempest-GroupSnapshotsTest-2001600253-project] Get all volumes completed successfully.
Sep 26 01:37:06.749611 dv-cinder-859203-2-iscsi devstack@c-api.service[113438]: WARNING stevedore.named [None req-175c7b3a-9168-48bc-b5fc-1f07fb752954 tempest-GroupSnapshotsTest-2001600253 tempest-GroupSnapshotsTest-2001600253-project] Could not load cinder.keymgr.conf_key_mgr.ConfKeyManager
Sep 26 01:37:06.749826 dv-cinder-859203-2-iscsi devstack@c-api.service[113439]: INFO cinder.api.openstack.wsgi [None req-f6d2a758-7f2b-4b39-be0d-b5b656a37570 tempest-SnapshotMetadataTestJSON-379085923 tempest-SnapshotMetadataTestJSON-379085923-project] GET http://10.222.0.25/volume/v3/01a95b064cf4490bab78eb2fa2fd026d/snapshots/e6203193-246a-49c8-8a98-571a56c043f8
Sep 26 01:37:06.750083 dv-cinder-859203-2-iscsi devstack@c-api.service[113438]: WARNING castellan.key_manager [None req-175c7b3a-9168-48bc-b5fc-1f07fb752954 tempest-GroupSnapshotsTest-2001600253 tempest-GroupSnapshotsTest-2001600253-project] Deprecation Warning : cinder.keymgr.conf_key_mgr.ConfKeyManager is not a stevedore based driver, trying to load it as a class: stevedore.exception.NoMatches: No 'castellan.drivers' driver found, looking for 'cinder.keymgr.conf_key_mgr.ConfKeyManager'
Sep 26 01:37:06.750462 dv-cinder-859203-2-iscsi devstack@c-api.service[113439]: DEBUG cinder.api.openstack.wsgi [None req-f6d2a758-7f2b-4b39-be0d-b5b656a37570 tempest-SnapshotMetadataTestJSON-379085923 tempest-SnapshotMetadataTestJSON-379085923-project] Empty body provided in request {{(pid=113439) get_body /opt/stack/cinder/cinder/api/openstack/wsgi.py:715}}
Sep 26 01:37:06.751132 dv-cinder-859203-2-iscsi devstack@c-api.service[113439]: DEBUG cinder.api.openstack.wsgi [None req-f6d2a758-7f2b-4b39-be0d-b5b656a37570 tempest-SnapshotMetadataTestJSON-379085923 tempest-SnapshotMetadataTestJSON-379085923-project] Calling method 'show' {{(pid=113439) _process_stack /opt/stack/cinder/cinder/api/openstack/wsgi.py:868}}
Sep 26 01:37:06.759179 dv-cinder-859203-2-iscsi devstack@c-api.service[113438]: DEBUG oslo_db.sqlalchemy.engines [None req-175c7b3a-9168-48bc-b5fc-1f07fb752954 tempest-GroupSnapshotsTest-2001600253 tempest-GroupSnapshotsTest-2001600253-project] MySQL server mode set to STRICT_TRANS_TABLES,STRICT_ALL_TABLES,NO_ZERO_IN_DATE,NO_ZERO_DATE,ERROR_FOR_DIVISION_BY_ZERO,TRADITIONAL,NO_ENGINE_SUBSTITUTION {{(pid=113438) _check_effective_sql_mode /usr/local/lib/python3.8/dist-packages/oslo_db/sqlalchemy/engines.py:314}}
Sep 26 01:37:06.765919 dv-cinder-859203-2-iscsi devstack@c-api.service[113439]: /usr/local/lib/python3.8/dist-packages/oslo_context/context.py:100: DeprecationWarning: Policy enforcement is depending on the value of is_admin. This key is deprecated. Please update your policy file to use the standard policy values.
Sep 26 01:37:06.765919 dv-cinder-859203-2-iscsi devstack@c-api.service[113439]: warnings.warn('Policy enforcement is depending on the value of '
Sep 26 01:37:06.767015 dv-cinder-859203-2-iscsi devstack@c-api.service[113438]: /usr/local/lib/python3.8/dist-packages/oslo_context/context.py:100: DeprecationWarning: Policy enforcement is depending on the value of is_admin. This key is deprecated. Please update your policy file to use the standard policy values.
Sep 26 01:37:06.767015 dv-cinder-859203-2-iscsi devstack@c-api.service[113438]: warnings.warn('Policy enforcement is depending on the value of '
Sep 26 01:37:06.767756 dv-cinder-859203-2-iscsi devstack@c-api.service[113439]: INFO cinder.volume.api [None req-f6d2a758-7f2b-4b39-be0d-b5b656a37570 tempest-SnapshotMetadataTestJSON-379085923 tempest-SnapshotMetadataTestJSON-379085923-project] Snapshot retrieved successfully.
Sep 26 01:37:06.770388 dv-cinder-859203-2-iscsi devstack@c-api.service[113439]: INFO cinder.api.openstack.wsgi [None req-f6d2a758-7f2b-4b39-be0d-b5b656a37570 tempest-SnapshotMetadataTestJSON-379085923 tempest-SnapshotMetadataTestJSON-379085923-project] http://10.222.0.25/volume/v3/01a95b064cf4490bab78eb2fa2fd026d/snapshots/e6203193-246a-49c8-8a98-571a56c043f8 returned with HTTP 200
Sep 26 01:37:06.771848 dv-cinder-859203-2-iscsi devstack@c-api.service[113439]: [pid: 113439|app: 0|req: 163/342] 10.222.0.25 () {58 vars in 1331 bytes} [Mon Sep 26 01:37:06 2022] GET /volume/v3/01a95b064cf4490bab78eb2fa2fd026d/snapshots/e6203193-246a-49c8-8a98-571a56c043f8 => generated 441 bytes in 31 msecs (HTTP/1.1 200) 7 headers in 285 bytes (2 switches on core 0)
Sep 26 01:37:06.789435 dv-cinder-859203-2-iscsi devstack@c-api.service[113438]: INFO cinder.api.openstack.wsgi [None req-175c7b3a-9168-48bc-b5fc-1f07fb752954 tempest-GroupSnapshotsTest-2001600253 tempest-GroupSnapshotsTest-2001600253-project] http://10.222.0.25/volume/v3/b4e2ab570b2c461f9ad8fc19dcbe7f0f/volumes/detail returned with HTTP 200
Sep 26 01:37:06.790955 dv-cinder-859203-2-iscsi devstack@c-api.service[113438]: [pid: 113438|app: 0|req: 180/343] 10.222.0.25 () {60 vars in 1276 bytes} [Mon Sep 26 01:37:06 2022] GET /volume/v3/b4e2ab570b2c461f9ad8fc19dcbe7f0f/volumes/detail => generated 1002 bytes in 137 msecs (HTTP/1.1 200) 7 headers in 287 bytes (2 switches on core 0)
Sep 26 01:37:06.811322 dv-cinder-859203-2-iscsi devstack@c-api.service[113439]: DEBUG cinder.api.middleware.request_id [None req-f9484d68-7156-43e6-bdf1-7cf38934c91e None None] RequestId filter calling following filter/app {{(pid=113439) _context_setter /opt/stack/cinder/cinder/api/middleware/request_id.py:62}}
Sep 26 01:37:06.816795 dv-cinder-859203-2-iscsi devstack@c-api.service[113439]: INFO cinder.api.openstack.wsgi [None req-f9484d68-7156-43e6-bdf1-7cf38934c91e tempest-GroupSnapshotsTest-2001600253 tempest-GroupSnapshotsTest-2001600253-project] GET http://10.222.0.25/volume/v3/b4e2ab570b2c461f9ad8fc19dcbe7f0f/snapshots/detail
Sep 26 01:37:06.819829 dv-cinder-859203-2-iscsi devstack@c-api.service[113439]: DEBUG cinder.api.openstack.wsgi [None req-f9484d68-7156-43e6-bdf1-7cf38934c91e tempest-GroupSnapshotsTest-2001600253 tempest-GroupSnapshotsTest-2001600253-project] Empty body provided in request {{(pid=113439) get_body /opt/stack/cinder/cinder/api/openstack/wsgi.py:715}}
Sep 26 01:37:06.820974 dv-cinder-859203-2-iscsi devstack@c-api.service[113439]: DEBUG cinder.api.openstack.wsgi [None req-f9484d68-7156-43e6-bdf1-7cf38934c91e tempest-GroupSnapshotsTest-2001600253 tempest-GroupSnapshotsTest-2001600253-project] Calling method 'detail' {{(pid=113439) _process_stack /opt/stack/cinder/cinder/api/openstack/wsgi.py:868}}
Sep 26 01:37:06.822475 dv-cinder-859203-2-iscsi devstack@c-api.service[113439]: DEBUG cinder.api.api_utils [None req-f9484d68-7156-43e6-bdf1-7cf38934c91e tempest-GroupSnapshotsTest-2001600253 tempest-GroupSnapshotsTest-2001600253-project] Removing options '' from query. {{(pid=113439) remove_invalid_filter_options /opt/stack/cinder/cinder/api/api_utils.py:83}}
Sep 26 01:37:06.825816 dv-cinder-859203-2-iscsi devstack@c-api.service[113439]: DEBUG cinder.db.sqlalchemy.api [None req-f9484d68-7156-43e6-bdf1-7cf38934c91e tempest-GroupSnapshotsTest-2001600253 tempest-GroupSnapshotsTest-2001600253-project] Building query based on filter {{(pid=113439) _process_snaps_filters /opt/stack/cinder/cinder/db/sqlalchemy/api.py:3885}}
Sep 26 01:37:06.838104 dv-cinder-859203-2-iscsi devstack@c-api.service[113439]: INFO cinder.volume.api [None req-f9484d68-7156-43e6-bdf1-7cf38934c91e tempest-GroupSnapshotsTest-2001600253 tempest-GroupSnapshotsTest-2001600253-project] Get all snapshots completed successfully.
Sep 26 01:37:06.839161 dv-cinder-859203-2-iscsi devstack@c-api.service[113439]: /usr/local/lib/python3.8/dist-packages/oslo_context/context.py:100: DeprecationWarning: Policy enforcement is depending on the value of is_admin. This key is deprecated. Please update your policy file to use the standard policy values.
Sep 26 01:37:06.839161 dv-cinder-859203-2-iscsi devstack@c-api.service[113439]: warnings.warn('Policy enforcement is depending on the value of '
Sep 26 01:37:06.840502 dv-cinder-859203-2-iscsi devstack@c-api.service[113439]: INFO cinder.api.openstack.wsgi [None req-f9484d68-7156-43e6-bdf1-7cf38934c91e tempest-GroupSnapshotsTest-2001600253 tempest-GroupSnapshotsTest-2001600253-project] http://10.222.0.25/volume/v3/b4e2ab570b2c461f9ad8fc19dcbe7f0f/snapshots/detail returned with HTTP 200
Sep 26 01:37:06.841303 dv-cinder-859203-2-iscsi devstack@c-api.service[113439]: [pid: 113439|app: 0|req: 164/344] 10.222.0.25 () {58 vars in 1241 bytes} [Mon Sep 26 01:37:06 2022] GET /volume/v3/b4e2ab570b2c461f9ad8fc19dcbe7f0f/snapshots/detail => generated 452 bytes in 33 msecs (HTTP/1.1 200) 7 headers in 285 bytes (2 switches on core 0)
Sep 26 01:37:06.853251 dv-cinder-859203-2-iscsi devstack@c-api.service[113438]: DEBUG cinder.api.middleware.request_id [None req-895699b0-2bc6-4ba5-aa4d-254eb0d6f9d0 None None] RequestId filter calling following filter/app {{(pid=113438) _context_setter /opt/stack/cinder/cinder/api/middleware/request_id.py:62}}
Sep 26 01:37:06.858200 dv-cinder-859203-2-iscsi devstack@c-api.service[113438]: INFO cinder.api.openstack.wsgi [None req-895699b0-2bc6-4ba5-aa4d-254eb0d6f9d0 tempest-GroupSnapshotsTest-2001600253 tempest-GroupSnapshotsTest-2001600253-project] GET http://10.222.0.25/volume/v3/b4e2ab570b2c461f9ad8fc19dcbe7f0f/snapshots/2eb74df3-6138-40c7-909f-c785b81f80f1
Sep 26 01:37:06.858689 dv-cinder-859203-2-iscsi devstack@c-api.service[113438]: DEBUG cinder.api.openstack.wsgi [None req-895699b0-2bc6-4ba5-aa4d-254eb0d6f9d0 tempest-GroupSnapshotsTest-2001600253 tempest-GroupSnapshotsTest-2001600253-project] Empty body provided in request {{(pid=113438) get_body /opt/stack/cinder/cinder/api/openstack/wsgi.py:715}}
Sep 26 01:37:06.859304 dv-cinder-859203-2-iscsi devstack@c-api.service[113438]: DEBUG cinder.api.openstack.wsgi [None req-895699b0-2bc6-4ba5-aa4d-254eb0d6f9d0 tempest-GroupSnapshotsTest-2001600253 tempest-GroupSnapshotsTest-2001600253-project] Calling method 'show' {{(pid=113438) _process_stack /opt/stack/cinder/cinder/api/openstack/wsgi.py:868}}
Sep 26 01:37:06.870115 dv-cinder-859203-2-iscsi devstack@c-api.service[113438]: INFO cinder.api.openstack.wsgi [None req-895699b0-2bc6-4ba5-aa4d-254eb0d6f9d0 tempest-GroupSnapshotsTest-2001600253 tempest-GroupSnapshotsTest-2001600253-project] http://10.222.0.25/volume/v3/b4e2ab570b2c461f9ad8fc19dcbe7f0f/snapshots/2eb74df3-6138-40c7-909f-c785b81f80f1 returned with HTTP 404
Sep 26 01:37:06.871034 dv-cinder-859203-2-iscsi devstack@c-api.service[113438]: [pid: 113438|app: 0|req: 181/345] 10.222.0.25 () {58 vars in 1331 bytes} [Mon Sep 26 01:37:06 2022] GET /volume/v3/b4e2ab570b2c461f9ad8fc19dcbe7f0f/snapshots/2eb74df3-6138-40c7-909f-c785b81f80f1 => generated 111 bytes in 19 msecs (HTTP/1.1 404) 7 headers in 292 bytes (2 switches on core 0)
Sep 26 01:37:06.876146 dv-cinder-859203-2-iscsi devstack@c-api.service[113439]: DEBUG cinder.api.middleware.request_id [None req-3106b463-8e76-48b4-beb9-6686735a704d None None] RequestId filter calling following filter/app {{(pid=113439) _context_setter /opt/stack/cinder/cinder/api/middleware/request_id.py:62}}
Sep 26 01:37:06.880287 dv-cinder-859203-2-iscsi devstack@c-api.service[113439]: INFO cinder.api.openstack.wsgi [None req-3106b463-8e76-48b4-beb9-6686735a704d tempest-GroupSnapshotsTest-2001600253 tempest-GroupSnapshotsTest-2001600253-project] GET http://10.222.0.25/volume/v3/b4e2ab570b2c461f9ad8fc19dcbe7f0f/group_snapshots/9637ad08-c5fb-4b69-a90b-62c26cd7bf34
Sep 26 01:37:06.880813 dv-cinder-859203-2-iscsi devstack@c-api.service[113439]: DEBUG cinder.api.openstack.wsgi [None req-3106b463-8e76-48b4-beb9-6686735a704d tempest-GroupSnapshotsTest-2001600253 tempest-GroupSnapshotsTest-2001600253-project] Empty body provided in request {{(pid=113439) get_body /opt/stack/cinder/cinder/api/openstack/wsgi.py:715}}
Sep 26 01:37:06.882159 dv-cinder-859203-2-iscsi devstack@c-api.service[113439]: DEBUG cinder.api.openstack.wsgi [None req-3106b463-8e76-48b4-beb9-6686735a704d tempest-GroupSnapshotsTest-2001600253 tempest-GroupSnapshotsTest-2001600253-project] Calling method 'version_select' {{(pid=113439) _process_stack /opt/stack/cinder/cinder/api/openstack/wsgi.py:868}}
Sep 26 01:37:06.882516 dv-cinder-859203-2-iscsi devstack@c-api.service[113439]: DEBUG cinder.api.v3.group_snapshots [None req-3106b463-8e76-48b4-beb9-6686735a704d tempest-GroupSnapshotsTest-2001600253 tempest-GroupSnapshotsTest-2001600253-project] show called for member 9637ad08-c5fb-4b69-a90b-62c26cd7bf34 {{(pid=113439) show /opt/stack/cinder/cinder/api/v3/group_snapshots.py:58}}
Sep 26 01:37:06.889148 dv-cinder-859203-2-iscsi devstack@c-api.service[113439]: /usr/local/lib/python3.8/dist-packages/oslo_context/context.py:100: DeprecationWarning: Policy enforcement is depending on the value of is_admin. This key is deprecated. Please update your policy file to use the standard policy values.
Sep 26 01:37:06.889148 dv-cinder-859203-2-iscsi devstack@c-api.service[113439]: warnings.warn('Policy enforcement is depending on the value of '
Sep 26 01:37:06.895921 dv-cinder-859203-2-iscsi devstack@c-api.service[113439]: INFO cinder.api.openstack.wsgi [None req-3106b463-8e76-48b4-beb9-6686735a704d tempest-GroupSnapshotsTest-2001600253 tempest-GroupSnapshotsTest-2001600253-project] http://10.222.0.25/volume/v3/b4e2ab570b2c461f9ad8fc19dcbe7f0f/group_snapshots/9637ad08-c5fb-4b69-a90b-62c26cd7bf34 returned with HTTP 200
Sep 26 01:37:06.896954 dv-cinder-859203-2-iscsi devstack@c-api.service[113439]: [pid: 113439|app: 0|req: 165/346] 10.222.0.25 () {60 vars in 1390 bytes} [Mon Sep 26 01:37:06 2022] GET /volume/v3/b4e2ab570b2c461f9ad8fc19dcbe7f0f/group_snapshots/9637ad08-c5fb-4b69-a90b-62c26cd7bf34 => generated 307 bytes in 22 msecs (HTTP/1.1 200) 7 headers in 286 bytes (2 switches on core 0)
Sep 26 01:37:07.021424 dv-cinder-859203-2-iscsi devstack@c-api.service[113438]: DEBUG cinder.api.middleware.request_id [None req-eaeefb51-6bd6-48ab-958f-7c4f3609857f None None] RequestId filter calling following filter/app {{(pid=113438) _context_setter /opt/stack/cinder/cinder/api/middleware/request_id.py:62}}
Sep 26 01:37:07.025248 dv-cinder-859203-2-iscsi devstack@c-api.service[113438]: INFO cinder.api.openstack.wsgi [None req-eaeefb51-6bd6-48ab-958f-7c4f3609857f tempest-VolumesTransfersV355Test-2040968733 tempest-VolumesTransfersV355Test-2040968733-project] GET http://10.222.0.25/volume/v3/0e5203ad82e245e88d5d638c60b02d49/volumes/08803b28-8a8d-4c57-8b7d-0ae974081590
Sep 26 01:37:07.025830 dv-cinder-859203-2-iscsi devstack@c-api.service[113438]: DEBUG cinder.api.openstack.wsgi [None req-eaeefb51-6bd6-48ab-958f-7c4f3609857f tempest-VolumesTransfersV355Test-2040968733 tempest-VolumesTransfersV355Test-2040968733-project] Empty body provided in request {{(pid=113438) get_body /opt/stack/cinder/cinder/api/openstack/wsgi.py:715}}
Sep 26 01:37:07.026354 dv-cinder-859203-2-iscsi devstack@c-api.service[113438]: DEBUG cinder.api.openstack.wsgi [None req-eaeefb51-6bd6-48ab-958f-7c4f3609857f tempest-VolumesTransfersV355Test-2040968733 tempest-VolumesTransfersV355Test-2040968733-project] Calling method 'show' {{(pid=113438) _process_stack /opt/stack/cinder/cinder/api/openstack/wsgi.py:868}}
Sep 26 01:37:07.042067 dv-cinder-859203-2-iscsi devstack@c-api.service[113438]: /usr/local/lib/python3.8/dist-packages/oslo_context/context.py:100: DeprecationWarning: Policy enforcement is depending on the value of is_admin. This key is deprecated. Please update your policy file to use the standard policy values.
Sep 26 01:37:07.042067 dv-cinder-859203-2-iscsi devstack@c-api.service[113438]: warnings.warn('Policy enforcement is depending on the value of '
Sep 26 01:37:07.049627 dv-cinder-859203-2-iscsi devstack@c-api.service[113438]: INFO cinder.volume.api [None req-eaeefb51-6bd6-48ab-958f-7c4f3609857f tempest-VolumesTransfersV355Test-2040968733 tempest-VolumesTransfersV355Test-2040968733-project] Volume info retrieved successfully.
Sep 26 01:37:07.060540 dv-cinder-859203-2-iscsi devstack@c-api.service[113438]: INFO cinder.api.openstack.wsgi [None req-eaeefb51-6bd6-48ab-958f-7c4f3609857f tempest-VolumesTransfersV355Test-2040968733 tempest-VolumesTransfersV355Test-2040968733-project] http://10.222.0.25/volume/v3/0e5203ad82e245e88d5d638c60b02d49/volumes/08803b28-8a8d-4c57-8b7d-0ae974081590 returned with HTTP 200
Sep 26 01:37:07.061270 dv-cinder-859203-2-iscsi devstack@c-api.service[113438]: [pid: 113438|app: 0|req: 182/347] 10.222.0.25 () {60 vars in 1366 bytes} [Mon Sep 26 01:37:07 2022] GET /volume/v3/0e5203ad82e245e88d5d638c60b02d49/volumes/08803b28-8a8d-4c57-8b7d-0ae974081590 => generated 1015 bytes in 41 msecs (HTTP/1.1 200) 7 headers in 287 bytes (1 switches on core 0)
Sep 26 01:37:07.080972 dv-cinder-859203-2-iscsi devstack@c-api.service[113439]: DEBUG cinder.api.middleware.request_id [None req-591cb55f-0d34-436c-a4a6-2be6f44a99b7 None None] RequestId filter calling following filter/app {{(pid=113439) _context_setter /opt/stack/cinder/cinder/api/middleware/request_id.py:62}}
Sep 26 01:37:07.085929 dv-cinder-859203-2-iscsi devstack@c-api.service[113439]: INFO cinder.api.openstack.wsgi [None req-591cb55f-0d34-436c-a4a6-2be6f44a99b7 tempest-VolumesTransfersV355Test-2040968733 tempest-VolumesTransfersV355Test-2040968733-project] POST http://10.222.0.25/volume/v3/0e5203ad82e245e88d5d638c60b02d49/volume-transfers
Sep 26 01:37:07.086678 dv-cinder-859203-2-iscsi devstack@c-api.service[113439]: DEBUG cinder.api.openstack.wsgi [None req-591cb55f-0d34-436c-a4a6-2be6f44a99b7 tempest-VolumesTransfersV355Test-2040968733 tempest-VolumesTransfersV355Test-2040968733-project] Action: 'create', calling method: create, body: {"transfer": {"volume_id": "08803b28-8a8d-4c57-8b7d-0ae974081590"}} {{(pid=113439) _process_stack /opt/stack/cinder/cinder/api/openstack/wsgi.py:866}}
Sep 26 01:37:07.089094 dv-cinder-859203-2-iscsi devstack@c-api.service[113439]: DEBUG cinder.api.v3.volume_transfer [None req-591cb55f-0d34-436c-a4a6-2be6f44a99b7 tempest-VolumesTransfersV355Test-2040968733 tempest-VolumesTransfersV355Test-2040968733-project] Creating new volume transfer {'transfer': {'volume_id': '08803b28-8a8d-4c57-8b7d-0ae974081590'}} {{(pid=113439) create /opt/stack/cinder/cinder/api/v3/volume_transfer.py:85}}
Sep 26 01:37:07.089436 dv-cinder-859203-2-iscsi devstack@c-api.service[113439]: INFO cinder.api.v3.volume_transfer [None req-591cb55f-0d34-436c-a4a6-2be6f44a99b7 tempest-VolumesTransfersV355Test-2040968733 tempest-VolumesTransfersV355Test-2040968733-project] Creating transfer of volume 08803b28-8a8d-4c57-8b7d-0ae974081590
Sep 26 01:37:07.089741 dv-cinder-859203-2-iscsi devstack@c-api.service[113439]: INFO cinder.transfer.api [None req-591cb55f-0d34-436c-a4a6-2be6f44a99b7 tempest-VolumesTransfersV355Test-2040968733 tempest-VolumesTransfersV355Test-2040968733-project] Generating transfer record for volume 08803b28-8a8d-4c57-8b7d-0ae974081590
Sep 26 01:37:07.104522 dv-cinder-859203-2-iscsi devstack@c-api.service[113439]: /usr/local/lib/python3.8/dist-packages/oslo_context/context.py:100: DeprecationWarning: Policy enforcement is depending on the value of is_admin. This key is deprecated. Please update your policy file to use the standard policy values.
Sep 26 01:37:07.104522 dv-cinder-859203-2-iscsi devstack@c-api.service[113439]: warnings.warn('Policy enforcement is depending on the value of '
Sep 26 01:37:07.124608 dv-cinder-859203-2-iscsi devstack@c-api.service[113439]: INFO cinder.api.openstack.wsgi [None req-591cb55f-0d34-436c-a4a6-2be6f44a99b7 tempest-VolumesTransfersV355Test-2040968733 tempest-VolumesTransfersV355Test-2040968733-project] http://10.222.0.25/volume/v3/0e5203ad82e245e88d5d638c60b02d49/volume-transfers returned with HTTP 202
Sep 26 01:37:07.132754 dv-cinder-859203-2-iscsi devstack@c-api.service[113439]: [pid: 113439|app: 0|req: 166/348] 10.222.0.25 () {62 vars in 1303 bytes} [Mon Sep 26 01:37:07 2022] POST /volume/v3/0e5203ad82e245e88d5d638c60b02d49/volume-transfers => generated 530 bytes in 47 msecs (HTTP/1.1 202) 7 headers in 292 bytes (1 switches on core 0)
Sep 26 01:37:07.135066 dv-cinder-859203-2-iscsi devstack@c-api.service[113438]: DEBUG cinder.api.middleware.request_id [None req-4aa161e8-fda3-469b-bd82-7de456fda215 None None] RequestId filter calling following filter/app {{(pid=113438) _context_setter /opt/stack/cinder/cinder/api/middleware/request_id.py:62}}
Sep 26 01:37:07.139815 dv-cinder-859203-2-iscsi devstack@c-api.service[113438]: INFO cinder.api.openstack.wsgi [None req-4aa161e8-fda3-469b-bd82-7de456fda215 tempest-VolumesTransfersV355Test-2040968733 tempest-VolumesTransfersV355Test-2040968733-project] GET http://10.222.0.25/volume/v3/0e5203ad82e245e88d5d638c60b02d49/volumes/08803b28-8a8d-4c57-8b7d-0ae974081590
Sep 26 01:37:07.140308 dv-cinder-859203-2-iscsi devstack@c-api.service[113438]: DEBUG cinder.api.openstack.wsgi [None req-4aa161e8-fda3-469b-bd82-7de456fda215 tempest-VolumesTransfersV355Test-2040968733 tempest-VolumesTransfersV355Test-2040968733-project] Empty body provided in request {{(pid=113438) get_body /opt/stack/cinder/cinder/api/openstack/wsgi.py:715}}
Sep 26 01:37:07.140793 dv-cinder-859203-2-iscsi devstack@c-api.service[113438]: DEBUG cinder.api.openstack.wsgi [None req-4aa161e8-fda3-469b-bd82-7de456fda215 tempest-VolumesTransfersV355Test-2040968733 tempest-VolumesTransfersV355Test-2040968733-project] Calling method 'show' {{(pid=113438) _process_stack /opt/stack/cinder/cinder/api/openstack/wsgi.py:868}}
Sep 26 01:37:07.155993 dv-cinder-859203-2-iscsi devstack@c-api.service[113438]: /usr/local/lib/python3.8/dist-packages/oslo_context/context.py:100: DeprecationWarning: Policy enforcement is depending on the value of is_admin. This key is deprecated. Please update your policy file to use the standard policy values.
Sep 26 01:37:07.155993 dv-cinder-859203-2-iscsi devstack@c-api.service[113438]: warnings.warn('Policy enforcement is depending on the value of '
Sep 26 01:37:07.162339 dv-cinder-859203-2-iscsi devstack@c-api.service[113438]: INFO cinder.volume.api [None req-4aa161e8-fda3-469b-bd82-7de456fda215 tempest-VolumesTransfersV355Test-2040968733 tempest-VolumesTransfersV355Test-2040968733-project] Volume info retrieved successfully.
Sep 26 01:37:07.171850 dv-cinder-859203-2-iscsi devstack@c-api.service[113438]: INFO cinder.api.openstack.wsgi [None req-4aa161e8-fda3-469b-bd82-7de456fda215 tempest-VolumesTransfersV355Test-2040968733 tempest-VolumesTransfersV355Test-2040968733-project] http://10.222.0.25/volume/v3/0e5203ad82e245e88d5d638c60b02d49/volumes/08803b28-8a8d-4c57-8b7d-0ae974081590 returned with HTTP 200
Sep 26 01:37:07.172604 dv-cinder-859203-2-iscsi devstack@c-api.service[113438]: [pid: 113438|app: 0|req: 183/349] 10.222.0.25 () {60 vars in 1366 bytes} [Mon Sep 26 01:37:07 2022] GET /volume/v3/0e5203ad82e245e88d5d638c60b02d49/volumes/08803b28-8a8d-4c57-8b7d-0ae974081590 => generated 1023 bytes in 39 msecs (HTTP/1.1 200) 7 headers in 287 bytes (2 switches on core 0)
Sep 26 01:37:07.190642 dv-cinder-859203-2-iscsi devstack@c-api.service[113439]: DEBUG cinder.api.middleware.request_id [None req-e4ccc72e-8bf2-451d-bbf9-f2ad075721c6 None None] RequestId filter calling following filter/app {{(pid=113439) _context_setter /opt/stack/cinder/cinder/api/middleware/request_id.py:62}}
Sep 26 01:37:07.196459 dv-cinder-859203-2-iscsi devstack@c-api.service[113439]: INFO cinder.api.openstack.wsgi [None req-e4ccc72e-8bf2-451d-bbf9-f2ad075721c6 tempest-VolumesTransfersV355Test-2040968733 tempest-VolumesTransfersV355Test-2040968733-project] GET http://10.222.0.25/volume/v3/0e5203ad82e245e88d5d638c60b02d49/volume-transfers/0f927ae9-b097-44dc-965b-e102f49e3eb3
Sep 26 01:37:07.196981 dv-cinder-859203-2-iscsi devstack@c-api.service[113439]: DEBUG cinder.api.openstack.wsgi [None req-e4ccc72e-8bf2-451d-bbf9-f2ad075721c6 tempest-VolumesTransfersV355Test-2040968733 tempest-VolumesTransfersV355Test-2040968733-project] Empty body provided in request {{(pid=113439) get_body /opt/stack/cinder/cinder/api/openstack/wsgi.py:715}}
Sep 26 01:37:07.197435 dv-cinder-859203-2-iscsi devstack@c-api.service[113439]: DEBUG cinder.api.openstack.wsgi [None req-e4ccc72e-8bf2-451d-bbf9-f2ad075721c6 tempest-VolumesTransfersV355Test-2040968733 tempest-VolumesTransfersV355Test-2040968733-project] Calling method 'show' {{(pid=113439) _process_stack /opt/stack/cinder/cinder/api/openstack/wsgi.py:868}}
Sep 26 01:37:07.204629 dv-cinder-859203-2-iscsi devstack@c-api.service[113439]: DEBUG dbcounter [-] [113439] Writing DB stats cinder:UPDATE=22,cinder:SELECT=68,cinder:INSERT=10 {{(pid=113439) stat_writer /usr/local/lib/python3.8/dist-packages/dbcounter.py:114}}
Sep 26 01:37:07.208513 dv-cinder-859203-2-iscsi devstack@c-api.service[113439]: INFO cinder.api.openstack.wsgi [None req-e4ccc72e-8bf2-451d-bbf9-f2ad075721c6 tempest-VolumesTransfersV355Test-2040968733 tempest-VolumesTransfersV355Test-2040968733-project] http://10.222.0.25/volume/v3/0e5203ad82e245e88d5d638c60b02d49/volume-transfers/0f927ae9-b097-44dc-965b-e102f49e3eb3 returned with HTTP 200
Sep 26 01:37:07.214949 dv-cinder-859203-2-iscsi devstack@c-api.service[113439]: [pid: 113439|app: 0|req: 167/350] 10.222.0.25 () {60 vars in 1393 bytes} [Mon Sep 26 01:37:07 2022] GET /volume/v3/0e5203ad82e245e88d5d638c60b02d49/volume-transfers/0f927ae9-b097-44dc-965b-e102f49e3eb3 => generated 498 bytes in 26 msecs (HTTP/1.1 200) 7 headers in 286 bytes (1 switches on core 0)
Sep 26 01:37:07.218021 dv-cinder-859203-2-iscsi devstack@c-api.service[113438]: DEBUG cinder.api.middleware.request_id [None req-a417b6ff-dcdc-4112-9551-93e4a28b42d6 None None] RequestId filter calling following filter/app {{(pid=113438) _context_setter /opt/stack/cinder/cinder/api/middleware/request_id.py:62}}
Sep 26 01:37:07.222649 dv-cinder-859203-2-iscsi devstack@c-api.service[113438]: INFO cinder.api.openstack.wsgi [None req-a417b6ff-dcdc-4112-9551-93e4a28b42d6 tempest-VolumesTransfersV355Test-2040968733 tempest-VolumesTransfersV355Test-2040968733-project] GET http://10.222.0.25/volume/v3/0e5203ad82e245e88d5d638c60b02d49/volume-transfers
Sep 26 01:37:07.223325 dv-cinder-859203-2-iscsi devstack@c-api.service[113438]: DEBUG cinder.api.openstack.wsgi [None req-a417b6ff-dcdc-4112-9551-93e4a28b42d6 tempest-VolumesTransfersV355Test-2040968733 tempest-VolumesTransfersV355Test-2040968733-project] Empty body provided in request {{(pid=113438) get_body /opt/stack/cinder/cinder/api/openstack/wsgi.py:715}}
Sep 26 01:37:07.223783 dv-cinder-859203-2-iscsi devstack@c-api.service[113438]: DEBUG cinder.api.openstack.wsgi [None req-a417b6ff-dcdc-4112-9551-93e4a28b42d6 tempest-VolumesTransfersV355Test-2040968733 tempest-VolumesTransfersV355Test-2040968733-project] Calling method 'index' {{(pid=113438) _process_stack /opt/stack/cinder/cinder/api/openstack/wsgi.py:868}}
Sep 26 01:37:07.224185 dv-cinder-859203-2-iscsi devstack@c-api.service[113438]: DEBUG cinder.api.v3.volume_transfer [None req-a417b6ff-dcdc-4112-9551-93e4a28b42d6 tempest-VolumesTransfersV355Test-2040968733 tempest-VolumesTransfersV355Test-2040968733-project] Listing volume transfers {{(pid=113438) _get_transfers /opt/stack/cinder/cinder/api/v3/volume_transfer.py:51}}
Sep 26 01:37:07.232976 dv-cinder-859203-2-iscsi devstack@c-api.service[113438]: INFO cinder.api.openstack.wsgi [None req-a417b6ff-dcdc-4112-9551-93e4a28b42d6 tempest-VolumesTransfersV355Test-2040968733 tempest-VolumesTransfersV355Test-2040968733-project] http://10.222.0.25/volume/v3/0e5203ad82e245e88d5d638c60b02d49/volume-transfers returned with HTTP 200
Sep 26 01:37:07.233684 dv-cinder-859203-2-iscsi devstack@c-api.service[113438]: [pid: 113438|app: 0|req: 184/351] 10.222.0.25 () {60 vars in 1282 bytes} [Mon Sep 26 01:37:07 2022] GET /volume/v3/0e5203ad82e245e88d5d638c60b02d49/volume-transfers => generated 434 bytes in 17 msecs (HTTP/1.1 200) 7 headers in 286 bytes (1 switches on core 0)
Sep 26 01:37:07.242845 dv-cinder-859203-2-iscsi devstack@c-api.service[113439]: DEBUG cinder.api.middleware.request_id [None req-eaee1a39-fb8b-40f7-85d6-50953b2d9aaa None None] RequestId filter calling following filter/app {{(pid=113439) _context_setter /opt/stack/cinder/cinder/api/middleware/request_id.py:62}}
Sep 26 01:37:07.392480 dv-cinder-859203-2-iscsi devstack@c-api.service[113439]: INFO cinder.api.openstack.wsgi [None req-eaee1a39-fb8b-40f7-85d6-50953b2d9aaa tempest-VolumesTransfersV355Test-1349679356 tempest-VolumesTransfersV355Test-1349679356-project] POST http://10.222.0.25/volume/v3/c5320b0d28a145bf98d4fab4d73e6edb/volume-transfers/0f927ae9-b097-44dc-965b-e102f49e3eb3/accept
Sep 26 01:37:07.393225 dv-cinder-859203-2-iscsi devstack@c-api.service[113439]: DEBUG cinder.api.openstack.wsgi [None req-eaee1a39-fb8b-40f7-85d6-50953b2d9aaa tempest-VolumesTransfersV355Test-1349679356 tempest-VolumesTransfersV355Test-1349679356-project] Action: 'accept', calling method: accept, body: {"accept": {"auth_key": "3bf194738d10a14a"}} {{(pid=113439) _process_stack /opt/stack/cinder/cinder/api/openstack/wsgi.py:866}}
Sep 26 01:37:07.395200 dv-cinder-859203-2-iscsi devstack@c-api.service[113439]: DEBUG cinder.api.contrib.volume_transfer [None req-eaee1a39-fb8b-40f7-85d6-50953b2d9aaa tempest-VolumesTransfersV355Test-1349679356 tempest-VolumesTransfersV355Test-1349679356-project] Accepting volume transfer 0f927ae9-b097-44dc-965b-e102f49e3eb3 {{(pid=113439) accept /opt/stack/cinder/cinder/api/contrib/volume_transfer.py:115}}
Sep 26 01:37:07.395500 dv-cinder-859203-2-iscsi devstack@c-api.service[113439]: INFO cinder.api.contrib.volume_transfer [None req-eaee1a39-fb8b-40f7-85d6-50953b2d9aaa tempest-VolumesTransfersV355Test-1349679356 tempest-VolumesTransfersV355Test-1349679356-project] Accepting transfer 0f927ae9-b097-44dc-965b-e102f49e3eb3
Sep 26 01:37:07.546995 dv-cinder-859203-2-iscsi devstack@c-api.service[113439]: DEBUG cinder.quota [None req-eaee1a39-fb8b-40f7-85d6-50953b2d9aaa tempest-VolumesTransfersV355Test-1349679356 tempest-VolumesTransfersV355Test-1349679356-project] Created reservations ['24760441-88aa-436f-ac56-4644eefd1e6c', '935c373c-7629-4a5e-8b7e-923570bdb8a4', 'af7380ce-2c53-4f1d-87e8-671482a72462', 'fa303717-a429-4de1-a2e3-703d66fafda7'] {{(pid=113439) reserve /opt/stack/cinder/cinder/quota.py:755}}
Sep 26 01:37:07.587395 dv-cinder-859203-2-iscsi devstack@c-api.service[113439]: DEBUG cinder.quota [None req-eaee1a39-fb8b-40f7-85d6-50953b2d9aaa tempest-VolumesTransfersV355Test-1349679356 tempest-VolumesTransfersV355Test-1349679356-project] Created reservations ['79bf0ad4-112c-44af-b2b2-22787f03bbaf', '388cc5a1-373f-4ece-a5b3-c82e839b750c', 'd7088d3a-41a8-42df-9279-893294454abc', '40e5aa10-0c0c-44a9-8348-7591e57f4622'] {{(pid=113439) reserve /opt/stack/cinder/cinder/quota.py:755}}
Sep 26 01:37:07.663547 dv-cinder-859203-2-iscsi devstack@c-api.service[113439]: DEBUG cinder.quota [None req-eaee1a39-fb8b-40f7-85d6-50953b2d9aaa tempest-VolumesTransfersV355Test-1349679356 tempest-VolumesTransfersV355Test-1349679356-project] Created reservations ['b42d2cde-8ca1-44ef-b8ee-8b4267979d66', 'ef038c32-7911-49a3-95aa-93a3280e74dd', '66468c1f-fec0-4911-aa03-c16b60f17c77', '6142eee2-36fb-4f39-b77f-3c9b9149a40f'] {{(pid=113439) reserve /opt/stack/cinder/cinder/quota.py:755}}
Sep 26 01:37:07.724676 dv-cinder-859203-2-iscsi devstack@c-api.service[113439]: DEBUG cinder.quota [None req-eaee1a39-fb8b-40f7-85d6-50953b2d9aaa tempest-VolumesTransfersV355Test-1349679356 tempest-VolumesTransfersV355Test-1349679356-project] Created reservations ['aba06da9-83b6-45f4-88cf-c88d612f3e44', '279758ba-609e-4eab-9c33-db530736a856', '3baee2ce-dcb6-4a26-8df3-f319a8a92895', 'cdabc5b8-524a-4792-a289-66e9a450bf77'] {{(pid=113439) reserve /opt/stack/cinder/cinder/quota.py:755}}
Sep 26 01:37:07.782423 dv-cinder-859203-2-iscsi devstack@c-api.service[113438]: DEBUG cinder.api.middleware.request_id [None req-0c14ef57-456a-4252-bb9e-669dcd7d1f07 None None] RequestId filter calling following filter/app {{(pid=113438) _context_setter /opt/stack/cinder/cinder/api/middleware/request_id.py:62}}
Sep 26 01:37:07.786593 dv-cinder-859203-2-iscsi devstack@c-api.service[113438]: INFO cinder.api.openstack.wsgi [None req-0c14ef57-456a-4252-bb9e-669dcd7d1f07 tempest-SnapshotMetadataTestJSON-379085923 tempest-SnapshotMetadataTestJSON-379085923-project] GET http://10.222.0.25/volume/v3/01a95b064cf4490bab78eb2fa2fd026d/snapshots/e6203193-246a-49c8-8a98-571a56c043f8
Sep 26 01:37:07.787272 dv-cinder-859203-2-iscsi devstack@c-api.service[113438]: DEBUG cinder.api.openstack.wsgi [None req-0c14ef57-456a-4252-bb9e-669dcd7d1f07 tempest-SnapshotMetadataTestJSON-379085923 tempest-SnapshotMetadataTestJSON-379085923-project] Empty body provided in request {{(pid=113438) get_body /opt/stack/cinder/cinder/api/openstack/wsgi.py:715}}
Sep 26 01:37:07.787994 dv-cinder-859203-2-iscsi devstack@c-api.service[113438]: DEBUG cinder.api.openstack.wsgi [None req-0c14ef57-456a-4252-bb9e-669dcd7d1f07 tempest-SnapshotMetadataTestJSON-379085923 tempest-SnapshotMetadataTestJSON-379085923-project] Calling method 'show' {{(pid=113438) _process_stack /opt/stack/cinder/cinder/api/openstack/wsgi.py:868}}
Sep 26 01:37:07.800881 dv-cinder-859203-2-iscsi devstack@c-api.service[113438]: /usr/local/lib/python3.8/dist-packages/oslo_context/context.py:100: DeprecationWarning: Policy enforcement is depending on the value of is_admin. This key is deprecated. Please update your policy file to use the standard policy values.
Sep 26 01:37:07.800881 dv-cinder-859203-2-iscsi devstack@c-api.service[113438]: warnings.warn('Policy enforcement is depending on the value of '
Sep 26 01:37:07.804257 dv-cinder-859203-2-iscsi devstack@c-api.service[113438]: INFO cinder.volume.api [None req-0c14ef57-456a-4252-bb9e-669dcd7d1f07 tempest-SnapshotMetadataTestJSON-379085923 tempest-SnapshotMetadataTestJSON-379085923-project] Snapshot retrieved successfully.
Sep 26 01:37:07.807498 dv-cinder-859203-2-iscsi devstack@c-api.service[113438]: INFO cinder.api.openstack.wsgi [None req-0c14ef57-456a-4252-bb9e-669dcd7d1f07 tempest-SnapshotMetadataTestJSON-379085923 tempest-SnapshotMetadataTestJSON-379085923-project] http://10.222.0.25/volume/v3/01a95b064cf4490bab78eb2fa2fd026d/snapshots/e6203193-246a-49c8-8a98-571a56c043f8 returned with HTTP 200
Sep 26 01:37:07.815172 dv-cinder-859203-2-iscsi devstack@c-api.service[113438]: [pid: 113438|app: 0|req: 185/352] 10.222.0.25 () {58 vars in 1331 bytes} [Mon Sep 26 01:37:07 2022] GET /volume/v3/01a95b064cf4490bab78eb2fa2fd026d/snapshots/e6203193-246a-49c8-8a98-571a56c043f8 => generated 441 bytes in 28 msecs (HTTP/1.1 200) 7 headers in 285 bytes (1 switches on core 0)
Sep 26 01:37:07.833643 dv-cinder-859203-2-iscsi devstack@c-api.service[113438]: DEBUG cinder.api.middleware.request_id [None req-17898338-b3e7-4657-aec3-569f596d506b None None] RequestId filter calling following filter/app {{(pid=113438) _context_setter /opt/stack/cinder/cinder/api/middleware/request_id.py:62}}
Sep 26 01:37:07.841985 dv-cinder-859203-2-iscsi devstack@c-api.service[113439]: INFO cinder.volume.api [None req-eaee1a39-fb8b-40f7-85d6-50953b2d9aaa tempest-VolumesTransfersV355Test-1349679356 tempest-VolumesTransfersV355Test-1349679356-project] Transfer volume completed successfully.
Sep 26 01:37:07.854810 dv-cinder-859203-2-iscsi devstack@c-api.service[113439]: DEBUG dbcounter [-] [113439] Writing DB stats cinder:SELECT=71,cinder:INSERT=24,cinder:UPDATE=5 {{(pid=113439) stat_writer /usr/local/lib/python3.8/dist-packages/dbcounter.py:114}}
Sep 26 01:37:07.990241 dv-cinder-859203-2-iscsi devstack@c-api.service[113438]: INFO cinder.api.openstack.wsgi [None req-17898338-b3e7-4657-aec3-569f596d506b tempest-VolumeTypesAccessTest-373058761 tempest-VolumeTypesAccessTest-373058761-project-admin] POST http://10.222.0.25/volume/v3/474d52be0f6845dbb6043b564d3bc17d/types
Sep 26 01:37:07.992251 dv-cinder-859203-2-iscsi devstack@c-api.service[113438]: DEBUG cinder.api.openstack.wsgi [None req-17898338-b3e7-4657-aec3-569f596d506b tempest-VolumeTypesAccessTest-373058761 tempest-VolumeTypesAccessTest-373058761-project-admin] Action: 'create', calling method: _create, body: {"volume_type": {"name": "tempest-VolumeTypesAccessTest-volume-type-987319114", "os-volume-type-access:is_public": false}} {{(pid=113438) _process_stack /opt/stack/cinder/cinder/api/openstack/wsgi.py:866}}
Sep 26 01:37:08.006072 dv-cinder-859203-2-iscsi devstack@c-api.service[113438]: DEBUG dbcounter [-] [113438] Writing DB stats cinder:SELECT=96,cinder:UPDATE=3,cinder:INSERT=1 {{(pid=113438) stat_writer /usr/local/lib/python3.8/dist-packages/dbcounter.py:114}}
Sep 26 01:37:08.014686 dv-cinder-859203-2-iscsi devstack@c-api.service[113439]: INFO cinder.transfer.api [None req-eaee1a39-fb8b-40f7-85d6-50953b2d9aaa tempest-VolumesTransfersV355Test-1349679356 tempest-VolumesTransfersV355Test-1349679356-project] Volume 08803b28-8a8d-4c57-8b7d-0ae974081590 has been transferred.
Sep 26 01:37:08.020973 dv-cinder-859203-2-iscsi devstack@c-api.service[113438]: INFO cinder.api.openstack.wsgi [None req-17898338-b3e7-4657-aec3-569f596d506b tempest-VolumeTypesAccessTest-373058761 tempest-VolumeTypesAccessTest-373058761-project-admin] http://10.222.0.25/volume/v3/474d52be0f6845dbb6043b564d3bc17d/types returned with HTTP 200
