Sep 26 01:36:48.674180 dv-cinder-859203-2-iscsi devstack@c-api.service[113439]: INFO cinder.api.openstack.wsgi [None req-89953e8c-1d82-4538-aa1d-6c1808e8aa6a tempest-VolumesActionsTest-35287465 tempest-VolumesActionsTest-35287465-project] GET http://10.222.0.25/volume/v3/513260c0f2484a2d885d0e0a66f4e174/volumes/8d114859-36a2-4425-b989-0ef9a3e17639
Sep 26 01:36:48.674180 dv-cinder-859203-2-iscsi devstack@c-api.service[113439]: DEBUG cinder.api.openstack.wsgi [None req-89953e8c-1d82-4538-aa1d-6c1808e8aa6a tempest-VolumesActionsTest-35287465 tempest-VolumesActionsTest-35287465-project] Empty body provided in request {{(pid=113439) get_body /opt/stack/cinder/cinder/api/openstack/wsgi.py:715}}
Sep 26 01:36:48.674180 dv-cinder-859203-2-iscsi devstack@c-api.service[113439]: DEBUG cinder.api.openstack.wsgi [None req-89953e8c-1d82-4538-aa1d-6c1808e8aa6a tempest-VolumesActionsTest-35287465 tempest-VolumesActionsTest-35287465-project] Calling method 'show' {{(pid=113439) _process_stack /opt/stack/cinder/cinder/api/openstack/wsgi.py:868}}
Sep 26 01:36:48.686219 dv-cinder-859203-2-iscsi devstack@c-api.service[113439]: INFO cinder.api.openstack.wsgi [None req-89953e8c-1d82-4538-aa1d-6c1808e8aa6a tempest-VolumesActionsTest-35287465 tempest-VolumesActionsTest-35287465-project] http://10.222.0.25/volume/v3/513260c0f2484a2d885d0e0a66f4e174/volumes/8d114859-36a2-4425-b989-0ef9a3e17639 returned with HTTP 404
Sep 26 01:36:48.687241 dv-cinder-859203-2-iscsi devstack@c-api.service[113439]: [pid: 113439|app: 0|req: 101/209] 10.222.0.25 () {58 vars in 1325 bytes} [Mon Sep 26 01:36:48 2022] GET /volume/v3/513260c0f2484a2d885d0e0a66f4e174/volumes/8d114859-36a2-4425-b989-0ef9a3e17639 => generated 109 bytes in 21 msecs (HTTP/1.1 404) 7 headers in 292 bytes (2 switches on core 0)
Sep 26 01:36:48.694132 dv-cinder-859203-2-iscsi devstack@c-api.service[113439]: DEBUG cinder.api.middleware.request_id [None req-6a5ace46-cd9d-4237-8157-cf783facf30f None None] RequestId filter calling following filter/app {{(pid=113439) _context_setter /opt/stack/cinder/cinder/api/middleware/request_id.py:62}}
Sep 26 01:36:48.699119 dv-cinder-859203-2-iscsi devstack@c-api.service[113439]: INFO cinder.api.openstack.wsgi [None req-6a5ace46-cd9d-4237-8157-cf783facf30f tempest-VolumesActionsTest-35287465 tempest-VolumesActionsTest-35287465-project] POST http://10.222.0.25/volume/v3/513260c0f2484a2d885d0e0a66f4e174/volumes
Sep 26 01:36:48.699886 dv-cinder-859203-2-iscsi devstack@c-api.service[113439]: DEBUG cinder.api.openstack.wsgi [None req-6a5ace46-cd9d-4237-8157-cf783facf30f tempest-VolumesActionsTest-35287465 tempest-VolumesActionsTest-35287465-project] Action: 'create', calling method: create, body: {"volume": {"size": 1, "name": "tempest-VolumesActionsTest-Volume-1697444455"}} {{(pid=113439) _process_stack /opt/stack/cinder/cinder/api/openstack/wsgi.py:866}}
Sep 26 01:36:48.702109 dv-cinder-859203-2-iscsi devstack@c-api.service[113439]: DEBUG cinder.api.v3.volumes [None req-6a5ace46-cd9d-4237-8157-cf783facf30f tempest-VolumesActionsTest-35287465 tempest-VolumesActionsTest-35287465-project] Create volume request body: {'volume': {'size': 1, 'name': 'tempest-VolumesActionsTest-Volume-1697444455'}} {{(pid=113439) create /opt/stack/cinder/cinder/api/v3/volumes.py:298}}
Sep 26 01:36:48.702426 dv-cinder-859203-2-iscsi devstack@c-api.service[113439]: INFO cinder.api.v3.volumes [None req-6a5ace46-cd9d-4237-8157-cf783facf30f tempest-VolumesActionsTest-35287465 tempest-VolumesActionsTest-35287465-project] Create volume of 1 GB
Sep 26 01:36:48.706053 dv-cinder-859203-2-iscsi devstack@c-api.service[113438]: DEBUG dbcounter [-] [113438] Writing DB stats cinder:UPDATE=3,cinder:SELECT=89,cinder:INSERT=8 {{(pid=113438) stat_writer /usr/local/lib/python3.8/dist-packages/dbcounter.py:114}}
Sep 26 01:36:48.712153 dv-cinder-859203-2-iscsi devstack@c-api.service[113439]: INFO cinder.volume.api [None req-6a5ace46-cd9d-4237-8157-cf783facf30f tempest-VolumesActionsTest-35287465 tempest-VolumesActionsTest-35287465-project] Availability Zones retrieved successfully.
Sep 26 01:36:48.720427 dv-cinder-859203-2-iscsi devstack@c-api.service[113438]: DEBUG cinder.quota [None req-60b2ec85-1d51-47b4-bb07-a2b2a75f6251 tempest-UserMessagesTest-2089809889 tempest-UserMessagesTest-2089809889-project] Created reservations ['ce403428-38d7-4c87-9ced-2d6967d11ba4', 'd563a017-8b5e-4a98-aca8-b27ea9243265', '9483a0e7-f8ee-4453-aed5-12311f11191b', '6b8148e7-3052-45b9-b535-7fb1765a3951'] {{(pid=113438) reserve /opt/stack/cinder/cinder/quota.py:755}}
Sep 26 01:36:48.722297 dv-cinder-859203-2-iscsi devstack@c-api.service[113438]: DEBUG cinder.volume.api [None req-60b2ec85-1d51-47b4-bb07-a2b2a75f6251 tempest-UserMessagesTest-2089809889 tempest-UserMessagesTest-2089809889-project] Task 'cinder.volume.flows.api.create_volume.QuotaReserveTask;volume:create' (3fdc8d8b-8a2f-493a-ab2d-61e2abcb93a0) transitioned into state 'SUCCESS' from state 'RUNNING' with result '{'reservations': ['ce403428-38d7-4c87-9ced-2d6967d11ba4', 'd563a017-8b5e-4a98-aca8-b27ea9243265', '9483a0e7-f8ee-4453-aed5-12311f11191b', '6b8148e7-3052-45b9-b535-7fb1765a3951']}' {{(pid=113438) _task_receiver /usr/local/lib/python3.8/dist-packages/taskflow/listeners/logging.py:178}}
Sep 26 01:36:48.724359 dv-cinder-859203-2-iscsi devstack@c-api.service[113438]: DEBUG cinder.volume.api [None req-60b2ec85-1d51-47b4-bb07-a2b2a75f6251 tempest-UserMessagesTest-2089809889 tempest-UserMessagesTest-2089809889-project] Task 'cinder.volume.flows.api.create_volume.EntryCreateTask;volume:create' (b07a3587-dd0d-406b-b9be-1390560a76a6) transitioned into state 'RUNNING' from state 'PENDING' {{(pid=113438) _task_receiver /usr/local/lib/python3.8/dist-packages/taskflow/listeners/logging.py:190}}
Sep 26 01:36:48.727644 dv-cinder-859203-2-iscsi devstack@c-api.service[113439]: DEBUG cinder.volume.api [None req-6a5ace46-cd9d-4237-8157-cf783facf30f tempest-VolumesActionsTest-35287465 tempest-VolumesActionsTest-35287465-project] Flow 'volume_create_api' (d80bb374-607b-4679-8c23-71df6d6e63e1) transitioned into state 'RUNNING' from state 'PENDING' {{(pid=113439) _flow_receiver /usr/local/lib/python3.8/dist-packages/taskflow/listeners/logging.py:141}}
Sep 26 01:36:48.730811 dv-cinder-859203-2-iscsi devstack@c-api.service[113439]: DEBUG cinder.volume.api [None req-6a5ace46-cd9d-4237-8157-cf783facf30f tempest-VolumesActionsTest-35287465 tempest-VolumesActionsTest-35287465-project] Task 'cinder.volume.flows.api.create_volume.ExtractVolumeRequestTask;volume:create' (5f9c2828-e87d-4374-be26-8b8d182c54a3) transitioned into state 'RUNNING' from state 'PENDING' {{(pid=113439) _task_receiver /usr/local/lib/python3.8/dist-packages/taskflow/listeners/logging.py:190}}
Sep 26 01:36:48.732972 dv-cinder-859203-2-iscsi devstack@c-api.service[113439]: DEBUG cinder.volume.flows.api.create_volume [None req-6a5ace46-cd9d-4237-8157-cf783facf30f tempest-VolumesActionsTest-35287465 tempest-VolumesActionsTest-35287465-project] Validating volume size '1' using validate_int {{(pid=113439) _extract_size /opt/stack/cinder/cinder/volume/flows/api/create_volume.py:228}}
Sep 26 01:36:48.747655 dv-cinder-859203-2-iscsi devstack@c-api.service[113438]: DEBUG cinder.volume.api [None req-60b2ec85-1d51-47b4-bb07-a2b2a75f6251 tempest-UserMessagesTest-2089809889 tempest-UserMessagesTest-2089809889-project] Task 'cinder.volume.flows.api.create_volume.EntryCreateTask;volume:create' (b07a3587-dd0d-406b-b9be-1390560a76a6) transitioned into state 'SUCCESS' from state 'RUNNING' with result '{'volume_id': '22ecd210-413e-473d-9568-40ecd4412ed6', 'volume_properties': VolumeProperties(attach_status='detached',availability_zone='nova',cgsnapshot_id=None,consistencygroup_id=None,display_description=None,display_name='tempest-UserMessagesTest-Volume-1831847406',encryption_key_id=None,group_id=None,group_type_id=,metadata={},multiattach=False,project_id='63c6c2d404074381ac040ad61b306499',qos_specs=None,replication_status=,reservations=['ce403428-38d7-4c87-9ced-2d6967d11ba4','d563a017-8b5e-4a98-aca8-b27ea9243265','9483a0e7-f8ee-4453-aed5-12311f11191b','6b8148e7-3052-45b9-b535-7fb1765a3951'],size=1,snapshot_id=None,source_replicaid=,source_volid=None,status='creating',user_id='1b48b6e3926640b791d6dabdacc63299',volume_type_id=71e8da39-4e14-4e2b-b4d8-58c630f940c9), 'volume': Volume(_name_id=None,admin_metadata=,attach_status='detached',availability_zone='nova',bootable=False,cluster=,cluster_name=None,consistencygroup=,consistencygroup_id=None,created_at=2022-09-26T01:36:48Z,deleted=False,deleted_at=None,display_description=None,display_name='tempest-UserMessagesTest-Volume-1831847406',ec2_id=None,encryption_key_id=None,glance_metadata=,group=,group_id=None,host=None,id=22ecd210-413e-473d-9568-40ecd4412ed6,launched_at=None,metadata={},migration_status=None,multiattach=False,previous_status=None,project_id='63c6c2d404074381ac040ad61b306499',provider_auth=None,provider_geometry=None,provider_id=None,provider_location=None,replication_driver_data=None,replication_extended_status=None,replication_status=None,scheduled_at=None,service_uuid=None,shared_targets=True,size=1,snapshot_id=None,snapshots=,source_volid=None,status='creating',terminated_at=None,updated_at=None,use_quota=True,user_id='1b48b6e3926640b791d6dabdacc63299',volume_attachment=VolumeAttachmentList,volume_type=VolumeType(71e8da39-4e14-4e2b-b4d8-58c630f940c9),volume_type_id=71e8da39-4e14-4e2b-b4d8-58c630f940c9)}' {{(pid=113438) _task_receiver /usr/local/lib/python3.8/dist-packages/taskflow/listeners/logging.py:178}}
Sep 26 01:36:48.749520 dv-cinder-859203-2-iscsi devstack@c-api.service[113438]: DEBUG cinder.volume.api [None req-60b2ec85-1d51-47b4-bb07-a2b2a75f6251 tempest-UserMessagesTest-2089809889 tempest-UserMessagesTest-2089809889-project] Task 'cinder.volume.flows.api.create_volume.QuotaCommitTask;volume:create' (e6c4660f-bfef-4593-8b85-0c73f413188d) transitioned into state 'RUNNING' from state 'PENDING' {{(pid=113438) _task_receiver /usr/local/lib/python3.8/dist-packages/taskflow/listeners/logging.py:190}}
Sep 26 01:36:48.770804 dv-cinder-859203-2-iscsi devstack@c-api.service[113439]: DEBUG cinder.volume.api [None req-6a5ace46-cd9d-4237-8157-cf783facf30f tempest-VolumesActionsTest-35287465 tempest-VolumesActionsTest-35287465-project] Task 'cinder.volume.flows.api.create_volume.ExtractVolumeRequestTask;volume:create' (5f9c2828-e87d-4374-be26-8b8d182c54a3) transitioned into state 'SUCCESS' from state 'RUNNING' with result '{'size': 1, 'snapshot_id': None, 'source_volid': None, 'volume_type': VolumeType(created_at=2022-09-26T01:26:16Z,deleted=False,deleted_at=None,description='Default Volume Type',extra_specs={},id=988693f0-6e7d-4e0b-9f58-86f900dcd1d2,is_public=True,name='__DEFAULT__',projects=[],qos_specs=,qos_specs_id=None,updated_at=2022-09-26T01:26:16Z), 'volume_type_id': '988693f0-6e7d-4e0b-9f58-86f900dcd1d2', 'encryption_key_id': None, 'qos_specs': None, 'consistencygroup_id': None, 'cgsnapshot_id': None, 'group_id': None, 'replication_status': 'disabled', 'refresh_az': False, 'backup_id': None, 'multiattach': False, 'availability_zones': ['nova']}' {{(pid=113439) _task_receiver /usr/local/lib/python3.8/dist-packages/taskflow/listeners/logging.py:178}}
Sep 26 01:36:48.773229 dv-cinder-859203-2-iscsi devstack@c-api.service[113439]: DEBUG cinder.volume.api [None req-6a5ace46-cd9d-4237-8157-cf783facf30f tempest-VolumesActionsTest-35287465 tempest-VolumesActionsTest-35287465-project] Task 'cinder.volume.flows.api.create_volume.QuotaReserveTask;volume:create' (c2d5ac76-d767-472a-a053-a0866b1da79e) transitioned into state 'RUNNING' from state 'PENDING' {{(pid=113439) _task_receiver /usr/local/lib/python3.8/dist-packages/taskflow/listeners/logging.py:190}}
Sep 26 01:36:48.774685 dv-cinder-859203-2-iscsi devstack@c-api.service[113438]: DEBUG cinder.volume.api [None req-60b2ec85-1d51-47b4-bb07-a2b2a75f6251 tempest-UserMessagesTest-2089809889 tempest-UserMessagesTest-2089809889-project] Task 'cinder.volume.flows.api.create_volume.QuotaCommitTask;volume:create' (e6c4660f-bfef-4593-8b85-0c73f413188d) transitioned into state 'SUCCESS' from state 'RUNNING' with result '{'volume_properties': VolumeProperties(attach_status='detached',availability_zone='nova',cgsnapshot_id=None,consistencygroup_id=None,display_description=None,display_name='tempest-UserMessagesTest-Volume-1831847406',encryption_key_id=None,group_id=None,group_type_id=,metadata={},multiattach=False,project_id='63c6c2d404074381ac040ad61b306499',qos_specs=None,replication_status=,reservations=['ce403428-38d7-4c87-9ced-2d6967d11ba4','d563a017-8b5e-4a98-aca8-b27ea9243265','9483a0e7-f8ee-4453-aed5-12311f11191b','6b8148e7-3052-45b9-b535-7fb1765a3951'],size=1,snapshot_id=None,source_replicaid=,source_volid=None,status='creating',user_id='1b48b6e3926640b791d6dabdacc63299',volume_type_id=71e8da39-4e14-4e2b-b4d8-58c630f940c9)}' {{(pid=113438) _task_receiver /usr/local/lib/python3.8/dist-packages/taskflow/listeners/logging.py:178}}
Sep 26 01:36:48.776442 dv-cinder-859203-2-iscsi devstack@c-api.service[113438]: DEBUG cinder.volume.api [None req-60b2ec85-1d51-47b4-bb07-a2b2a75f6251 tempest-UserMessagesTest-2089809889 tempest-UserMessagesTest-2089809889-project] Task 'cinder.volume.flows.api.create_volume.VolumeCastTask;volume:create' (04d5282a-869c-4b5b-8b1d-d6c135df4357) transitioned into state 'RUNNING' from state 'PENDING' {{(pid=113438) _task_receiver /usr/local/lib/python3.8/dist-packages/taskflow/listeners/logging.py:190}}
Sep 26 01:36:48.798766 dv-cinder-859203-2-iscsi devstack@c-api.service[113438]: DEBUG cinder.volume.api [None req-60b2ec85-1d51-47b4-bb07-a2b2a75f6251 tempest-UserMessagesTest-2089809889 tempest-UserMessagesTest-2089809889-project] Task 'cinder.volume.flows.api.create_volume.VolumeCastTask;volume:create' (04d5282a-869c-4b5b-8b1d-d6c135df4357) transitioned into state 'SUCCESS' from state 'RUNNING' with result 'None' {{(pid=113438) _task_receiver /usr/local/lib/python3.8/dist-packages/taskflow/listeners/logging.py:178}}
Sep 26 01:36:48.801248 dv-cinder-859203-2-iscsi devstack@c-api.service[113438]: DEBUG cinder.volume.api [None req-60b2ec85-1d51-47b4-bb07-a2b2a75f6251 tempest-UserMessagesTest-2089809889 tempest-UserMessagesTest-2089809889-project] Flow 'volume_create_api' (69333e1f-88f8-43e5-a8e3-6198886682a4) transitioned into state 'SUCCESS' from state 'RUNNING' {{(pid=113438) _flow_receiver /usr/local/lib/python3.8/dist-packages/taskflow/listeners/logging.py:141}}
Sep 26 01:36:48.802004 dv-cinder-859203-2-iscsi devstack@c-api.service[113438]: INFO cinder.volume.api [None req-60b2ec85-1d51-47b4-bb07-a2b2a75f6251 tempest-UserMessagesTest-2089809889 tempest-UserMessagesTest-2089809889-project] Create volume request issued successfully.
Sep 26 01:36:48.803746 dv-cinder-859203-2-iscsi devstack@c-api.service[113438]: INFO cinder.api.openstack.wsgi [None req-60b2ec85-1d51-47b4-bb07-a2b2a75f6251 tempest-UserMessagesTest-2089809889 tempest-UserMessagesTest-2089809889-project] http://10.222.0.25/volume/v3/63c6c2d404074381ac040ad61b306499/volumes returned with HTTP 202
Sep 26 01:36:48.808411 dv-cinder-859203-2-iscsi devstack@c-api.service[113438]: [pid: 113438|app: 0|req: 109/210] 10.222.0.25 () {62 vars in 1276 bytes} [Mon Sep 26 01:36:48 2022] POST /volume/v3/63c6c2d404074381ac040ad61b306499/volumes => generated 851 bytes in 252 msecs (HTTP/1.1 202) 7 headers in 291 bytes (1 switches on core 0)
Sep 26 01:36:48.820915 dv-cinder-859203-2-iscsi devstack@c-api.service[113438]: DEBUG cinder.api.middleware.request_id [None req-58bb652f-392f-4b71-8b7a-d2d92b8171ed None None] RequestId filter calling following filter/app {{(pid=113438) _context_setter /opt/stack/cinder/cinder/api/middleware/request_id.py:62}}
Sep 26 01:36:48.827607 dv-cinder-859203-2-iscsi devstack@c-api.service[113438]: INFO cinder.api.openstack.wsgi [None req-58bb652f-392f-4b71-8b7a-d2d92b8171ed tempest-UserMessagesTest-2089809889 tempest-UserMessagesTest-2089809889-project] GET http://10.222.0.25/volume/v3/63c6c2d404074381ac040ad61b306499/volumes/22ecd210-413e-473d-9568-40ecd4412ed6
Sep 26 01:36:48.828899 dv-cinder-859203-2-iscsi devstack@c-api.service[113438]: DEBUG cinder.api.openstack.wsgi [None req-58bb652f-392f-4b71-8b7a-d2d92b8171ed tempest-UserMessagesTest-2089809889 tempest-UserMessagesTest-2089809889-project] Empty body provided in request {{(pid=113438) get_body /opt/stack/cinder/cinder/api/openstack/wsgi.py:715}}
Sep 26 01:36:48.830512 dv-cinder-859203-2-iscsi devstack@c-api.service[113438]: DEBUG cinder.api.openstack.wsgi [None req-58bb652f-392f-4b71-8b7a-d2d92b8171ed tempest-UserMessagesTest-2089809889 tempest-UserMessagesTest-2089809889-project] Calling method 'show' {{(pid=113438) _process_stack /opt/stack/cinder/cinder/api/openstack/wsgi.py:868}}
Sep 26 01:36:48.846454 dv-cinder-859203-2-iscsi devstack@c-api.service[113439]: DEBUG cinder.quota [None req-6a5ace46-cd9d-4237-8157-cf783facf30f tempest-VolumesActionsTest-35287465 tempest-VolumesActionsTest-35287465-project] Created reservations ['f5432826-af38-4fb1-a021-3a79bee905a9', '626221d6-3aa1-4b72-9756-d85acc99cca3', 'af2f37c7-ae3f-4198-abcd-85e0ef7a96e8', '838ae60e-b7e7-4be4-a0c8-2369513af8cb'] {{(pid=113439) reserve /opt/stack/cinder/cinder/quota.py:755}}
Sep 26 01:36:48.849052 dv-cinder-859203-2-iscsi devstack@c-api.service[113439]: DEBUG cinder.volume.api [None req-6a5ace46-cd9d-4237-8157-cf783facf30f tempest-VolumesActionsTest-35287465 tempest-VolumesActionsTest-35287465-project] Task 'cinder.volume.flows.api.create_volume.QuotaReserveTask;volume:create' (c2d5ac76-d767-472a-a053-a0866b1da79e) transitioned into state 'SUCCESS' from state 'RUNNING' with result '{'reservations': ['f5432826-af38-4fb1-a021-3a79bee905a9', '626221d6-3aa1-4b72-9756-d85acc99cca3', 'af2f37c7-ae3f-4198-abcd-85e0ef7a96e8', '838ae60e-b7e7-4be4-a0c8-2369513af8cb']}' {{(pid=113439) _task_receiver /usr/local/lib/python3.8/dist-packages/taskflow/listeners/logging.py:178}}
Sep 26 01:36:48.852010 dv-cinder-859203-2-iscsi devstack@c-api.service[113439]: DEBUG cinder.volume.api [None req-6a5ace46-cd9d-4237-8157-cf783facf30f tempest-VolumesActionsTest-35287465 tempest-VolumesActionsTest-35287465-project] Task 'cinder.volume.flows.api.create_volume.EntryCreateTask;volume:create' (390ca13e-87c9-4513-9033-9ec142223f42) transitioned into state 'RUNNING' from state 'PENDING' {{(pid=113439) _task_receiver /usr/local/lib/python3.8/dist-packages/taskflow/listeners/logging.py:190}}
Sep 26 01:36:48.852332 dv-cinder-859203-2-iscsi devstack@c-api.service[113438]: /usr/local/lib/python3.8/dist-packages/oslo_context/context.py:100: DeprecationWarning: Policy enforcement is depending on the value of is_admin. This key is deprecated. Please update your policy file to use the standard policy values.
Sep 26 01:36:48.852332 dv-cinder-859203-2-iscsi devstack@c-api.service[113438]: warnings.warn('Policy enforcement is depending on the value of '
Sep 26 01:36:48.864286 dv-cinder-859203-2-iscsi devstack@c-api.service[113438]: INFO cinder.volume.api [None req-58bb652f-392f-4b71-8b7a-d2d92b8171ed tempest-UserMessagesTest-2089809889 tempest-UserMessagesTest-2089809889-project] Volume info retrieved successfully.
Sep 26 01:36:48.880550 dv-cinder-859203-2-iscsi devstack@c-api.service[113438]: INFO cinder.api.openstack.wsgi [None req-58bb652f-392f-4b71-8b7a-d2d92b8171ed tempest-UserMessagesTest-2089809889 tempest-UserMessagesTest-2089809889-project] http://10.222.0.25/volume/v3/63c6c2d404074381ac040ad61b306499/volumes/22ecd210-413e-473d-9568-40ecd4412ed6 returned with HTTP 200
Sep 26 01:36:48.881451 dv-cinder-859203-2-iscsi devstack@c-api.service[113438]: [pid: 113438|app: 0|req: 110/211] 10.222.0.25 () {60 vars in 1365 bytes} [Mon Sep 26 01:36:48 2022] GET /volume/v3/63c6c2d404074381ac040ad61b306499/volumes/22ecd210-413e-473d-9568-40ecd4412ed6 => generated 919 bytes in 63 msecs (HTTP/1.1 200) 7 headers in 285 bytes (2 switches on core 0)
Sep 26 01:36:48.903301 dv-cinder-859203-2-iscsi devstack@c-api.service[113439]: DEBUG cinder.volume.api [None req-6a5ace46-cd9d-4237-8157-cf783facf30f tempest-VolumesActionsTest-35287465 tempest-VolumesActionsTest-35287465-project] Task 'cinder.volume.flows.api.create_volume.EntryCreateTask;volume:create' (390ca13e-87c9-4513-9033-9ec142223f42) transitioned into state 'SUCCESS' from state 'RUNNING' with result '{'volume_id': '2ab3e4b4-ee36-4f0b-a1e8-4a75ef0edd44', 'volume_properties': VolumeProperties(attach_status='detached',availability_zone='nova',cgsnapshot_id=None,consistencygroup_id=None,display_description=None,display_name='tempest-VolumesActionsTest-Volume-1697444455',encryption_key_id=None,group_id=None,group_type_id=,metadata={},multiattach=False,project_id='513260c0f2484a2d885d0e0a66f4e174',qos_specs=None,replication_status=,reservations=['f5432826-af38-4fb1-a021-3a79bee905a9','626221d6-3aa1-4b72-9756-d85acc99cca3','af2f37c7-ae3f-4198-abcd-85e0ef7a96e8','838ae60e-b7e7-4be4-a0c8-2369513af8cb'],size=1,snapshot_id=None,source_replicaid=,source_volid=None,status='creating',user_id='5184f8f717d447cfbb7bab80d4cf000b',volume_type_id=988693f0-6e7d-4e0b-9f58-86f900dcd1d2), 'volume': Volume(_name_id=None,admin_metadata=,attach_status='detached',availability_zone='nova',bootable=False,cluster=,cluster_name=None,consistencygroup=,consistencygroup_id=None,created_at=2022-09-26T01:36:48Z,deleted=False,deleted_at=None,display_description=None,display_name='tempest-VolumesActionsTest-Volume-1697444455',ec2_id=None,encryption_key_id=None,glance_metadata=,group=,group_id=None,host=None,id=2ab3e4b4-ee36-4f0b-a1e8-4a75ef0edd44,launched_at=None,metadata={},migration_status=None,multiattach=False,previous_status=None,project_id='513260c0f2484a2d885d0e0a66f4e174',provider_auth=None,provider_geometry=None,provider_id=None,provider_location=None,replication_driver_data=None,replication_extended_status=None,replication_status=None,scheduled_at=None,service_uuid=None,shared_targets=True,size=1,snapshot_id=None,snapshots=,source_volid=None,status='creating',terminated_at=None,updated_at=None,use_quota=True,user_id='5184f8f717d447cfbb7bab80d4cf000b',volume_attachment=VolumeAttachmentList,volume_type=VolumeType(988693f0-6e7d-4e0b-9f58-86f900dcd1d2),volume_type_id=988693f0-6e7d-4e0b-9f58-86f900dcd1d2)}' {{(pid=113439) _task_receiver /usr/local/lib/python3.8/dist-packages/taskflow/listeners/logging.py:178}}
Sep 26 01:36:48.905064 dv-cinder-859203-2-iscsi devstack@c-api.service[113439]: DEBUG cinder.volume.api [None req-6a5ace46-cd9d-4237-8157-cf783facf30f tempest-VolumesActionsTest-35287465 tempest-VolumesActionsTest-35287465-project] Task 'cinder.volume.flows.api.create_volume.QuotaCommitTask;volume:create' (c02208bb-73d3-45ba-b3ee-1ae48b48cb68) transitioned into state 'RUNNING' from state 'PENDING' {{(pid=113439) _task_receiver /usr/local/lib/python3.8/dist-packages/taskflow/listeners/logging.py:190}}
Sep 26 01:36:48.923720 dv-cinder-859203-2-iscsi devstack@c-api.service[113438]: DEBUG cinder.api.middleware.request_id [None req-285baab1-9120-4911-a020-4aefb9b15674 None None] RequestId filter calling following filter/app {{(pid=113438) _context_setter /opt/stack/cinder/cinder/api/middleware/request_id.py:62}}
Sep 26 01:36:48.928278 dv-cinder-859203-2-iscsi devstack@c-api.service[113438]: INFO cinder.api.openstack.wsgi [None req-285baab1-9120-4911-a020-4aefb9b15674 tempest-VolumeSnapshotQuotasNegativeTestJSON-238084368 tempest-VolumeSnapshotQuotasNegativeTestJSON-238084368-project] GET http://10.222.0.25/volume/v3/9a2313534557434d8e90ae45f2ed7d9b/snapshots/32a515ce-74b0-454a-94c2-f13db0369006
Sep 26 01:36:48.932453 dv-cinder-859203-2-iscsi devstack@c-api.service[113438]: DEBUG cinder.api.openstack.wsgi [None req-285baab1-9120-4911-a020-4aefb9b15674 tempest-VolumeSnapshotQuotasNegativeTestJSON-238084368 tempest-VolumeSnapshotQuotasNegativeTestJSON-238084368-project] Empty body provided in request {{(pid=113438) get_body /opt/stack/cinder/cinder/api/openstack/wsgi.py:715}}
Sep 26 01:36:48.932453 dv-cinder-859203-2-iscsi devstack@c-api.service[113438]: DEBUG cinder.api.openstack.wsgi [None req-285baab1-9120-4911-a020-4aefb9b15674 tempest-VolumeSnapshotQuotasNegativeTestJSON-238084368 tempest-VolumeSnapshotQuotasNegativeTestJSON-238084368-project] Calling method 'show' {{(pid=113438) _process_stack /opt/stack/cinder/cinder/api/openstack/wsgi.py:868}}
Sep 26 01:36:48.941251 dv-cinder-859203-2-iscsi devstack@c-api.service[113439]: DEBUG cinder.volume.api [None req-6a5ace46-cd9d-4237-8157-cf783facf30f tempest-VolumesActionsTest-35287465 tempest-VolumesActionsTest-35287465-project] Task 'cinder.volume.flows.api.create_volume.QuotaCommitTask;volume:create' (c02208bb-73d3-45ba-b3ee-1ae48b48cb68) transitioned into state 'SUCCESS' from state 'RUNNING' with result '{'volume_properties': VolumeProperties(attach_status='detached',availability_zone='nova',cgsnapshot_id=None,consistencygroup_id=None,display_description=None,display_name='tempest-VolumesActionsTest-Volume-1697444455',encryption_key_id=None,group_id=None,group_type_id=,metadata={},multiattach=False,project_id='513260c0f2484a2d885d0e0a66f4e174',qos_specs=None,replication_status=,reservations=['f5432826-af38-4fb1-a021-3a79bee905a9','626221d6-3aa1-4b72-9756-d85acc99cca3','af2f37c7-ae3f-4198-abcd-85e0ef7a96e8','838ae60e-b7e7-4be4-a0c8-2369513af8cb'],size=1,snapshot_id=None,source_replicaid=,source_volid=None,status='creating',user_id='5184f8f717d447cfbb7bab80d4cf000b',volume_type_id=988693f0-6e7d-4e0b-9f58-86f900dcd1d2)}' {{(pid=113439) _task_receiver /usr/local/lib/python3.8/dist-packages/taskflow/listeners/logging.py:178}}
Sep 26 01:36:48.942996 dv-cinder-859203-2-iscsi devstack@c-api.service[113439]: DEBUG cinder.volume.api [None req-6a5ace46-cd9d-4237-8157-cf783facf30f tempest-VolumesActionsTest-35287465 tempest-VolumesActionsTest-35287465-project] Task 'cinder.volume.flows.api.create_volume.VolumeCastTask;volume:create' (7ad4888b-f6e3-4adc-a940-d85a4424ab17) transitioned into state 'RUNNING' from state 'PENDING' {{(pid=113439) _task_receiver /usr/local/lib/python3.8/dist-packages/taskflow/listeners/logging.py:190}}
Sep 26 01:36:48.944561 dv-cinder-859203-2-iscsi devstack@c-api.service[113438]: INFO cinder.api.openstack.wsgi [None req-285baab1-9120-4911-a020-4aefb9b15674 tempest-VolumeSnapshotQuotasNegativeTestJSON-238084368 tempest-VolumeSnapshotQuotasNegativeTestJSON-238084368-project] http://10.222.0.25/volume/v3/9a2313534557434d8e90ae45f2ed7d9b/snapshots/32a515ce-74b0-454a-94c2-f13db0369006 returned with HTTP 404
Sep 26 01:36:48.946731 dv-cinder-859203-2-iscsi devstack@c-api.service[113438]: [pid: 113438|app: 0|req: 111/212] 10.222.0.25 () {58 vars in 1331 bytes} [Mon Sep 26 01:36:48 2022] GET /volume/v3/9a2313534557434d8e90ae45f2ed7d9b/snapshots/32a515ce-74b0-454a-94c2-f13db0369006 => generated 111 bytes in 24 msecs (HTTP/1.1 404) 7 headers in 292 bytes (1 switches on core 0)
Sep 26 01:36:48.952799 dv-cinder-859203-2-iscsi devstack@c-api.service[113438]: DEBUG cinder.api.middleware.request_id [None req-d9603130-6dbe-4298-8e5e-d3ae1163fe59 None None] RequestId filter calling following filter/app {{(pid=113438) _context_setter /opt/stack/cinder/cinder/api/middleware/request_id.py:62}}
Sep 26 01:36:48.958446 dv-cinder-859203-2-iscsi devstack@c-api.service[113438]: INFO cinder.api.openstack.wsgi [None req-d9603130-6dbe-4298-8e5e-d3ae1163fe59 tempest-VolumeSnapshotQuotasNegativeTestJSON-238084368 tempest-VolumeSnapshotQuotasNegativeTestJSON-238084368-project] DELETE http://10.222.0.25/volume/v3/9a2313534557434d8e90ae45f2ed7d9b/volumes/14203823-8574-4393-a175-6a8797f21ea4
Sep 26 01:36:48.961367 dv-cinder-859203-2-iscsi devstack@c-api.service[113438]: DEBUG cinder.api.openstack.wsgi [None req-d9603130-6dbe-4298-8e5e-d3ae1163fe59 tempest-VolumeSnapshotQuotasNegativeTestJSON-238084368 tempest-VolumeSnapshotQuotasNegativeTestJSON-238084368-project] Empty body provided in request {{(pid=113438) get_body /opt/stack/cinder/cinder/api/openstack/wsgi.py:715}}
Sep 26 01:36:48.962245 dv-cinder-859203-2-iscsi devstack@c-api.service[113438]: DEBUG cinder.api.openstack.wsgi [None req-d9603130-6dbe-4298-8e5e-d3ae1163fe59 tempest-VolumeSnapshotQuotasNegativeTestJSON-238084368 tempest-VolumeSnapshotQuotasNegativeTestJSON-238084368-project] Calling method 'delete' {{(pid=113438) _process_stack /opt/stack/cinder/cinder/api/openstack/wsgi.py:868}}
Sep 26 01:36:48.962742 dv-cinder-859203-2-iscsi devstack@c-api.service[113438]: INFO cinder.api.v3.volumes [None req-d9603130-6dbe-4298-8e5e-d3ae1163fe59 tempest-VolumeSnapshotQuotasNegativeTestJSON-238084368 tempest-VolumeSnapshotQuotasNegativeTestJSON-238084368-project] Delete volume with id: 14203823-8574-4393-a175-6a8797f21ea4
Sep 26 01:36:48.963107 dv-cinder-859203-2-iscsi devstack@c-api.service[113439]: DEBUG cinder.volume.api [None req-6a5ace46-cd9d-4237-8157-cf783facf30f tempest-VolumesActionsTest-35287465 tempest-VolumesActionsTest-35287465-project] Task 'cinder.volume.flows.api.create_volume.VolumeCastTask;volume:create' (7ad4888b-f6e3-4adc-a940-d85a4424ab17) transitioned into state 'SUCCESS' from state 'RUNNING' with result 'None' {{(pid=113439) _task_receiver /usr/local/lib/python3.8/dist-packages/taskflow/listeners/logging.py:178}}
Sep 26 01:36:48.966032 dv-cinder-859203-2-iscsi devstack@c-api.service[113439]: DEBUG cinder.volume.api [None req-6a5ace46-cd9d-4237-8157-cf783facf30f tempest-VolumesActionsTest-35287465 tempest-VolumesActionsTest-35287465-project] Flow 'volume_create_api' (d80bb374-607b-4679-8c23-71df6d6e63e1) transitioned into state 'SUCCESS' from state 'RUNNING' {{(pid=113439) _flow_receiver /usr/local/lib/python3.8/dist-packages/taskflow/listeners/logging.py:141}}
Sep 26 01:36:48.967110 dv-cinder-859203-2-iscsi devstack@c-api.service[113439]: INFO cinder.volume.api [None req-6a5ace46-cd9d-4237-8157-cf783facf30f tempest-VolumesActionsTest-35287465 tempest-VolumesActionsTest-35287465-project] Create volume request issued successfully.
Sep 26 01:36:48.968541 dv-cinder-859203-2-iscsi devstack@c-api.service[113439]: INFO cinder.api.openstack.wsgi [None req-6a5ace46-cd9d-4237-8157-cf783facf30f tempest-VolumesActionsTest-35287465 tempest-VolumesActionsTest-35287465-project] http://10.222.0.25/volume/v3/513260c0f2484a2d885d0e0a66f4e174/volumes returned with HTTP 202
Sep 26 01:36:48.977052 dv-cinder-859203-2-iscsi devstack@c-api.service[113439]: [pid: 113439|app: 0|req: 102/213] 10.222.0.25 () {60 vars in 1235 bytes} [Mon Sep 26 01:36:48 2022] POST /volume/v3/513260c0f2484a2d885d0e0a66f4e174/volumes => generated 818 bytes in 284 msecs (HTTP/1.1 202) 7 headers in 291 bytes (2 switches on core 0)
Sep 26 01:36:48.985784 dv-cinder-859203-2-iscsi devstack@c-api.service[113439]: DEBUG cinder.api.middleware.request_id [None req-50d52a72-70c7-4049-9df3-1cc992e2060d None None] RequestId filter calling following filter/app {{(pid=113439) _context_setter /opt/stack/cinder/cinder/api/middleware/request_id.py:62}}
Sep 26 01:36:48.988437 dv-cinder-859203-2-iscsi devstack@c-api.service[113438]: /usr/local/lib/python3.8/dist-packages/oslo_context/context.py:100: DeprecationWarning: Policy enforcement is depending on the value of is_admin. This key is deprecated. Please update your policy file to use the standard policy values.
Sep 26 01:36:48.988437 dv-cinder-859203-2-iscsi devstack@c-api.service[113438]: warnings.warn('Policy enforcement is depending on the value of '
Sep 26 01:36:48.989746 dv-cinder-859203-2-iscsi devstack@c-api.service[113438]: INFO cinder.volume.api [None req-d9603130-6dbe-4298-8e5e-d3ae1163fe59 tempest-VolumeSnapshotQuotasNegativeTestJSON-238084368 tempest-VolumeSnapshotQuotasNegativeTestJSON-238084368-project] Volume info retrieved successfully.
Sep 26 01:36:48.991320 dv-cinder-859203-2-iscsi devstack@c-api.service[113439]: INFO cinder.api.openstack.wsgi [None req-50d52a72-70c7-4049-9df3-1cc992e2060d tempest-VolumesActionsTest-35287465 tempest-VolumesActionsTest-35287465-project] GET http://10.222.0.25/volume/v3/513260c0f2484a2d885d0e0a66f4e174/volumes/2ab3e4b4-ee36-4f0b-a1e8-4a75ef0edd44
Sep 26 01:36:48.992283 dv-cinder-859203-2-iscsi devstack@c-api.service[113439]: DEBUG cinder.api.openstack.wsgi [None req-50d52a72-70c7-4049-9df3-1cc992e2060d tempest-VolumesActionsTest-35287465 tempest-VolumesActionsTest-35287465-project] Empty body provided in request {{(pid=113439) get_body /opt/stack/cinder/cinder/api/openstack/wsgi.py:715}}
Sep 26 01:36:48.992775 dv-cinder-859203-2-iscsi devstack@c-api.service[113439]: DEBUG cinder.api.openstack.wsgi [None req-50d52a72-70c7-4049-9df3-1cc992e2060d tempest-VolumesActionsTest-35287465 tempest-VolumesActionsTest-35287465-project] Calling method 'show' {{(pid=113439) _process_stack /opt/stack/cinder/cinder/api/openstack/wsgi.py:868}}
Sep 26 01:36:48.995057 dv-cinder-859203-2-iscsi devstack@c-api.service[113439]: DEBUG dbcounter [-] [113439] Writing DB stats cinder:SELECT=63,cinder:INSERT=13,cinder:UPDATE=24 {{(pid=113439) stat_writer /usr/local/lib/python3.8/dist-packages/dbcounter.py:114}}
Sep 26 01:36:49.013144 dv-cinder-859203-2-iscsi devstack@c-api.service[113439]: /usr/local/lib/python3.8/dist-packages/oslo_context/context.py:100: DeprecationWarning: Policy enforcement is depending on the value of is_admin. This key is deprecated. Please update your policy file to use the standard policy values.
Sep 26 01:36:49.013144 dv-cinder-859203-2-iscsi devstack@c-api.service[113439]: warnings.warn('Policy enforcement is depending on the value of '
Sep 26 01:36:49.022851 dv-cinder-859203-2-iscsi devstack@c-api.service[113439]: INFO cinder.volume.api [None req-50d52a72-70c7-4049-9df3-1cc992e2060d tempest-VolumesActionsTest-35287465 tempest-VolumesActionsTest-35287465-project] Volume info retrieved successfully.
Sep 26 01:36:49.031594 dv-cinder-859203-2-iscsi devstack@c-api.service[113438]: INFO cinder.volume.api [None req-d9603130-6dbe-4298-8e5e-d3ae1163fe59 tempest-VolumeSnapshotQuotasNegativeTestJSON-238084368 tempest-VolumeSnapshotQuotasNegativeTestJSON-238084368-project] Delete volume request issued successfully.
Sep 26 01:36:49.032052 dv-cinder-859203-2-iscsi devstack@c-api.service[113438]: INFO cinder.api.openstack.wsgi [None req-d9603130-6dbe-4298-8e5e-d3ae1163fe59 tempest-VolumeSnapshotQuotasNegativeTestJSON-238084368 tempest-VolumeSnapshotQuotasNegativeTestJSON-238084368-project] http://10.222.0.25/volume/v3/9a2313534557434d8e90ae45f2ed7d9b/volumes/14203823-8574-4393-a175-6a8797f21ea4 returned with HTTP 202
Sep 26 01:36:49.033086 dv-cinder-859203-2-iscsi devstack@c-api.service[113438]: [pid: 113438|app: 0|req: 112/214] 10.222.0.25 () {58 vars in 1328 bytes} [Mon Sep 26 01:36:48 2022] DELETE /volume/v3/9a2313534557434d8e90ae45f2ed7d9b/volumes/14203823-8574-4393-a175-6a8797f21ea4 => generated 0 bytes in 81 msecs (HTTP/1.1 202) 6 headers in 233 bytes (1 switches on core 0)
Sep 26 01:36:49.035465 dv-cinder-859203-2-iscsi devstack@c-api.service[113439]: INFO cinder.api.openstack.wsgi [None req-50d52a72-70c7-4049-9df3-1cc992e2060d tempest-VolumesActionsTest-35287465 tempest-VolumesActionsTest-35287465-project] http://10.222.0.25/volume/v3/513260c0f2484a2d885d0e0a66f4e174/volumes/2ab3e4b4-ee36-4f0b-a1e8-4a75ef0edd44 returned with HTTP 200
Sep 26 01:36:49.042848 dv-cinder-859203-2-iscsi devstack@c-api.service[113438]: DEBUG cinder.api.middleware.request_id [None req-23bdc855-10eb-4ef5-ab3a-ab4d2df3fdb6 None None] RequestId filter calling following filter/app {{(pid=113438) _context_setter /opt/stack/cinder/cinder/api/middleware/request_id.py:62}}
Sep 26 01:36:49.045517 dv-cinder-859203-2-iscsi devstack@c-api.service[113439]: [pid: 113439|app: 0|req: 103/215] 10.222.0.25 () {58 vars in 1325 bytes} [Mon Sep 26 01:36:48 2022] GET /volume/v3/513260c0f2484a2d885d0e0a66f4e174/volumes/2ab3e4b4-ee36-4f0b-a1e8-4a75ef0edd44 => generated 886 bytes in 61 msecs (HTTP/1.1 200) 7 headers in 285 bytes (2 switches on core 0)
Sep 26 01:36:49.053231 dv-cinder-859203-2-iscsi devstack@c-api.service[113438]: INFO cinder.api.openstack.wsgi [None req-23bdc855-10eb-4ef5-ab3a-ab4d2df3fdb6 tempest-VolumeSnapshotQuotasNegativeTestJSON-238084368 tempest-VolumeSnapshotQuotasNegativeTestJSON-238084368-project] GET http://10.222.0.25/volume/v3/9a2313534557434d8e90ae45f2ed7d9b/volumes/14203823-8574-4393-a175-6a8797f21ea4
Sep 26 01:36:49.053672 dv-cinder-859203-2-iscsi devstack@c-api.service[113438]: DEBUG cinder.api.openstack.wsgi [None req-23bdc855-10eb-4ef5-ab3a-ab4d2df3fdb6 tempest-VolumeSnapshotQuotasNegativeTestJSON-238084368 tempest-VolumeSnapshotQuotasNegativeTestJSON-238084368-project] Empty body provided in request {{(pid=113438) get_body /opt/stack/cinder/cinder/api/openstack/wsgi.py:715}}
Sep 26 01:36:49.054182 dv-cinder-859203-2-iscsi devstack@c-api.service[113438]: DEBUG cinder.api.openstack.wsgi [None req-23bdc855-10eb-4ef5-ab3a-ab4d2df3fdb6 tempest-VolumeSnapshotQuotasNegativeTestJSON-238084368 tempest-VolumeSnapshotQuotasNegativeTestJSON-238084368-project] Calling method 'show' {{(pid=113438) _process_stack /opt/stack/cinder/cinder/api/openstack/wsgi.py:868}}
Sep 26 01:36:49.072900 dv-cinder-859203-2-iscsi devstack@c-api.service[113438]: /usr/local/lib/python3.8/dist-packages/oslo_context/context.py:100: DeprecationWarning: Policy enforcement is depending on the value of is_admin. This key is deprecated. Please update your policy file to use the standard policy values.
Sep 26 01:36:49.072900 dv-cinder-859203-2-iscsi devstack@c-api.service[113438]: warnings.warn('Policy enforcement is depending on the value of '
Sep 26 01:36:49.080410 dv-cinder-859203-2-iscsi devstack@c-api.service[113438]: INFO cinder.volume.api [None req-23bdc855-10eb-4ef5-ab3a-ab4d2df3fdb6 tempest-VolumeSnapshotQuotasNegativeTestJSON-238084368 tempest-VolumeSnapshotQuotasNegativeTestJSON-238084368-project] Volume info retrieved successfully.
Sep 26 01:36:49.090538 dv-cinder-859203-2-iscsi devstack@c-api.service[113438]: INFO cinder.api.openstack.wsgi [None req-23bdc855-10eb-4ef5-ab3a-ab4d2df3fdb6 tempest-VolumeSnapshotQuotasNegativeTestJSON-238084368 tempest-VolumeSnapshotQuotasNegativeTestJSON-238084368-project] http://10.222.0.25/volume/v3/9a2313534557434d8e90ae45f2ed7d9b/volumes/14203823-8574-4393-a175-6a8797f21ea4 returned with HTTP 200
Sep 26 01:36:49.091283 dv-cinder-859203-2-iscsi devstack@c-api.service[113438]: [pid: 113438|app: 0|req: 113/216] 10.222.0.25 () {58 vars in 1325 bytes} [Mon Sep 26 01:36:49 2022] GET /volume/v3/9a2313534557434d8e90ae45f2ed7d9b/volumes/14203823-8574-4393-a175-6a8797f21ea4 => generated 927 bytes in 50 msecs (HTTP/1.1 200) 7 headers in 285 bytes (1 switches on core 0)
Sep 26 01:36:49.592489 dv-cinder-859203-2-iscsi devstack@c-api.service[113439]: DEBUG cinder.api.middleware.request_id [None req-8cdcb4f7-81d6-4ab7-8958-aec1759b22cb None None] RequestId filter calling following filter/app {{(pid=113439) _context_setter /opt/stack/cinder/cinder/api/middleware/request_id.py:62}}
Sep 26 01:36:49.596234 dv-cinder-859203-2-iscsi devstack@c-api.service[113439]: INFO cinder.api.openstack.wsgi [None req-8cdcb4f7-81d6-4ab7-8958-aec1759b22cb tempest-GroupSnapshotsTest-2001600253 tempest-GroupSnapshotsTest-2001600253-project] GET http://10.222.0.25/volume/v3/b4e2ab570b2c461f9ad8fc19dcbe7f0f/group_snapshots/9497287b-667b-4325-affd-d6fd39035936
Sep 26 01:36:49.596745 dv-cinder-859203-2-iscsi devstack@c-api.service[113439]: DEBUG cinder.api.openstack.wsgi [None req-8cdcb4f7-81d6-4ab7-8958-aec1759b22cb tempest-GroupSnapshotsTest-2001600253 tempest-GroupSnapshotsTest-2001600253-project] Empty body provided in request {{(pid=113439) get_body /opt/stack/cinder/cinder/api/openstack/wsgi.py:715}}
Sep 26 01:36:49.597190 dv-cinder-859203-2-iscsi devstack@c-api.service[113439]: DEBUG cinder.api.openstack.wsgi [None req-8cdcb4f7-81d6-4ab7-8958-aec1759b22cb tempest-GroupSnapshotsTest-2001600253 tempest-GroupSnapshotsTest-2001600253-project] Calling method 'version_select' {{(pid=113439) _process_stack /opt/stack/cinder/cinder/api/openstack/wsgi.py:868}}
Sep 26 01:36:49.597531 dv-cinder-859203-2-iscsi devstack@c-api.service[113439]: DEBUG cinder.api.v3.group_snapshots [None req-8cdcb4f7-81d6-4ab7-8958-aec1759b22cb tempest-GroupSnapshotsTest-2001600253 tempest-GroupSnapshotsTest-2001600253-project] show called for member 9497287b-667b-4325-affd-d6fd39035936 {{(pid=113439) show /opt/stack/cinder/cinder/api/v3/group_snapshots.py:58}}
Sep 26 01:36:49.603832 dv-cinder-859203-2-iscsi devstack@c-api.service[113439]: /usr/local/lib/python3.8/dist-packages/oslo_context/context.py:100: DeprecationWarning: Policy enforcement is depending on the value of is_admin. This key is deprecated. Please update your policy file to use the standard policy values.
Sep 26 01:36:49.603832 dv-cinder-859203-2-iscsi devstack@c-api.service[113439]: warnings.warn('Policy enforcement is depending on the value of '
Sep 26 01:36:49.610765 dv-cinder-859203-2-iscsi devstack@c-api.service[113439]: INFO cinder.api.openstack.wsgi [None req-8cdcb4f7-81d6-4ab7-8958-aec1759b22cb tempest-GroupSnapshotsTest-2001600253 tempest-GroupSnapshotsTest-2001600253-project] http://10.222.0.25/volume/v3/b4e2ab570b2c461f9ad8fc19dcbe7f0f/group_snapshots/9497287b-667b-4325-affd-d6fd39035936 returned with HTTP 200
Sep 26 01:36:49.612882 dv-cinder-859203-2-iscsi devstack@c-api.service[113439]: [pid: 113439|app: 0|req: 104/217] 10.222.0.25 () {60 vars in 1390 bytes} [Mon Sep 26 01:36:49 2022] GET /volume/v3/b4e2ab570b2c461f9ad8fc19dcbe7f0f/group_snapshots/9497287b-667b-4325-affd-d6fd39035936 => generated 326 bytes in 21 msecs (HTTP/1.1 200) 7 headers in 286 bytes (1 switches on core 0)
Sep 26 01:36:49.899649 dv-cinder-859203-2-iscsi devstack@c-api.service[113438]: DEBUG cinder.api.middleware.request_id [None req-d8e1375c-7aac-490a-a0ac-54c789a3338b None None] RequestId filter calling following filter/app {{(pid=113438) _context_setter /opt/stack/cinder/cinder/api/middleware/request_id.py:62}}
Sep 26 01:36:49.903178 dv-cinder-859203-2-iscsi devstack@c-api.service[113438]: INFO cinder.api.openstack.wsgi [None req-d8e1375c-7aac-490a-a0ac-54c789a3338b tempest-UserMessagesTest-2089809889 tempest-UserMessagesTest-2089809889-project] GET http://10.222.0.25/volume/v3/63c6c2d404074381ac040ad61b306499/volumes/22ecd210-413e-473d-9568-40ecd4412ed6
Sep 26 01:36:49.903670 dv-cinder-859203-2-iscsi devstack@c-api.service[113438]: DEBUG cinder.api.openstack.wsgi [None req-d8e1375c-7aac-490a-a0ac-54c789a3338b tempest-UserMessagesTest-2089809889 tempest-UserMessagesTest-2089809889-project] Empty body provided in request {{(pid=113438) get_body /opt/stack/cinder/cinder/api/openstack/wsgi.py:715}}
Sep 26 01:36:49.904131 dv-cinder-859203-2-iscsi devstack@c-api.service[113438]: DEBUG cinder.api.openstack.wsgi [None req-d8e1375c-7aac-490a-a0ac-54c789a3338b tempest-UserMessagesTest-2089809889 tempest-UserMessagesTest-2089809889-project] Calling method 'show' {{(pid=113438) _process_stack /opt/stack/cinder/cinder/api/openstack/wsgi.py:868}}
Sep 26 01:36:49.919641 dv-cinder-859203-2-iscsi devstack@c-api.service[113438]: /usr/local/lib/python3.8/dist-packages/oslo_context/context.py:100: DeprecationWarning: Policy enforcement is depending on the value of is_admin. This key is deprecated. Please update your policy file to use the standard policy values.
Sep 26 01:36:49.919641 dv-cinder-859203-2-iscsi devstack@c-api.service[113438]: warnings.warn('Policy enforcement is depending on the value of '
Sep 26 01:36:49.925901 dv-cinder-859203-2-iscsi devstack@c-api.service[113438]: INFO cinder.volume.api [None req-d8e1375c-7aac-490a-a0ac-54c789a3338b tempest-UserMessagesTest-2089809889 tempest-UserMessagesTest-2089809889-project] Volume info retrieved successfully.
Sep 26 01:36:49.934754 dv-cinder-859203-2-iscsi devstack@c-api.service[113438]: INFO cinder.api.openstack.wsgi [None req-d8e1375c-7aac-490a-a0ac-54c789a3338b tempest-UserMessagesTest-2089809889 tempest-UserMessagesTest-2089809889-project] http://10.222.0.25/volume/v3/63c6c2d404074381ac040ad61b306499/volumes/22ecd210-413e-473d-9568-40ecd4412ed6 returned with HTTP 200
Sep 26 01:36:49.935466 dv-cinder-859203-2-iscsi devstack@c-api.service[113438]: [pid: 113438|app: 0|req: 114/218] 10.222.0.25 () {60 vars in 1365 bytes} [Mon Sep 26 01:36:49 2022] GET /volume/v3/63c6c2d404074381ac040ad61b306499/volumes/22ecd210-413e-473d-9568-40ecd4412ed6 => generated 940 bytes in 37 msecs (HTTP/1.1 200) 7 headers in 285 bytes (1 switches on core 0)
Sep 26 01:36:49.952311 dv-cinder-859203-2-iscsi devstack@c-api.service[113439]: DEBUG cinder.api.middleware.request_id [None req-afa83c9e-1d01-46a2-8f30-a02634d51704 None None] RequestId filter calling following filter/app {{(pid=113439) _context_setter /opt/stack/cinder/cinder/api/middleware/request_id.py:62}}
Sep 26 01:36:49.955927 dv-cinder-859203-2-iscsi devstack@c-api.service[113439]: INFO cinder.api.openstack.wsgi [None req-afa83c9e-1d01-46a2-8f30-a02634d51704 tempest-UserMessagesTest-2089809889 tempest-UserMessagesTest-2089809889-project] GET http://10.222.0.25/volume/v3/63c6c2d404074381ac040ad61b306499/messages
Sep 26 01:36:49.956558 dv-cinder-859203-2-iscsi devstack@c-api.service[113439]: DEBUG cinder.api.openstack.wsgi [None req-afa83c9e-1d01-46a2-8f30-a02634d51704 tempest-UserMessagesTest-2089809889 tempest-UserMessagesTest-2089809889-project] Empty body provided in request {{(pid=113439) get_body /opt/stack/cinder/cinder/api/openstack/wsgi.py:715}}
Sep 26 01:36:49.957006 dv-cinder-859203-2-iscsi devstack@c-api.service[113439]: DEBUG cinder.api.openstack.wsgi [None req-afa83c9e-1d01-46a2-8f30-a02634d51704 tempest-UserMessagesTest-2089809889 tempest-UserMessagesTest-2089809889-project] Calling method 'version_select' {{(pid=113439) _process_stack /opt/stack/cinder/cinder/api/openstack/wsgi.py:868}}
Sep 26 01:36:49.969215 dv-cinder-859203-2-iscsi devstack@c-api.service[113439]: INFO cinder.api.openstack.wsgi [None req-afa83c9e-1d01-46a2-8f30-a02634d51704 tempest-UserMessagesTest-2089809889 tempest-UserMessagesTest-2089809889-project] http://10.222.0.25/volume/v3/63c6c2d404074381ac040ad61b306499/messages returned with HTTP 200
Sep 26 01:36:49.969933 dv-cinder-859203-2-iscsi devstack@c-api.service[113439]: [pid: 113439|app: 0|req: 105/219] 10.222.0.25 () {60 vars in 1257 bytes} [Mon Sep 26 01:36:49 2022] GET /volume/v3/63c6c2d404074381ac040ad61b306499/messages => generated 736 bytes in 19 msecs (HTTP/1.1 200) 7 headers in 285 bytes (1 switches on core 0)
Sep 26 01:36:49.979283 dv-cinder-859203-2-iscsi devstack@c-api.service[113438]: DEBUG cinder.api.middleware.request_id [None req-dd5b3075-7732-4805-ac21-d928bc12efd1 None None] RequestId filter calling following filter/app {{(pid=113438) _context_setter /opt/stack/cinder/cinder/api/middleware/request_id.py:62}}
Sep 26 01:36:49.982865 dv-cinder-859203-2-iscsi devstack@c-api.service[113438]: INFO cinder.api.openstack.wsgi [None req-dd5b3075-7732-4805-ac21-d928bc12efd1 tempest-UserMessagesTest-2089809889 tempest-UserMessagesTest-2089809889-project] GET http://10.222.0.25/volume/v3/63c6c2d404074381ac040ad61b306499/messages/84c524c7-c8f6-413c-9f8b-85af2c58f099
Sep 26 01:36:49.983355 dv-cinder-859203-2-iscsi devstack@c-api.service[113438]: DEBUG cinder.api.openstack.wsgi [None req-dd5b3075-7732-4805-ac21-d928bc12efd1 tempest-UserMessagesTest-2089809889 tempest-UserMessagesTest-2089809889-project] Empty body provided in request {{(pid=113438) get_body /opt/stack/cinder/cinder/api/openstack/wsgi.py:715}}
Sep 26 01:36:49.983805 dv-cinder-859203-2-iscsi devstack@c-api.service[113438]: DEBUG cinder.api.openstack.wsgi [None req-dd5b3075-7732-4805-ac21-d928bc12efd1 tempest-UserMessagesTest-2089809889 tempest-UserMessagesTest-2089809889-project] Calling method 'version_select' {{(pid=113438) _process_stack /opt/stack/cinder/cinder/api/openstack/wsgi.py:868}}
Sep 26 01:36:49.990225 dv-cinder-859203-2-iscsi devstack@c-api.service[113438]: INFO cinder.api.openstack.wsgi [None req-dd5b3075-7732-4805-ac21-d928bc12efd1 tempest-UserMessagesTest-2089809889 tempest-UserMessagesTest-2089809889-project] http://10.222.0.25/volume/v3/63c6c2d404074381ac040ad61b306499/messages/84c524c7-c8f6-413c-9f8b-85af2c58f099 returned with HTTP 200
Sep 26 01:36:49.990918 dv-cinder-859203-2-iscsi devstack@c-api.service[113438]: [pid: 113438|app: 0|req: 115/220] 10.222.0.25 () {60 vars in 1368 bytes} [Mon Sep 26 01:36:49 2022] GET /volume/v3/63c6c2d404074381ac040ad61b306499/messages/84c524c7-c8f6-413c-9f8b-85af2c58f099 => generated 733 bytes in 13 msecs (HTTP/1.1 200) 7 headers in 285 bytes (1 switches on core 0)
Sep 26 01:36:49.999263 dv-cinder-859203-2-iscsi devstack@c-api.service[113439]: DEBUG cinder.api.middleware.request_id [None req-9107876f-f1f7-4c76-b702-d831a7e8656f None None] RequestId filter calling following filter/app {{(pid=113439) _context_setter /opt/stack/cinder/cinder/api/middleware/request_id.py:62}}
Sep 26 01:36:50.003017 dv-cinder-859203-2-iscsi devstack@c-api.service[113439]: INFO cinder.api.openstack.wsgi [None req-9107876f-f1f7-4c76-b702-d831a7e8656f tempest-UserMessagesTest-2089809889 tempest-UserMessagesTest-2089809889-project] GET http://10.222.0.25/volume/v3/63c6c2d404074381ac040ad61b306499/messages
Sep 26 01:36:50.003505 dv-cinder-859203-2-iscsi devstack@c-api.service[113439]: DEBUG cinder.api.openstack.wsgi [None req-9107876f-f1f7-4c76-b702-d831a7e8656f tempest-UserMessagesTest-2089809889 tempest-UserMessagesTest-2089809889-project] Empty body provided in request {{(pid=113439) get_body /opt/stack/cinder/cinder/api/openstack/wsgi.py:715}}
Sep 26 01:36:50.003959 dv-cinder-859203-2-iscsi devstack@c-api.service[113439]: DEBUG cinder.api.openstack.wsgi [None req-9107876f-f1f7-4c76-b702-d831a7e8656f tempest-UserMessagesTest-2089809889 tempest-UserMessagesTest-2089809889-project] Calling method 'version_select' {{(pid=113439) _process_stack /opt/stack/cinder/cinder/api/openstack/wsgi.py:868}}
