Oct 04 10:35:06.570177 dv-cinder-859193-3-smb devstack@c-api.service[113945]: [pid: 113945|app: 0|req: 109/208] 10.222.0.33 () {60 vars in 1230 bytes} [Tue Oct 4 10:35:05 2022] POST /volume/v3/f987f4f189d34e8b9c9426f52ae2a041/types => generated 328 bytes in 592 msecs (HTTP/1.1 200) 7 headers in 285 bytes (1 switches on core 0)
Oct 04 10:35:06.579384 dv-cinder-859193-3-smb devstack@c-api.service[113944]: DEBUG cinder.api.middleware.request_id [None req-5f0390d8-c2c7-459f-a8f4-b56e44bb8f2d None None] RequestId filter calling following filter/app {{(pid=113944) _context_setter /opt/stack/cinder/cinder/api/middleware/request_id.py:62}}
Oct 04 10:35:06.792266 dv-cinder-859193-3-smb devstack@c-api.service[113944]: INFO cinder.api.openstack.wsgi [None req-5f0390d8-c2c7-459f-a8f4-b56e44bb8f2d tempest-UserMessagesTest-835357059 tempest-UserMessagesTest-835357059-project] POST http://10.222.0.33/volume/v3/f64f76e4cf8e48a7afc7a677a9b392b0/volumes
Oct 04 10:35:06.795513 dv-cinder-859193-3-smb devstack@c-api.service[113944]: DEBUG cinder.api.openstack.wsgi [None req-5f0390d8-c2c7-459f-a8f4-b56e44bb8f2d tempest-UserMessagesTest-835357059 tempest-UserMessagesTest-835357059-project] Action: 'create', calling method: create, body: {"volume": {"volume_type": "9bd4039d-9219-4aaa-be86-ece91a57f4ba", "size": 1, "name": "tempest-UserMessagesTest-Volume-462307376"}} {{(pid=113944) _process_stack /opt/stack/cinder/cinder/api/openstack/wsgi.py:866}}
Oct 04 10:35:06.797758 dv-cinder-859193-3-smb devstack@c-api.service[113944]: DEBUG cinder.api.v3.volumes [None req-5f0390d8-c2c7-459f-a8f4-b56e44bb8f2d tempest-UserMessagesTest-835357059 tempest-UserMessagesTest-835357059-project] Create volume request body: {'volume': {'volume_type': '9bd4039d-9219-4aaa-be86-ece91a57f4ba', 'size': 1, 'name': 'tempest-UserMessagesTest-Volume-462307376'}} {{(pid=113944) create /opt/stack/cinder/cinder/api/v3/volumes.py:298}}
Oct 04 10:35:06.844056 dv-cinder-859193-3-smb devstack@c-api.service[113944]: INFO cinder.api.v3.volumes [None req-5f0390d8-c2c7-459f-a8f4-b56e44bb8f2d tempest-UserMessagesTest-835357059 tempest-UserMessagesTest-835357059-project] Create volume of 1 GB
Oct 04 10:35:06.844840 dv-cinder-859193-3-smb devstack@c-api.service[113944]: /usr/local/lib/python3.8/dist-packages/oslo_context/context.py:100: DeprecationWarning: Policy enforcement is depending on the value of is_admin. This key is deprecated. Please update your policy file to use the standard policy values.
Oct 04 10:35:06.844840 dv-cinder-859193-3-smb devstack@c-api.service[113944]: warnings.warn('Policy enforcement is depending on the value of '
Oct 04 10:35:06.845915 dv-cinder-859193-3-smb devstack@c-api.service[113944]: INFO cinder.volume.api [None req-5f0390d8-c2c7-459f-a8f4-b56e44bb8f2d tempest-UserMessagesTest-835357059 tempest-UserMessagesTest-835357059-project] Availability Zones retrieved successfully.
Oct 04 10:35:06.925209 dv-cinder-859193-3-smb devstack@c-api.service[113944]: DEBUG cinder.volume.api [None req-5f0390d8-c2c7-459f-a8f4-b56e44bb8f2d tempest-UserMessagesTest-835357059 tempest-UserMessagesTest-835357059-project] Flow 'volume_create_api' (495d3a45-7a7c-4843-80f1-2d4201e6e5b1) transitioned into state 'RUNNING' from state 'PENDING' {{(pid=113944) _flow_receiver /usr/local/lib/python3.8/dist-packages/taskflow/listeners/logging.py:141}}
Oct 04 10:35:06.952293 dv-cinder-859193-3-smb devstack@c-api.service[113944]: DEBUG cinder.volume.api [None req-5f0390d8-c2c7-459f-a8f4-b56e44bb8f2d tempest-UserMessagesTest-835357059 tempest-UserMessagesTest-835357059-project] Task 'cinder.volume.flows.api.create_volume.ExtractVolumeRequestTask;volume:create' (c5790ffe-f457-4204-aeda-63f9f65c9b1a) transitioned into state 'RUNNING' from state 'PENDING' {{(pid=113944) _task_receiver /usr/local/lib/python3.8/dist-packages/taskflow/listeners/logging.py:190}}
Oct 04 10:35:06.952293 dv-cinder-859193-3-smb devstack@c-api.service[113944]: DEBUG cinder.volume.flows.api.create_volume [None req-5f0390d8-c2c7-459f-a8f4-b56e44bb8f2d tempest-UserMessagesTest-835357059 tempest-UserMessagesTest-835357059-project] Validating volume size '1' using validate_int {{(pid=113944) _extract_size /opt/stack/cinder/cinder/volume/flows/api/create_volume.py:228}}
Oct 04 10:35:07.055634 dv-cinder-859193-3-smb devstack@c-api.service[113944]: DEBUG cinder.volume.api [None req-5f0390d8-c2c7-459f-a8f4-b56e44bb8f2d tempest-UserMessagesTest-835357059 tempest-UserMessagesTest-835357059-project] Task 'cinder.volume.flows.api.create_volume.ExtractVolumeRequestTask;volume:create' (c5790ffe-f457-4204-aeda-63f9f65c9b1a) transitioned into state 'SUCCESS' from state 'RUNNING' with result '{'size': 1, 'snapshot_id': None, 'source_volid': None, 'volume_type': VolumeType(created_at=2022-10-04T10:35:06Z,deleted=False,deleted_at=None,description=None,extra_specs={storage_protocol='tempest-storage_protocol-1729906144',vendor_name='tempest-vendor_name-1706464486'},id=9bd4039d-9219-4aaa-be86-ece91a57f4ba,is_public=True,name='tempest-UserMessagesTest-volume-type-1194248601',projects=[],qos_specs=,qos_specs_id=None,updated_at=None), 'volume_type_id': '9bd4039d-9219-4aaa-be86-ece91a57f4ba', 'encryption_key_id': None, 'qos_specs': None, 'consistencygroup_id': None, 'cgsnapshot_id': None, 'group_id': None, 'replication_status': 'disabled', 'refresh_az': False, 'backup_id': None, 'multiattach': False, 'availability_zones': ['nova']}' {{(pid=113944) _task_receiver /usr/local/lib/python3.8/dist-packages/taskflow/listeners/logging.py:178}}
Oct 04 10:35:07.061866 dv-cinder-859193-3-smb devstack@c-api.service[113944]: DEBUG cinder.volume.api [None req-5f0390d8-c2c7-459f-a8f4-b56e44bb8f2d tempest-UserMessagesTest-835357059 tempest-UserMessagesTest-835357059-project] Task 'cinder.volume.flows.api.create_volume.QuotaReserveTask;volume:create' (bc565edb-610b-4622-b4ec-78bcdccb7607) transitioned into state 'RUNNING' from state 'PENDING' {{(pid=113944) _task_receiver /usr/local/lib/python3.8/dist-packages/taskflow/listeners/logging.py:190}}
Oct 04 10:35:07.097461 dv-cinder-859193-3-smb devstack@c-api.service[113945]: DEBUG cinder.api.middleware.request_id [None req-e0b9f6cc-2da8-4f09-a0d9-4496b137673b None None] RequestId filter calling following filter/app {{(pid=113945) _context_setter /opt/stack/cinder/cinder/api/middleware/request_id.py:62}}
Oct 04 10:35:07.102763 dv-cinder-859193-3-smb devstack@c-api.service[113945]: INFO cinder.api.openstack.wsgi [None req-e0b9f6cc-2da8-4f09-a0d9-4496b137673b tempest-SnapshotsActionsTest-679215092 tempest-SnapshotsActionsTest-679215092-project] GET http://10.222.0.33/volume/v3/4cf99bde65364d9aad83d50bfd365b08/snapshots/9c058d8c-9655-44b2-89c6-bc44c1b6f917
Oct 04 10:35:07.103445 dv-cinder-859193-3-smb devstack@c-api.service[113945]: DEBUG cinder.api.openstack.wsgi [None req-e0b9f6cc-2da8-4f09-a0d9-4496b137673b tempest-SnapshotsActionsTest-679215092 tempest-SnapshotsActionsTest-679215092-project] Empty body provided in request {{(pid=113945) get_body /opt/stack/cinder/cinder/api/openstack/wsgi.py:715}}
Oct 04 10:35:07.104132 dv-cinder-859193-3-smb devstack@c-api.service[113945]: DEBUG cinder.api.openstack.wsgi [None req-e0b9f6cc-2da8-4f09-a0d9-4496b137673b tempest-SnapshotsActionsTest-679215092 tempest-SnapshotsActionsTest-679215092-project] Calling method 'show' {{(pid=113945) _process_stack /opt/stack/cinder/cinder/api/openstack/wsgi.py:868}}
Oct 04 10:35:07.121786 dv-cinder-859193-3-smb devstack@c-api.service[113945]: /usr/local/lib/python3.8/dist-packages/oslo_context/context.py:100: DeprecationWarning: Policy enforcement is depending on the value of is_admin. This key is deprecated. Please update your policy file to use the standard policy values.
Oct 04 10:35:07.121786 dv-cinder-859193-3-smb devstack@c-api.service[113945]: warnings.warn('Policy enforcement is depending on the value of '
Oct 04 10:35:07.123643 dv-cinder-859193-3-smb devstack@c-api.service[113945]: INFO cinder.volume.api [None req-e0b9f6cc-2da8-4f09-a0d9-4496b137673b tempest-SnapshotsActionsTest-679215092 tempest-SnapshotsActionsTest-679215092-project] Snapshot retrieved successfully.
Oct 04 10:35:07.126030 dv-cinder-859193-3-smb devstack@c-api.service[113945]: INFO cinder.api.openstack.wsgi [None req-e0b9f6cc-2da8-4f09-a0d9-4496b137673b tempest-SnapshotsActionsTest-679215092 tempest-SnapshotsActionsTest-679215092-project] http://10.222.0.33/volume/v3/4cf99bde65364d9aad83d50bfd365b08/snapshots/9c058d8c-9655-44b2-89c6-bc44c1b6f917 returned with HTTP 200
Oct 04 10:35:07.135152 dv-cinder-859193-3-smb devstack@c-api.service[113945]: [pid: 113945|app: 0|req: 110/209] 10.222.0.33 () {58 vars in 1331 bytes} [Tue Oct 4 10:35:07 2022] GET /volume/v3/4cf99bde65364d9aad83d50bfd365b08/snapshots/9c058d8c-9655-44b2-89c6-bc44c1b6f917 => generated 568 bytes in 36 msecs (HTTP/1.1 200) 7 headers in 285 bytes (2 switches on core 0)
Oct 04 10:35:07.137505 dv-cinder-859193-3-smb devstack@c-api.service[113945]: DEBUG cinder.api.middleware.request_id [None req-13abb010-bf2b-4ee4-a486-328a69362b76 None None] RequestId filter calling following filter/app {{(pid=113945) _context_setter /opt/stack/cinder/cinder/api/middleware/request_id.py:62}}
Oct 04 10:35:07.166861 dv-cinder-859193-3-smb devstack@c-api.service[113944]: WARNING cinder.quota [None req-5f0390d8-c2c7-459f-a8f4-b56e44bb8f2d tempest-UserMessagesTest-835357059 tempest-UserMessagesTest-835357059-project] Deprecated: Default quota for resource: volumes_tempest-UserMessagesTest-volume-type-1194248601 is set by the default quota flag: quota_volumes_tempest-UserMessagesTest-volume-type-1194248601, it is now deprecated. Please use the default quota class for default quota.
Oct 04 10:35:07.168459 dv-cinder-859193-3-smb devstack@c-api.service[113944]: WARNING cinder.quota [None req-5f0390d8-c2c7-459f-a8f4-b56e44bb8f2d tempest-UserMessagesTest-835357059 tempest-UserMessagesTest-835357059-project] Deprecated: Default quota for resource: gigabytes_tempest-UserMessagesTest-volume-type-1194248601 is set by the default quota flag: quota_gigabytes_tempest-UserMessagesTest-volume-type-1194248601, it is now deprecated. Please use the default quota class for default quota.
Oct 04 10:35:07.175495 dv-cinder-859193-3-smb devstack@c-api.service[113945]: INFO cinder.api.openstack.wsgi [None req-13abb010-bf2b-4ee4-a486-328a69362b76 tempest-SnapshotsActionsTest-1177203199 tempest-SnapshotsActionsTest-1177203199-project-admin] POST http://10.222.0.33/volume/v3/7d716bdec79141289b436581e178e2ab/snapshots/9c058d8c-9655-44b2-89c6-bc44c1b6f917/action
Oct 04 10:35:07.177264 dv-cinder-859193-3-smb devstack@c-api.service[113945]: DEBUG cinder.api.openstack.wsgi [None req-13abb010-bf2b-4ee4-a486-328a69362b76 tempest-SnapshotsActionsTest-1177203199 tempest-SnapshotsActionsTest-1177203199-project-admin] Action body: b'{"os-reset_status": {"status": "creating"}}' {{(pid=113945) get_method /opt/stack/cinder/cinder/api/openstack/wsgi.py:983}}
Oct 04 10:35:07.179716 dv-cinder-859193-3-smb devstack@c-api.service[113945]: DEBUG cinder.api.openstack.wsgi [None req-13abb010-bf2b-4ee4-a486-328a69362b76 tempest-SnapshotsActionsTest-1177203199 tempest-SnapshotsActionsTest-1177203199-project-admin] Action: 'action', calling method: _reset_status, body: {"os-reset_status": {"status": "creating"}} {{(pid=113945) _process_stack /opt/stack/cinder/cinder/api/openstack/wsgi.py:866}}
Oct 04 10:35:07.186864 dv-cinder-859193-3-smb devstack@c-api.service[113945]: DEBUG cinder.api.contrib.admin_actions [None req-13abb010-bf2b-4ee4-a486-328a69362b76 tempest-SnapshotsActionsTest-1177203199 tempest-SnapshotsActionsTest-1177203199-project-admin] Updating snapshot '9c058d8c-9655-44b2-89c6-bc44c1b6f917' with '{'status': 'creating'}' {{(pid=113945) _reset_status /opt/stack/cinder/cinder/api/contrib/admin_actions.py:100}}
Oct 04 10:35:07.229100 dv-cinder-859193-3-smb devstack@c-api.service[113945]: /usr/local/lib/python3.8/dist-packages/oslo_context/context.py:100: DeprecationWarning: Policy enforcement is depending on the value of is_admin. This key is deprecated. Please update your policy file to use the standard policy values.
Oct 04 10:35:07.229100 dv-cinder-859193-3-smb devstack@c-api.service[113945]: warnings.warn('Policy enforcement is depending on the value of '
Oct 04 10:35:07.342918 dv-cinder-859193-3-smb devstack@c-api.service[113945]: INFO cinder.api.openstack.wsgi [None req-13abb010-bf2b-4ee4-a486-328a69362b76 tempest-SnapshotsActionsTest-1177203199 tempest-SnapshotsActionsTest-1177203199-project-admin] http://10.222.0.33/volume/v3/7d716bdec79141289b436581e178e2ab/snapshots/9c058d8c-9655-44b2-89c6-bc44c1b6f917/action returned with HTTP 202
Oct 04 10:35:07.348106 dv-cinder-859193-3-smb devstack@c-api.service[113945]: [pid: 113945|app: 0|req: 111/210] 10.222.0.33 () {60 vars in 1373 bytes} [Tue Oct 4 10:35:07 2022] POST /volume/v3/7d716bdec79141289b436581e178e2ab/snapshots/9c058d8c-9655-44b2-89c6-bc44c1b6f917/action => generated 0 bytes in 211 msecs (HTTP/1.1 202) 7 headers in 289 bytes (1 switches on core 0)
Oct 04 10:35:07.349553 dv-cinder-859193-3-smb devstack@c-api.service[113945]: DEBUG cinder.api.middleware.request_id [None req-81efe92d-d72b-4369-8ecc-89f304710435 None None] RequestId filter calling following filter/app {{(pid=113945) _context_setter /opt/stack/cinder/cinder/api/middleware/request_id.py:62}}
Oct 04 10:35:07.359261 dv-cinder-859193-3-smb devstack@c-api.service[113945]: INFO cinder.api.openstack.wsgi [None req-81efe92d-d72b-4369-8ecc-89f304710435 tempest-GroupSnapshotsTest-799239563 tempest-GroupSnapshotsTest-799239563-project] GET http://10.222.0.33/volume/v3/0b1416e20c584dd2b11f25ee9e0b5fd3/groups/c9589504-8e75-43ce-a161-f38ad15dae35
Oct 04 10:35:07.359896 dv-cinder-859193-3-smb devstack@c-api.service[113945]: DEBUG cinder.api.openstack.wsgi [None req-81efe92d-d72b-4369-8ecc-89f304710435 tempest-GroupSnapshotsTest-799239563 tempest-GroupSnapshotsTest-799239563-project] Empty body provided in request {{(pid=113945) get_body /opt/stack/cinder/cinder/api/openstack/wsgi.py:715}}
Oct 04 10:35:07.360395 dv-cinder-859193-3-smb devstack@c-api.service[113945]: DEBUG cinder.api.openstack.wsgi [None req-81efe92d-d72b-4369-8ecc-89f304710435 tempest-GroupSnapshotsTest-799239563 tempest-GroupSnapshotsTest-799239563-project] Calling method 'version_select' {{(pid=113945) _process_stack /opt/stack/cinder/cinder/api/openstack/wsgi.py:868}}
Oct 04 10:35:07.360752 dv-cinder-859193-3-smb devstack@c-api.service[113945]: DEBUG cinder.api.v3.groups [None req-81efe92d-d72b-4369-8ecc-89f304710435 tempest-GroupSnapshotsTest-799239563 tempest-GroupSnapshotsTest-799239563-project] show called for member c9589504-8e75-43ce-a161-f38ad15dae35 {{(pid=113945) show /opt/stack/cinder/cinder/api/v3/groups.py:58}}
Oct 04 10:35:07.381794 dv-cinder-859193-3-smb devstack@c-api.service[113945]: /usr/local/lib/python3.8/dist-packages/oslo_context/context.py:100: DeprecationWarning: Policy enforcement is depending on the value of is_admin. This key is deprecated. Please update your policy file to use the standard policy values.
Oct 04 10:35:07.381794 dv-cinder-859193-3-smb devstack@c-api.service[113945]: warnings.warn('Policy enforcement is depending on the value of '
Oct 04 10:35:07.428491 dv-cinder-859193-3-smb devstack@c-api.service[113945]: INFO cinder.api.openstack.wsgi [None req-81efe92d-d72b-4369-8ecc-89f304710435 tempest-GroupSnapshotsTest-799239563 tempest-GroupSnapshotsTest-799239563-project] http://10.222.0.33/volume/v3/0b1416e20c584dd2b11f25ee9e0b5fd3/groups/c9589504-8e75-43ce-a161-f38ad15dae35 returned with HTTP 200
Oct 04 10:35:07.437324 dv-cinder-859193-3-smb devstack@c-api.service[113945]: [pid: 113945|app: 0|req: 112/211] 10.222.0.33 () {60 vars in 1363 bytes} [Tue Oct 4 10:35:07 2022] GET /volume/v3/0b1416e20c584dd2b11f25ee9e0b5fd3/groups/c9589504-8e75-43ce-a161-f38ad15dae35 => generated 393 bytes in 81 msecs (HTTP/1.1 200) 7 headers in 286 bytes (1 switches on core 0)
Oct 04 10:35:07.450337 dv-cinder-859193-3-smb devstack@c-api.service[113945]: DEBUG cinder.api.middleware.request_id [None req-2baadda5-9d45-4e68-ac81-743b43ee2e42 None None] RequestId filter calling following filter/app {{(pid=113945) _context_setter /opt/stack/cinder/cinder/api/middleware/request_id.py:62}}
Oct 04 10:35:07.462921 dv-cinder-859193-3-smb devstack@c-api.service[113945]: INFO cinder.api.openstack.wsgi [None req-2baadda5-9d45-4e68-ac81-743b43ee2e42 tempest-SnapshotsActionsTest-679215092 tempest-SnapshotsActionsTest-679215092-project] GET http://10.222.0.33/volume/v3/4cf99bde65364d9aad83d50bfd365b08/snapshots/9c058d8c-9655-44b2-89c6-bc44c1b6f917
Oct 04 10:35:07.476294 dv-cinder-859193-3-smb devstack@c-api.service[113945]: DEBUG cinder.api.openstack.wsgi [None req-2baadda5-9d45-4e68-ac81-743b43ee2e42 tempest-SnapshotsActionsTest-679215092 tempest-SnapshotsActionsTest-679215092-project] Empty body provided in request {{(pid=113945) get_body /opt/stack/cinder/cinder/api/openstack/wsgi.py:715}}
Oct 04 10:35:07.476294 dv-cinder-859193-3-smb devstack@c-api.service[113945]: DEBUG cinder.api.openstack.wsgi [None req-2baadda5-9d45-4e68-ac81-743b43ee2e42 tempest-SnapshotsActionsTest-679215092 tempest-SnapshotsActionsTest-679215092-project] Calling method 'show' {{(pid=113945) _process_stack /opt/stack/cinder/cinder/api/openstack/wsgi.py:868}}
Oct 04 10:35:07.492165 dv-cinder-859193-3-smb devstack@c-api.service[113945]: /usr/local/lib/python3.8/dist-packages/oslo_context/context.py:100: DeprecationWarning: Policy enforcement is depending on the value of is_admin. This key is deprecated. Please update your policy file to use the standard policy values.
Oct 04 10:35:07.492165 dv-cinder-859193-3-smb devstack@c-api.service[113945]: warnings.warn('Policy enforcement is depending on the value of '
Oct 04 10:35:07.494016 dv-cinder-859193-3-smb devstack@c-api.service[113945]: INFO cinder.volume.api [None req-2baadda5-9d45-4e68-ac81-743b43ee2e42 tempest-SnapshotsActionsTest-679215092 tempest-SnapshotsActionsTest-679215092-project] Snapshot retrieved successfully.
Oct 04 10:35:07.496659 dv-cinder-859193-3-smb devstack@c-api.service[113945]: INFO cinder.api.openstack.wsgi [None req-2baadda5-9d45-4e68-ac81-743b43ee2e42 tempest-SnapshotsActionsTest-679215092 tempest-SnapshotsActionsTest-679215092-project] http://10.222.0.33/volume/v3/4cf99bde65364d9aad83d50bfd365b08/snapshots/9c058d8c-9655-44b2-89c6-bc44c1b6f917 returned with HTTP 200
Oct 04 10:35:07.499108 dv-cinder-859193-3-smb devstack@c-api.service[113945]: [pid: 113945|app: 0|req: 113/212] 10.222.0.33 () {58 vars in 1331 bytes} [Tue Oct 4 10:35:07 2022] GET /volume/v3/4cf99bde65364d9aad83d50bfd365b08/snapshots/9c058d8c-9655-44b2-89c6-bc44c1b6f917 => generated 567 bytes in 68 msecs (HTTP/1.1 200) 7 headers in 285 bytes (1 switches on core 0)
Oct 04 10:35:07.501419 dv-cinder-859193-3-smb devstack@c-api.service[113945]: DEBUG cinder.api.middleware.request_id [None req-88ae806a-6d39-46da-b979-70bf2a9d99f3 None None] RequestId filter calling following filter/app {{(pid=113945) _context_setter /opt/stack/cinder/cinder/api/middleware/request_id.py:62}}
Oct 04 10:35:07.508790 dv-cinder-859193-3-smb devstack@c-api.service[113945]: INFO cinder.api.openstack.wsgi [None req-88ae806a-6d39-46da-b979-70bf2a9d99f3 tempest-GroupSnapshotsTest-799239563 tempest-GroupSnapshotsTest-799239563-project] PUT http://10.222.0.33/volume/v3/0b1416e20c584dd2b11f25ee9e0b5fd3/groups/c9589504-8e75-43ce-a161-f38ad15dae35
Oct 04 10:35:07.510864 dv-cinder-859193-3-smb devstack@c-api.service[113945]: DEBUG cinder.api.openstack.wsgi [None req-88ae806a-6d39-46da-b979-70bf2a9d99f3 tempest-GroupSnapshotsTest-799239563 tempest-GroupSnapshotsTest-799239563-project] Action: 'update', calling method: version_select, body: {"group": {"remove_volumes": "0b93ebfd-a876-458e-a53e-3c6368b5261e"}} {{(pid=113945) _process_stack /opt/stack/cinder/cinder/api/openstack/wsgi.py:866}}
Oct 04 10:35:07.514144 dv-cinder-859193-3-smb devstack@c-api.service[113945]: DEBUG cinder.api.v3.groups [None req-88ae806a-6d39-46da-b979-70bf2a9d99f3 tempest-GroupSnapshotsTest-799239563 tempest-GroupSnapshotsTest-799239563-project] Update called for group c9589504-8e75-43ce-a161-f38ad15dae35. {{(pid=113945) update /opt/stack/cinder/cinder/api/v3/groups.py:302}}
Oct 04 10:35:07.514144 dv-cinder-859193-3-smb devstack@c-api.service[113945]: INFO cinder.api.v3.groups [None req-88ae806a-6d39-46da-b979-70bf2a9d99f3 tempest-GroupSnapshotsTest-799239563 tempest-GroupSnapshotsTest-799239563-project] Updating group c9589504-8e75-43ce-a161-f38ad15dae35 with name None description: None add_volumes: None remove_volumes: 0b93ebfd-a876-458e-a53e-3c6368b5261e.
Oct 04 10:35:07.533916 dv-cinder-859193-3-smb devstack@c-api.service[113945]: /usr/local/lib/python3.8/dist-packages/oslo_context/context.py:100: DeprecationWarning: Policy enforcement is depending on the value of is_admin. This key is deprecated. Please update your policy file to use the standard policy values.
Oct 04 10:35:07.533916 dv-cinder-859193-3-smb devstack@c-api.service[113945]: warnings.warn('Policy enforcement is depending on the value of '
Oct 04 10:35:07.574377 dv-cinder-859193-3-smb devstack@c-api.service[113944]: DEBUG cinder.quota [None req-5f0390d8-c2c7-459f-a8f4-b56e44bb8f2d tempest-UserMessagesTest-835357059 tempest-UserMessagesTest-835357059-project] Created reservations ['d70d26be-84fa-4310-b83a-3a3746570f53', 'db3463d2-08d5-4497-af46-b4771e443f32', '17d11269-9b5c-4531-8dbc-e5459cb088da', 'f1b6c1bb-15c0-4f84-8fad-8b781ded0d02'] {{(pid=113944) reserve /opt/stack/cinder/cinder/quota.py:755}}
Oct 04 10:35:07.576342 dv-cinder-859193-3-smb devstack@c-api.service[113944]: DEBUG cinder.volume.api [None req-5f0390d8-c2c7-459f-a8f4-b56e44bb8f2d tempest-UserMessagesTest-835357059 tempest-UserMessagesTest-835357059-project] Task 'cinder.volume.flows.api.create_volume.QuotaReserveTask;volume:create' (bc565edb-610b-4622-b4ec-78bcdccb7607) transitioned into state 'SUCCESS' from state 'RUNNING' with result '{'reservations': ['d70d26be-84fa-4310-b83a-3a3746570f53', 'db3463d2-08d5-4497-af46-b4771e443f32', '17d11269-9b5c-4531-8dbc-e5459cb088da', 'f1b6c1bb-15c0-4f84-8fad-8b781ded0d02']}' {{(pid=113944) _task_receiver /usr/local/lib/python3.8/dist-packages/taskflow/listeners/logging.py:178}}
Oct 04 10:35:07.579323 dv-cinder-859193-3-smb devstack@c-api.service[113944]: DEBUG cinder.volume.api [None req-5f0390d8-c2c7-459f-a8f4-b56e44bb8f2d tempest-UserMessagesTest-835357059 tempest-UserMessagesTest-835357059-project] Task 'cinder.volume.flows.api.create_volume.EntryCreateTask;volume:create' (591c9784-5484-4a38-bbf5-ac22dded7321) transitioned into state 'RUNNING' from state 'PENDING' {{(pid=113944) _task_receiver /usr/local/lib/python3.8/dist-packages/taskflow/listeners/logging.py:190}}
Oct 04 10:35:07.693106 dv-cinder-859193-3-smb devstack@c-api.service[113945]: INFO cinder.api.openstack.wsgi [None req-88ae806a-6d39-46da-b979-70bf2a9d99f3 tempest-GroupSnapshotsTest-799239563 tempest-GroupSnapshotsTest-799239563-project] http://10.222.0.33/volume/v3/0b1416e20c584dd2b11f25ee9e0b5fd3/groups/c9589504-8e75-43ce-a161-f38ad15dae35 returned with HTTP 202
Oct 04 10:35:07.697422 dv-cinder-859193-3-smb devstack@c-api.service[113945]: [pid: 113945|app: 0|req: 114/213] 10.222.0.33 () {62 vars in 1383 bytes} [Tue Oct 4 10:35:07 2022] PUT /volume/v3/0b1416e20c584dd2b11f25ee9e0b5fd3/groups/c9589504-8e75-43ce-a161-f38ad15dae35 => generated 0 bytes in 197 msecs (HTTP/1.1 202) 6 headers in 234 bytes (1 switches on core 0)
Oct 04 10:35:07.699053 dv-cinder-859193-3-smb devstack@c-api.service[113944]: DEBUG cinder.volume.api [None req-5f0390d8-c2c7-459f-a8f4-b56e44bb8f2d tempest-UserMessagesTest-835357059 tempest-UserMessagesTest-835357059-project] Task 'cinder.volume.flows.api.create_volume.EntryCreateTask;volume:create' (591c9784-5484-4a38-bbf5-ac22dded7321) transitioned into state 'SUCCESS' from state 'RUNNING' with result '{'volume_id': '72c68766-a3f8-43c9-984b-5ce5e16fd3d8', 'volume_properties': VolumeProperties(attach_status='detached',availability_zone='nova',cgsnapshot_id=None,consistencygroup_id=None,display_description=None,display_name='tempest-UserMessagesTest-Volume-462307376',encryption_key_id=None,group_id=None,group_type_id=,metadata={},multiattach=False,project_id='f64f76e4cf8e48a7afc7a677a9b392b0',qos_specs=None,replication_status=,reservations=['d70d26be-84fa-4310-b83a-3a3746570f53','db3463d2-08d5-4497-af46-b4771e443f32','17d11269-9b5c-4531-8dbc-e5459cb088da','f1b6c1bb-15c0-4f84-8fad-8b781ded0d02'],size=1,snapshot_id=None,source_replicaid=,source_volid=None,status='creating',user_id='b1e8900b67144f4da5a8bb05cc7dcbf5',volume_type_id=9bd4039d-9219-4aaa-be86-ece91a57f4ba), 'volume': Volume(_name_id=None,admin_metadata=,attach_status='detached',availability_zone='nova',bootable=False,cluster=,cluster_name=None,consistencygroup=,consistencygroup_id=None,created_at=2022-10-04T10:35:07Z,deleted=False,deleted_at=None,display_description=None,display_name='tempest-UserMessagesTest-Volume-462307376',ec2_id=None,encryption_key_id=None,glance_metadata=,group=,group_id=None,host=None,id=72c68766-a3f8-43c9-984b-5ce5e16fd3d8,launched_at=None,metadata={},migration_status=None,multiattach=False,previous_status=None,project_id='f64f76e4cf8e48a7afc7a677a9b392b0',provider_auth=None,provider_geometry=None,provider_id=None,provider_location=None,replication_driver_data=None,replication_extended_status=None,replication_status=None,scheduled_at=None,service_uuid=None,shared_targets=True,size=1,snapshot_id=None,snapshots=,source_volid=None,status='creating',terminated_at=None,updated_at=None,use_quota=True,user_id='b1e8900b67144f4da5a8bb05cc7dcbf5',volume_attachment=VolumeAttachmentList,volume_type=VolumeType(9bd4039d-9219-4aaa-be86-ece91a57f4ba),volume_type_id=9bd4039d-9219-4aaa-be86-ece91a57f4ba)}' {{(pid=113944) _task_receiver /usr/local/lib/python3.8/dist-packages/taskflow/listeners/logging.py:178}}
Oct 04 10:35:07.700213 dv-cinder-859193-3-smb devstack@c-api.service[113945]: DEBUG cinder.api.middleware.request_id [None req-2ea64206-75e1-4cf4-84a1-d55ea5baccaf None None] RequestId filter calling following filter/app {{(pid=113945) _context_setter /opt/stack/cinder/cinder/api/middleware/request_id.py:62}}
Oct 04 10:35:07.714753 dv-cinder-859193-3-smb devstack@c-api.service[113944]: DEBUG cinder.volume.api [None req-5f0390d8-c2c7-459f-a8f4-b56e44bb8f2d tempest-UserMessagesTest-835357059 tempest-UserMessagesTest-835357059-project] Task 'cinder.volume.flows.api.create_volume.QuotaCommitTask;volume:create' (0f1eeebb-3170-4061-88ad-2609981cec98) transitioned into state 'RUNNING' from state 'PENDING' {{(pid=113944) _task_receiver /usr/local/lib/python3.8/dist-packages/taskflow/listeners/logging.py:190}}
Oct 04 10:35:07.737770 dv-cinder-859193-3-smb devstack@c-api.service[113945]: INFO cinder.api.openstack.wsgi [None req-2ea64206-75e1-4cf4-84a1-d55ea5baccaf tempest-SnapshotsActionsTest-1177203199 tempest-SnapshotsActionsTest-1177203199-project-admin] POST http://10.222.0.33/volume/v3/7d716bdec79141289b436581e178e2ab/snapshots/9c058d8c-9655-44b2-89c6-bc44c1b6f917/action
Oct 04 10:35:07.739384 dv-cinder-859193-3-smb devstack@c-api.service[113945]: DEBUG cinder.api.openstack.wsgi [None req-2ea64206-75e1-4cf4-84a1-d55ea5baccaf tempest-SnapshotsActionsTest-1177203199 tempest-SnapshotsActionsTest-1177203199-project-admin] Action body: b'{"os-force_delete": {}}' {{(pid=113945) get_method /opt/stack/cinder/cinder/api/openstack/wsgi.py:983}}
Oct 04 10:35:07.742866 dv-cinder-859193-3-smb devstack@c-api.service[113945]: DEBUG cinder.api.openstack.wsgi [None req-2ea64206-75e1-4cf4-84a1-d55ea5baccaf tempest-SnapshotsActionsTest-1177203199 tempest-SnapshotsActionsTest-1177203199-project-admin] Action: 'action', calling method: _force_delete, body: {"os-force_delete": {}} {{(pid=113945) _process_stack /opt/stack/cinder/cinder/api/openstack/wsgi.py:866}}
Oct 04 10:35:07.777937 dv-cinder-859193-3-smb devstack@c-api.service[113945]: /usr/local/lib/python3.8/dist-packages/oslo_context/context.py:100: DeprecationWarning: Policy enforcement is depending on the value of is_admin. This key is deprecated. Please update your policy file to use the standard policy values.
Oct 04 10:35:07.777937 dv-cinder-859193-3-smb devstack@c-api.service[113945]: warnings.warn('Policy enforcement is depending on the value of '
Oct 04 10:35:07.780086 dv-cinder-859193-3-smb devstack@c-api.service[113945]: INFO cinder.volume.api [None req-2ea64206-75e1-4cf4-84a1-d55ea5baccaf tempest-SnapshotsActionsTest-1177203199 tempest-SnapshotsActionsTest-1177203199-project-admin] Snapshot retrieved successfully.
Oct 04 10:35:07.915570 dv-cinder-859193-3-smb devstack@c-api.service[113944]: DEBUG cinder.volume.api [None req-5f0390d8-c2c7-459f-a8f4-b56e44bb8f2d tempest-UserMessagesTest-835357059 tempest-UserMessagesTest-835357059-project] Task 'cinder.volume.flows.api.create_volume.QuotaCommitTask;volume:create' (0f1eeebb-3170-4061-88ad-2609981cec98) transitioned into state 'SUCCESS' from state 'RUNNING' with result '{'volume_properties': VolumeProperties(attach_status='detached',availability_zone='nova',cgsnapshot_id=None,consistencygroup_id=None,display_description=None,display_name='tempest-UserMessagesTest-Volume-462307376',encryption_key_id=None,group_id=None,group_type_id=,metadata={},multiattach=False,project_id='f64f76e4cf8e48a7afc7a677a9b392b0',qos_specs=None,replication_status=,reservations=['d70d26be-84fa-4310-b83a-3a3746570f53','db3463d2-08d5-4497-af46-b4771e443f32','17d11269-9b5c-4531-8dbc-e5459cb088da','f1b6c1bb-15c0-4f84-8fad-8b781ded0d02'],size=1,snapshot_id=None,source_replicaid=,source_volid=None,status='creating',user_id='b1e8900b67144f4da5a8bb05cc7dcbf5',volume_type_id=9bd4039d-9219-4aaa-be86-ece91a57f4ba)}' {{(pid=113944) _task_receiver /usr/local/lib/python3.8/dist-packages/taskflow/listeners/logging.py:178}}
Oct 04 10:35:07.920594 dv-cinder-859193-3-smb devstack@c-api.service[113944]: DEBUG cinder.volume.api [None req-5f0390d8-c2c7-459f-a8f4-b56e44bb8f2d tempest-UserMessagesTest-835357059 tempest-UserMessagesTest-835357059-project] Task 'cinder.volume.flows.api.create_volume.VolumeCastTask;volume:create' (7ce04ba4-e8df-42ef-aa68-5593077ca744) transitioned into state 'RUNNING' from state 'PENDING' {{(pid=113944) _task_receiver /usr/local/lib/python3.8/dist-packages/taskflow/listeners/logging.py:190}}
Oct 04 10:35:08.122028 dv-cinder-859193-3-smb devstack@c-api.service[113945]: INFO cinder.volume.api [None req-2ea64206-75e1-4cf4-84a1-d55ea5baccaf tempest-SnapshotsActionsTest-1177203199 tempest-SnapshotsActionsTest-1177203199-project-admin] Snapshot delete request issued successfully.
Oct 04 10:35:08.122659 dv-cinder-859193-3-smb devstack@c-api.service[113945]: INFO cinder.api.openstack.wsgi [None req-2ea64206-75e1-4cf4-84a1-d55ea5baccaf tempest-SnapshotsActionsTest-1177203199 tempest-SnapshotsActionsTest-1177203199-project-admin] http://10.222.0.33/volume/v3/7d716bdec79141289b436581e178e2ab/snapshots/9c058d8c-9655-44b2-89c6-bc44c1b6f917/action returned with HTTP 202
Oct 04 10:35:08.123371 dv-cinder-859193-3-smb devstack@c-api.service[113945]: [pid: 113945|app: 0|req: 115/214] 10.222.0.33 () {60 vars in 1373 bytes} [Tue Oct 4 10:35:07 2022] POST /volume/v3/7d716bdec79141289b436581e178e2ab/snapshots/9c058d8c-9655-44b2-89c6-bc44c1b6f917/action => generated 0 bytes in 425 msecs (HTTP/1.1 202) 7 headers in 289 bytes (1 switches on core 0)
Oct 04 10:35:08.125147 dv-cinder-859193-3-smb devstack@c-api.service[113945]: DEBUG cinder.api.middleware.request_id [None req-b7c28cf8-789f-4163-9a54-b8d18bb6c6a5 None None] RequestId filter calling following filter/app {{(pid=113945) _context_setter /opt/stack/cinder/cinder/api/middleware/request_id.py:62}}
Oct 04 10:35:08.130645 dv-cinder-859193-3-smb devstack@c-api.service[113945]: INFO cinder.api.openstack.wsgi [None req-b7c28cf8-789f-4163-9a54-b8d18bb6c6a5 tempest-GroupSnapshotsTest-799239563 tempest-GroupSnapshotsTest-799239563-project] GET http://10.222.0.33/volume/v3/0b1416e20c584dd2b11f25ee9e0b5fd3/groups/c9589504-8e75-43ce-a161-f38ad15dae35
Oct 04 10:35:08.134155 dv-cinder-859193-3-smb devstack@c-api.service[113944]: DEBUG cinder.volume.api [None req-5f0390d8-c2c7-459f-a8f4-b56e44bb8f2d tempest-UserMessagesTest-835357059 tempest-UserMessagesTest-835357059-project] Task 'cinder.volume.flows.api.create_volume.VolumeCastTask;volume:create' (7ce04ba4-e8df-42ef-aa68-5593077ca744) transitioned into state 'SUCCESS' from state 'RUNNING' with result 'None' {{(pid=113944) _task_receiver /usr/local/lib/python3.8/dist-packages/taskflow/listeners/logging.py:178}}
Oct 04 10:35:08.136547 dv-cinder-859193-3-smb devstack@c-api.service[113944]: DEBUG cinder.volume.api [None req-5f0390d8-c2c7-459f-a8f4-b56e44bb8f2d tempest-UserMessagesTest-835357059 tempest-UserMessagesTest-835357059-project] Flow 'volume_create_api' (495d3a45-7a7c-4843-80f1-2d4201e6e5b1) transitioned into state 'SUCCESS' from state 'RUNNING' {{(pid=113944) _flow_receiver /usr/local/lib/python3.8/dist-packages/taskflow/listeners/logging.py:141}}
Oct 04 10:35:08.142488 dv-cinder-859193-3-smb devstack@c-api.service[113944]: INFO cinder.volume.api [None req-5f0390d8-c2c7-459f-a8f4-b56e44bb8f2d tempest-UserMessagesTest-835357059 tempest-UserMessagesTest-835357059-project] Create volume request issued successfully.
Oct 04 10:35:08.144530 dv-cinder-859193-3-smb devstack@c-api.service[113945]: DEBUG cinder.api.openstack.wsgi [None req-b7c28cf8-789f-4163-9a54-b8d18bb6c6a5 tempest-GroupSnapshotsTest-799239563 tempest-GroupSnapshotsTest-799239563-project] Empty body provided in request {{(pid=113945) get_body /opt/stack/cinder/cinder/api/openstack/wsgi.py:715}}
Oct 04 10:35:08.145047 dv-cinder-859193-3-smb devstack@c-api.service[113945]: DEBUG cinder.api.openstack.wsgi [None req-b7c28cf8-789f-4163-9a54-b8d18bb6c6a5 tempest-GroupSnapshotsTest-799239563 tempest-GroupSnapshotsTest-799239563-project] Calling method 'version_select' {{(pid=113945) _process_stack /opt/stack/cinder/cinder/api/openstack/wsgi.py:868}}
Oct 04 10:35:08.149220 dv-cinder-859193-3-smb devstack@c-api.service[113945]: DEBUG cinder.api.v3.groups [None req-b7c28cf8-789f-4163-9a54-b8d18bb6c6a5 tempest-GroupSnapshotsTest-799239563 tempest-GroupSnapshotsTest-799239563-project] show called for member c9589504-8e75-43ce-a161-f38ad15dae35 {{(pid=113945) show /opt/stack/cinder/cinder/api/v3/groups.py:58}}
Oct 04 10:35:08.150569 dv-cinder-859193-3-smb devstack@c-api.service[113944]: INFO cinder.api.openstack.wsgi [None req-5f0390d8-c2c7-459f-a8f4-b56e44bb8f2d tempest-UserMessagesTest-835357059 tempest-UserMessagesTest-835357059-project] http://10.222.0.33/volume/v3/f64f76e4cf8e48a7afc7a677a9b392b0/volumes returned with HTTP 202
Oct 04 10:35:08.154146 dv-cinder-859193-3-smb devstack@c-api.service[113944]: [pid: 113944|app: 0|req: 100/215] 10.222.0.33 () {62 vars in 1276 bytes} [Tue Oct 4 10:35:06 2022] POST /volume/v3/f64f76e4cf8e48a7afc7a677a9b392b0/volumes => generated 851 bytes in 1576 msecs (HTTP/1.1 202) 7 headers in 291 bytes (1 switches on core 0)
Oct 04 10:35:08.158942 dv-cinder-859193-3-smb devstack@c-api.service[113944]: DEBUG cinder.api.middleware.request_id [None req-cff9bc43-23a9-4b2f-b8a8-4ba24fd3b897 None None] RequestId filter calling following filter/app {{(pid=113944) _context_setter /opt/stack/cinder/cinder/api/middleware/request_id.py:62}}
Oct 04 10:35:08.172399 dv-cinder-859193-3-smb devstack@c-api.service[113945]: /usr/local/lib/python3.8/dist-packages/oslo_context/context.py:100: DeprecationWarning: Policy enforcement is depending on the value of is_admin. This key is deprecated. Please update your policy file to use the standard policy values.
Oct 04 10:35:08.172399 dv-cinder-859193-3-smb devstack@c-api.service[113945]: warnings.warn('Policy enforcement is depending on the value of '
Oct 04 10:35:08.173575 dv-cinder-859193-3-smb devstack@c-api.service[113944]: INFO cinder.api.openstack.wsgi [None req-cff9bc43-23a9-4b2f-b8a8-4ba24fd3b897 tempest-SnapshotsActionsTest-679215092 tempest-SnapshotsActionsTest-679215092-project] GET http://10.222.0.33/volume/v3/4cf99bde65364d9aad83d50bfd365b08/snapshots/9c058d8c-9655-44b2-89c6-bc44c1b6f917
Oct 04 10:35:08.175109 dv-cinder-859193-3-smb devstack@c-api.service[113944]: DEBUG cinder.api.openstack.wsgi [None req-cff9bc43-23a9-4b2f-b8a8-4ba24fd3b897 tempest-SnapshotsActionsTest-679215092 tempest-SnapshotsActionsTest-679215092-project] Empty body provided in request {{(pid=113944) get_body /opt/stack/cinder/cinder/api/openstack/wsgi.py:715}}
Oct 04 10:35:08.176169 dv-cinder-859193-3-smb devstack@c-api.service[113944]: DEBUG cinder.api.openstack.wsgi [None req-cff9bc43-23a9-4b2f-b8a8-4ba24fd3b897 tempest-SnapshotsActionsTest-679215092 tempest-SnapshotsActionsTest-679215092-project] Calling method 'show' {{(pid=113944) _process_stack /opt/stack/cinder/cinder/api/openstack/wsgi.py:868}}
Oct 04 10:35:08.200683 dv-cinder-859193-3-smb devstack@c-api.service[113945]: INFO cinder.api.openstack.wsgi [None req-b7c28cf8-789f-4163-9a54-b8d18bb6c6a5 tempest-GroupSnapshotsTest-799239563 tempest-GroupSnapshotsTest-799239563-project] http://10.222.0.33/volume/v3/0b1416e20c584dd2b11f25ee9e0b5fd3/groups/c9589504-8e75-43ce-a161-f38ad15dae35 returned with HTTP 200
Oct 04 10:35:08.201483 dv-cinder-859193-3-smb devstack@c-api.service[113945]: [pid: 113945|app: 0|req: 116/216] 10.222.0.33 () {60 vars in 1363 bytes} [Tue Oct 4 10:35:08 2022] GET /volume/v3/0b1416e20c584dd2b11f25ee9e0b5fd3/groups/c9589504-8e75-43ce-a161-f38ad15dae35 => generated 393 bytes in 77 msecs (HTTP/1.1 200) 7 headers in 286 bytes (1 switches on core 0)
Oct 04 10:35:08.202812 dv-cinder-859193-3-smb devstack@c-api.service[113944]: /usr/local/lib/python3.8/dist-packages/oslo_context/context.py:100: DeprecationWarning: Policy enforcement is depending on the value of is_admin. This key is deprecated. Please update your policy file to use the standard policy values.
Oct 04 10:35:08.202812 dv-cinder-859193-3-smb devstack@c-api.service[113944]: warnings.warn('Policy enforcement is depending on the value of '
Oct 04 10:35:08.203856 dv-cinder-859193-3-smb devstack@c-api.service[113944]: INFO cinder.volume.api [None req-cff9bc43-23a9-4b2f-b8a8-4ba24fd3b897 tempest-SnapshotsActionsTest-679215092 tempest-SnapshotsActionsTest-679215092-project] Snapshot retrieved successfully.
Oct 04 10:35:08.205759 dv-cinder-859193-3-smb devstack@c-api.service[113944]: INFO cinder.api.openstack.wsgi [None req-cff9bc43-23a9-4b2f-b8a8-4ba24fd3b897 tempest-SnapshotsActionsTest-679215092 tempest-SnapshotsActionsTest-679215092-project] http://10.222.0.33/volume/v3/4cf99bde65364d9aad83d50bfd365b08/snapshots/9c058d8c-9655-44b2-89c6-bc44c1b6f917 returned with HTTP 200
Oct 04 10:35:08.212050 dv-cinder-859193-3-smb devstack@c-api.service[113944]: [pid: 113944|app: 0|req: 101/217] 10.222.0.33 () {58 vars in 1331 bytes} [Tue Oct 4 10:35:08 2022] GET /volume/v3/4cf99bde65364d9aad83d50bfd365b08/snapshots/9c058d8c-9655-44b2-89c6-bc44c1b6f917 => generated 567 bytes in 52 msecs (HTTP/1.1 200) 7 headers in 285 bytes (1 switches on core 0)
Oct 04 10:35:08.212219 dv-cinder-859193-3-smb devstack@c-api.service[113945]: DEBUG cinder.api.middleware.request_id [None req-98e63e82-0876-406c-bb5d-ff61010d6fd5 None None] RequestId filter calling following filter/app {{(pid=113945) _context_setter /opt/stack/cinder/cinder/api/middleware/request_id.py:62}}
Oct 04 10:35:08.214126 dv-cinder-859193-3-smb devstack@c-api.service[113945]: INFO cinder.api.openstack.wsgi [None req-98e63e82-0876-406c-bb5d-ff61010d6fd5 tempest-UserMessagesTest-835357059 tempest-UserMessagesTest-835357059-project] GET http://10.222.0.33/volume/v3/f64f76e4cf8e48a7afc7a677a9b392b0/volumes/72c68766-a3f8-43c9-984b-5ce5e16fd3d8
Oct 04 10:35:08.219326 dv-cinder-859193-3-smb devstack@c-api.service[113945]: DEBUG cinder.api.openstack.wsgi [None req-98e63e82-0876-406c-bb5d-ff61010d6fd5 tempest-UserMessagesTest-835357059 tempest-UserMessagesTest-835357059-project] Empty body provided in request {{(pid=113945) get_body /opt/stack/cinder/cinder/api/openstack/wsgi.py:715}}
Oct 04 10:35:08.220364 dv-cinder-859193-3-smb devstack@c-api.service[113945]: DEBUG cinder.api.openstack.wsgi [None req-98e63e82-0876-406c-bb5d-ff61010d6fd5 tempest-UserMessagesTest-835357059 tempest-UserMessagesTest-835357059-project] Calling method 'show' {{(pid=113945) _process_stack /opt/stack/cinder/cinder/api/openstack/wsgi.py:868}}
Oct 04 10:35:08.221929 dv-cinder-859193-3-smb devstack@c-api.service[113944]: DEBUG cinder.api.middleware.request_id [None req-52fe36d9-2e16-43d0-9c7d-bb304cc34aa5 None None] RequestId filter calling following filter/app {{(pid=113944) _context_setter /opt/stack/cinder/cinder/api/middleware/request_id.py:62}}
Oct 04 10:35:08.226374 dv-cinder-859193-3-smb devstack@c-api.service[113944]: INFO cinder.api.openstack.wsgi [None req-52fe36d9-2e16-43d0-9c7d-bb304cc34aa5 tempest-GroupSnapshotsTest-799239563 tempest-GroupSnapshotsTest-799239563-project] PUT http://10.222.0.33/volume/v3/0b1416e20c584dd2b11f25ee9e0b5fd3/groups/c9589504-8e75-43ce-a161-f38ad15dae35
Oct 04 10:35:08.230480 dv-cinder-859193-3-smb devstack@c-api.service[113944]: DEBUG cinder.api.openstack.wsgi [None req-52fe36d9-2e16-43d0-9c7d-bb304cc34aa5 tempest-GroupSnapshotsTest-799239563 tempest-GroupSnapshotsTest-799239563-project] Action: 'update', calling method: version_select, body: {"group": {"add_volumes": "0b93ebfd-a876-458e-a53e-3c6368b5261e"}} {{(pid=113944) _process_stack /opt/stack/cinder/cinder/api/openstack/wsgi.py:866}}
Oct 04 10:35:08.235863 dv-cinder-859193-3-smb devstack@c-api.service[113944]: DEBUG cinder.api.v3.groups [None req-52fe36d9-2e16-43d0-9c7d-bb304cc34aa5 tempest-GroupSnapshotsTest-799239563 tempest-GroupSnapshotsTest-799239563-project] Update called for group c9589504-8e75-43ce-a161-f38ad15dae35. {{(pid=113944) update /opt/stack/cinder/cinder/api/v3/groups.py:302}}
Oct 04 10:35:08.236211 dv-cinder-859193-3-smb devstack@c-api.service[113944]: INFO cinder.api.v3.groups [None req-52fe36d9-2e16-43d0-9c7d-bb304cc34aa5 tempest-GroupSnapshotsTest-799239563 tempest-GroupSnapshotsTest-799239563-project] Updating group c9589504-8e75-43ce-a161-f38ad15dae35 with name None description: None add_volumes: 0b93ebfd-a876-458e-a53e-3c6368b5261e remove_volumes: None.
Oct 04 10:35:08.244656 dv-cinder-859193-3-smb devstack@c-api.service[113945]: /usr/local/lib/python3.8/dist-packages/oslo_context/context.py:100: DeprecationWarning: Policy enforcement is depending on the value of is_admin. This key is deprecated. Please update your policy file to use the standard policy values.
Oct 04 10:35:08.244656 dv-cinder-859193-3-smb devstack@c-api.service[113945]: warnings.warn('Policy enforcement is depending on the value of '
Oct 04 10:35:08.253305 dv-cinder-859193-3-smb devstack@c-api.service[113944]: /usr/local/lib/python3.8/dist-packages/oslo_context/context.py:100: DeprecationWarning: Policy enforcement is depending on the value of is_admin. This key is deprecated. Please update your policy file to use the standard policy values.
Oct 04 10:35:08.253305 dv-cinder-859193-3-smb devstack@c-api.service[113944]: warnings.warn('Policy enforcement is depending on the value of '
Oct 04 10:35:08.256819 dv-cinder-859193-3-smb devstack@c-api.service[113945]: INFO cinder.volume.api [None req-98e63e82-0876-406c-bb5d-ff61010d6fd5 tempest-UserMessagesTest-835357059 tempest-UserMessagesTest-835357059-project] Volume info retrieved successfully.
Oct 04 10:35:08.270786 dv-cinder-859193-3-smb devstack@c-api.service[113945]: INFO cinder.api.openstack.wsgi [None req-98e63e82-0876-406c-bb5d-ff61010d6fd5 tempest-UserMessagesTest-835357059 tempest-UserMessagesTest-835357059-project] http://10.222.0.33/volume/v3/f64f76e4cf8e48a7afc7a677a9b392b0/volumes/72c68766-a3f8-43c9-984b-5ce5e16fd3d8 returned with HTTP 200
Oct 04 10:35:08.272032 dv-cinder-859193-3-smb devstack@c-api.service[113945]: [pid: 113945|app: 0|req: 117/218] 10.222.0.33 () {60 vars in 1365 bytes} [Tue Oct 4 10:35:08 2022] GET /volume/v3/f64f76e4cf8e48a7afc7a677a9b392b0/volumes/72c68766-a3f8-43c9-984b-5ce5e16fd3d8 => generated 919 bytes in 70 msecs (HTTP/1.1 200) 7 headers in 285 bytes (1 switches on core 0)
Oct 04 10:35:08.448372 dv-cinder-859193-3-smb devstack@c-api.service[113944]: INFO cinder.api.openstack.wsgi [None req-52fe36d9-2e16-43d0-9c7d-bb304cc34aa5 tempest-GroupSnapshotsTest-799239563 tempest-GroupSnapshotsTest-799239563-project] http://10.222.0.33/volume/v3/0b1416e20c584dd2b11f25ee9e0b5fd3/groups/c9589504-8e75-43ce-a161-f38ad15dae35 returned with HTTP 202
Oct 04 10:35:08.451869 dv-cinder-859193-3-smb devstack@c-api.service[113944]: [pid: 113944|app: 0|req: 102/219] 10.222.0.33 () {62 vars in 1383 bytes} [Tue Oct 4 10:35:08 2022] PUT /volume/v3/0b1416e20c584dd2b11f25ee9e0b5fd3/groups/c9589504-8e75-43ce-a161-f38ad15dae35 => generated 0 bytes in 229 msecs (HTTP/1.1 202) 6 headers in 234 bytes (1 switches on core 0)
Oct 04 10:35:08.455043 dv-cinder-859193-3-smb devstack@c-api.service[113945]: DEBUG cinder.api.middleware.request_id [None req-0e3ab2dc-9866-4f20-bd34-e4bac4cab54d None None] RequestId filter calling following filter/app {{(pid=113945) _context_setter /opt/stack/cinder/cinder/api/middleware/request_id.py:62}}
Oct 04 10:35:08.463157 dv-cinder-859193-3-smb devstack@c-api.service[113945]: INFO cinder.api.openstack.wsgi [None req-0e3ab2dc-9866-4f20-bd34-e4bac4cab54d tempest-GroupSnapshotsTest-799239563 tempest-GroupSnapshotsTest-799239563-project] GET http://10.222.0.33/volume/v3/0b1416e20c584dd2b11f25ee9e0b5fd3/groups/c9589504-8e75-43ce-a161-f38ad15dae35
Oct 04 10:35:08.463804 dv-cinder-859193-3-smb devstack@c-api.service[113945]: DEBUG cinder.api.openstack.wsgi [None req-0e3ab2dc-9866-4f20-bd34-e4bac4cab54d tempest-GroupSnapshotsTest-799239563 tempest-GroupSnapshotsTest-799239563-project] Empty body provided in request {{(pid=113945) get_body /opt/stack/cinder/cinder/api/openstack/wsgi.py:715}}
Oct 04 10:35:08.464536 dv-cinder-859193-3-smb devstack@c-api.service[113945]: DEBUG cinder.api.openstack.wsgi [None req-0e3ab2dc-9866-4f20-bd34-e4bac4cab54d tempest-GroupSnapshotsTest-799239563 tempest-GroupSnapshotsTest-799239563-project] Calling method 'version_select' {{(pid=113945) _process_stack /opt/stack/cinder/cinder/api/openstack/wsgi.py:868}}
Oct 04 10:35:08.465100 dv-cinder-859193-3-smb devstack@c-api.service[113945]: DEBUG cinder.api.v3.groups [None req-0e3ab2dc-9866-4f20-bd34-e4bac4cab54d tempest-GroupSnapshotsTest-799239563 tempest-GroupSnapshotsTest-799239563-project] show called for member c9589504-8e75-43ce-a161-f38ad15dae35 {{(pid=113945) show /opt/stack/cinder/cinder/api/v3/groups.py:58}}
Oct 04 10:35:08.493723 dv-cinder-859193-3-smb devstack@c-api.service[113945]: /usr/local/lib/python3.8/dist-packages/oslo_context/context.py:100: DeprecationWarning: Policy enforcement is depending on the value of is_admin. This key is deprecated. Please update your policy file to use the standard policy values.
Oct 04 10:35:08.493723 dv-cinder-859193-3-smb devstack@c-api.service[113945]: warnings.warn('Policy enforcement is depending on the value of '
Oct 04 10:35:08.522957 dv-cinder-859193-3-smb devstack@c-api.service[113945]: INFO cinder.api.openstack.wsgi [None req-0e3ab2dc-9866-4f20-bd34-e4bac4cab54d tempest-GroupSnapshotsTest-799239563 tempest-GroupSnapshotsTest-799239563-project] http://10.222.0.33/volume/v3/0b1416e20c584dd2b11f25ee9e0b5fd3/groups/c9589504-8e75-43ce-a161-f38ad15dae35 returned with HTTP 200
Oct 04 10:35:08.525476 dv-cinder-859193-3-smb devstack@c-api.service[113945]: [pid: 113945|app: 0|req: 118/220] 10.222.0.33 () {60 vars in 1363 bytes} [Tue Oct 4 10:35:08 2022] GET /volume/v3/0b1416e20c584dd2b11f25ee9e0b5fd3/groups/c9589504-8e75-43ce-a161-f38ad15dae35 => generated 392 bytes in 72 msecs (HTTP/1.1 200) 7 headers in 286 bytes (1 switches on core 0)
Oct 04 10:35:09.217471 dv-cinder-859193-3-smb devstack@c-api.service[113944]: DEBUG cinder.api.middleware.request_id [None req-734f17ed-a785-4edf-b1d5-b7a5fe660fee None None] RequestId filter calling following filter/app {{(pid=113944) _context_setter /opt/stack/cinder/cinder/api/middleware/request_id.py:62}}
Oct 04 10:35:09.223441 dv-cinder-859193-3-smb devstack@c-api.service[113944]: INFO cinder.api.openstack.wsgi [None req-734f17ed-a785-4edf-b1d5-b7a5fe660fee tempest-SnapshotsActionsTest-679215092 tempest-SnapshotsActionsTest-679215092-project] GET http://10.222.0.33/volume/v3/4cf99bde65364d9aad83d50bfd365b08/snapshots/9c058d8c-9655-44b2-89c6-bc44c1b6f917
Oct 04 10:35:09.227974 dv-cinder-859193-3-smb devstack@c-api.service[113944]: DEBUG cinder.api.openstack.wsgi [None req-734f17ed-a785-4edf-b1d5-b7a5fe660fee tempest-SnapshotsActionsTest-679215092 tempest-SnapshotsActionsTest-679215092-project] Empty body provided in request {{(pid=113944) get_body /opt/stack/cinder/cinder/api/openstack/wsgi.py:715}}
Oct 04 10:35:09.228692 dv-cinder-859193-3-smb devstack@c-api.service[113944]: DEBUG cinder.api.openstack.wsgi [None req-734f17ed-a785-4edf-b1d5-b7a5fe660fee tempest-SnapshotsActionsTest-679215092 tempest-SnapshotsActionsTest-679215092-project] Calling method 'show' {{(pid=113944) _process_stack /opt/stack/cinder/cinder/api/openstack/wsgi.py:868}}
Oct 04 10:35:09.248872 dv-cinder-859193-3-smb devstack@c-api.service[113944]: INFO cinder.api.openstack.wsgi [None req-734f17ed-a785-4edf-b1d5-b7a5fe660fee tempest-SnapshotsActionsTest-679215092 tempest-SnapshotsActionsTest-679215092-project] http://10.222.0.33/volume/v3/4cf99bde65364d9aad83d50bfd365b08/snapshots/9c058d8c-9655-44b2-89c6-bc44c1b6f917 returned with HTTP 404
Oct 04 10:35:09.251488 dv-cinder-859193-3-smb devstack@c-api.service[113944]: [pid: 113944|app: 0|req: 103/221] 10.222.0.33 () {58 vars in 1331 bytes} [Tue Oct 4 10:35:09 2022] GET /volume/v3/4cf99bde65364d9aad83d50bfd365b08/snapshots/9c058d8c-9655-44b2-89c6-bc44c1b6f917 => generated 111 bytes in 35 msecs (HTTP/1.1 404) 7 headers in 292 bytes (1 switches on core 0)
