Sep 28 12:01:12.744746 dv-cinder-859193-2-smb devstack@keystone.service[81598]: ERROR keystone.server.flask.application
File "/opt/stack/keystone/keystone/api/roles.py", line 50, in get
Sep 28 12:01:12.744746 dv-cinder-859193-2-smb devstack@keystone.service[81598]: ERROR keystone.server.flask.application return self._get_role(role_id)
Sep 28 12:01:12.744746 dv-cinder-859193-2-smb devstack@keystone.service[81598]: ERROR keystone.server.flask.application
File "/opt/stack/keystone/keystone/api/roles.py", line 70, in _get_role
Sep 28 12:01:12.744746 dv-cinder-859193-2-smb devstack@keystone.service[81598]: ERROR keystone.server.flask.application ENFORCER.enforce_call(action='identity:get_role')
Sep 28 12:01:12.745772 dv-cinder-859193-2-smb devstack@keystone.service[81598]: ERROR keystone.server.flask.application
File "/opt/stack/keystone/keystone/common/rbac_enforcer/enforcer.py", line 402, in enforce_call
Sep 28 12:01:12.745772 dv-cinder-859193-2-smb devstack@keystone.service[81598]: ERROR keystone.server.flask.application policy_dict.update(cls._extract_member_target_data(
Sep 28 12:01:12.745772 dv-cinder-859193-2-smb devstack@keystone.service[81598]: ERROR keystone.server.flask.application
File "/opt/stack/keystone/keystone/common/rbac_enforcer/enforcer.py", line 234, in _extract_member_target_data
Sep 28 12:01:12.745772 dv-cinder-859193-2-smb devstack@keystone.service[81598]: ERROR keystone.server.flask.application member_name: func(flask.request.view_args[key])
Sep 28 12:01:12.745772 dv-cinder-859193-2-smb devstack@keystone.service[81598]: ERROR keystone.server.flask.application
File "/opt/stack/keystone/keystone/common/manager.py", line 115, in wrapped
Sep 28 12:01:12.745772 dv-cinder-859193-2-smb devstack@keystone.service[81598]: ERROR keystone.server.flask.application __ret_val = __f(*args, **kwargs)
Sep 28 12:01:12.745772 dv-cinder-859193-2-smb devstack@keystone.service[81598]: ERROR keystone.server.flask.application
File "/usr/local/lib/python3.8/dist-packages/decorator.py", line 232, in fun
Sep 28 12:01:12.745772 dv-cinder-859193-2-smb devstack@keystone.service[81598]: ERROR keystone.server.flask.application return caller(func, *(extras + args), **kw)
Sep 28 12:01:12.745772 dv-cinder-859193-2-smb devstack@keystone.service[81598]: ERROR keystone.server.flask.application
File "/usr/local/lib/python3.8/dist-packages/dogpile/cache/region.py", line 1577, in get_or_create_for_user_func
Sep 28 12:01:12.745772 dv-cinder-859193-2-smb devstack@keystone.service[81598]: ERROR keystone.server.flask.application return self.get_or_create(
Sep 28 12:01:12.745772 dv-cinder-859193-2-smb devstack@keystone.service[81598]: ERROR keystone.server.flask.application
File "/usr/local/lib/python3.8/dist-packages/dogpile/cache/region.py", line 1042, in get_or_create
Sep 28 12:01:12.745772 dv-cinder-859193-2-smb devstack@keystone.service[81598]: ERROR keystone.server.flask.application with Lock(
Sep 28 12:01:12.745772 dv-cinder-859193-2-smb devstack@keystone.service[81598]: ERROR keystone.server.flask.application
File "/usr/local/lib/python3.8/dist-packages/dogpile/lock.py", line 185, in __enter__
Sep 28 12:01:12.745772 dv-cinder-859193-2-smb devstack@keystone.service[81598]: ERROR keystone.server.flask.application return self._enter()
Sep 28 12:01:12.745772 dv-cinder-859193-2-smb devstack@keystone.service[81598]: ERROR keystone.server.flask.application
File "/usr/local/lib/python3.8/dist-packages/dogpile/lock.py", line 94, in _enter
Sep 28 12:01:12.745772 dv-cinder-859193-2-smb devstack@keystone.service[81598]: ERROR keystone.server.flask.application generated = self._enter_create(value, createdtime)
Sep 28 12:01:12.746581 dv-cinder-859193-2-smb devstack@keystone.service[81598]: ERROR keystone.server.flask.application
File "/usr/local/lib/python3.8/dist-packages/dogpile/lock.py", line 178, in _enter_create
Sep 28 12:01:12.746581 dv-cinder-859193-2-smb devstack@keystone.service[81598]: ERROR keystone.server.flask.application return self.creator()
Sep 28 12:01:12.746581 dv-cinder-859193-2-smb devstack@keystone.service[81598]: ERROR keystone.server.flask.application
File "/usr/local/lib/python3.8/dist-packages/dogpile/cache/region.py", line 995, in gen_value
Sep 28 12:01:12.746581 dv-cinder-859193-2-smb devstack@keystone.service[81598]: ERROR keystone.server.flask.application created_value = creator(
Sep 28 12:01:12.746581 dv-cinder-859193-2-smb devstack@keystone.service[81598]: ERROR keystone.server.flask.application
File "/opt/stack/keystone/keystone/assignment/core.py", line 1276, in get_role
Sep 28 12:01:12.746581 dv-cinder-859193-2-smb devstack@keystone.service[81598]: ERROR keystone.server.flask.application return self.driver.get_role(role_id)
Sep 28 12:01:12.746581 dv-cinder-859193-2-smb devstack@keystone.service[81598]: ERROR keystone.server.flask.application
File "/opt/stack/keystone/keystone/assignment/role_backends/sql.py", line 70, in get_role
Sep 28 12:01:12.746581 dv-cinder-859193-2-smb devstack@keystone.service[81598]: ERROR keystone.server.flask.application return self._get_role(session, role_id).to_dict()
Sep 28 12:01:12.746581 dv-cinder-859193-2-smb devstack@keystone.service[81598]: ERROR keystone.server.flask.application
File "/opt/stack/keystone/keystone/assignment/role_backends/sql.py", line 65, in _get_role
Sep 28 12:01:12.746581 dv-cinder-859193-2-smb devstack@keystone.service[81598]: ERROR keystone.server.flask.application raise exception.RoleNotFound(role_id=role_id)
Sep 28 12:01:12.746581 dv-cinder-859193-2-smb devstack@keystone.service[81598]: ERROR keystone.server.flask.application keystone.exception.RoleNotFound: Could not find role: reader.
Sep 28 12:01:12.746581 dv-cinder-859193-2-smb devstack@keystone.service[81598]: ERROR keystone.server.flask.application
Sep 28 12:01:12.755021 dv-cinder-859193-2-smb devstack@keystone.service[81598]: [pid: 81598|app: 0|req: 120/239] 10.222.0.16 () {56 vars in 1099 bytes} [Wed Sep 28 12:01:12 2022] GET /identity/v3/roles/reader => generated 84 bytes in 220 msecs (HTTP/1.1 404) 5 headers in 183 bytes (1 switches on core 0)
Sep 28 12:01:12.757729 dv-cinder-859193-2-smb devstack@keystone.service[81598]: DEBUG keystone.server.flask.request_processing.req_logging [None req-160483b2-79da-4f05-b5a1-fee7adfea05b None None] REQUEST_METHOD: `GET` {{(pid=81598) log_request_info /opt/stack/keystone/keystone/server/flask/request_processing/req_logging.py:27}}
Sep 28 12:01:12.758199 dv-cinder-859193-2-smb devstack@keystone.service[81598]: DEBUG keystone.server.flask.request_processing.req_logging [None req-160483b2-79da-4f05-b5a1-fee7adfea05b None None] SCRIPT_NAME: `/identity` {{(pid=81598) log_request_info /opt/stack/keystone/keystone/server/flask/request_processing/req_logging.py:28}}
Sep 28 12:01:12.758616 dv-cinder-859193-2-smb devstack@keystone.service[81598]: DEBUG keystone.server.flask.request_processing.req_logging [None req-160483b2-79da-4f05-b5a1-fee7adfea05b None None] PATH_INFO: `/` {{(pid=81598) log_request_info /opt/stack/keystone/keystone/server/flask/request_processing/req_logging.py:29}}
Sep 28 12:01:12.760403 dv-cinder-859193-2-smb devstack@keystone.service[81598]: [pid: 81598|app: 0|req: 121/240] 10.222.0.16 () {54 vars in 927 bytes} [Wed Sep 28 12:01:12 2022] GET /identity => generated 270 bytes in 5 msecs (HTTP/1.1 300) 6 headers in 234 bytes (1 switches on core 0)
Sep 28 12:01:12.763835 dv-cinder-859193-2-smb devstack@keystone.service[81599]: DEBUG keystone.server.flask.request_processing.middleware.auth_context [None req-93c025f9-9cba-4a23-9024-fd3291a83419 None None] Validating token access rules against request {{(pid=81599) validate_allowed_request /usr/local/lib/python3.8/dist-packages/keystonemiddleware/auth_token/__init__.py:545}}
Sep 28 12:01:12.765924 dv-cinder-859193-2-smb devstack@keystone.service[81598]: DEBUG keystone.server.flask.request_processing.middleware.auth_context [None req-160483b2-79da-4f05-b5a1-fee7adfea05b None None] Authenticating user token {{(pid=81598) process_request /usr/local/lib/python3.8/dist-packages/keystonemiddleware/auth_token/__init__.py:407}}
Sep 28 12:01:12.783476 dv-cinder-859193-2-smb devstack@keystone.service[81598]: DEBUG dbcounter [-] [81598] Writing DB stats keystone:SELECT=100 {{(pid=81598) stat_writer /usr/local/lib/python3.8/dist-packages/dbcounter.py:114}}
Sep 28 12:01:12.810402 dv-cinder-859193-2-smb devstack@keystone.service[81599]: DEBUG keystone.server.flask.request_processing.middleware.auth_context [None req-6d670c70-5740-43fc-9c17-a8cb7ea094d3 None admin] RBAC: auth_context: {'token': , 'domain_id': None, 'trust_id': None, 'trustor_id': None, 'trustee_id': None, 'domain_name': None, 'group_ids': [], 'user_id': 'c57b54b073714d88bce939746c445771', 'user_domain_id': 'default', 'system_scope': 'all', 'project_id': None, 'project_domain_id': None, 'roles': ['admin', 'member', 'reader'], 'is_admin_project': True, 'service_user_id': None, 'service_user_domain_id': None, 'service_project_id': None, 'service_project_domain_id': None, 'service_roles': []} {{(pid=81599) fill_context /opt/stack/keystone/keystone/server/flask/request_processing/middleware/auth_context.py:478}}
Sep 28 12:01:12.811368 dv-cinder-859193-2-smb devstack@keystone.service[81599]: DEBUG keystone.server.flask.request_processing.req_logging [None req-6d670c70-5740-43fc-9c17-a8cb7ea094d3 None admin] REQUEST_METHOD: `GET` {{(pid=81599) log_request_info /opt/stack/keystone/keystone/server/flask/request_processing/req_logging.py:27}}
Sep 28 12:01:12.811852 dv-cinder-859193-2-smb devstack@keystone.service[81599]: DEBUG keystone.server.flask.request_processing.req_logging [None req-6d670c70-5740-43fc-9c17-a8cb7ea094d3 None admin] SCRIPT_NAME: `/identity` {{(pid=81599) log_request_info /opt/stack/keystone/keystone/server/flask/request_processing/req_logging.py:28}}
Sep 28 12:01:12.812311 dv-cinder-859193-2-smb devstack@keystone.service[81599]: DEBUG keystone.server.flask.request_processing.req_logging [None req-6d670c70-5740-43fc-9c17-a8cb7ea094d3 None admin] PATH_INFO: `/v3/domains/default` {{(pid=81599) log_request_info /opt/stack/keystone/keystone/server/flask/request_processing/req_logging.py:29}}
Sep 28 12:01:12.813643 dv-cinder-859193-2-smb devstack@keystone.service[81599]: DEBUG keystone.common.rbac_enforcer.enforcer [None req-6d670c70-5740-43fc-9c17-a8cb7ea094d3 None admin] RBAC: Authorizing `identity:get_domain(domain_id=default)` {{(pid=81599) enforce_call /opt/stack/keystone/keystone/common/rbac_enforcer/enforcer.py:449}}
Sep 28 12:01:12.815285 dv-cinder-859193-2-smb devstack@keystone.service[81599]: DEBUG keystone.common.rbac_enforcer.enforcer [None req-6d670c70-5740-43fc-9c17-a8cb7ea094d3 None admin] RBAC: Authorization granted {{(pid=81599) enforce_call /opt/stack/keystone/keystone/common/rbac_enforcer/enforcer.py:457}}
Sep 28 12:01:12.817251 dv-cinder-859193-2-smb devstack@keystone.service[81599]: [pid: 81599|app: 0|req: 120/241] 10.222.0.16 () {56 vars in 1108 bytes} [Wed Sep 28 12:01:12 2022] GET /identity/v3/domains/default => generated 199 bytes in 185 msecs (HTTP/1.1 200) 5 headers in 177 bytes (2 switches on core 0)
Sep 28 12:01:12.819288 dv-cinder-859193-2-smb devstack@keystone.service[81599]: DEBUG keystone.server.flask.request_processing.req_logging [None req-87c88d9f-4efa-4d00-aa8a-04a3ace32cca None None] REQUEST_METHOD: `POST` {{(pid=81599) log_request_info /opt/stack/keystone/keystone/server/flask/request_processing/req_logging.py:27}}
Sep 28 12:01:12.819791 dv-cinder-859193-2-smb devstack@keystone.service[81599]: DEBUG keystone.server.flask.request_processing.req_logging [None req-87c88d9f-4efa-4d00-aa8a-04a3ace32cca None None] SCRIPT_NAME: `/identity` {{(pid=81599) log_request_info /opt/stack/keystone/keystone/server/flask/request_processing/req_logging.py:28}}
Sep 28 12:01:12.820257 dv-cinder-859193-2-smb devstack@keystone.service[81599]: DEBUG keystone.server.flask.request_processing.req_logging [None req-87c88d9f-4efa-4d00-aa8a-04a3ace32cca None None] PATH_INFO: `/v3/auth/tokens` {{(pid=81599) log_request_info /opt/stack/keystone/keystone/server/flask/request_processing/req_logging.py:29}}
Sep 28 12:01:12.840864 dv-cinder-859193-2-smb devstack@keystone.service[81599]: DEBUG keystone.auth.core [None req-87c88d9f-4efa-4d00-aa8a-04a3ace32cca None None] MFA Rules not processed for user `c57b54b073714d88bce939746c445771`. Rule list: `[]` (Enabled: `True`). {{(pid=81599) check_auth_methods_against_rules /opt/stack/keystone/keystone/auth/core.py:438}}
Sep 28 12:01:12.842495 dv-cinder-859193-2-smb devstack@keystone.service[81599]: DEBUG keystone.common.fernet_utils [None req-87c88d9f-4efa-4d00-aa8a-04a3ace32cca None None] Loaded 2 Fernet keys from /etc/keystone/fernet-keys/, but `[fernet_tokens] max_active_keys = 3`; perhaps there have not been enough key rotations to reach `max_active_keys` yet? {{(pid=81599) load_keys /opt/stack/keystone/keystone/common/fernet_utils.py:286}}
Sep 28 12:01:12.893394 dv-cinder-859193-2-smb devstack@keystone.service[81598]: DEBUG keystone.server.flask.request_processing.middleware.auth_context [None req-160483b2-79da-4f05-b5a1-fee7adfea05b None None] Validating token access rules against request {{(pid=81598) validate_allowed_request /usr/local/lib/python3.8/dist-packages/keystonemiddleware/auth_token/__init__.py:545}}
Sep 28 12:01:12.919939 dv-cinder-859193-2-smb devstack@keystone.service[81599]: [pid: 81599|app: 0|req: 121/242] 10.222.0.16 () {58 vars in 1024 bytes} [Wed Sep 28 12:01:12 2022] POST /identity/v3/auth/tokens => generated 799 bytes in 102 msecs (HTTP/1.1 201) 6 headers in 363 bytes (1 switches on core 0)
Sep 28 12:01:12.921159 dv-cinder-859193-2-smb devstack@keystone.service[81599]: DEBUG keystone.server.flask.request_processing.middleware.auth_context [None req-87c88d9f-4efa-4d00-aa8a-04a3ace32cca None None] Authenticating user token {{(pid=81599) process_request /usr/local/lib/python3.8/dist-packages/keystonemiddleware/auth_token/__init__.py:407}}
Sep 28 12:01:12.935628 dv-cinder-859193-2-smb devstack@keystone.service[81598]: DEBUG keystone.server.flask.request_processing.middleware.auth_context [None req-9f2f23a4-ec6d-4461-9b72-31e996be7bad None admin] RBAC: auth_context: {'token': , 'domain_id': None, 'trust_id': None, 'trustor_id': None, 'trustee_id': None, 'domain_name': None, 'group_ids': [], 'user_id': 'c57b54b073714d88bce939746c445771', 'user_domain_id': 'default', 'system_scope': 'all', 'project_id': None, 'project_domain_id': None, 'roles': ['admin', 'member', 'reader'], 'is_admin_project': True, 'service_user_id': None, 'service_user_domain_id': None, 'service_project_id': None, 'service_project_domain_id': None, 'service_roles': []} {{(pid=81598) fill_context /opt/stack/keystone/keystone/server/flask/request_processing/middleware/auth_context.py:478}}
Sep 28 12:01:12.936508 dv-cinder-859193-2-smb devstack@keystone.service[81598]: DEBUG keystone.server.flask.request_processing.req_logging [None req-9f2f23a4-ec6d-4461-9b72-31e996be7bad None admin] REQUEST_METHOD: `GET` {{(pid=81598) log_request_info /opt/stack/keystone/keystone/server/flask/request_processing/req_logging.py:27}}
Sep 28 12:01:12.936788 dv-cinder-859193-2-smb devstack@keystone.service[81598]: DEBUG keystone.server.flask.request_processing.req_logging [None req-9f2f23a4-ec6d-4461-9b72-31e996be7bad None admin] SCRIPT_NAME: `/identity` {{(pid=81598) log_request_info /opt/stack/keystone/keystone/server/flask/request_processing/req_logging.py:28}}
Sep 28 12:01:12.937059 dv-cinder-859193-2-smb devstack@keystone.service[81598]: DEBUG keystone.server.flask.request_processing.req_logging [None req-9f2f23a4-ec6d-4461-9b72-31e996be7bad None admin] PATH_INFO: `/v3/roles` {{(pid=81598) log_request_info /opt/stack/keystone/keystone/server/flask/request_processing/req_logging.py:29}}
Sep 28 12:01:12.937723 dv-cinder-859193-2-smb devstack@keystone.service[81598]: DEBUG keystone.common.rbac_enforcer.enforcer [None req-9f2f23a4-ec6d-4461-9b72-31e996be7bad None admin] RBAC: Adding query filter params (name=reader) {{(pid=81598) _extract_filter_values /opt/stack/keystone/keystone/common/rbac_enforcer/enforcer.py:167}}
Sep 28 12:01:12.938044 dv-cinder-859193-2-smb devstack@keystone.service[81598]: DEBUG keystone.common.rbac_enforcer.enforcer [None req-9f2f23a4-ec6d-4461-9b72-31e996be7bad None admin] RBAC: Authorizing `identity:list_roles()` {{(pid=81598) enforce_call /opt/stack/keystone/keystone/common/rbac_enforcer/enforcer.py:449}}
Sep 28 12:01:12.939394 dv-cinder-859193-2-smb devstack@keystone.service[81598]: DEBUG keystone.common.rbac_enforcer.enforcer [None req-9f2f23a4-ec6d-4461-9b72-31e996be7bad None admin] RBAC: Authorization granted {{(pid=81598) enforce_call /opt/stack/keystone/keystone/common/rbac_enforcer/enforcer.py:457}}
Sep 28 12:01:12.949543 dv-cinder-859193-2-smb devstack@keystone.service[81598]: [pid: 81598|app: 0|req: 122/243] 10.222.0.16 () {56 vars in 1101 bytes} [Wed Sep 28 12:01:12 2022] GET /identity/v3/roles?name=reader => generated 341 bytes in 185 msecs (HTTP/1.1 200) 5 headers in 177 bytes (1 switches on core 0)
Sep 28 12:01:12.951476 dv-cinder-859193-2-smb devstack@keystone.service[81599]: DEBUG dbcounter [-] [81599] Writing DB stats keystone:SELECT=100 {{(pid=81599) stat_writer /usr/local/lib/python3.8/dist-packages/dbcounter.py:114}}
Sep 28 12:01:12.955318 dv-cinder-859193-2-smb devstack@keystone.service[81598]: DEBUG keystone.server.flask.request_processing.middleware.auth_context [None req-9f2f23a4-ec6d-4461-9b72-31e996be7bad None admin] Authenticating user token {{(pid=81598) process_request /usr/local/lib/python3.8/dist-packages/keystonemiddleware/auth_token/__init__.py:407}}
Sep 28 12:01:13.035646 dv-cinder-859193-2-smb devstack@keystone.service[81598]: DEBUG dbcounter [-] [81598] Writing DB stats keystone:SELECT=100 {{(pid=81598) stat_writer /usr/local/lib/python3.8/dist-packages/dbcounter.py:114}}
Sep 28 12:01:13.037998 dv-cinder-859193-2-smb devstack@keystone.service[81599]: DEBUG keystone.server.flask.request_processing.middleware.auth_context [None req-87c88d9f-4efa-4d00-aa8a-04a3ace32cca None None] Validating token access rules against request {{(pid=81599) validate_allowed_request /usr/local/lib/python3.8/dist-packages/keystonemiddleware/auth_token/__init__.py:545}}
Sep 28 12:01:13.069164 dv-cinder-859193-2-smb devstack@keystone.service[81598]: DEBUG keystone.server.flask.request_processing.middleware.auth_context [None req-9f2f23a4-ec6d-4461-9b72-31e996be7bad None admin] Validating token access rules against request {{(pid=81598) validate_allowed_request /usr/local/lib/python3.8/dist-packages/keystonemiddleware/auth_token/__init__.py:545}}
Sep 28 12:01:13.081320 dv-cinder-859193-2-smb devstack@keystone.service[81599]: DEBUG keystone.server.flask.request_processing.middleware.auth_context [None req-6b782175-81c4-410a-b55d-a96a1f2c74b8 None admin] RBAC: auth_context: {'token': , 'domain_id': None, 'trust_id': None, 'trustor_id': None, 'trustee_id': None, 'domain_name': None, 'group_ids': [], 'user_id': 'c57b54b073714d88bce939746c445771', 'user_domain_id': 'default', 'system_scope': 'all', 'project_id': None, 'project_domain_id': None, 'roles': ['admin', 'member', 'reader'], 'is_admin_project': True, 'service_user_id': None, 'service_user_domain_id': None, 'service_project_id': None, 'service_project_domain_id': None, 'service_roles': []} {{(pid=81599) fill_context /opt/stack/keystone/keystone/server/flask/request_processing/middleware/auth_context.py:478}}
Sep 28 12:01:13.082711 dv-cinder-859193-2-smb devstack@keystone.service[81599]: DEBUG keystone.server.flask.request_processing.req_logging [None req-6b782175-81c4-410a-b55d-a96a1f2c74b8 None admin] REQUEST_METHOD: `POST` {{(pid=81599) log_request_info /opt/stack/keystone/keystone/server/flask/request_processing/req_logging.py:27}}
Sep 28 12:01:13.083196 dv-cinder-859193-2-smb devstack@keystone.service[81599]: DEBUG keystone.server.flask.request_processing.req_logging [None req-6b782175-81c4-410a-b55d-a96a1f2c74b8 None admin] SCRIPT_NAME: `/identity` {{(pid=81599) log_request_info /opt/stack/keystone/keystone/server/flask/request_processing/req_logging.py:28}}
Sep 28 12:01:13.084230 dv-cinder-859193-2-smb devstack@keystone.service[81599]: DEBUG keystone.server.flask.request_processing.req_logging [None req-6b782175-81c4-410a-b55d-a96a1f2c74b8 None admin] PATH_INFO: `/v3/users` {{(pid=81599) log_request_info /opt/stack/keystone/keystone/server/flask/request_processing/req_logging.py:29}}
Sep 28 12:01:13.085104 dv-cinder-859193-2-smb devstack@keystone.service[81599]: DEBUG keystone.common.rbac_enforcer.enforcer [None req-6b782175-81c4-410a-b55d-a96a1f2c74b8 None admin] RBAC: Authorizing `identity:create_user()` {{(pid=81599) enforce_call /opt/stack/keystone/keystone/common/rbac_enforcer/enforcer.py:449}}
Sep 28 12:01:13.086765 dv-cinder-859193-2-smb devstack@keystone.service[81599]: DEBUG keystone.common.rbac_enforcer.enforcer [None req-6b782175-81c4-410a-b55d-a96a1f2c74b8 None admin] RBAC: Authorization granted {{(pid=81599) enforce_call /opt/stack/keystone/keystone/common/rbac_enforcer/enforcer.py:457}}
Sep 28 12:01:13.122295 dv-cinder-859193-2-smb devstack@keystone.service[81598]: DEBUG keystone.server.flask.request_processing.middleware.auth_context [None req-97fe3447-cc95-4907-b166-a7a67e74b668 None admin] RBAC: auth_context: {'token': , 'domain_id': None, 'trust_id': None, 'trustor_id': None, 'trustee_id': None, 'domain_name': None, 'group_ids': [], 'user_id': 'c57b54b073714d88bce939746c445771', 'user_domain_id': 'default', 'system_scope': 'all', 'project_id': None, 'project_domain_id': None, 'roles': ['admin', 'member', 'reader'], 'is_admin_project': True, 'service_user_id': None, 'service_user_domain_id': None, 'service_project_id': None, 'service_project_domain_id': None, 'service_roles': []} {{(pid=81598) fill_context /opt/stack/keystone/keystone/server/flask/request_processing/middleware/auth_context.py:478}}
Sep 28 12:01:13.123043 dv-cinder-859193-2-smb devstack@keystone.service[81598]: DEBUG keystone.server.flask.request_processing.req_logging [None req-97fe3447-cc95-4907-b166-a7a67e74b668 None admin] REQUEST_METHOD: `GET` {{(pid=81598) log_request_info /opt/stack/keystone/keystone/server/flask/request_processing/req_logging.py:27}}
Sep 28 12:01:13.123329 dv-cinder-859193-2-smb devstack@keystone.service[81598]: DEBUG keystone.server.flask.request_processing.req_logging [None req-97fe3447-cc95-4907-b166-a7a67e74b668 None admin] SCRIPT_NAME: `/identity` {{(pid=81598) log_request_info /opt/stack/keystone/keystone/server/flask/request_processing/req_logging.py:28}}
Sep 28 12:01:13.123775 dv-cinder-859193-2-smb devstack@keystone.service[81598]: DEBUG keystone.server.flask.request_processing.req_logging [None req-97fe3447-cc95-4907-b166-a7a67e74b668 None admin] PATH_INFO: `/v3/users/c127df7080204a2dbfb3b1b4fda7be88` {{(pid=81598) log_request_info /opt/stack/keystone/keystone/server/flask/request_processing/req_logging.py:29}}
Sep 28 12:01:13.142110 dv-cinder-859193-2-smb devstack@keystone.service[81599]: [pid: 81599|app: 0|req: 122/244] 10.222.0.16 () {60 vars in 1132 bytes} [Wed Sep 28 12:01:12 2022] POST /identity/v3/users => generated 293 bytes in 221 msecs (HTTP/1.1 201) 5 headers in 182 bytes (1 switches on core 0)
Sep 28 12:01:13.152211 dv-cinder-859193-2-smb devstack@keystone.service[81598]: DEBUG keystone.common.rbac_enforcer.enforcer [None req-97fe3447-cc95-4907-b166-a7a67e74b668 None admin] RBAC: Authorizing `identity:get_user(user_id=c127df7080204a2dbfb3b1b4fda7be88)` {{(pid=81598) enforce_call /opt/stack/keystone/keystone/common/rbac_enforcer/enforcer.py:449}}
Sep 28 12:01:13.153829 dv-cinder-859193-2-smb devstack@keystone.service[81598]: DEBUG keystone.common.rbac_enforcer.enforcer [None req-97fe3447-cc95-4907-b166-a7a67e74b668 None admin] RBAC: Authorization granted {{(pid=81598) enforce_call /opt/stack/keystone/keystone/common/rbac_enforcer/enforcer.py:457}}
Sep 28 12:01:13.155738 dv-cinder-859193-2-smb devstack@keystone.service[81598]: [pid: 81598|app: 0|req: 123/245] 10.222.0.16 () {56 vars in 1177 bytes} [Wed Sep 28 12:01:12 2022] GET /identity/v3/users/c127df7080204a2dbfb3b1b4fda7be88 => generated 297 bytes in 201 msecs (HTTP/1.1 200) 5 headers in 177 bytes (1 switches on core 0)
Sep 28 12:01:13.164875 dv-cinder-859193-2-smb devstack@keystone.service[81599]: DEBUG keystone.server.flask.request_processing.middleware.auth_context [None req-6b782175-81c4-410a-b55d-a96a1f2c74b8 None admin] Authenticating user token {{(pid=81599) process_request /usr/local/lib/python3.8/dist-packages/keystonemiddleware/auth_token/__init__.py:407}}
Sep 28 12:01:13.303377 dv-cinder-859193-2-smb devstack@keystone.service[81598]: DEBUG keystone.server.flask.request_processing.middleware.auth_context [None req-97fe3447-cc95-4907-b166-a7a67e74b668 None admin] Authenticating user token {{(pid=81598) process_request /usr/local/lib/python3.8/dist-packages/keystonemiddleware/auth_token/__init__.py:407}}
Sep 28 12:01:13.320322 dv-cinder-859193-2-smb devstack@keystone.service[81599]: DEBUG dbcounter [-] [81599] Writing DB stats keystone:SELECT=97,keystone:INSERT=3 {{(pid=81599) stat_writer /usr/local/lib/python3.8/dist-packages/dbcounter.py:114}}
Sep 28 12:01:13.358164 dv-cinder-859193-2-smb devstack@keystone.service[81599]: DEBUG keystone.server.flask.request_processing.middleware.auth_context [None req-6b782175-81c4-410a-b55d-a96a1f2c74b8 None admin] Validating token access rules against request {{(pid=81599) validate_allowed_request /usr/local/lib/python3.8/dist-packages/keystonemiddleware/auth_token/__init__.py:545}}
Sep 28 12:01:13.419287 dv-cinder-859193-2-smb devstack@keystone.service[81599]: DEBUG keystone.server.flask.request_processing.middleware.auth_context [None req-1a3d1a65-2e4f-436a-a6b9-07b64a6ac8f8 None admin] RBAC: auth_context: {'token': , 'domain_id': None, 'trust_id': None, 'trustor_id': None, 'trustee_id': None, 'domain_name': None, 'group_ids': [], 'user_id': 'c57b54b073714d88bce939746c445771', 'user_domain_id': 'default', 'system_scope': 'all', 'project_id': None, 'project_domain_id': None, 'roles': ['admin', 'member', 'reader'], 'is_admin_project': True, 'service_user_id': None, 'service_user_domain_id': None, 'service_project_id': None, 'service_project_domain_id': None, 'service_roles': []} {{(pid=81599) fill_context /opt/stack/keystone/keystone/server/flask/request_processing/middleware/auth_context.py:478}}
Sep 28 12:01:13.419948 dv-cinder-859193-2-smb devstack@keystone.service[81599]: DEBUG keystone.server.flask.request_processing.req_logging [None req-1a3d1a65-2e4f-436a-a6b9-07b64a6ac8f8 None admin] REQUEST_METHOD: `GET` {{(pid=81599) log_request_info /opt/stack/keystone/keystone/server/flask/request_processing/req_logging.py:27}}
Sep 28 12:01:13.420223 dv-cinder-859193-2-smb devstack@keystone.service[81599]: DEBUG keystone.server.flask.request_processing.req_logging [None req-1a3d1a65-2e4f-436a-a6b9-07b64a6ac8f8 None admin] SCRIPT_NAME: `/identity` {{(pid=81599) log_request_info /opt/stack/keystone/keystone/server/flask/request_processing/req_logging.py:28}}
Sep 28 12:01:13.420499 dv-cinder-859193-2-smb devstack@keystone.service[81599]: DEBUG keystone.server.flask.request_processing.req_logging [None req-1a3d1a65-2e4f-436a-a6b9-07b64a6ac8f8 None admin] PATH_INFO: `/v3/auth/tokens` {{(pid=81599) log_request_info /opt/stack/keystone/keystone/server/flask/request_processing/req_logging.py:29}}
Sep 28 12:01:13.464081 dv-cinder-859193-2-smb devstack@keystone.service[81598]: DEBUG keystone.server.flask.request_processing.middleware.auth_context [None req-97fe3447-cc95-4907-b166-a7a67e74b668 None admin] Validating token access rules against request {{(pid=81598) validate_allowed_request /usr/local/lib/python3.8/dist-packages/keystonemiddleware/auth_token/__init__.py:545}}
Sep 28 12:01:13.501368 dv-cinder-859193-2-smb devstack@keystone.service[81598]: DEBUG dbcounter [-] [81598] Writing DB stats keystone:SELECT=100 {{(pid=81598) stat_writer /usr/local/lib/python3.8/dist-packages/dbcounter.py:114}}
Sep 28 12:01:13.509191 dv-cinder-859193-2-smb devstack@keystone.service[81598]: DEBUG keystone.server.flask.request_processing.middleware.auth_context [None req-4a333f85-2d44-481b-8588-9ca2f56cb150 None admin] RBAC: auth_context: {'token': , 'domain_id': None, 'trust_id': None, 'trustor_id': None, 'trustee_id': None, 'domain_name': None, 'group_ids': [], 'user_id': 'c57b54b073714d88bce939746c445771', 'user_domain_id': 'default', 'system_scope': 'all', 'project_id': None, 'project_domain_id': None, 'roles': ['admin', 'member', 'reader'], 'is_admin_project': True, 'service_user_id': None, 'service_user_domain_id': None, 'service_project_id': None, 'service_project_domain_id': None, 'service_roles': []} {{(pid=81598) fill_context /opt/stack/keystone/keystone/server/flask/request_processing/middleware/auth_context.py:478}}
Sep 28 12:01:13.510001 dv-cinder-859193-2-smb devstack@keystone.service[81598]: DEBUG keystone.server.flask.request_processing.req_logging [None req-4a333f85-2d44-481b-8588-9ca2f56cb150 None admin] REQUEST_METHOD: `GET` {{(pid=81598) log_request_info /opt/stack/keystone/keystone/server/flask/request_processing/req_logging.py:27}}
Sep 28 12:01:13.510402 dv-cinder-859193-2-smb devstack@keystone.service[81598]: DEBUG keystone.server.flask.request_processing.req_logging [None req-4a333f85-2d44-481b-8588-9ca2f56cb150 None admin] SCRIPT_NAME: `/identity` {{(pid=81598) log_request_info /opt/stack/keystone/keystone/server/flask/request_processing/req_logging.py:28}}
Sep 28 12:01:13.510686 dv-cinder-859193-2-smb devstack@keystone.service[81598]: DEBUG keystone.server.flask.request_processing.req_logging [None req-4a333f85-2d44-481b-8588-9ca2f56cb150 None admin] PATH_INFO: `/v3/roles/member` {{(pid=81598) log_request_info /opt/stack/keystone/keystone/server/flask/request_processing/req_logging.py:29}}
Sep 28 12:01:13.510848 dv-cinder-859193-2-smb devstack@keystone.service[81599]: DEBUG keystone.common.rbac_enforcer.enforcer [None req-1a3d1a65-2e4f-436a-a6b9-07b64a6ac8f8 None admin] RBAC: Authorizing `identity:validate_token()` {{(pid=81599) enforce_call /opt/stack/keystone/keystone/common/rbac_enforcer/enforcer.py:449}}
Sep 28 12:01:13.512402 dv-cinder-859193-2-smb devstack@keystone.service[81599]: DEBUG keystone.common.rbac_enforcer.enforcer [None req-1a3d1a65-2e4f-436a-a6b9-07b64a6ac8f8 None admin] RBAC: Authorization granted {{(pid=81599) enforce_call /opt/stack/keystone/keystone/common/rbac_enforcer/enforcer.py:457}}
Sep 28 12:01:13.522865 dv-cinder-859193-2-smb devstack@keystone.service[81598]: DEBUG keystone.common.rbac_enforcer.enforcer [None req-4a333f85-2d44-481b-8588-9ca2f56cb150 None admin] Extracting inferred target data resulted in "NOT FOUND (404)". {{(pid=81598) enforce_call /opt/stack/keystone/keystone/common/rbac_enforcer/enforcer.py:409}}
Sep 28 12:01:13.529702 dv-cinder-859193-2-smb devstack@keystone.service[81598]: ERROR keystone.server.flask.application [None req-4a333f85-2d44-481b-8588-9ca2f56cb150 None admin] Could not find role: member.: keystone.exception.RoleNotFound: Could not find role: member.
Sep 28 12:01:13.529702 dv-cinder-859193-2-smb devstack@keystone.service[81598]: ERROR keystone.server.flask.application
Traceback (most recent call last):
Sep 28 12:01:13.529702 dv-cinder-859193-2-smb devstack@keystone.service[81598]: ERROR keystone.server.flask.application
File "/usr/local/lib/python3.8/dist-packages/flask/app.py", line 1820, in full_dispatch_request
Sep 28 12:01:13.529702 dv-cinder-859193-2-smb devstack@keystone.service[81598]: ERROR keystone.server.flask.application rv = self.dispatch_request()
Sep 28 12:01:13.529702 dv-cinder-859193-2-smb devstack@keystone.service[81598]: ERROR keystone.server.flask.application
File "/usr/local/lib/python3.8/dist-packages/flask/app.py", line 1796, in dispatch_request
Sep 28 12:01:13.529702 dv-cinder-859193-2-smb devstack@keystone.service[81598]: ERROR keystone.server.flask.application return self.ensure_sync(self.view_functions[rule.endpoint])(**view_args)
Sep 28 12:01:13.529702 dv-cinder-859193-2-smb devstack@keystone.service[81598]: ERROR keystone.server.flask.application
File "/usr/local/lib/python3.8/dist-packages/flask_restful/__init__.py", line 467, in wrapper
Sep 28 12:01:13.529702 dv-cinder-859193-2-smb devstack@keystone.service[81598]: ERROR keystone.server.flask.application resp = resource(*args, **kwargs)
Sep 28 12:01:13.529702 dv-cinder-859193-2-smb devstack@keystone.service[81598]: ERROR keystone.server.flask.application
File "/usr/local/lib/python3.8/dist-packages/flask/views.py", line 107, in view
Sep 28 12:01:13.529702 dv-cinder-859193-2-smb devstack@keystone.service[81598]: ERROR keystone.server.flask.application return current_app.ensure_sync(self.dispatch_request)(**kwargs)
Sep 28 12:01:13.529702 dv-cinder-859193-2-smb devstack@keystone.service[81598]: ERROR keystone.server.flask.application
File "/usr/local/lib/python3.8/dist-packages/flask_restful/__init__.py", line 582, in dispatch_request
Sep 28 12:01:13.529702 dv-cinder-859193-2-smb devstack@keystone.service[81598]: ERROR keystone.server.flask.application resp = meth(*args, **kwargs)
Sep 28 12:01:13.529702 dv-cinder-859193-2-smb devstack@keystone.service[81598]: ERROR keystone.server.flask.application
File "/opt/stack/keystone/keystone/api/roles.py", line 50, in get
Sep 28 12:01:13.529702 dv-cinder-859193-2-smb devstack@keystone.service[81598]: ERROR keystone.server.flask.application return self._get_role(role_id)
Sep 28 12:01:13.529702 dv-cinder-859193-2-smb devstack@keystone.service[81598]: ERROR keystone.server.flask.application
File "/opt/stack/keystone/keystone/api/roles.py", line 70, in _get_role
Sep 28 12:01:13.529702 dv-cinder-859193-2-smb devstack@keystone.service[81598]: ERROR keystone.server.flask.application ENFORCER.enforce_call(action='identity:get_role')
Sep 28 12:01:13.530601 dv-cinder-859193-2-smb devstack@keystone.service[81598]: ERROR keystone.server.flask.application
File "/opt/stack/keystone/keystone/common/rbac_enforcer/enforcer.py", line 402, in enforce_call
Sep 28 12:01:13.530601 dv-cinder-859193-2-smb devstack@keystone.service[81598]: ERROR keystone.server.flask.application policy_dict.update(cls._extract_member_target_data(
Sep 28 12:01:13.530601 dv-cinder-859193-2-smb devstack@keystone.service[81598]: ERROR keystone.server.flask.application
File "/opt/stack/keystone/keystone/common/rbac_enforcer/enforcer.py", line 234, in _extract_member_target_data
Sep 28 12:01:13.530601 dv-cinder-859193-2-smb devstack@keystone.service[81598]: ERROR keystone.server.flask.application member_name: func(flask.request.view_args[key])
Sep 28 12:01:13.530601 dv-cinder-859193-2-smb devstack@keystone.service[81598]: ERROR keystone.server.flask.application
File "/opt/stack/keystone/keystone/common/manager.py", line 115, in wrapped
Sep 28 12:01:13.530601 dv-cinder-859193-2-smb devstack@keystone.service[81598]: ERROR keystone.server.flask.application __ret_val = __f(*args, **kwargs)
Sep 28 12:01:13.530601 dv-cinder-859193-2-smb devstack@keystone.service[81598]: ERROR keystone.server.flask.application
File "/usr/local/lib/python3.8/dist-packages/decorator.py", line 232, in fun
Sep 28 12:01:13.530601 dv-cinder-859193-2-smb devstack@keystone.service[81598]: ERROR keystone.server.flask.application return caller(func, *(extras + args), **kw)
Sep 28 12:01:13.530601 dv-cinder-859193-2-smb devstack@keystone.service[81598]: ERROR keystone.server.flask.application
File "/usr/local/lib/python3.8/dist-packages/dogpile/cache/region.py", line 1577, in get_or_create_for_user_func
Sep 28 12:01:13.530601 dv-cinder-859193-2-smb devstack@keystone.service[81598]: ERROR keystone.server.flask.application return self.get_or_create(
Sep 28 12:01:13.530601 dv-cinder-859193-2-smb devstack@keystone.service[81598]: ERROR keystone.server.flask.application
File "/usr/local/lib/python3.8/dist-packages/dogpile/cache/region.py", line 1042, in get_or_create
Sep 28 12:01:13.530601 dv-cinder-859193-2-smb devstack@keystone.service[81598]: ERROR keystone.server.flask.application with Lock(
Sep 28 12:01:13.530601 dv-cinder-859193-2-smb devstack@keystone.service[81598]: ERROR keystone.server.flask.application
File "/usr/local/lib/python3.8/dist-packages/dogpile/lock.py", line 185, in __enter__
Sep 28 12:01:13.530601 dv-cinder-859193-2-smb devstack@keystone.service[81598]: ERROR keystone.server.flask.application return self._enter()
Sep 28 12:01:13.530601 dv-cinder-859193-2-smb devstack@keystone.service[81598]: ERROR keystone.server.flask.application
File "/usr/local/lib/python3.8/dist-packages/dogpile/lock.py", line 94, in _enter
Sep 28 12:01:13.530601 dv-cinder-859193-2-smb devstack@keystone.service[81598]: ERROR keystone.server.flask.application generated = self._enter_create(value, createdtime)
Sep 28 12:01:13.532458 dv-cinder-859193-2-smb devstack@keystone.service[81598]: ERROR keystone.server.flask.application
File "/usr/local/lib/python3.8/dist-packages/dogpile/lock.py", line 178, in _enter_create
Sep 28 12:01:13.532458 dv-cinder-859193-2-smb devstack@keystone.service[81598]: ERROR keystone.server.flask.application return self.creator()
Sep 28 12:01:13.532458 dv-cinder-859193-2-smb devstack@keystone.service[81598]: ERROR keystone.server.flask.application
File "/usr/local/lib/python3.8/dist-packages/dogpile/cache/region.py", line 995, in gen_value
Sep 28 12:01:13.532458 dv-cinder-859193-2-smb devstack@keystone.service[81598]: ERROR keystone.server.flask.application created_value = creator(
Sep 28 12:01:13.532458 dv-cinder-859193-2-smb devstack@keystone.service[81598]: ERROR keystone.server.flask.application
File "/opt/stack/keystone/keystone/assignment/core.py", line 1276, in get_role
Sep 28 12:01:13.532458 dv-cinder-859193-2-smb devstack@keystone.service[81598]: ERROR keystone.server.flask.application return self.driver.get_role(role_id)
Sep 28 12:01:13.532458 dv-cinder-859193-2-smb devstack@keystone.service[81598]: ERROR keystone.server.flask.application
File "/opt/stack/keystone/keystone/assignment/role_backends/sql.py", line 70, in get_role
Sep 28 12:01:13.532458 dv-cinder-859193-2-smb devstack@keystone.service[81598]: ERROR keystone.server.flask.application return self._get_role(session, role_id).to_dict()
Sep 28 12:01:13.532458 dv-cinder-859193-2-smb devstack@keystone.service[81598]: ERROR keystone.server.flask.application
File "/opt/stack/keystone/keystone/assignment/role_backends/sql.py", line 65, in _get_role
Sep 28 12:01:13.532458 dv-cinder-859193-2-smb devstack@keystone.service[81598]: ERROR keystone.server.flask.application raise exception.RoleNotFound(role_id=role_id)
Sep 28 12:01:13.532458 dv-cinder-859193-2-smb devstack@keystone.service[81598]: ERROR keystone.server.flask.application keystone.exception.RoleNotFound: Could not find role: member.
Sep 28 12:01:13.532458 dv-cinder-859193-2-smb devstack@keystone.service[81598]: ERROR keystone.server.flask.application
Sep 28 12:01:13.532458 dv-cinder-859193-2-smb devstack@keystone.service[81598]: [pid: 81598|app: 0|req: 124/246] 10.222.0.16 () {56 vars in 1099 bytes} [Wed Sep 28 12:01:13 2022] GET /identity/v3/roles/member => generated 84 bytes in 229 msecs (HTTP/1.1 404) 5 headers in 183 bytes (1 switches on core 0)
Sep 28 12:01:13.532458 dv-cinder-859193-2-smb devstack@keystone.service[81598]: DEBUG keystone.server.flask.request_processing.req_logging [None req-002026d5-3a23-467c-a308-f90ab8d2a630 None None] REQUEST_METHOD: `GET` {{(pid=81598) log_request_info /opt/stack/keystone/keystone/server/flask/request_processing/req_logging.py:27}}
Sep 28 12:01:13.533365 dv-cinder-859193-2-smb devstack@keystone.service[81598]: DEBUG keystone.server.flask.request_processing.req_logging [None req-002026d5-3a23-467c-a308-f90ab8d2a630 None None] SCRIPT_NAME: `/identity` {{(pid=81598) log_request_info /opt/stack/keystone/keystone/server/flask/request_processing/req_logging.py:28}}
Sep 28 12:01:13.533365 dv-cinder-859193-2-smb devstack@keystone.service[81598]: DEBUG keystone.server.flask.request_processing.req_logging [None req-002026d5-3a23-467c-a308-f90ab8d2a630 None None] PATH_INFO: `/` {{(pid=81598) log_request_info /opt/stack/keystone/keystone/server/flask/request_processing/req_logging.py:29}}
Sep 28 12:01:13.534705 dv-cinder-859193-2-smb devstack@keystone.service[81598]: [pid: 81598|app: 0|req: 125/247] 10.222.0.16 () {54 vars in 927 bytes} [Wed Sep 28 12:01:13 2022] GET /identity => generated 270 bytes in 3 msecs (HTTP/1.1 300) 6 headers in 234 bytes (1 switches on core 0)
Sep 28 12:01:13.539886 dv-cinder-859193-2-smb devstack@keystone.service[81598]: DEBUG keystone.server.flask.request_processing.middleware.auth_context [None req-002026d5-3a23-467c-a308-f90ab8d2a630 None None] Authenticating user token {{(pid=81598) process_request /usr/local/lib/python3.8/dist-packages/keystonemiddleware/auth_token/__init__.py:407}}
Sep 28 12:01:13.618016 dv-cinder-859193-2-smb devstack@keystone.service[81599]: DEBUG dbcounter [-] [81599] Writing DB stats keystone:SELECT=100 {{(pid=81599) stat_writer /usr/local/lib/python3.8/dist-packages/dbcounter.py:114}}
Sep 28 12:01:13.654364 dv-cinder-859193-2-smb devstack@keystone.service[81599]: [pid: 81599|app: 0|req: 123/248] 10.222.0.16 () {58 vars in 1282 bytes} [Wed Sep 28 12:01:13 2022] GET /identity/v3/auth/tokens => generated 799 bytes in 490 msecs (HTTP/1.1 200) 6 headers in 358 bytes (1 switches on core 0)
Sep 28 12:01:13.656159 dv-cinder-859193-2-smb devstack@keystone.service[81599]: DEBUG keystone.server.flask.request_processing.req_logging [None req-8b5de27a-5ca8-4592-909c-cd7b1396e481 None None] REQUEST_METHOD: `POST` {{(pid=81599) log_request_info /opt/stack/keystone/keystone/server/flask/request_processing/req_logging.py:27}}
Sep 28 12:01:13.656658 dv-cinder-859193-2-smb devstack@keystone.service[81599]: DEBUG keystone.server.flask.request_processing.req_logging [None req-8b5de27a-5ca8-4592-909c-cd7b1396e481 None None] SCRIPT_NAME: `/identity` {{(pid=81599) log_request_info /opt/stack/keystone/keystone/server/flask/request_processing/req_logging.py:28}}
Sep 28 12:01:13.657149 dv-cinder-859193-2-smb devstack@keystone.service[81599]: DEBUG keystone.server.flask.request_processing.req_logging [None req-8b5de27a-5ca8-4592-909c-cd7b1396e481 None None] PATH_INFO: `/v3/auth/tokens` {{(pid=81599) log_request_info /opt/stack/keystone/keystone/server/flask/request_processing/req_logging.py:29}}
Sep 28 12:01:13.669219 dv-cinder-859193-2-smb devstack@keystone.service[81598]: DEBUG keystone.server.flask.request_processing.middleware.auth_context [None req-002026d5-3a23-467c-a308-f90ab8d2a630 None None] Validating token access rules against request {{(pid=81598) validate_allowed_request /usr/local/lib/python3.8/dist-packages/keystonemiddleware/auth_token/__init__.py:545}}
Sep 28 12:01:13.680021 dv-cinder-859193-2-smb devstack@keystone.service[81599]: DEBUG keystone.auth.core [None req-8b5de27a-5ca8-4592-909c-cd7b1396e481 None None] MFA Rules not processed for user `c57b54b073714d88bce939746c445771`. Rule list: `[]` (Enabled: `True`). {{(pid=81599) check_auth_methods_against_rules /opt/stack/keystone/keystone/auth/core.py:438}}
Sep 28 12:01:13.681646 dv-cinder-859193-2-smb devstack@keystone.service[81599]: DEBUG keystone.common.fernet_utils [None req-8b5de27a-5ca8-4592-909c-cd7b1396e481 None None] Loaded 2 Fernet keys from /etc/keystone/fernet-keys/, but `[fernet_tokens] max_active_keys = 3`; perhaps there have not been enough key rotations to reach `max_active_keys` yet? {{(pid=81599) load_keys /opt/stack/keystone/keystone/common/fernet_utils.py:286}}
Sep 28 12:01:13.714339 dv-cinder-859193-2-smb devstack@keystone.service[81598]: DEBUG keystone.server.flask.request_processing.middleware.auth_context [None req-30d6283d-8ce4-4dad-9e28-75c4849a9247 None admin] RBAC: auth_context: {'token': , 'domain_id': None, 'trust_id': None, 'trustor_id': None, 'trustee_id': None, 'domain_name': None, 'group_ids': [], 'user_id': 'c57b54b073714d88bce939746c445771', 'user_domain_id': 'default', 'system_scope': 'all', 'project_id': None, 'project_domain_id': None, 'roles': ['admin', 'member', 'reader'], 'is_admin_project': True, 'service_user_id': None, 'service_user_domain_id': None, 'service_project_id': None, 'service_project_domain_id': None, 'service_roles': []} {{(pid=81598) fill_context /opt/stack/keystone/keystone/server/flask/request_processing/middleware/auth_context.py:478}}
Sep 28 12:01:13.715064 dv-cinder-859193-2-smb devstack@keystone.service[81598]: DEBUG keystone.server.flask.request_processing.req_logging [None req-30d6283d-8ce4-4dad-9e28-75c4849a9247 None admin] REQUEST_METHOD: `GET` {{(pid=81598) log_request_info /opt/stack/keystone/keystone/server/flask/request_processing/req_logging.py:27}}
Sep 28 12:01:13.715351 dv-cinder-859193-2-smb devstack@keystone.service[81598]: DEBUG keystone.server.flask.request_processing.req_logging [None req-30d6283d-8ce4-4dad-9e28-75c4849a9247 None admin] SCRIPT_NAME: `/identity` {{(pid=81598) log_request_info /opt/stack/keystone/keystone/server/flask/request_processing/req_logging.py:28}}
Sep 28 12:01:13.715659 dv-cinder-859193-2-smb devstack@keystone.service[81598]: DEBUG keystone.server.flask.request_processing.req_logging [None req-30d6283d-8ce4-4dad-9e28-75c4849a9247 None admin] PATH_INFO: `/v3/roles` {{(pid=81598) log_request_info /opt/stack/keystone/keystone/server/flask/request_processing/req_logging.py:29}}
Sep 28 12:01:13.716338 dv-cinder-859193-2-smb devstack@keystone.service[81598]: DEBUG keystone.common.rbac_enforcer.enforcer [None req-30d6283d-8ce4-4dad-9e28-75c4849a9247 None admin] RBAC: Adding query filter params (name=member) {{(pid=81598) _extract_filter_values /opt/stack/keystone/keystone/common/rbac_enforcer/enforcer.py:167}}
Sep 28 12:01:13.716644 dv-cinder-859193-2-smb devstack@keystone.service[81598]: DEBUG keystone.common.rbac_enforcer.enforcer [None req-30d6283d-8ce4-4dad-9e28-75c4849a9247 None admin] RBAC: Authorizing `identity:list_roles()` {{(pid=81598) enforce_call /opt/stack/keystone/keystone/common/rbac_enforcer/enforcer.py:449}}
Sep 28 12:01:13.718345 dv-cinder-859193-2-smb devstack@keystone.service[81598]: DEBUG keystone.common.rbac_enforcer.enforcer [None req-30d6283d-8ce4-4dad-9e28-75c4849a9247 None admin] RBAC: Authorization granted {{(pid=81598) enforce_call /opt/stack/keystone/keystone/common/rbac_enforcer/enforcer.py:457}}
Sep 28 12:01:13.729723 dv-cinder-859193-2-smb devstack@keystone.service[81598]: [pid: 81598|app: 0|req: 126/249] 10.222.0.16 () {56 vars in 1101 bytes} [Wed Sep 28 12:01:13 2022] GET /identity/v3/roles?name=member => generated 341 bytes in 190 msecs (HTTP/1.1 200) 5 headers in 177 bytes (2 switches on core 0)
Sep 28 12:01:13.732091 dv-cinder-859193-2-smb devstack@keystone.service[81598]: DEBUG keystone.server.flask.request_processing.middleware.auth_context [None req-30d6283d-8ce4-4dad-9e28-75c4849a9247 None admin] Authenticating user token {{(pid=81598) process_request /usr/local/lib/python3.8/dist-packages/keystonemiddleware/auth_token/__init__.py:407}}
Sep 28 12:01:13.766411 dv-cinder-859193-2-smb devstack@keystone.service[81599]: [pid: 81599|app: 0|req: 124/250] 10.222.0.16 () {58 vars in 1024 bytes} [Wed Sep 28 12:01:13 2022] POST /identity/v3/auth/tokens => generated 799 bytes in 111 msecs (HTTP/1.1 201) 6 headers in 363 bytes (1 switches on core 0)
Sep 28 12:01:13.768105 dv-cinder-859193-2-smb devstack@keystone.service[81599]: DEBUG keystone.server.flask.request_processing.middleware.auth_context [None req-8b5de27a-5ca8-4592-909c-cd7b1396e481 None None] Authenticating user token {{(pid=81599) process_request /usr/local/lib/python3.8/dist-packages/keystonemiddleware/auth_token/__init__.py:407}}
Sep 28 12:01:13.826636 dv-cinder-859193-2-smb devstack@keystone.service[81598]: DEBUG dbcounter [-] [81598] Writing DB stats keystone:SELECT=100 {{(pid=81598) stat_writer /usr/local/lib/python3.8/dist-packages/dbcounter.py:114}}
Sep 28 12:01:13.927745 dv-cinder-859193-2-smb devstack@keystone.service[81599]: DEBUG keystone.server.flask.request_processing.middleware.auth_context [None req-8b5de27a-5ca8-4592-909c-cd7b1396e481 None None] Validating token access rules against request {{(pid=81599) validate_allowed_request /usr/local/lib/python3.8/dist-packages/keystonemiddleware/auth_token/__init__.py:545}}
Sep 28 12:01:13.947618 dv-cinder-859193-2-smb devstack@keystone.service[81599]: DEBUG dbcounter [-] [81599] Writing DB stats keystone:SELECT=100 {{(pid=81599) stat_writer /usr/local/lib/python3.8/dist-packages/dbcounter.py:114}}
Sep 28 12:01:13.955892 dv-cinder-859193-2-smb devstack@keystone.service[81598]: DEBUG keystone.server.flask.request_processing.middleware.auth_context [None req-30d6283d-8ce4-4dad-9e28-75c4849a9247 None admin] Validating token access rules against request {{(pid=81598) validate_allowed_request /usr/local/lib/python3.8/dist-packages/keystonemiddleware/auth_token/__init__.py:545}}
Sep 28 12:01:14.016899 dv-cinder-859193-2-smb devstack@keystone.service[81599]: DEBUG keystone.server.flask.request_processing.middleware.auth_context [None req-4297afbd-e694-4c28-8d5c-306b083f9e45 None admin] RBAC: auth_context: {'token': , 'domain_id': None, 'trust_id': None, 'trustor_id': None, 'trustee_id': None, 'domain_name': None, 'group_ids': [], 'user_id': 'c57b54b073714d88bce939746c445771', 'user_domain_id': 'default', 'system_scope': 'all', 'project_id': None, 'project_domain_id': None, 'roles': ['admin', 'member', 'reader'], 'is_admin_project': True, 'service_user_id': None, 'service_user_domain_id': None, 'service_project_id': None, 'service_project_domain_id': None, 'service_roles': []} {{(pid=81599) fill_context /opt/stack/keystone/keystone/server/flask/request_processing/middleware/auth_context.py:478}}
