Sep 24 19:50:33.205984 dv-cinder-859191-1-smb devstack@c-api.service[125535]: /usr/local/lib/python3.8/dist-packages/oslo_context/context.py:100: DeprecationWarning: Policy enforcement is depending on the value of is_admin. This key is deprecated. Please update your policy file to use the standard policy values.
Sep 24 19:50:33.205984 dv-cinder-859191-1-smb devstack@c-api.service[125535]: warnings.warn('Policy enforcement is depending on the value of '
Sep 24 19:50:33.213265 dv-cinder-859191-1-smb devstack@c-api.service[125535]: DEBUG oslo_db.sqlalchemy.engines [None req-71c972fa-8983-4c9d-a9ba-43131ebe4609 admin admin] MySQL server mode set to STRICT_TRANS_TABLES,STRICT_ALL_TABLES,NO_ZERO_IN_DATE,NO_ZERO_DATE,ERROR_FOR_DIVISION_BY_ZERO,TRADITIONAL,NO_ENGINE_SUBSTITUTION {{(pid=125535) _check_effective_sql_mode /usr/local/lib/python3.8/dist-packages/oslo_db/sqlalchemy/engines.py:314}}
Sep 24 19:50:33.350001 dv-cinder-859191-1-smb devstack@c-api.service[125535]: INFO cinder.api.openstack.wsgi [None req-71c972fa-8983-4c9d-a9ba-43131ebe4609 admin admin] http://10.222.0.60/volume/v3/1efc13c179384208b08c31d1589c351f/types returned with HTTP 200
Sep 24 19:50:33.350737 dv-cinder-859191-1-smb devstack@c-api.service[125535]: [pid: 125535|app: 0|req: 1/2] 10.222.0.60 () {60 vars in 1237 bytes} [Sat Sep 24 19:50:31 2022] POST /volume/v3/1efc13c179384208b08c31d1589c351f/types => generated 186 bytes in 1468 msecs (HTTP/1.1 200) 7 headers in 285 bytes (2 switches on core 0)
Sep 24 19:50:33.358014 dv-cinder-859191-1-smb devstack@c-api.service[125536]: DEBUG cinder.api.middleware.request_id [req-71c972fa-8983-4c9d-a9ba-43131ebe4609 req-d74f1ae6-4ead-4d5b-a1bc-ec9a15d193a6 None None] RequestId filter calling following filter/app {{(pid=125536) _context_setter /opt/stack/cinder/cinder/api/middleware/request_id.py:62}}
Sep 24 19:50:33.992457 dv-cinder-859191-1-smb devstack@c-api.service[125536]: INFO cinder.api.openstack.wsgi [req-71c972fa-8983-4c9d-a9ba-43131ebe4609 req-d74f1ae6-4ead-4d5b-a1bc-ec9a15d193a6 admin admin] POST http://10.222.0.60/volume/v3/1efc13c179384208b08c31d1589c351f/types/547981bc-709e-4160-b01f-f1fc9b85bf9b/extra_specs
Sep 24 19:50:33.993563 dv-cinder-859191-1-smb devstack@c-api.service[125536]: DEBUG cinder.api.openstack.wsgi [req-71c972fa-8983-4c9d-a9ba-43131ebe4609 req-d74f1ae6-4ead-4d5b-a1bc-ec9a15d193a6 admin admin] Action: 'create', calling method: create, body: {"extra_specs": {"volume_backend_name": "lvmdriver-1"}} {{(pid=125536) _process_stack /opt/stack/cinder/cinder/api/openstack/wsgi.py:866}}
Sep 24 19:50:33.998452 dv-cinder-859191-1-smb devstack@c-api.service[125536]: /usr/local/lib/python3.8/dist-packages/oslo_context/context.py:100: DeprecationWarning: Policy enforcement is depending on the value of is_admin. This key is deprecated. Please update your policy file to use the standard policy values.
Sep 24 19:50:33.998452 dv-cinder-859191-1-smb devstack@c-api.service[125536]: warnings.warn('Policy enforcement is depending on the value of '
Sep 24 19:50:34.006446 dv-cinder-859191-1-smb devstack@c-api.service[125536]: DEBUG oslo_db.sqlalchemy.engines [req-71c972fa-8983-4c9d-a9ba-43131ebe4609 req-d74f1ae6-4ead-4d5b-a1bc-ec9a15d193a6 admin admin] MySQL server mode set to STRICT_TRANS_TABLES,STRICT_ALL_TABLES,NO_ZERO_IN_DATE,NO_ZERO_DATE,ERROR_FOR_DIVISION_BY_ZERO,TRADITIONAL,NO_ENGINE_SUBSTITUTION {{(pid=125536) _check_effective_sql_mode /usr/local/lib/python3.8/dist-packages/oslo_db/sqlalchemy/engines.py:314}}
Sep 24 19:50:34.190102 dv-cinder-859191-1-smb devstack@c-api.service[125536]: INFO cinder.api.openstack.wsgi [req-71c972fa-8983-4c9d-a9ba-43131ebe4609 req-d74f1ae6-4ead-4d5b-a1bc-ec9a15d193a6 admin admin] http://10.222.0.60/volume/v3/1efc13c179384208b08c31d1589c351f/types/547981bc-709e-4160-b01f-f1fc9b85bf9b/extra_specs returned with HTTP 200
Sep 24 19:50:34.191047 dv-cinder-859191-1-smb devstack@c-api.service[125536]: [pid: 125536|app: 0|req: 2/3] 10.222.0.60 () {62 vars in 1454 bytes} [Sat Sep 24 19:50:33 2022] POST /volume/v3/1efc13c179384208b08c31d1589c351f/types/547981bc-709e-4160-b01f-f1fc9b85bf9b/extra_specs => generated 55 bytes in 834 msecs (HTTP/1.1 200) 7 headers in 284 bytes (1 switches on core 0)
Sep 24 19:50:43.345434 dv-cinder-859191-1-smb devstack@c-api.service[125535]: DEBUG dbcounter [-] [125535] Writing DB stats cinder:SELECT=18,cinder:INSERT=1 {{(pid=125535) stat_writer /usr/local/lib/python3.8/dist-packages/dbcounter.py:114}}
Sep 24 19:50:44.186820 dv-cinder-859191-1-smb devstack@c-api.service[125536]: DEBUG dbcounter [-] [125536] Writing DB stats cinder:SELECT=25,cinder:INSERT=1 {{(pid=125536) stat_writer /usr/local/lib/python3.8/dist-packages/dbcounter.py:114}}
Sep 24 19:51:17.294101 dv-cinder-859191-1-smb devstack@c-api.service[125535]: DEBUG cinder.api.middleware.request_id [None req-25120326-20da-40c1-9069-2fe318ed5edd None None] RequestId filter calling following filter/app {{(pid=125535) _context_setter /opt/stack/cinder/cinder/api/middleware/request_id.py:62}}
Sep 24 19:51:17.295538 dv-cinder-859191-1-smb devstack@c-api.service[125535]: INFO cinder.api.openstack.wsgi [None req-25120326-20da-40c1-9069-2fe318ed5edd None None] GET http://10.222.0.60/volume//
Sep 24 19:51:17.295965 dv-cinder-859191-1-smb devstack@c-api.service[125535]: DEBUG cinder.api.openstack.wsgi [None req-25120326-20da-40c1-9069-2fe318ed5edd None None] Empty body provided in request {{(pid=125535) get_body /opt/stack/cinder/cinder/api/openstack/wsgi.py:715}}
Sep 24 19:51:17.296501 dv-cinder-859191-1-smb devstack@c-api.service[125535]: DEBUG cinder.api.openstack.wsgi [None req-25120326-20da-40c1-9069-2fe318ed5edd None None] Calling method 'all' {{(pid=125535) _process_stack /opt/stack/cinder/cinder/api/openstack/wsgi.py:868}}
Sep 24 19:51:17.297639 dv-cinder-859191-1-smb devstack@c-api.service[125535]: INFO cinder.api.openstack.wsgi [None req-25120326-20da-40c1-9069-2fe318ed5edd None None] http://10.222.0.60/volume// returned with HTTP 300
Sep 24 19:51:17.298143 dv-cinder-859191-1-smb devstack@c-api.service[125535]: [pid: 125535|app: 0|req: 2/4] 10.222.0.60 () {56 vars in 1098 bytes} [Sat Sep 24 19:51:17 2022] GET /volume/ => generated 386 bytes in 6 msecs (HTTP/1.1 300) 7 headers in 299 bytes (1 switches on core 0)
Sep 24 19:54:14.997402 dv-cinder-859191-1-smb devstack@c-api.service[125536]: DEBUG cinder.api.middleware.request_id [None req-a640172c-82e0-4be4-9236-08cec95e8d23 None None] RequestId filter calling following filter/app {{(pid=125536) _context_setter /opt/stack/cinder/cinder/api/middleware/request_id.py:62}}
Sep 24 19:54:15.489719 dv-cinder-859191-1-smb devstack@c-api.service[125536]: INFO cinder.api.openstack.wsgi [None req-a640172c-82e0-4be4-9236-08cec95e8d23 tempest-verify_tempest_config-934999200 tempest-verify_tempest_config-934999200-project] GET http://10.222.0.60/volume/v3/01c05fbb318345659a3612056919fe03/extensions
Sep 24 19:54:15.490188 dv-cinder-859191-1-smb devstack@c-api.service[125536]: DEBUG cinder.api.openstack.wsgi [None req-a640172c-82e0-4be4-9236-08cec95e8d23 tempest-verify_tempest_config-934999200 tempest-verify_tempest_config-934999200-project] Empty body provided in request {{(pid=125536) get_body /opt/stack/cinder/cinder/api/openstack/wsgi.py:715}}
Sep 24 19:54:15.490632 dv-cinder-859191-1-smb devstack@c-api.service[125536]: DEBUG cinder.api.openstack.wsgi [None req-a640172c-82e0-4be4-9236-08cec95e8d23 tempest-verify_tempest_config-934999200 tempest-verify_tempest_config-934999200-project] Calling method 'index' {{(pid=125536) _process_stack /opt/stack/cinder/cinder/api/openstack/wsgi.py:868}}
Sep 24 19:54:15.491508 dv-cinder-859191-1-smb devstack@c-api.service[125536]: INFO cinder.api.openstack.wsgi [None req-a640172c-82e0-4be4-9236-08cec95e8d23 tempest-verify_tempest_config-934999200 tempest-verify_tempest_config-934999200-project] http://10.222.0.60/volume/v3/01c05fbb318345659a3612056919fe03/extensions returned with HTTP 200
Sep 24 19:54:15.492141 dv-cinder-859191-1-smb devstack@c-api.service[125536]: [pid: 125536|app: 0|req: 3/5] 10.222.0.60 () {58 vars in 1223 bytes} [Sat Sep 24 19:54:14 2022] GET /volume/v3/01c05fbb318345659a3612056919fe03/extensions => generated 5245 bytes in 496 msecs (HTTP/1.1 200) 7 headers in 286 bytes (1 switches on core 0)
Sep 24 19:56:19.313349 dv-cinder-859191-1-smb devstack@c-api.service[125535]: DEBUG cinder.api.middleware.request_id [None req-afd07abb-1402-4149-8a48-13d4d4730109 None None] RequestId filter calling following filter/app {{(pid=125535) _context_setter /opt/stack/cinder/cinder/api/middleware/request_id.py:62}}
Sep 24 19:56:19.432031 dv-cinder-859191-1-smb devstack@c-api.service[125535]: INFO cinder.api.openstack.wsgi [None req-afd07abb-1402-4149-8a48-13d4d4730109 admin admin] GET http://10.222.0.60/volume/v3/1efc13c179384208b08c31d1589c351f/os-services
Sep 24 19:56:19.432557 dv-cinder-859191-1-smb devstack@c-api.service[125535]: DEBUG cinder.api.openstack.wsgi [None req-afd07abb-1402-4149-8a48-13d4d4730109 admin admin] Empty body provided in request {{(pid=125535) get_body /opt/stack/cinder/cinder/api/openstack/wsgi.py:715}}
Sep 24 19:56:19.433019 dv-cinder-859191-1-smb devstack@c-api.service[125535]: DEBUG cinder.api.openstack.wsgi [None req-afd07abb-1402-4149-8a48-13d4d4730109 admin admin] Calling method 'index' {{(pid=125535) _process_stack /opt/stack/cinder/cinder/api/openstack/wsgi.py:868}}
Sep 24 19:56:19.443451 dv-cinder-859191-1-smb devstack@c-api.service[125535]: INFO cinder.api.openstack.wsgi [None req-afd07abb-1402-4149-8a48-13d4d4730109 admin admin] http://10.222.0.60/volume/v3/1efc13c179384208b08c31d1589c351f/os-services returned with HTTP 200
Sep 24 19:56:19.444149 dv-cinder-859191-1-smb devstack@c-api.service[125535]: [pid: 125535|app: 0|req: 3/6] 10.222.0.60 () {56 vars in 1201 bytes} [Sat Sep 24 19:56:19 2022] GET /volume/v3/1efc13c179384208b08c31d1589c351f/os-services => generated 640 bytes in 132 msecs (HTTP/1.1 200) 7 headers in 285 bytes (1 switches on core 0)
Sep 24 19:56:21.925832 dv-cinder-859191-1-smb devstack@c-api.service[125536]: DEBUG cinder.api.middleware.request_id [None req-74beb53a-b14e-4977-808f-1cb653225393 None None] RequestId filter calling following filter/app {{(pid=125536) _context_setter /opt/stack/cinder/cinder/api/middleware/request_id.py:62}}
Sep 24 19:56:21.977128 dv-cinder-859191-1-smb devstack@c-api.service[125536]: INFO cinder.api.openstack.wsgi [None req-74beb53a-b14e-4977-808f-1cb653225393 admin admin] GET http://10.222.0.60/volume/v3/1efc13c179384208b08c31d1589c351f/os-services
Sep 24 19:56:21.977604 dv-cinder-859191-1-smb devstack@c-api.service[125536]: DEBUG cinder.api.openstack.wsgi [None req-74beb53a-b14e-4977-808f-1cb653225393 admin admin] Empty body provided in request {{(pid=125536) get_body /opt/stack/cinder/cinder/api/openstack/wsgi.py:715}}
Sep 24 19:56:21.978057 dv-cinder-859191-1-smb devstack@c-api.service[125536]: DEBUG cinder.api.openstack.wsgi [None req-74beb53a-b14e-4977-808f-1cb653225393 admin admin] Calling method 'index' {{(pid=125536) _process_stack /opt/stack/cinder/cinder/api/openstack/wsgi.py:868}}
Sep 24 19:56:21.987728 dv-cinder-859191-1-smb devstack@c-api.service[125536]: INFO cinder.api.openstack.wsgi [None req-74beb53a-b14e-4977-808f-1cb653225393 admin admin] http://10.222.0.60/volume/v3/1efc13c179384208b08c31d1589c351f/os-services returned with HTTP 200
Sep 24 19:56:21.988424 dv-cinder-859191-1-smb devstack@c-api.service[125536]: [pid: 125536|app: 0|req: 4/7] 10.222.0.60 () {56 vars in 1201 bytes} [Sat Sep 24 19:56:21 2022] GET /volume/v3/1efc13c179384208b08c31d1589c351f/os-services => generated 640 bytes in 64 msecs (HTTP/1.1 200) 7 headers in 285 bytes (1 switches on core 0)
Sep 24 19:56:29.439556 dv-cinder-859191-1-smb devstack@c-api.service[125535]: DEBUG dbcounter [-] [125535] Writing DB stats cinder:SELECT=2 {{(pid=125535) stat_writer /usr/local/lib/python3.8/dist-packages/dbcounter.py:114}}
Sep 24 19:56:31.983440 dv-cinder-859191-1-smb devstack@c-api.service[125536]: DEBUG dbcounter [-] [125536] Writing DB stats cinder:SELECT=2 {{(pid=125536) stat_writer /usr/local/lib/python3.8/dist-packages/dbcounter.py:114}}
Sep 24 19:58:02.152171 dv-cinder-859191-1-smb devstack@c-api.service[125535]: DEBUG cinder.api.middleware.request_id [req-88c9f43e-8b5a-4b96-8a94-aeaf5393eb12 req-5759c15e-8360-4ff5-9b38-9874a238495d None None] RequestId filter calling following filter/app {{(pid=125535) _context_setter /opt/stack/cinder/cinder/api/middleware/request_id.py:62}}
Sep 24 19:58:02.154469 dv-cinder-859191-1-smb devstack@c-api.service[125536]: DEBUG cinder.api.middleware.request_id [None req-ee35032a-2d05-4bf2-9444-ee46aa3c2958 None None] RequestId filter calling following filter/app {{(pid=125536) _context_setter /opt/stack/cinder/cinder/api/middleware/request_id.py:62}}
Sep 24 19:58:02.248859 dv-cinder-859191-1-smb devstack@c-api.service[125535]: WARNING keystonemiddleware.auth_token [req-88c9f43e-8b5a-4b96-8a94-aeaf5393eb12 req-5759c15e-8360-4ff5-9b38-9874a238495d None None] A valid token was submitted as a service token, but it was not a valid service token. This is incorrect but backwards compatible behaviour. This will be removed in future releases.
Sep 24 19:58:02.252915 dv-cinder-859191-1-smb devstack@c-api.service[125535]: INFO cinder.api.openstack.wsgi [req-88c9f43e-8b5a-4b96-8a94-aeaf5393eb12 req-5759c15e-8360-4ff5-9b38-9874a238495d tempest-VolumesNegativeTest-1262584629 tempest-VolumesNegativeTest-1262584629-project] DELETE http://10.222.0.60/volume/v3/7a201af37a554d41bd558d3080a9d43f/volumes/tempest-invalid-1507028640
Sep 24 19:58:02.253714 dv-cinder-859191-1-smb devstack@c-api.service[125535]: DEBUG cinder.api.openstack.wsgi [req-88c9f43e-8b5a-4b96-8a94-aeaf5393eb12 req-5759c15e-8360-4ff5-9b38-9874a238495d tempest-VolumesNegativeTest-1262584629 tempest-VolumesNegativeTest-1262584629-project] Empty body provided in request {{(pid=125535) get_body /opt/stack/cinder/cinder/api/openstack/wsgi.py:715}}
Sep 24 19:58:02.254662 dv-cinder-859191-1-smb devstack@c-api.service[125535]: DEBUG cinder.api.openstack.wsgi [req-88c9f43e-8b5a-4b96-8a94-aeaf5393eb12 req-5759c15e-8360-4ff5-9b38-9874a238495d tempest-VolumesNegativeTest-1262584629 tempest-VolumesNegativeTest-1262584629-project] Calling method 'delete' {{(pid=125535) _process_stack /opt/stack/cinder/cinder/api/openstack/wsgi.py:868}}
Sep 24 19:58:02.256835 dv-cinder-859191-1-smb devstack@c-api.service[125535]: INFO cinder.api.v3.volumes [req-88c9f43e-8b5a-4b96-8a94-aeaf5393eb12 req-5759c15e-8360-4ff5-9b38-9874a238495d tempest-VolumesNegativeTest-1262584629 tempest-VolumesNegativeTest-1262584629-project] Delete volume with id: tempest-invalid-1507028640
Sep 24 19:58:02.299825 dv-cinder-859191-1-smb devstack@c-api.service[125536]: INFO cinder.api.openstack.wsgi [None req-ee35032a-2d05-4bf2-9444-ee46aa3c2958 tempest-GroupsV320Test-1509067042 tempest-GroupsV320Test-1509067042-project-admin] POST http://10.222.0.60/volume/v3/d192367176274be3a4da001a74932740/types
Sep 24 19:58:02.300550 dv-cinder-859191-1-smb devstack@c-api.service[125536]: DEBUG cinder.api.openstack.wsgi [None req-ee35032a-2d05-4bf2-9444-ee46aa3c2958 tempest-GroupsV320Test-1509067042 tempest-GroupsV320Test-1509067042-project-admin] Action: 'create', calling method: _create, body: {"volume_type": {"name": "tempest-GroupsV320Test-volume-type-1074217180"}} {{(pid=125536) _process_stack /opt/stack/cinder/cinder/api/openstack/wsgi.py:866}}
Sep 24 19:58:02.353428 dv-cinder-859191-1-smb devstack@c-api.service[125535]: INFO cinder.api.openstack.wsgi [req-88c9f43e-8b5a-4b96-8a94-aeaf5393eb12 req-5759c15e-8360-4ff5-9b38-9874a238495d tempest-VolumesNegativeTest-1262584629 tempest-VolumesNegativeTest-1262584629-project] http://10.222.0.60/volume/v3/7a201af37a554d41bd558d3080a9d43f/volumes/tempest-invalid-1507028640 returned with HTTP 404
Sep 24 19:58:02.355974 dv-cinder-859191-1-smb devstack@c-api.service[125535]: [pid: 125535|app: 0|req: 4/8] 10.222.0.60 () {62 vars in 1570 bytes} [Sat Sep 24 19:58:01 2022] DELETE /volume/v3/7a201af37a554d41bd558d3080a9d43f/volumes/tempest-invalid-1507028640 => generated 99 bytes in 394 msecs (HTTP/1.1 404) 7 headers in 291 bytes (1 switches on core 0)
Sep 24 19:58:02.438017 dv-cinder-859191-1-smb devstack@c-api.service[125536]: INFO cinder.api.openstack.wsgi [None req-ee35032a-2d05-4bf2-9444-ee46aa3c2958 tempest-GroupsV320Test-1509067042 tempest-GroupsV320Test-1509067042-project-admin] http://10.222.0.60/volume/v3/d192367176274be3a4da001a74932740/types returned with HTTP 200
Sep 24 19:58:02.439035 dv-cinder-859191-1-smb devstack@c-api.service[125536]: [pid: 125536|app: 0|req: 5/9] 10.222.0.60 () {60 vars in 1229 bytes} [Sat Sep 24 19:58:02 2022] POST /volume/v3/d192367176274be3a4da001a74932740/types => generated 220 bytes in 298 msecs (HTTP/1.1 200) 7 headers in 285 bytes (2 switches on core 0)
Sep 24 19:58:02.439495 dv-cinder-859191-1-smb devstack@c-api.service[125535]: DEBUG cinder.api.middleware.request_id [req-cf3c8034-afa4-453e-b78a-4813efe0d5ce req-2feac13c-26a2-44d9-8dd4-e50809416a3a None None] RequestId filter calling following filter/app {{(pid=125535) _context_setter /opt/stack/cinder/cinder/api/middleware/request_id.py:62}}
Sep 24 19:58:02.445528 dv-cinder-859191-1-smb devstack@c-api.service[125535]: INFO cinder.api.openstack.wsgi [req-cf3c8034-afa4-453e-b78a-4813efe0d5ce req-2feac13c-26a2-44d9-8dd4-e50809416a3a tempest-VolumesNegativeTest-1262584629 tempest-VolumesNegativeTest-1262584629-project] DELETE http://10.222.0.60/volume/v3/7a201af37a554d41bd558d3080a9d43f/volumes/8f79b8f1-85a6-4744-89f5-33e976490570
Sep 24 19:58:02.446286 dv-cinder-859191-1-smb devstack@c-api.service[125535]: DEBUG cinder.api.openstack.wsgi [req-cf3c8034-afa4-453e-b78a-4813efe0d5ce req-2feac13c-26a2-44d9-8dd4-e50809416a3a tempest-VolumesNegativeTest-1262584629 tempest-VolumesNegativeTest-1262584629-project] Empty body provided in request {{(pid=125535) get_body /opt/stack/cinder/cinder/api/openstack/wsgi.py:715}}
Sep 24 19:58:02.447021 dv-cinder-859191-1-smb devstack@c-api.service[125535]: DEBUG cinder.api.openstack.wsgi [req-cf3c8034-afa4-453e-b78a-4813efe0d5ce req-2feac13c-26a2-44d9-8dd4-e50809416a3a tempest-VolumesNegativeTest-1262584629 tempest-VolumesNegativeTest-1262584629-project] Calling method 'delete' {{(pid=125535) _process_stack /opt/stack/cinder/cinder/api/openstack/wsgi.py:868}}
Sep 24 19:58:02.447676 dv-cinder-859191-1-smb devstack@c-api.service[125535]: INFO cinder.api.v3.volumes [req-cf3c8034-afa4-453e-b78a-4813efe0d5ce req-2feac13c-26a2-44d9-8dd4-e50809416a3a tempest-VolumesNegativeTest-1262584629 tempest-VolumesNegativeTest-1262584629-project] Delete volume with id: 8f79b8f1-85a6-4744-89f5-33e976490570
Sep 24 19:58:02.447926 dv-cinder-859191-1-smb devstack@c-api.service[125536]: DEBUG cinder.api.middleware.request_id [None req-d1e3fb87-778c-44c7-95cd-20ada6d6e8d4 None None] RequestId filter calling following filter/app {{(pid=125536) _context_setter /opt/stack/cinder/cinder/api/middleware/request_id.py:62}}
Sep 24 19:58:02.452732 dv-cinder-859191-1-smb devstack@c-api.service[125536]: INFO cinder.api.openstack.wsgi [None req-d1e3fb87-778c-44c7-95cd-20ada6d6e8d4 tempest-GroupsV320Test-1509067042 tempest-GroupsV320Test-1509067042-project-admin] POST http://10.222.0.60/volume/v3/d192367176274be3a4da001a74932740/group_types
Sep 24 19:58:02.453705 dv-cinder-859191-1-smb devstack@c-api.service[125536]: DEBUG cinder.api.openstack.wsgi [None req-d1e3fb87-778c-44c7-95cd-20ada6d6e8d4 tempest-GroupsV320Test-1509067042 tempest-GroupsV320Test-1509067042-project-admin] Action: 'create', calling method: version_select, body: {"group_type": {"name": "tempest-GroupsV320Test-group-type-1191242464"}} {{(pid=125536) _process_stack /opt/stack/cinder/cinder/api/openstack/wsgi.py:866}}
Sep 24 19:58:02.487405 dv-cinder-859191-1-smb devstack@c-api.service[125535]: INFO cinder.api.openstack.wsgi [req-cf3c8034-afa4-453e-b78a-4813efe0d5ce req-2feac13c-26a2-44d9-8dd4-e50809416a3a tempest-VolumesNegativeTest-1262584629 tempest-VolumesNegativeTest-1262584629-project] http://10.222.0.60/volume/v3/7a201af37a554d41bd558d3080a9d43f/volumes/8f79b8f1-85a6-4744-89f5-33e976490570 returned with HTTP 404
Sep 24 19:58:02.497729 dv-cinder-859191-1-smb devstack@c-api.service[125535]: [pid: 125535|app: 0|req: 5/10] 10.222.0.60 () {62 vars in 1600 bytes} [Sat Sep 24 19:58:02 2022] DELETE /volume/v3/7a201af37a554d41bd558d3080a9d43f/volumes/8f79b8f1-85a6-4744-89f5-33e976490570 => generated 109 bytes in 60 msecs (HTTP/1.1 404) 7 headers in 292 bytes (2 switches on core 0)
Sep 24 19:58:02.500490 dv-cinder-859191-1-smb devstack@c-api.service[125535]: DEBUG cinder.api.middleware.request_id [req-9689b5bf-5780-4f67-99b7-204e484b7da4 req-93ee440c-f696-421b-979a-3e4451fc80a0 None None] RequestId filter calling following filter/app {{(pid=125535) _context_setter /opt/stack/cinder/cinder/api/middleware/request_id.py:62}}
Sep 24 19:58:02.648768 dv-cinder-859191-1-smb devstack@c-api.service[125536]: INFO cinder.api.openstack.wsgi [None req-d1e3fb87-778c-44c7-95cd-20ada6d6e8d4 tempest-GroupsV320Test-1509067042 tempest-GroupsV320Test-1509067042-project-admin] http://10.222.0.60/volume/v3/d192367176274be3a4da001a74932740/group_types returned with HTTP 202
Sep 24 19:58:02.650805 dv-cinder-859191-1-smb devstack@c-api.service[125536]: [pid: 125536|app: 0|req: 6/11] 10.222.0.60 () {62 vars in 1288 bytes} [Sat Sep 24 19:58:02 2022] POST /volume/v3/d192367176274be3a4da001a74932740/group_types => generated 177 bytes in 204 msecs (HTTP/1.1 202) 7 headers in 292 bytes (2 switches on core 0)
Sep 24 19:58:02.653247 dv-cinder-859191-1-smb devstack@c-api.service[125536]: DEBUG cinder.api.middleware.request_id [req-f89414af-579a-4997-a837-b02b4c10290a req-39fa7111-80ec-4ba3-8826-8c80a9ba06a4 None None] RequestId filter calling following filter/app {{(pid=125536) _context_setter /opt/stack/cinder/cinder/api/middleware/request_id.py:62}}
Sep 24 19:58:02.655240 dv-cinder-859191-1-smb devstack@c-api.service[125536]: WARNING keystonemiddleware.auth_token [req-f89414af-579a-4997-a837-b02b4c10290a req-39fa7111-80ec-4ba3-8826-8c80a9ba06a4 None None] A valid token was submitted as a service token, but it was not a valid service token. This is incorrect but backwards compatible behaviour. This will be removed in future releases.
Sep 24 19:58:02.660168 dv-cinder-859191-1-smb devstack@c-api.service[125536]: INFO cinder.api.openstack.wsgi [req-f89414af-579a-4997-a837-b02b4c10290a req-39fa7111-80ec-4ba3-8826-8c80a9ba06a4 tempest-VolumesNegativeTest-1262584629 tempest-VolumesNegativeTest-1262584629-project] GET http://10.222.0.60/volume/v3/7a201af37a554d41bd558d3080a9d43f/volumes/7dde6faa-145b-4419-ae43-17582ae12ed8
Sep 24 19:58:02.661465 dv-cinder-859191-1-smb devstack@c-api.service[125536]: DEBUG cinder.api.openstack.wsgi [req-f89414af-579a-4997-a837-b02b4c10290a req-39fa7111-80ec-4ba3-8826-8c80a9ba06a4 tempest-VolumesNegativeTest-1262584629 tempest-VolumesNegativeTest-1262584629-project] Empty body provided in request {{(pid=125536) get_body /opt/stack/cinder/cinder/api/openstack/wsgi.py:715}}
Sep 24 19:58:02.662143 dv-cinder-859191-1-smb devstack@c-api.service[125536]: DEBUG cinder.api.openstack.wsgi [req-f89414af-579a-4997-a837-b02b4c10290a req-39fa7111-80ec-4ba3-8826-8c80a9ba06a4 tempest-VolumesNegativeTest-1262584629 tempest-VolumesNegativeTest-1262584629-project] Calling method 'show' {{(pid=125536) _process_stack /opt/stack/cinder/cinder/api/openstack/wsgi.py:868}}
Sep 24 19:58:02.671764 dv-cinder-859191-1-smb devstack@c-api.service[125535]: INFO cinder.api.openstack.wsgi [req-9689b5bf-5780-4f67-99b7-204e484b7da4 req-93ee440c-f696-421b-979a-3e4451fc80a0 tempest-VolumesSnapshotsTestJSON-19558185 tempest-VolumesSnapshotsTestJSON-19558185-project] POST http://10.222.0.60/volume/v3/a0e26363672b412ba7fa1da4d02b2bf1/volumes
Sep 24 19:58:02.673137 dv-cinder-859191-1-smb devstack@c-api.service[125535]: DEBUG cinder.api.openstack.wsgi [req-9689b5bf-5780-4f67-99b7-204e484b7da4 req-93ee440c-f696-421b-979a-3e4451fc80a0 tempest-VolumesSnapshotsTestJSON-19558185 tempest-VolumesSnapshotsTestJSON-19558185-project] Action: 'create', calling method: create, body: {"volume": {"size": 1, "consistencygroup_id": null, "snapshot_id": null, "name": "tempest-VolumesSnapshotsTestJSON-volume-86971054", "description": null, "volume_type": null, "availability_zone": null, "metadata": {}, "imageRef": null, "source_volid": null, "backup_id": null}} {{(pid=125535) _process_stack /opt/stack/cinder/cinder/api/openstack/wsgi.py:866}}
Sep 24 19:58:02.677129 dv-cinder-859191-1-smb devstack@c-api.service[125535]: DEBUG cinder.api.v3.volumes [req-9689b5bf-5780-4f67-99b7-204e484b7da4 req-93ee440c-f696-421b-979a-3e4451fc80a0 tempest-VolumesSnapshotsTestJSON-19558185 tempest-VolumesSnapshotsTestJSON-19558185-project] Create volume request body: {'volume': {'size': 1, 'consistencygroup_id': None, 'snapshot_id': None, 'name': 'tempest-VolumesSnapshotsTestJSON-volume-86971054', 'description': None, 'volume_type': None, 'availability_zone': None, 'metadata': {}, 'imageRef': None, 'source_volid': None, 'backup_id': None}} {{(pid=125535) create /opt/stack/cinder/cinder/api/v3/volumes.py:298}}
Sep 24 19:58:02.677129 dv-cinder-859191-1-smb devstack@c-api.service[125535]: INFO cinder.api.v3.volumes [req-9689b5bf-5780-4f67-99b7-204e484b7da4 req-93ee440c-f696-421b-979a-3e4451fc80a0 tempest-VolumesSnapshotsTestJSON-19558185 tempest-VolumesSnapshotsTestJSON-19558185-project] Create volume of 1 GB
Sep 24 19:58:02.692526 dv-cinder-859191-1-smb devstack@c-api.service[125535]: DEBUG cinder.volume.api [req-9689b5bf-5780-4f67-99b7-204e484b7da4 req-93ee440c-f696-421b-979a-3e4451fc80a0 tempest-VolumesSnapshotsTestJSON-19558185 tempest-VolumesSnapshotsTestJSON-19558185-project] Availability zone cache updated, next update will occur around 2022-09-24 20:58:02.691763. {{(pid=125535) list_availability_zones /opt/stack/cinder/cinder/volume/api.py:153}}
Sep 24 19:58:02.692812 dv-cinder-859191-1-smb devstack@c-api.service[125535]: INFO cinder.volume.api [req-9689b5bf-5780-4f67-99b7-204e484b7da4 req-93ee440c-f696-421b-979a-3e4451fc80a0 tempest-VolumesSnapshotsTestJSON-19558185 tempest-VolumesSnapshotsTestJSON-19558185-project] Availability Zones retrieved successfully.
Sep 24 19:58:02.718370 dv-cinder-859191-1-smb devstack@c-api.service[125536]: INFO cinder.api.openstack.wsgi [req-f89414af-579a-4997-a837-b02b4c10290a req-39fa7111-80ec-4ba3-8826-8c80a9ba06a4 tempest-VolumesNegativeTest-1262584629 tempest-VolumesNegativeTest-1262584629-project] http://10.222.0.60/volume/v3/7a201af37a554d41bd558d3080a9d43f/volumes/7dde6faa-145b-4419-ae43-17582ae12ed8 returned with HTTP 404
Sep 24 19:58:02.719332 dv-cinder-859191-1-smb devstack@c-api.service[125536]: [pid: 125536|app: 0|req: 7/12] 10.222.0.60 () {60 vars in 1578 bytes} [Sat Sep 24 19:58:02 2022] GET /volume/v3/7a201af37a554d41bd558d3080a9d43f/volumes/7dde6faa-145b-4419-ae43-17582ae12ed8 => generated 109 bytes in 68 msecs (HTTP/1.1 404) 7 headers in 292 bytes (1 switches on core 0)
Sep 24 19:58:02.720679 dv-cinder-859191-1-smb devstack@c-api.service[125536]: DEBUG cinder.api.middleware.request_id [None req-52e9d797-1a2f-4b25-bea8-f44ae57162bc None None] RequestId filter calling following filter/app {{(pid=125536) _context_setter /opt/stack/cinder/cinder/api/middleware/request_id.py:62}}
Sep 24 19:58:02.742707 dv-cinder-859191-1-smb devstack@c-api.service[125535]: DEBUG cinder.volume.api [req-9689b5bf-5780-4f67-99b7-204e484b7da4 req-93ee440c-f696-421b-979a-3e4451fc80a0 tempest-VolumesSnapshotsTestJSON-19558185 tempest-VolumesSnapshotsTestJSON-19558185-project] Flow 'volume_create_api' (0b97b2ec-4eb8-4b04-b1fd-1eec30e0b9db) transitioned into state 'RUNNING' from state 'PENDING' {{(pid=125535) _flow_receiver /usr/local/lib/python3.8/dist-packages/taskflow/listeners/logging.py:141}}
Sep 24 19:58:02.745800 dv-cinder-859191-1-smb devstack@c-api.service[125535]: DEBUG cinder.volume.api [req-9689b5bf-5780-4f67-99b7-204e484b7da4 req-93ee440c-f696-421b-979a-3e4451fc80a0 tempest-VolumesSnapshotsTestJSON-19558185 tempest-VolumesSnapshotsTestJSON-19558185-project] Task 'cinder.volume.flows.api.create_volume.ExtractVolumeRequestTask;volume:create' (7850cb7e-a1b2-4f8b-9f1d-a8f296ae66e6) transitioned into state 'RUNNING' from state 'PENDING' {{(pid=125535) _task_receiver /usr/local/lib/python3.8/dist-packages/taskflow/listeners/logging.py:190}}
Sep 24 19:58:02.748421 dv-cinder-859191-1-smb devstack@c-api.service[125535]: DEBUG cinder.volume.flows.api.create_volume [req-9689b5bf-5780-4f67-99b7-204e484b7da4 req-93ee440c-f696-421b-979a-3e4451fc80a0 tempest-VolumesSnapshotsTestJSON-19558185 tempest-VolumesSnapshotsTestJSON-19558185-project] Validating volume size '1' using validate_int {{(pid=125535) _extract_size /opt/stack/cinder/cinder/volume/flows/api/create_volume.py:228}}
Sep 24 19:58:02.849905 dv-cinder-859191-1-smb devstack@c-api.service[125535]: DEBUG cinder.volume.api [req-9689b5bf-5780-4f67-99b7-204e484b7da4 req-93ee440c-f696-421b-979a-3e4451fc80a0 tempest-VolumesSnapshotsTestJSON-19558185 tempest-VolumesSnapshotsTestJSON-19558185-project] Task 'cinder.volume.flows.api.create_volume.ExtractVolumeRequestTask;volume:create' (7850cb7e-a1b2-4f8b-9f1d-a8f296ae66e6) transitioned into state 'SUCCESS' from state 'RUNNING' with result '{'size': 1, 'snapshot_id': None, 'source_volid': None, 'volume_type': VolumeType(created_at=2022-09-24T19:42:26Z,deleted=False,deleted_at=None,description='Default Volume Type',extra_specs={},id=9d4cea92-b44c-45bc-ab42-c73228722559,is_public=True,name='__DEFAULT__',projects=[],qos_specs=,qos_specs_id=None,updated_at=2022-09-24T19:42:26Z), 'volume_type_id': '9d4cea92-b44c-45bc-ab42-c73228722559', 'encryption_key_id': None, 'qos_specs': None, 'consistencygroup_id': None, 'cgsnapshot_id': None, 'group_id': None, 'replication_status': 'disabled', 'refresh_az': False, 'backup_id': None, 'multiattach': False, 'availability_zones': ['nova']}' {{(pid=125535) _task_receiver /usr/local/lib/python3.8/dist-packages/taskflow/listeners/logging.py:178}}
Sep 24 19:58:02.853947 dv-cinder-859191-1-smb devstack@c-api.service[125535]: DEBUG cinder.volume.api [req-9689b5bf-5780-4f67-99b7-204e484b7da4 req-93ee440c-f696-421b-979a-3e4451fc80a0 tempest-VolumesSnapshotsTestJSON-19558185 tempest-VolumesSnapshotsTestJSON-19558185-project] Task 'cinder.volume.flows.api.create_volume.QuotaReserveTask;volume:create' (bf7556de-f5ed-4204-9f50-a554e15a578e) transitioned into state 'RUNNING' from state 'PENDING' {{(pid=125535) _task_receiver /usr/local/lib/python3.8/dist-packages/taskflow/listeners/logging.py:190}}
Sep 24 19:58:02.958219 dv-cinder-859191-1-smb devstack@c-api.service[125536]: INFO cinder.api.openstack.wsgi [None req-52e9d797-1a2f-4b25-bea8-f44ae57162bc tempest-GroupsV320Test-523567584 tempest-GroupsV320Test-523567584-project] POST http://10.222.0.60/volume/v3/2f682ebc17b441a6800e911f74ab1ce0/groups
Sep 24 19:58:02.958971 dv-cinder-859191-1-smb devstack@c-api.service[125536]: DEBUG cinder.api.openstack.wsgi [None req-52e9d797-1a2f-4b25-bea8-f44ae57162bc tempest-GroupsV320Test-523567584 tempest-GroupsV320Test-523567584-project] Action: 'create', calling method: version_select, body: {"group": {"group_type": "9ea97d77-6221-4e7a-bfa7-6c247d9da765", "volume_types": ["1232d2e3-0022-4532-9935-56b1749c0850"], "name": "tempest-GroupsV320Test-Group-131675798"}} {{(pid=125536) _process_stack /opt/stack/cinder/cinder/api/openstack/wsgi.py:866}}
Sep 24 19:58:02.962206 dv-cinder-859191-1-smb devstack@c-api.service[125536]: DEBUG cinder.api.v3.groups [None req-52e9d797-1a2f-4b25-bea8-f44ae57162bc tempest-GroupsV320Test-523567584 tempest-GroupsV320Test-523567584-project] Creating new group {'group': {'group_type': '9ea97d77-6221-4e7a-bfa7-6c247d9da765', 'volume_types': ['1232d2e3-0022-4532-9935-56b1749c0850'], 'name': 'tempest-GroupsV320Test-Group-131675798'}} {{(pid=125536) create /opt/stack/cinder/cinder/api/v3/groups.py:190}}
Sep 24 19:58:02.965903 dv-cinder-859191-1-smb devstack@c-api.service[125535]: WARNING cinder.quota [req-9689b5bf-5780-4f67-99b7-204e484b7da4 req-93ee440c-f696-421b-979a-3e4451fc80a0 tempest-VolumesSnapshotsTestJSON-19558185 tempest-VolumesSnapshotsTestJSON-19558185-project] Deprecated: Default quota for resource: volumes___DEFAULT__ is set by the default quota flag: quota_volumes___DEFAULT__, it is now deprecated. Please use the default quota class for default quota.
Sep 24 19:58:02.966721 dv-cinder-859191-1-smb devstack@c-api.service[125535]: WARNING cinder.quota [req-9689b5bf-5780-4f67-99b7-204e484b7da4 req-93ee440c-f696-421b-979a-3e4451fc80a0 tempest-VolumesSnapshotsTestJSON-19558185 tempest-VolumesSnapshotsTestJSON-19558185-project] Deprecated: Default quota for resource: gigabytes___DEFAULT__ is set by the default quota flag: quota_gigabytes___DEFAULT__, it is now deprecated. Please use the default quota class for default quota.
Sep 24 19:58:02.983902 dv-cinder-859191-1-smb devstack@c-api.service[125536]: INFO cinder.api.v3.groups [None req-52e9d797-1a2f-4b25-bea8-f44ae57162bc tempest-GroupsV320Test-523567584 tempest-GroupsV320Test-523567584-project] Creating group tempest-GroupsV320Test-Group-131675798.
Sep 24 19:58:03.061206 dv-cinder-859191-1-smb devstack@c-api.service[125536]: DEBUG cinder.volume.api [None req-52e9d797-1a2f-4b25-bea8-f44ae57162bc tempest-GroupsV320Test-523567584 tempest-GroupsV320Test-523567584-project] Availability zone cache updated, next update will occur around 2022-09-24 20:58:03.059707. {{(pid=125536) list_availability_zones /opt/stack/cinder/cinder/volume/api.py:153}}
Sep 24 19:58:03.061871 dv-cinder-859191-1-smb devstack@c-api.service[125536]: INFO cinder.volume.api [None req-52e9d797-1a2f-4b25-bea8-f44ae57162bc tempest-GroupsV320Test-523567584 tempest-GroupsV320Test-523567584-project] Availability Zones retrieved successfully.
Sep 24 19:58:03.262690 dv-cinder-859191-1-smb devstack@c-api.service[125535]: DEBUG cinder.quota [req-9689b5bf-5780-4f67-99b7-204e484b7da4 req-93ee440c-f696-421b-979a-3e4451fc80a0 tempest-VolumesSnapshotsTestJSON-19558185 tempest-VolumesSnapshotsTestJSON-19558185-project] Created reservations ['d15db081-c087-4521-a542-6f506bc17df4', 'ed6e34b4-7c2e-444b-89cd-28cf99d487d4', '74bb128c-0de8-40bf-8d98-23c0faa9497f', 'f80a0a61-e6aa-410c-bef1-46397e9109f0'] {{(pid=125535) reserve /opt/stack/cinder/cinder/quota.py:755}}
Sep 24 19:58:03.267160 dv-cinder-859191-1-smb devstack@c-api.service[125535]: DEBUG cinder.volume.api [req-9689b5bf-5780-4f67-99b7-204e484b7da4 req-93ee440c-f696-421b-979a-3e4451fc80a0 tempest-VolumesSnapshotsTestJSON-19558185 tempest-VolumesSnapshotsTestJSON-19558185-project] Task 'cinder.volume.flows.api.create_volume.QuotaReserveTask;volume:create' (bf7556de-f5ed-4204-9f50-a554e15a578e) transitioned into state 'SUCCESS' from state 'RUNNING' with result '{'reservations': ['d15db081-c087-4521-a542-6f506bc17df4', 'ed6e34b4-7c2e-444b-89cd-28cf99d487d4', '74bb128c-0de8-40bf-8d98-23c0faa9497f', 'f80a0a61-e6aa-410c-bef1-46397e9109f0']}' {{(pid=125535) _task_receiver /usr/local/lib/python3.8/dist-packages/taskflow/listeners/logging.py:178}}
Sep 24 19:58:03.267160 dv-cinder-859191-1-smb devstack@c-api.service[125535]: DEBUG cinder.volume.api [req-9689b5bf-5780-4f67-99b7-204e484b7da4 req-93ee440c-f696-421b-979a-3e4451fc80a0 tempest-VolumesSnapshotsTestJSON-19558185 tempest-VolumesSnapshotsTestJSON-19558185-project] Task 'cinder.volume.flows.api.create_volume.EntryCreateTask;volume:create' (7f96bec1-36dd-4b9f-be92-5d9d3e354217) transitioned into state 'RUNNING' from state 'PENDING' {{(pid=125535) _task_receiver /usr/local/lib/python3.8/dist-packages/taskflow/listeners/logging.py:190}}
Sep 24 19:58:03.343353 dv-cinder-859191-1-smb devstack@c-api.service[125536]: DEBUG cinder.quota [None req-52e9d797-1a2f-4b25-bea8-f44ae57162bc tempest-GroupsV320Test-523567584 tempest-GroupsV320Test-523567584-project] Created reservations ['fe130eae-2db3-4a11-a62a-2b5766d4134d'] {{(pid=125536) reserve /opt/stack/cinder/cinder/quota.py:755}}
Sep 24 19:58:03.405109 dv-cinder-859191-1-smb devstack@c-api.service[125535]: DEBUG cinder.volume.api [req-9689b5bf-5780-4f67-99b7-204e484b7da4 req-93ee440c-f696-421b-979a-3e4451fc80a0 tempest-VolumesSnapshotsTestJSON-19558185 tempest-VolumesSnapshotsTestJSON-19558185-project] Task 'cinder.volume.flows.api.create_volume.EntryCreateTask;volume:create' (7f96bec1-36dd-4b9f-be92-5d9d3e354217) transitioned into state 'SUCCESS' from state 'RUNNING' with result '{'volume_id': '6b86527d-2920-46d2-a934-5152bacf23ef', 'volume_properties': VolumeProperties(attach_status='detached',availability_zone='nova',cgsnapshot_id=None,consistencygroup_id=None,display_description=None,display_name='tempest-VolumesSnapshotsTestJSON-volume-86971054',encryption_key_id=None,group_id=None,group_type_id=,metadata={},multiattach=False,project_id='a0e26363672b412ba7fa1da4d02b2bf1',qos_specs=None,replication_status=,reservations=['d15db081-c087-4521-a542-6f506bc17df4','ed6e34b4-7c2e-444b-89cd-28cf99d487d4','74bb128c-0de8-40bf-8d98-23c0faa9497f','f80a0a61-e6aa-410c-bef1-46397e9109f0'],size=1,snapshot_id=None,source_replicaid=,source_volid=None,status='creating',user_id='42301c9929b74988b159de90ad45ecc7',volume_type_id=9d4cea92-b44c-45bc-ab42-c73228722559), 'volume': Volume(_name_id=None,admin_metadata=,attach_status='detached',availability_zone='nova',bootable=False,cluster=,cluster_name=None,consistencygroup=,consistencygroup_id=None,created_at=2022-09-24T19:58:03Z,deleted=False,deleted_at=None,display_description=None,display_name='tempest-VolumesSnapshotsTestJSON-volume-86971054',ec2_id=None,encryption_key_id=None,glance_metadata=,group=,group_id=None,host=None,id=6b86527d-2920-46d2-a934-5152bacf23ef,launched_at=None,metadata={},migration_status=None,multiattach=False,previous_status=None,project_id='a0e26363672b412ba7fa1da4d02b2bf1',provider_auth=None,provider_geometry=None,provider_id=None,provider_location=None,replication_driver_data=None,replication_extended_status=None,replication_status=None,scheduled_at=None,service_uuid=None,shared_targets=True,size=1,snapshot_id=None,snapshots=,source_volid=None,status='creating',terminated_at=None,updated_at=None,use_quota=True,user_id='42301c9929b74988b159de90ad45ecc7',volume_attachment=VolumeAttachmentList,volume_type=VolumeType(9d4cea92-b44c-45bc-ab42-c73228722559),volume_type_id=9d4cea92-b44c-45bc-ab42-c73228722559)}' {{(pid=125535) _task_receiver /usr/local/lib/python3.8/dist-packages/taskflow/listeners/logging.py:178}}
Sep 24 19:58:03.407101 dv-cinder-859191-1-smb devstack@c-api.service[125535]: DEBUG cinder.volume.api [req-9689b5bf-5780-4f67-99b7-204e484b7da4 req-93ee440c-f696-421b-979a-3e4451fc80a0 tempest-VolumesSnapshotsTestJSON-19558185 tempest-VolumesSnapshotsTestJSON-19558185-project] Task 'cinder.volume.flows.api.create_volume.QuotaCommitTask;volume:create' (173cac74-4408-435a-8370-f6929ee2ab09) transitioned into state 'RUNNING' from state 'PENDING' {{(pid=125535) _task_receiver /usr/local/lib/python3.8/dist-packages/taskflow/listeners/logging.py:190}}
Sep 24 19:58:03.582750 dv-cinder-859191-1-smb devstack@c-api.service[125535]: DEBUG cinder.volume.api [req-9689b5bf-5780-4f67-99b7-204e484b7da4 req-93ee440c-f696-421b-979a-3e4451fc80a0 tempest-VolumesSnapshotsTestJSON-19558185 tempest-VolumesSnapshotsTestJSON-19558185-project] Task 'cinder.volume.flows.api.create_volume.QuotaCommitTask;volume:create' (173cac74-4408-435a-8370-f6929ee2ab09) transitioned into state 'SUCCESS' from state 'RUNNING' with result '{'volume_properties': VolumeProperties(attach_status='detached',availability_zone='nova',cgsnapshot_id=None,consistencygroup_id=None,display_description=None,display_name='tempest-VolumesSnapshotsTestJSON-volume-86971054',encryption_key_id=None,group_id=None,group_type_id=,metadata={},multiattach=False,project_id='a0e26363672b412ba7fa1da4d02b2bf1',qos_specs=None,replication_status=,reservations=['d15db081-c087-4521-a542-6f506bc17df4','ed6e34b4-7c2e-444b-89cd-28cf99d487d4','74bb128c-0de8-40bf-8d98-23c0faa9497f','f80a0a61-e6aa-410c-bef1-46397e9109f0'],size=1,snapshot_id=None,source_replicaid=,source_volid=None,status='creating',user_id='42301c9929b74988b159de90ad45ecc7',volume_type_id=9d4cea92-b44c-45bc-ab42-c73228722559)}' {{(pid=125535) _task_receiver /usr/local/lib/python3.8/dist-packages/taskflow/listeners/logging.py:178}}
Sep 24 19:58:03.586795 dv-cinder-859191-1-smb devstack@c-api.service[125535]: DEBUG cinder.volume.api [req-9689b5bf-5780-4f67-99b7-204e484b7da4 req-93ee440c-f696-421b-979a-3e4451fc80a0 tempest-VolumesSnapshotsTestJSON-19558185 tempest-VolumesSnapshotsTestJSON-19558185-project] Task 'cinder.volume.flows.api.create_volume.VolumeCastTask;volume:create' (3aa439b0-2cba-4847-a895-b00fcbe77f8b) transitioned into state 'RUNNING' from state 'PENDING' {{(pid=125535) _task_receiver /usr/local/lib/python3.8/dist-packages/taskflow/listeners/logging.py:190}}
Sep 24 19:58:03.736821 dv-cinder-859191-1-smb devstack@c-api.service[125535]: DEBUG cinder.volume.api [req-9689b5bf-5780-4f67-99b7-204e484b7da4 req-93ee440c-f696-421b-979a-3e4451fc80a0 tempest-VolumesSnapshotsTestJSON-19558185 tempest-VolumesSnapshotsTestJSON-19558185-project] Task 'cinder.volume.flows.api.create_volume.VolumeCastTask;volume:create' (3aa439b0-2cba-4847-a895-b00fcbe77f8b) transitioned into state 'SUCCESS' from state 'RUNNING' with result 'None' {{(pid=125535) _task_receiver /usr/local/lib/python3.8/dist-packages/taskflow/listeners/logging.py:178}}
Sep 24 19:58:03.748924 dv-cinder-859191-1-smb devstack@c-api.service[125535]: DEBUG cinder.volume.api [req-9689b5bf-5780-4f67-99b7-204e484b7da4 req-93ee440c-f696-421b-979a-3e4451fc80a0 tempest-VolumesSnapshotsTestJSON-19558185 tempest-VolumesSnapshotsTestJSON-19558185-project] Flow 'volume_create_api' (0b97b2ec-4eb8-4b04-b1fd-1eec30e0b9db) transitioned into state 'SUCCESS' from state 'RUNNING' {{(pid=125535) _flow_receiver /usr/local/lib/python3.8/dist-packages/taskflow/listeners/logging.py:141}}
Sep 24 19:58:03.749766 dv-cinder-859191-1-smb devstack@c-api.service[125535]: INFO cinder.volume.api [req-9689b5bf-5780-4f67-99b7-204e484b7da4 req-93ee440c-f696-421b-979a-3e4451fc80a0 tempest-VolumesSnapshotsTestJSON-19558185 tempest-VolumesSnapshotsTestJSON-19558185-project] Create volume request issued successfully.
Sep 24 19:58:03.752585 dv-cinder-859191-1-smb devstack@c-api.service[125535]: INFO cinder.api.openstack.wsgi [req-9689b5bf-5780-4f67-99b7-204e484b7da4 req-93ee440c-f696-421b-979a-3e4451fc80a0 tempest-VolumesSnapshotsTestJSON-19558185 tempest-VolumesSnapshotsTestJSON-19558185-project] http://10.222.0.60/volume/v3/a0e26363672b412ba7fa1da4d02b2bf1/volumes returned with HTTP 202
Sep 24 19:58:03.757652 dv-cinder-859191-1-smb devstack@c-api.service[125535]: [pid: 125535|app: 0|req: 6/13] 10.222.0.60 () {64 vars in 1521 bytes} [Sat Sep 24 19:58:02 2022] POST /volume/v3/a0e26363672b412ba7fa1da4d02b2bf1/volumes => generated 822 bytes in 1258 msecs (HTTP/1.1 202) 7 headers in 291 bytes (2 switches on core 0)
Sep 24 19:58:03.774829 dv-cinder-859191-1-smb devstack@c-api.service[125535]: DEBUG cinder.api.middleware.request_id [req-9689b5bf-5780-4f67-99b7-204e484b7da4 req-d15d44d3-b6cb-4d56-acd2-f1d4a31df53a None None] RequestId filter calling following filter/app {{(pid=125535) _context_setter /opt/stack/cinder/cinder/api/middleware/request_id.py:62}}
Sep 24 19:58:03.780974 dv-cinder-859191-1-smb devstack@c-api.service[125535]: INFO cinder.api.openstack.wsgi [req-9689b5bf-5780-4f67-99b7-204e484b7da4 req-d15d44d3-b6cb-4d56-acd2-f1d4a31df53a tempest-VolumesSnapshotsTestJSON-19558185 tempest-VolumesSnapshotsTestJSON-19558185-project] GET http://10.222.0.60/volume/v3/a0e26363672b412ba7fa1da4d02b2bf1/volumes/6b86527d-2920-46d2-a934-5152bacf23ef
Sep 24 19:58:03.782686 dv-cinder-859191-1-smb devstack@c-api.service[125535]: DEBUG cinder.api.openstack.wsgi [req-9689b5bf-5780-4f67-99b7-204e484b7da4 req-d15d44d3-b6cb-4d56-acd2-f1d4a31df53a tempest-VolumesSnapshotsTestJSON-19558185 tempest-VolumesSnapshotsTestJSON-19558185-project] Empty body provided in request {{(pid=125535) get_body /opt/stack/cinder/cinder/api/openstack/wsgi.py:715}}
Sep 24 19:58:03.786634 dv-cinder-859191-1-smb devstack@c-api.service[125536]: INFO cinder.api.openstack.wsgi [None req-52e9d797-1a2f-4b25-bea8-f44ae57162bc tempest-GroupsV320Test-523567584 tempest-GroupsV320Test-523567584-project] http://10.222.0.60/volume/v3/2f682ebc17b441a6800e911f74ab1ce0/groups returned with HTTP 202
Sep 24 19:58:03.789651 dv-cinder-859191-1-smb devstack@c-api.service[125536]: [pid: 125536|app: 0|req: 8/14] 10.222.0.60 () {62 vars in 1274 bytes} [Sat Sep 24 19:58:02 2022] POST /volume/v3/2f682ebc17b441a6800e911f74ab1ce0/groups => generated 107 bytes in 1070 msecs (HTTP/1.1 202) 7 headers in 292 bytes (1 switches on core 0)
Sep 24 19:58:03.792534 dv-cinder-859191-1-smb devstack@c-api.service[125535]: DEBUG cinder.api.openstack.wsgi [req-9689b5bf-5780-4f67-99b7-204e484b7da4 req-d15d44d3-b6cb-4d56-acd2-f1d4a31df53a tempest-VolumesSnapshotsTestJSON-19558185 tempest-VolumesSnapshotsTestJSON-19558185-project] Calling method 'show' {{(pid=125535) _process_stack /opt/stack/cinder/cinder/api/openstack/wsgi.py:868}}
Sep 24 19:58:03.795023 dv-cinder-859191-1-smb devstack@c-api.service[125536]: DEBUG cinder.api.middleware.request_id [None req-67c6f0c0-de4d-4a28-b625-d27b325d0913 None None] RequestId filter calling following filter/app {{(pid=125536) _context_setter /opt/stack/cinder/cinder/api/middleware/request_id.py:62}}
Sep 24 19:58:03.810370 dv-cinder-859191-1-smb devstack@c-api.service[125536]: INFO cinder.api.openstack.wsgi [None req-67c6f0c0-de4d-4a28-b625-d27b325d0913 tempest-GroupsV320Test-523567584 tempest-GroupsV320Test-523567584-project] GET http://10.222.0.60/volume/v3/2f682ebc17b441a6800e911f74ab1ce0/groups/96158966-2bc8-4a33-a405-f27b06584ba9
Sep 24 19:58:03.812297 dv-cinder-859191-1-smb devstack@c-api.service[125536]: DEBUG cinder.api.openstack.wsgi [None req-67c6f0c0-de4d-4a28-b625-d27b325d0913 tempest-GroupsV320Test-523567584 tempest-GroupsV320Test-523567584-project] Empty body provided in request {{(pid=125536) get_body /opt/stack/cinder/cinder/api/openstack/wsgi.py:715}}
Sep 24 19:58:03.813536 dv-cinder-859191-1-smb devstack@c-api.service[125536]: DEBUG cinder.api.openstack.wsgi [None req-67c6f0c0-de4d-4a28-b625-d27b325d0913 tempest-GroupsV320Test-523567584 tempest-GroupsV320Test-523567584-project] Calling method 'version_select' {{(pid=125536) _process_stack /opt/stack/cinder/cinder/api/openstack/wsgi.py:868}}
Sep 24 19:58:03.815338 dv-cinder-859191-1-smb devstack@c-api.service[125536]: DEBUG cinder.api.v3.groups [None req-67c6f0c0-de4d-4a28-b625-d27b325d0913 tempest-GroupsV320Test-523567584 tempest-GroupsV320Test-523567584-project] show called for member 96158966-2bc8-4a33-a405-f27b06584ba9 {{(pid=125536) show /opt/stack/cinder/cinder/api/v3/groups.py:58}}
Sep 24 19:58:03.830790 dv-cinder-859191-1-smb devstack@c-api.service[125536]: /usr/local/lib/python3.8/dist-packages/oslo_context/context.py:100: DeprecationWarning: Policy enforcement is depending on the value of is_admin. This key is deprecated. Please update your policy file to use the standard policy values.
Sep 24 19:58:03.830790 dv-cinder-859191-1-smb devstack@c-api.service[125536]: warnings.warn('Policy enforcement is depending on the value of '
Sep 24 19:58:03.870125 dv-cinder-859191-1-smb devstack@c-api.service[125535]: /usr/local/lib/python3.8/dist-packages/oslo_context/context.py:100: DeprecationWarning: Policy enforcement is depending on the value of is_admin. This key is deprecated. Please update your policy file to use the standard policy values.
Sep 24 19:58:03.870125 dv-cinder-859191-1-smb devstack@c-api.service[125535]: warnings.warn('Policy enforcement is depending on the value of '
Sep 24 19:58:03.898900 dv-cinder-859191-1-smb devstack@c-api.service[125536]: INFO cinder.api.openstack.wsgi [None req-67c6f0c0-de4d-4a28-b625-d27b325d0913 tempest-GroupsV320Test-523567584 tempest-GroupsV320Test-523567584-project] http://10.222.0.60/volume/v3/2f682ebc17b441a6800e911f74ab1ce0/groups/96158966-2bc8-4a33-a405-f27b06584ba9 returned with HTTP 200
Sep 24 19:58:03.901835 dv-cinder-859191-1-smb devstack@c-api.service[125536]: [pid: 125536|app: 0|req: 9/15] 10.222.0.60 () {60 vars in 1363 bytes} [Sat Sep 24 19:58:03 2022] GET /volume/v3/2f682ebc17b441a6800e911f74ab1ce0/groups/96158966-2bc8-4a33-a405-f27b06584ba9 => generated 387 bytes in 108 msecs (HTTP/1.1 200) 7 headers in 286 bytes (1 switches on core 0)
Sep 24 19:58:03.911714 dv-cinder-859191-1-smb devstack@c-api.service[125535]: INFO cinder.volume.api [req-9689b5bf-5780-4f67-99b7-204e484b7da4 req-d15d44d3-b6cb-4d56-acd2-f1d4a31df53a tempest-VolumesSnapshotsTestJSON-19558185 tempest-VolumesSnapshotsTestJSON-19558185-project] Volume info retrieved successfully.
Sep 24 19:58:03.940650 dv-cinder-859191-1-smb devstack@c-api.service[125536]: DEBUG cinder.api.middleware.request_id [None req-313da2a3-f64a-4b00-8a3a-c61be2714b38 None None] RequestId filter calling following filter/app {{(pid=125536) _context_setter /opt/stack/cinder/cinder/api/middleware/request_id.py:62}}
Sep 24 19:58:03.946852 dv-cinder-859191-1-smb devstack@c-api.service[125535]: INFO cinder.api.openstack.wsgi [req-9689b5bf-5780-4f67-99b7-204e484b7da4 req-d15d44d3-b6cb-4d56-acd2-f1d4a31df53a tempest-VolumesSnapshotsTestJSON-19558185 tempest-VolumesSnapshotsTestJSON-19558185-project] http://10.222.0.60/volume/v3/a0e26363672b412ba7fa1da4d02b2bf1/volumes/6b86527d-2920-46d2-a934-5152bacf23ef returned with HTTP 200
Sep 24 19:58:03.965219 dv-cinder-859191-1-smb devstack@c-api.service[125535]: [pid: 125535|app: 0|req: 7/16] 10.222.0.60 () {60 vars in 1578 bytes} [Sat Sep 24 19:58:03 2022] GET /volume/v3/a0e26363672b412ba7fa1da4d02b2bf1/volumes/6b86527d-2920-46d2-a934-5152bacf23ef => generated 890 bytes in 185 msecs (HTTP/1.1 200) 7 headers in 285 bytes (2 switches on core 0)
