Sep 24 19:58:45.738501 dv-cinder-859191-1-smb devstack@c-api.service[125535]: WARNING stevedore.named [None req-d1513cb2-1f0e-4e2b-9177-e42bd6b5608c tempest-VolumeManageAdminTest-333772915 tempest-VolumeManageAdminTest-333772915-project-admin] Could not load cinder.keymgr.conf_key_mgr.ConfKeyManager
Sep 24 19:58:45.738879 dv-cinder-859191-1-smb devstack@c-api.service[125535]: WARNING castellan.key_manager [None req-d1513cb2-1f0e-4e2b-9177-e42bd6b5608c tempest-VolumeManageAdminTest-333772915 tempest-VolumeManageAdminTest-333772915-project-admin] Deprecation Warning : cinder.keymgr.conf_key_mgr.ConfKeyManager is not a stevedore based driver, trying to load it as a class: stevedore.exception.NoMatches: No 'castellan.drivers' driver found, looking for 'cinder.keymgr.conf_key_mgr.ConfKeyManager'
Sep 24 19:58:45.751424 dv-cinder-859191-1-smb devstack@c-api.service[125535]: DEBUG oslo_db.sqlalchemy.engines [None req-d1513cb2-1f0e-4e2b-9177-e42bd6b5608c tempest-VolumeManageAdminTest-333772915 tempest-VolumeManageAdminTest-333772915-project-admin] MySQL server mode set to STRICT_TRANS_TABLES,STRICT_ALL_TABLES,NO_ZERO_IN_DATE,NO_ZERO_DATE,ERROR_FOR_DIVISION_BY_ZERO,TRADITIONAL,NO_ENGINE_SUBSTITUTION {{(pid=125535) _check_effective_sql_mode /usr/local/lib/python3.8/dist-packages/oslo_db/sqlalchemy/engines.py:314}}
Sep 24 19:58:45.760340 dv-cinder-859191-1-smb devstack@c-api.service[125535]: /usr/local/lib/python3.8/dist-packages/oslo_context/context.py:100: DeprecationWarning: Policy enforcement is depending on the value of is_admin. This key is deprecated. Please update your policy file to use the standard policy values.
Sep 24 19:58:45.760340 dv-cinder-859191-1-smb devstack@c-api.service[125535]: warnings.warn('Policy enforcement is depending on the value of '
Sep 24 19:58:45.763877 dv-cinder-859191-1-smb devstack@c-api.service[125536]: INFO cinder.api.openstack.wsgi [None req-75997235-86a0-46a2-8435-8515c37c070d tempest-VolumeTypesTest-1461921224 tempest-VolumeTypesTest-1461921224-project-admin] http://10.222.0.60/volume/v3/ed02534e46e5477e91f8c94ed04bb66b/types returned with HTTP 200
Sep 24 19:58:45.773675 dv-cinder-859191-1-smb devstack@c-api.service[125536]: [pid: 125536|app: 0|req: 113/206] 10.222.0.60 () {60 vars in 1230 bytes} [Sat Sep 24 19:58:45 2022] POST /volume/v3/ed02534e46e5477e91f8c94ed04bb66b/types => generated 317 bytes in 142 msecs (HTTP/1.1 200) 7 headers in 285 bytes (1 switches on core 0)
Sep 24 19:58:45.775908 dv-cinder-859191-1-smb devstack@c-api.service[125536]: DEBUG cinder.api.middleware.request_id [None req-44969bc2-5aff-4e1c-b987-a490932a7243 None None] RequestId filter calling following filter/app {{(pid=125536) _context_setter /opt/stack/cinder/cinder/api/middleware/request_id.py:62}}
Sep 24 19:58:45.781621 dv-cinder-859191-1-smb devstack@c-api.service[125535]: INFO cinder.api.openstack.wsgi [None req-d1513cb2-1f0e-4e2b-9177-e42bd6b5608c tempest-VolumeManageAdminTest-333772915 tempest-VolumeManageAdminTest-333772915-project-admin] http://10.222.0.60/volume/v3/cf70c62c717344c293df44f3cb98c1cd/volumes/detail?all_tenants=1 returned with HTTP 200
Sep 24 19:58:45.784046 dv-cinder-859191-1-smb devstack@c-api.service[125536]: INFO cinder.api.openstack.wsgi [None req-44969bc2-5aff-4e1c-b987-a490932a7243 tempest-VolumeTypesTest-1461921224 tempest-VolumeTypesTest-1461921224-project-admin] GET http://10.222.0.60/volume/v3/ed02534e46e5477e91f8c94ed04bb66b/types/314cd237-1ce6-4589-ade3-750ce50cbe1e
Sep 24 19:58:45.784731 dv-cinder-859191-1-smb devstack@c-api.service[125536]: DEBUG cinder.api.openstack.wsgi [None req-44969bc2-5aff-4e1c-b987-a490932a7243 tempest-VolumeTypesTest-1461921224 tempest-VolumeTypesTest-1461921224-project-admin] Empty body provided in request {{(pid=125536) get_body /opt/stack/cinder/cinder/api/openstack/wsgi.py:715}}
Sep 24 19:58:45.785317 dv-cinder-859191-1-smb devstack@c-api.service[125536]: DEBUG cinder.api.openstack.wsgi [None req-44969bc2-5aff-4e1c-b987-a490932a7243 tempest-VolumeTypesTest-1461921224 tempest-VolumeTypesTest-1461921224-project-admin] Calling method 'show' {{(pid=125536) _process_stack /opt/stack/cinder/cinder/api/openstack/wsgi.py:868}}
Sep 24 19:58:45.790089 dv-cinder-859191-1-smb devstack@c-api.service[125535]: [pid: 125535|app: 0|req: 94/207] 10.222.0.60 () {58 vars in 1262 bytes} [Sat Sep 24 19:58:45 2022] GET /volume/v3/cf70c62c717344c293df44f3cb98c1cd/volumes/detail?all_tenants=1 => generated 2215 bytes in 118 msecs (HTTP/1.1 200) 7 headers in 286 bytes (2 switches on core 0)
Sep 24 19:58:45.797023 dv-cinder-859191-1-smb devstack@c-api.service[125536]: INFO cinder.api.openstack.wsgi [None req-44969bc2-5aff-4e1c-b987-a490932a7243 tempest-VolumeTypesTest-1461921224 tempest-VolumeTypesTest-1461921224-project-admin] http://10.222.0.60/volume/v3/ed02534e46e5477e91f8c94ed04bb66b/types/314cd237-1ce6-4589-ade3-750ce50cbe1e returned with HTTP 200
Sep 24 19:58:45.804534 dv-cinder-859191-1-smb devstack@c-api.service[125536]: [pid: 125536|app: 0|req: 114/208] 10.222.0.60 () {58 vars in 1319 bytes} [Sat Sep 24 19:58:45 2022] GET /volume/v3/ed02534e46e5477e91f8c94ed04bb66b/types/314cd237-1ce6-4589-ade3-750ce50cbe1e => generated 339 bytes in 24 msecs (HTTP/1.1 200) 7 headers in 285 bytes (1 switches on core 0)
Sep 24 19:58:45.806376 dv-cinder-859191-1-smb devstack@c-api.service[125536]: DEBUG cinder.api.middleware.request_id [None req-e83465d1-b5b3-48c9-85f5-5e9ce6b22ff7 None None] RequestId filter calling following filter/app {{(pid=125536) _context_setter /opt/stack/cinder/cinder/api/middleware/request_id.py:62}}
Sep 24 19:58:45.806530 dv-cinder-859191-1-smb devstack@c-api.service[125535]: DEBUG cinder.api.middleware.request_id [None req-ce5b0406-3c75-4cbf-acec-817fbcf98fbb None None] RequestId filter calling following filter/app {{(pid=125535) _context_setter /opt/stack/cinder/cinder/api/middleware/request_id.py:62}}
Sep 24 19:58:45.810682 dv-cinder-859191-1-smb devstack@c-api.service[125536]: INFO cinder.api.openstack.wsgi [None req-e83465d1-b5b3-48c9-85f5-5e9ce6b22ff7 tempest-VolumeTypesTest-1461921224 tempest-VolumeTypesTest-1461921224-project-admin] POST http://10.222.0.60/volume/v3/ed02534e46e5477e91f8c94ed04bb66b/types
Sep 24 19:58:45.811394 dv-cinder-859191-1-smb devstack@c-api.service[125536]: DEBUG cinder.api.openstack.wsgi [None req-e83465d1-b5b3-48c9-85f5-5e9ce6b22ff7 tempest-VolumeTypesTest-1461921224 tempest-VolumeTypesTest-1461921224-project-admin] Action: 'create', calling method: _create, body: {"volume_type": {"name": "tempest-VolumeTypesTest-volume-type-892090346"}} {{(pid=125536) _process_stack /opt/stack/cinder/cinder/api/openstack/wsgi.py:866}}
Sep 24 19:58:45.814604 dv-cinder-859191-1-smb devstack@c-api.service[125535]: INFO cinder.api.openstack.wsgi [None req-ce5b0406-3c75-4cbf-acec-817fbcf98fbb tempest-VolumeManageAdminTest-333772915 tempest-VolumeManageAdminTest-333772915-project-admin] POST http://10.222.0.60/volume/v3/cf70c62c717344c293df44f3cb98c1cd/os-volume-manage
Sep 24 19:58:45.816255 dv-cinder-859191-1-smb devstack@c-api.service[125535]: DEBUG cinder.api.openstack.wsgi [None req-ce5b0406-3c75-4cbf-acec-817fbcf98fbb tempest-VolumeManageAdminTest-333772915 tempest-VolumeManageAdminTest-333772915-project-admin] Action: 'create', calling method: create, body: {"volume": {"name": "tempest-VolumeManageAdminTest-volume-100562946", "host": "hv-cinder-85919@wincnd#smbshare", "ref": {"source-name": "//127.0.0.1/smbshare/volume-04c257ff-ed9c-4cde-85f1-6878d881c03d.vhdx"}, "volume_type": "__DEFAULT__", "availability_zone": "nova"}} {{(pid=125535) _process_stack /opt/stack/cinder/cinder/api/openstack/wsgi.py:866}}
Sep 24 19:58:45.822031 dv-cinder-859191-1-smb devstack@c-api.service[125535]: DEBUG cinder.api.contrib.volume_manage [None req-ce5b0406-3c75-4cbf-acec-817fbcf98fbb tempest-VolumeManageAdminTest-333772915 tempest-VolumeManageAdminTest-333772915-project-admin] Manage volume request body: {'volume': {'name': 'tempest-VolumeManageAdminTest-volume-100562946', 'host': 'hv-cinder-85919@wincnd#smbshare', 'ref': {'source-name': '//127.0.0.1/smbshare/volume-04c257ff-ed9c-4cde-85f1-6878d881c03d.vhdx'}, 'volume_type': '__DEFAULT__', 'availability_zone': 'nova'}} {{(pid=125535) create /opt/stack/cinder/cinder/api/contrib/volume_manage.py:114}}
Sep 24 19:58:45.840440 dv-cinder-859191-1-smb devstack@c-api.service[125536]: DEBUG dbcounter [-] [125536] Writing DB stats cinder:SELECT=79,cinder:INSERT=7,cinder:UPDATE=14 {{(pid=125536) stat_writer /usr/local/lib/python3.8/dist-packages/dbcounter.py:114}}
Sep 24 19:58:45.854957 dv-cinder-859191-1-smb devstack@c-api.service[125535]: DEBUG cinder.volume.api [None req-ce5b0406-3c75-4cbf-acec-817fbcf98fbb tempest-VolumeManageAdminTest-333772915 tempest-VolumeManageAdminTest-333772915-project-admin] Flow 'volume_manage_existing_api' (2e187136-d579-478f-9b4c-2731e5fc94e7) transitioned into state 'RUNNING' from state 'PENDING' {{(pid=125535) _flow_receiver /usr/local/lib/python3.8/dist-packages/taskflow/listeners/logging.py:141}}
Sep 24 19:58:45.857279 dv-cinder-859191-1-smb devstack@c-api.service[125535]: DEBUG cinder.volume.api [None req-ce5b0406-3c75-4cbf-acec-817fbcf98fbb tempest-VolumeManageAdminTest-333772915 tempest-VolumeManageAdminTest-333772915-project-admin] Task 'cinder.volume.flows.api.create_volume.QuotaReserveTask;volume:create' (56efaae8-07fc-415a-b639-b87f57d88f77) transitioned into state 'RUNNING' from state 'PENDING' {{(pid=125535) _task_receiver /usr/local/lib/python3.8/dist-packages/taskflow/listeners/logging.py:190}}
Sep 24 19:58:45.900976 dv-cinder-859191-1-smb devstack@c-api.service[125536]: INFO cinder.api.openstack.wsgi [None req-e83465d1-b5b3-48c9-85f5-5e9ce6b22ff7 tempest-VolumeTypesTest-1461921224 tempest-VolumeTypesTest-1461921224-project-admin] http://10.222.0.60/volume/v3/ed02534e46e5477e91f8c94ed04bb66b/types returned with HTTP 200
Sep 24 19:58:45.901276 dv-cinder-859191-1-smb devstack@c-api.service[125536]: [pid: 125536|app: 0|req: 115/209] 10.222.0.60 () {60 vars in 1229 bytes} [Sat Sep 24 19:58:45 2022] POST /volume/v3/ed02534e46e5477e91f8c94ed04bb66b/types => generated 220 bytes in 96 msecs (HTTP/1.1 200) 7 headers in 285 bytes (1 switches on core 0)
Sep 24 19:58:45.908528 dv-cinder-859191-1-smb devstack@c-api.service[125536]: DEBUG cinder.api.middleware.request_id [None req-1b5185b0-25b1-47e9-8d50-c05bdae32a99 None None] RequestId filter calling following filter/app {{(pid=125536) _context_setter /opt/stack/cinder/cinder/api/middleware/request_id.py:62}}
Sep 24 19:58:45.913359 dv-cinder-859191-1-smb devstack@c-api.service[125536]: INFO cinder.api.openstack.wsgi [None req-1b5185b0-25b1-47e9-8d50-c05bdae32a99 tempest-VolumeTypesTest-1461921224 tempest-VolumeTypesTest-1461921224-project-admin] POST http://10.222.0.60/volume/v3/ed02534e46e5477e91f8c94ed04bb66b/types/56ce09eb-15c7-428e-a43b-9f09b235ac6f/encryption
Sep 24 19:58:45.914251 dv-cinder-859191-1-smb devstack@c-api.service[125536]: DEBUG cinder.api.openstack.wsgi [None req-1b5185b0-25b1-47e9-8d50-c05bdae32a99 tempest-VolumeTypesTest-1461921224 tempest-VolumeTypesTest-1461921224-project-admin] Action: 'create', calling method: create, body: {"encryption": {"provider": "LuksEncryptor", "key_size": 256, "cipher": "aes-xts-plain64", "control_location": "front-end"}} {{(pid=125536) _process_stack /opt/stack/cinder/cinder/api/openstack/wsgi.py:866}}
Sep 24 19:58:46.037026 dv-cinder-859191-1-smb devstack@c-api.service[125536]: INFO cinder.api.openstack.wsgi [None req-1b5185b0-25b1-47e9-8d50-c05bdae32a99 tempest-VolumeTypesTest-1461921224 tempest-VolumeTypesTest-1461921224-project-admin] http://10.222.0.60/volume/v3/ed02534e46e5477e91f8c94ed04bb66b/types/56ce09eb-15c7-428e-a43b-9f09b235ac6f/encryption returned with HTTP 200
Sep 24 19:58:46.039266 dv-cinder-859191-1-smb devstack@c-api.service[125536]: [pid: 125536|app: 0|req: 116/210] 10.222.0.60 () {60 vars in 1374 bytes} [Sat Sep 24 19:58:45 2022] POST /volume/v3/ed02534e46e5477e91f8c94ed04bb66b/types/56ce09eb-15c7-428e-a43b-9f09b235ac6f/encryption => generated 239 bytes in 130 msecs (HTTP/1.1 200) 7 headers in 285 bytes (2 switches on core 0)
Sep 24 19:58:46.040751 dv-cinder-859191-1-smb devstack@c-api.service[125536]: DEBUG cinder.api.middleware.request_id [None req-9675e780-3882-4f5b-be9d-d5da57751ddb None None] RequestId filter calling following filter/app {{(pid=125536) _context_setter /opt/stack/cinder/cinder/api/middleware/request_id.py:62}}
Sep 24 19:58:46.045483 dv-cinder-859191-1-smb devstack@c-api.service[125536]: INFO cinder.api.openstack.wsgi [None req-9675e780-3882-4f5b-be9d-d5da57751ddb tempest-GroupSnapshotsTest-1396401877 tempest-GroupSnapshotsTest-1396401877-project] GET http://10.222.0.60/volume/v3/7f94c1cbe3b54179980be6c36f9cef70/volumes/7a3fdb84-be01-4ef0-8c56-70f02740c7bf
Sep 24 19:58:46.046065 dv-cinder-859191-1-smb devstack@c-api.service[125536]: DEBUG cinder.api.openstack.wsgi [None req-9675e780-3882-4f5b-be9d-d5da57751ddb tempest-GroupSnapshotsTest-1396401877 tempest-GroupSnapshotsTest-1396401877-project] Empty body provided in request {{(pid=125536) get_body /opt/stack/cinder/cinder/api/openstack/wsgi.py:715}}
Sep 24 19:58:46.046605 dv-cinder-859191-1-smb devstack@c-api.service[125536]: DEBUG cinder.api.openstack.wsgi [None req-9675e780-3882-4f5b-be9d-d5da57751ddb tempest-GroupSnapshotsTest-1396401877 tempest-GroupSnapshotsTest-1396401877-project] Calling method 'show' {{(pid=125536) _process_stack /opt/stack/cinder/cinder/api/openstack/wsgi.py:868}}
Sep 24 19:58:46.067235 dv-cinder-859191-1-smb devstack@c-api.service[125536]: /usr/local/lib/python3.8/dist-packages/oslo_context/context.py:100: DeprecationWarning: Policy enforcement is depending on the value of is_admin. This key is deprecated. Please update your policy file to use the standard policy values.
Sep 24 19:58:46.067235 dv-cinder-859191-1-smb devstack@c-api.service[125536]: warnings.warn('Policy enforcement is depending on the value of '
Sep 24 19:58:46.074826 dv-cinder-859191-1-smb devstack@c-api.service[125536]: INFO cinder.volume.api [None req-9675e780-3882-4f5b-be9d-d5da57751ddb tempest-GroupSnapshotsTest-1396401877 tempest-GroupSnapshotsTest-1396401877-project] Volume info retrieved successfully.
Sep 24 19:58:46.076225 dv-cinder-859191-1-smb devstack@c-api.service[125536]: WARNING stevedore.named [None req-9675e780-3882-4f5b-be9d-d5da57751ddb tempest-GroupSnapshotsTest-1396401877 tempest-GroupSnapshotsTest-1396401877-project] Could not load cinder.keymgr.conf_key_mgr.ConfKeyManager
Sep 24 19:58:46.076598 dv-cinder-859191-1-smb devstack@c-api.service[125536]: WARNING castellan.key_manager [None req-9675e780-3882-4f5b-be9d-d5da57751ddb tempest-GroupSnapshotsTest-1396401877 tempest-GroupSnapshotsTest-1396401877-project] Deprecation Warning : cinder.keymgr.conf_key_mgr.ConfKeyManager is not a stevedore based driver, trying to load it as a class: stevedore.exception.NoMatches: No 'castellan.drivers' driver found, looking for 'cinder.keymgr.conf_key_mgr.ConfKeyManager'
Sep 24 19:58:46.083957 dv-cinder-859191-1-smb devstack@c-api.service[125536]: DEBUG oslo_db.sqlalchemy.engines [None req-9675e780-3882-4f5b-be9d-d5da57751ddb tempest-GroupSnapshotsTest-1396401877 tempest-GroupSnapshotsTest-1396401877-project] MySQL server mode set to STRICT_TRANS_TABLES,STRICT_ALL_TABLES,NO_ZERO_IN_DATE,NO_ZERO_DATE,ERROR_FOR_DIVISION_BY_ZERO,TRADITIONAL,NO_ENGINE_SUBSTITUTION {{(pid=125536) _check_effective_sql_mode /usr/local/lib/python3.8/dist-packages/oslo_db/sqlalchemy/engines.py:314}}
Sep 24 19:58:46.090458 dv-cinder-859191-1-smb devstack@c-api.service[125536]: /usr/local/lib/python3.8/dist-packages/oslo_context/context.py:100: DeprecationWarning: Policy enforcement is depending on the value of is_admin. This key is deprecated. Please update your policy file to use the standard policy values.
Sep 24 19:58:46.090458 dv-cinder-859191-1-smb devstack@c-api.service[125536]: warnings.warn('Policy enforcement is depending on the value of '
Sep 24 19:58:46.105611 dv-cinder-859191-1-smb devstack@c-api.service[125536]: INFO cinder.api.openstack.wsgi [None req-9675e780-3882-4f5b-be9d-d5da57751ddb tempest-GroupSnapshotsTest-1396401877 tempest-GroupSnapshotsTest-1396401877-project] http://10.222.0.60/volume/v3/7f94c1cbe3b54179980be6c36f9cef70/volumes/7a3fdb84-be01-4ef0-8c56-70f02740c7bf returned with HTTP 200
Sep 24 19:58:46.106386 dv-cinder-859191-1-smb devstack@c-api.service[125536]: [pid: 125536|app: 0|req: 117/211] 10.222.0.60 () {60 vars in 1366 bytes} [Sat Sep 24 19:58:46 2022] GET /volume/v3/7f94c1cbe3b54179980be6c36f9cef70/volumes/7a3fdb84-be01-4ef0-8c56-70f02740c7bf => generated 1000 bytes in 67 msecs (HTTP/1.1 200) 7 headers in 287 bytes (1 switches on core 0)
Sep 24 19:58:46.107530 dv-cinder-859191-1-smb devstack@c-api.service[125536]: DEBUG cinder.api.middleware.request_id [None req-095ed19b-0d6d-4bd7-a410-37149c0e8d77 None None] RequestId filter calling following filter/app {{(pid=125536) _context_setter /opt/stack/cinder/cinder/api/middleware/request_id.py:62}}
Sep 24 19:58:46.112471 dv-cinder-859191-1-smb devstack@c-api.service[125536]: INFO cinder.api.openstack.wsgi [None req-095ed19b-0d6d-4bd7-a410-37149c0e8d77 tempest-VolumeTypesTest-1461921224 tempest-VolumeTypesTest-1461921224-project-admin] GET http://10.222.0.60/volume/v3/ed02534e46e5477e91f8c94ed04bb66b/types/56ce09eb-15c7-428e-a43b-9f09b235ac6f/encryption
Sep 24 19:58:46.112901 dv-cinder-859191-1-smb devstack@c-api.service[125536]: DEBUG cinder.api.openstack.wsgi [None req-095ed19b-0d6d-4bd7-a410-37149c0e8d77 tempest-VolumeTypesTest-1461921224 tempest-VolumeTypesTest-1461921224-project-admin] Empty body provided in request {{(pid=125536) get_body /opt/stack/cinder/cinder/api/openstack/wsgi.py:715}}
Sep 24 19:58:46.113345 dv-cinder-859191-1-smb devstack@c-api.service[125536]: DEBUG cinder.api.openstack.wsgi [None req-095ed19b-0d6d-4bd7-a410-37149c0e8d77 tempest-VolumeTypesTest-1461921224 tempest-VolumeTypesTest-1461921224-project-admin] Calling method 'index' {{(pid=125536) _process_stack /opt/stack/cinder/cinder/api/openstack/wsgi.py:868}}
Sep 24 19:58:46.125794 dv-cinder-859191-1-smb devstack@c-api.service[125536]: INFO cinder.api.openstack.wsgi [None req-095ed19b-0d6d-4bd7-a410-37149c0e8d77 tempest-VolumeTypesTest-1461921224 tempest-VolumeTypesTest-1461921224-project-admin] http://10.222.0.60/volume/v3/ed02534e46e5477e91f8c94ed04bb66b/types/56ce09eb-15c7-428e-a43b-9f09b235ac6f/encryption returned with HTTP 200
Sep 24 19:58:46.126697 dv-cinder-859191-1-smb devstack@c-api.service[125536]: [pid: 125536|app: 0|req: 118/212] 10.222.0.60 () {58 vars in 1352 bytes} [Sat Sep 24 19:58:46 2022] GET /volume/v3/ed02534e46e5477e91f8c94ed04bb66b/types/56ce09eb-15c7-428e-a43b-9f09b235ac6f/encryption => generated 325 bytes in 20 msecs (HTTP/1.1 200) 7 headers in 285 bytes (1 switches on core 0)
Sep 24 19:58:46.128103 dv-cinder-859191-1-smb devstack@c-api.service[125536]: DEBUG cinder.api.middleware.request_id [None req-b113f9aa-ee69-4828-90d5-5417d3dcff35 None None] RequestId filter calling following filter/app {{(pid=125536) _context_setter /opt/stack/cinder/cinder/api/middleware/request_id.py:62}}
Sep 24 19:58:46.135601 dv-cinder-859191-1-smb devstack@c-api.service[125536]: INFO cinder.api.openstack.wsgi [None req-b113f9aa-ee69-4828-90d5-5417d3dcff35 tempest-GroupSnapshotsTest-1396401877 tempest-GroupSnapshotsTest-1396401877-project] POST http://10.222.0.60/volume/v3/7f94c1cbe3b54179980be6c36f9cef70/volumes
Sep 24 19:58:46.136321 dv-cinder-859191-1-smb devstack@c-api.service[125536]: DEBUG cinder.api.openstack.wsgi [None req-b113f9aa-ee69-4828-90d5-5417d3dcff35 tempest-GroupSnapshotsTest-1396401877 tempest-GroupSnapshotsTest-1396401877-project] Action: 'create', calling method: create, body: {"volume": {"volume_type": "fac9a267-8efa-47cb-8da7-f915e98b491d", "group_id": "ebf92c6f-edf3-4576-ac9a-5adea5d5f750", "size": 1, "name": "tempest-GroupSnapshotsTest-Volume-1588554957"}} {{(pid=125536) _process_stack /opt/stack/cinder/cinder/api/openstack/wsgi.py:866}}
Sep 24 19:58:46.138553 dv-cinder-859191-1-smb devstack@c-api.service[125536]: DEBUG cinder.api.v3.volumes [None req-b113f9aa-ee69-4828-90d5-5417d3dcff35 tempest-GroupSnapshotsTest-1396401877 tempest-GroupSnapshotsTest-1396401877-project] Create volume request body: {'volume': {'volume_type': 'fac9a267-8efa-47cb-8da7-f915e98b491d', 'group_id': 'ebf92c6f-edf3-4576-ac9a-5adea5d5f750', 'size': 1, 'name': 'tempest-GroupSnapshotsTest-Volume-1588554957'}} {{(pid=125536) create /opt/stack/cinder/cinder/api/v3/volumes.py:298}}
Sep 24 19:58:46.151088 dv-cinder-859191-1-smb devstack@c-api.service[125536]: /usr/local/lib/python3.8/dist-packages/oslo_context/context.py:100: DeprecationWarning: Policy enforcement is depending on the value of is_admin. This key is deprecated. Please update your policy file to use the standard policy values.
Sep 24 19:58:46.151088 dv-cinder-859191-1-smb devstack@c-api.service[125536]: warnings.warn('Policy enforcement is depending on the value of '
Sep 24 19:58:46.152132 dv-cinder-859191-1-smb devstack@c-api.service[125536]: INFO cinder.api.v3.volumes [None req-b113f9aa-ee69-4828-90d5-5417d3dcff35 tempest-GroupSnapshotsTest-1396401877 tempest-GroupSnapshotsTest-1396401877-project] Create volume of 1 GB
Sep 24 19:58:46.164556 dv-cinder-859191-1-smb devstack@c-api.service[125536]: INFO cinder.volume.api [None req-b113f9aa-ee69-4828-90d5-5417d3dcff35 tempest-GroupSnapshotsTest-1396401877 tempest-GroupSnapshotsTest-1396401877-project] Availability Zones retrieved successfully.
Sep 24 19:58:46.179826 dv-cinder-859191-1-smb devstack@c-api.service[125536]: DEBUG cinder.volume.api [None req-b113f9aa-ee69-4828-90d5-5417d3dcff35 tempest-GroupSnapshotsTest-1396401877 tempest-GroupSnapshotsTest-1396401877-project] Flow 'volume_create_api' (c84579d1-01c3-4a96-89f1-45e0ab3a24f9) transitioned into state 'RUNNING' from state 'PENDING' {{(pid=125536) _flow_receiver /usr/local/lib/python3.8/dist-packages/taskflow/listeners/logging.py:141}}
Sep 24 19:58:46.183126 dv-cinder-859191-1-smb devstack@c-api.service[125536]: DEBUG cinder.volume.api [None req-b113f9aa-ee69-4828-90d5-5417d3dcff35 tempest-GroupSnapshotsTest-1396401877 tempest-GroupSnapshotsTest-1396401877-project] Task 'cinder.volume.flows.api.create_volume.ExtractVolumeRequestTask;volume:create' (2b804c4f-7006-4f91-b401-72a15241e284) transitioned into state 'RUNNING' from state 'PENDING' {{(pid=125536) _task_receiver /usr/local/lib/python3.8/dist-packages/taskflow/listeners/logging.py:190}}
Sep 24 19:58:46.184668 dv-cinder-859191-1-smb devstack@c-api.service[125536]: /usr/local/lib/python3.8/dist-packages/oslo_context/context.py:100: DeprecationWarning: Policy enforcement is depending on the value of is_admin. This key is deprecated. Please update your policy file to use the standard policy values.
Sep 24 19:58:46.184668 dv-cinder-859191-1-smb devstack@c-api.service[125536]: warnings.warn('Policy enforcement is depending on the value of '
Sep 24 19:58:46.185657 dv-cinder-859191-1-smb devstack@c-api.service[125536]: DEBUG cinder.volume.flows.api.create_volume [None req-b113f9aa-ee69-4828-90d5-5417d3dcff35 tempest-GroupSnapshotsTest-1396401877 tempest-GroupSnapshotsTest-1396401877-project] Validating volume size '1' using validate_int {{(pid=125536) _extract_size /opt/stack/cinder/cinder/volume/flows/api/create_volume.py:228}}
Sep 24 19:58:46.208788 dv-cinder-859191-1-smb devstack@c-api.service[125536]: DEBUG cinder.volume.api [None req-b113f9aa-ee69-4828-90d5-5417d3dcff35 tempest-GroupSnapshotsTest-1396401877 tempest-GroupSnapshotsTest-1396401877-project] Task 'cinder.volume.flows.api.create_volume.ExtractVolumeRequestTask;volume:create' (2b804c4f-7006-4f91-b401-72a15241e284) transitioned into state 'SUCCESS' from state 'RUNNING' with result '{'size': 1, 'snapshot_id': None, 'source_volid': None, 'volume_type': VolumeType(created_at=2022-09-24T19:58:40Z,deleted=False,deleted_at=None,description=None,extra_specs={},id=fac9a267-8efa-47cb-8da7-f915e98b491d,is_public=True,name='tempest-GroupSnapshotsTest-volume-type-1017651075',projects=[],qos_specs=,qos_specs_id=None,updated_at=None), 'volume_type_id': 'fac9a267-8efa-47cb-8da7-f915e98b491d', 'encryption_key_id': None, 'qos_specs': None, 'consistencygroup_id': None, 'cgsnapshot_id': None, 'group_id': 'ebf92c6f-edf3-4576-ac9a-5adea5d5f750', 'replication_status': 'disabled', 'refresh_az': False, 'backup_id': None, 'multiattach': False, 'availability_zones': ['nova']}' {{(pid=125536) _task_receiver /usr/local/lib/python3.8/dist-packages/taskflow/listeners/logging.py:178}}
Sep 24 19:58:46.210820 dv-cinder-859191-1-smb devstack@c-api.service[125536]: DEBUG cinder.volume.api [None req-b113f9aa-ee69-4828-90d5-5417d3dcff35 tempest-GroupSnapshotsTest-1396401877 tempest-GroupSnapshotsTest-1396401877-project] Task 'cinder.volume.flows.api.create_volume.QuotaReserveTask;volume:create' (c5af7b33-c709-4ef7-9576-7eac3d9b6cb6) transitioned into state 'RUNNING' from state 'PENDING' {{(pid=125536) _task_receiver /usr/local/lib/python3.8/dist-packages/taskflow/listeners/logging.py:190}}
Sep 24 19:58:46.215916 dv-cinder-859191-1-smb devstack@c-api.service[125535]: DEBUG cinder.quota [None req-ce5b0406-3c75-4cbf-acec-817fbcf98fbb tempest-VolumeManageAdminTest-333772915 tempest-VolumeManageAdminTest-333772915-project-admin] Created reservations ['df78cea4-e610-4f81-be36-0e85eabfa513', 'df1e59b5-905c-4c26-b851-934281132044', 'c649a516-0cfe-48a7-85af-68c63a6c629e', '3664d4c1-d5f6-43b7-916a-e554565a1cb8'] {{(pid=125535) reserve /opt/stack/cinder/cinder/quota.py:755}}
Sep 24 19:58:46.217929 dv-cinder-859191-1-smb devstack@c-api.service[125535]: DEBUG cinder.volume.api [None req-ce5b0406-3c75-4cbf-acec-817fbcf98fbb tempest-VolumeManageAdminTest-333772915 tempest-VolumeManageAdminTest-333772915-project-admin] Task 'cinder.volume.flows.api.create_volume.QuotaReserveTask;volume:create' (56efaae8-07fc-415a-b639-b87f57d88f77) transitioned into state 'SUCCESS' from state 'RUNNING' with result '{'reservations': ['df78cea4-e610-4f81-be36-0e85eabfa513', 'df1e59b5-905c-4c26-b851-934281132044', 'c649a516-0cfe-48a7-85af-68c63a6c629e', '3664d4c1-d5f6-43b7-916a-e554565a1cb8']}' {{(pid=125535) _task_receiver /usr/local/lib/python3.8/dist-packages/taskflow/listeners/logging.py:178}}
Sep 24 19:58:46.219970 dv-cinder-859191-1-smb devstack@c-api.service[125535]: DEBUG cinder.volume.api [None req-ce5b0406-3c75-4cbf-acec-817fbcf98fbb tempest-VolumeManageAdminTest-333772915 tempest-VolumeManageAdminTest-333772915-project-admin] Task 'cinder.volume.flows.api.manage_existing.EntryCreateTask;volume:manage_existing' (ec19bec6-0c8a-4c19-9fa2-622636354e88) transitioned into state 'RUNNING' from state 'PENDING' {{(pid=125535) _task_receiver /usr/local/lib/python3.8/dist-packages/taskflow/listeners/logging.py:190}}
Sep 24 19:58:46.379747 dv-cinder-859191-1-smb devstack@c-api.service[125536]: DEBUG cinder.quota [None req-b113f9aa-ee69-4828-90d5-5417d3dcff35 tempest-GroupSnapshotsTest-1396401877 tempest-GroupSnapshotsTest-1396401877-project] Created reservations ['ea68ecd7-c0d6-4b55-a31b-301e39c49e7b', '2fa252fe-77b6-4ecf-b25f-1b084d973da2', 'dab9ef0a-3799-4307-9eea-c8120a8bcb52', 'd07864b8-2f47-4a1a-8e1f-1a23c4cd6fa7'] {{(pid=125536) reserve /opt/stack/cinder/cinder/quota.py:755}}
Sep 24 19:58:46.381806 dv-cinder-859191-1-smb devstack@c-api.service[125536]: DEBUG cinder.volume.api [None req-b113f9aa-ee69-4828-90d5-5417d3dcff35 tempest-GroupSnapshotsTest-1396401877 tempest-GroupSnapshotsTest-1396401877-project] Task 'cinder.volume.flows.api.create_volume.QuotaReserveTask;volume:create' (c5af7b33-c709-4ef7-9576-7eac3d9b6cb6) transitioned into state 'SUCCESS' from state 'RUNNING' with result '{'reservations': ['ea68ecd7-c0d6-4b55-a31b-301e39c49e7b', '2fa252fe-77b6-4ecf-b25f-1b084d973da2', 'dab9ef0a-3799-4307-9eea-c8120a8bcb52', 'd07864b8-2f47-4a1a-8e1f-1a23c4cd6fa7']}' {{(pid=125536) _task_receiver /usr/local/lib/python3.8/dist-packages/taskflow/listeners/logging.py:178}}
Sep 24 19:58:46.382496 dv-cinder-859191-1-smb devstack@c-api.service[125535]: DEBUG cinder.volume.api [None req-ce5b0406-3c75-4cbf-acec-817fbcf98fbb tempest-VolumeManageAdminTest-333772915 tempest-VolumeManageAdminTest-333772915-project-admin] Task 'cinder.volume.flows.api.manage_existing.EntryCreateTask;volume:manage_existing' (ec19bec6-0c8a-4c19-9fa2-622636354e88) transitioned into state 'SUCCESS' from state 'RUNNING' with result '{'volume_properties': {'size': 0, 'user_id': '1c21dcc619554f1d99573fcb12d3bb50', 'project_id': 'cf70c62c717344c293df44f3cb98c1cd', 'status': 'managing', 'attach_status': 'detached', 'display_description': None, 'display_name': 'tempest-VolumeManageAdminTest-volume-100562946', 'host': 'hv-cinder-85919@wincnd#smbshare', 'cluster_name': None, 'availability_zone': 'nova', 'volume_type_id': '9d4cea92-b44c-45bc-ab42-c73228722559', 'metadata': {}, 'bootable': False, 'multiattach': False}, 'volume': Volume(_name_id=None,admin_metadata={},attach_status='detached',availability_zone='nova',bootable=False,cluster=,cluster_name=None,consistencygroup=,consistencygroup_id=None,created_at=2022-09-24T19:58:46Z,deleted=False,deleted_at=None,display_description=None,display_name='tempest-VolumeManageAdminTest-volume-100562946',ec2_id=None,encryption_key_id=None,glance_metadata=,group=,group_id=None,host='hv-cinder-85919@wincnd#smbshare',id=e57c292b-cb92-4546-bd8c-12353d059949,launched_at=None,metadata={},migration_status=None,multiattach=False,previous_status=None,project_id='cf70c62c717344c293df44f3cb98c1cd',provider_auth=None,provider_geometry=None,provider_id=None,provider_location=None,replication_driver_data=None,replication_extended_status=None,replication_status=None,scheduled_at=None,service_uuid=None,shared_targets=True,size=0,snapshot_id=None,snapshots=,source_volid=None,status='managing',terminated_at=None,updated_at=None,use_quota=True,user_id='1c21dcc619554f1d99573fcb12d3bb50',volume_attachment=VolumeAttachmentList,volume_type=VolumeType(9d4cea92-b44c-45bc-ab42-c73228722559),volume_type_id=9d4cea92-b44c-45bc-ab42-c73228722559)}' {{(pid=125535) _task_receiver /usr/local/lib/python3.8/dist-packages/taskflow/listeners/logging.py:178}}
Sep 24 19:58:46.384427 dv-cinder-859191-1-smb devstack@c-api.service[125535]: DEBUG cinder.volume.api [None req-ce5b0406-3c75-4cbf-acec-817fbcf98fbb tempest-VolumeManageAdminTest-333772915 tempest-VolumeManageAdminTest-333772915-project-admin] Task 'cinder.volume.flows.api.create_volume.QuotaCommitTask;volume:create' (6fcacae7-d2e2-42b8-b133-8a5fd9e42a2c) transitioned into state 'RUNNING' from state 'PENDING' {{(pid=125535) _task_receiver /usr/local/lib/python3.8/dist-packages/taskflow/listeners/logging.py:190}}
Sep 24 19:58:46.386038 dv-cinder-859191-1-smb devstack@c-api.service[125536]: DEBUG cinder.volume.api [None req-b113f9aa-ee69-4828-90d5-5417d3dcff35 tempest-GroupSnapshotsTest-1396401877 tempest-GroupSnapshotsTest-1396401877-project] Task 'cinder.volume.flows.api.create_volume.EntryCreateTask;volume:create' (3c2a82ff-ce16-4001-b8a1-6978421f7c8b) transitioned into state 'RUNNING' from state 'PENDING' {{(pid=125536) _task_receiver /usr/local/lib/python3.8/dist-packages/taskflow/listeners/logging.py:190}}
Sep 24 19:58:46.537576 dv-cinder-859191-1-smb devstack@c-api.service[125535]: DEBUG cinder.volume.api [None req-ce5b0406-3c75-4cbf-acec-817fbcf98fbb tempest-VolumeManageAdminTest-333772915 tempest-VolumeManageAdminTest-333772915-project-admin] Task 'cinder.volume.flows.api.create_volume.QuotaCommitTask;volume:create' (6fcacae7-d2e2-42b8-b133-8a5fd9e42a2c) transitioned into state 'SUCCESS' from state 'RUNNING' with result '{'volume_properties': {'size': 0, 'user_id': '1c21dcc619554f1d99573fcb12d3bb50', 'project_id': 'cf70c62c717344c293df44f3cb98c1cd', 'status': 'managing', 'attach_status': 'detached', 'display_description': None, 'display_name': 'tempest-VolumeManageAdminTest-volume-100562946', 'host': 'hv-cinder-85919@wincnd#smbshare', 'cluster_name': None, 'availability_zone': 'nova', 'volume_type_id': '9d4cea92-b44c-45bc-ab42-c73228722559', 'metadata': {}, 'bootable': False, 'multiattach': False}}' {{(pid=125535) _task_receiver /usr/local/lib/python3.8/dist-packages/taskflow/listeners/logging.py:178}}
Sep 24 19:58:46.539284 dv-cinder-859191-1-smb devstack@c-api.service[125535]: DEBUG cinder.volume.api [None req-ce5b0406-3c75-4cbf-acec-817fbcf98fbb tempest-VolumeManageAdminTest-333772915 tempest-VolumeManageAdminTest-333772915-project-admin] Task 'cinder.volume.flows.api.manage_existing.ManageCastTask;volume:manage_existing' (be008d5c-b5f5-4a34-8bdb-a2d0c97a6fe8) transitioned into state 'RUNNING' from state 'PENDING' {{(pid=125535) _task_receiver /usr/local/lib/python3.8/dist-packages/taskflow/listeners/logging.py:190}}
Sep 24 19:58:46.546985 dv-cinder-859191-1-smb devstack@c-api.service[125535]: DEBUG cinder.volume.api [None req-ce5b0406-3c75-4cbf-acec-817fbcf98fbb tempest-VolumeManageAdminTest-333772915 tempest-VolumeManageAdminTest-333772915-project-admin] Task 'cinder.volume.flows.api.manage_existing.ManageCastTask;volume:manage_existing' (be008d5c-b5f5-4a34-8bdb-a2d0c97a6fe8) transitioned into state 'SUCCESS' from state 'RUNNING' with result 'None' {{(pid=125535) _task_receiver /usr/local/lib/python3.8/dist-packages/taskflow/listeners/logging.py:178}}
Sep 24 19:58:46.550234 dv-cinder-859191-1-smb devstack@c-api.service[125535]: DEBUG cinder.volume.api [None req-ce5b0406-3c75-4cbf-acec-817fbcf98fbb tempest-VolumeManageAdminTest-333772915 tempest-VolumeManageAdminTest-333772915-project-admin] Flow 'volume_manage_existing_api' (2e187136-d579-478f-9b4c-2731e5fc94e7) transitioned into state 'SUCCESS' from state 'RUNNING' {{(pid=125535) _flow_receiver /usr/local/lib/python3.8/dist-packages/taskflow/listeners/logging.py:141}}
Sep 24 19:58:46.551084 dv-cinder-859191-1-smb devstack@c-api.service[125535]: INFO cinder.volume.api [None req-ce5b0406-3c75-4cbf-acec-817fbcf98fbb tempest-VolumeManageAdminTest-333772915 tempest-VolumeManageAdminTest-333772915-project-admin] Manage volume request issued successfully.
Sep 24 19:58:46.552643 dv-cinder-859191-1-smb devstack@c-api.service[125535]: INFO cinder.api.openstack.wsgi [None req-ce5b0406-3c75-4cbf-acec-817fbcf98fbb tempest-VolumeManageAdminTest-333772915 tempest-VolumeManageAdminTest-333772915-project-admin] http://10.222.0.60/volume/v3/cf70c62c717344c293df44f3cb98c1cd/os-volume-manage returned with HTTP 202
Sep 24 19:58:46.553889 dv-cinder-859191-1-smb devstack@c-api.service[125536]: DEBUG cinder.volume.api [None req-b113f9aa-ee69-4828-90d5-5417d3dcff35 tempest-GroupSnapshotsTest-1396401877 tempest-GroupSnapshotsTest-1396401877-project] Task 'cinder.volume.flows.api.create_volume.EntryCreateTask;volume:create' (3c2a82ff-ce16-4001-b8a1-6978421f7c8b) transitioned into state 'SUCCESS' from state 'RUNNING' with result '{'volume_id': 'bc091ca1-bcbb-4ad5-8755-de11ba2899e9', 'volume_properties': VolumeProperties(attach_status='detached',availability_zone='nova',cgsnapshot_id=None,consistencygroup_id=None,display_description=None,display_name='tempest-GroupSnapshotsTest-Volume-1588554957',encryption_key_id=None,group_id=ebf92c6f-edf3-4576-ac9a-5adea5d5f750,group_type_id=,metadata={},multiattach=False,project_id='7f94c1cbe3b54179980be6c36f9cef70',qos_specs=None,replication_status=,reservations=['ea68ecd7-c0d6-4b55-a31b-301e39c49e7b','2fa252fe-77b6-4ecf-b25f-1b084d973da2','dab9ef0a-3799-4307-9eea-c8120a8bcb52','d07864b8-2f47-4a1a-8e1f-1a23c4cd6fa7'],size=1,snapshot_id=None,source_replicaid=,source_volid=None,status='creating',user_id='9a3e03bc7c7640b0a07a47430eb3a408',volume_type_id=fac9a267-8efa-47cb-8da7-f915e98b491d), 'volume': Volume(_name_id=None,admin_metadata=,attach_status='detached',availability_zone='nova',bootable=False,cluster=,cluster_name=None,consistencygroup=,consistencygroup_id=None,created_at=2022-09-24T19:58:46Z,deleted=False,deleted_at=None,display_description=None,display_name='tempest-GroupSnapshotsTest-Volume-1588554957',ec2_id=None,encryption_key_id=None,glance_metadata=,group=,group_id=ebf92c6f-edf3-4576-ac9a-5adea5d5f750,host=None,id=bc091ca1-bcbb-4ad5-8755-de11ba2899e9,launched_at=None,metadata={},migration_status=None,multiattach=False,previous_status=None,project_id='7f94c1cbe3b54179980be6c36f9cef70',provider_auth=None,provider_geometry=None,provider_id=None,provider_location=None,replication_driver_data=None,replication_extended_status=None,replication_status=None,scheduled_at=None,service_uuid=None,shared_targets=True,size=1,snapshot_id=None,snapshots=,source_volid=None,status='creating',terminated_at=None,updated_at=None,use_quota=True,user_id='9a3e03bc7c7640b0a07a47430eb3a408',volume_attachment=VolumeAttachmentList,volume_type=VolumeType(fac9a267-8efa-47cb-8da7-f915e98b491d),volume_type_id=fac9a267-8efa-47cb-8da7-f915e98b491d)}' {{(pid=125536) _task_receiver /usr/local/lib/python3.8/dist-packages/taskflow/listeners/logging.py:178}}
Sep 24 19:58:46.556568 dv-cinder-859191-1-smb devstack@c-api.service[125535]: [pid: 125535|app: 0|req: 95/213] 10.222.0.60 () {60 vars in 1263 bytes} [Sat Sep 24 19:58:45 2022] POST /volume/v3/cf70c62c717344c293df44f3cb98c1cd/os-volume-manage => generated 846 bytes in 751 msecs (HTTP/1.1 202) 7 headers in 291 bytes (1 switches on core 0)
Sep 24 19:58:46.570168 dv-cinder-859191-1-smb devstack@c-api.service[125536]: DEBUG cinder.volume.api [None req-b113f9aa-ee69-4828-90d5-5417d3dcff35 tempest-GroupSnapshotsTest-1396401877 tempest-GroupSnapshotsTest-1396401877-project] Task 'cinder.volume.flows.api.create_volume.QuotaCommitTask;volume:create' (179f8cc8-9f92-4388-bb27-6c3ca76ebdd3) transitioned into state 'RUNNING' from state 'PENDING' {{(pid=125536) _task_receiver /usr/local/lib/python3.8/dist-packages/taskflow/listeners/logging.py:190}}
Sep 24 19:58:46.578408 dv-cinder-859191-1-smb devstack@c-api.service[125535]: DEBUG cinder.api.middleware.request_id [None req-5619a58f-fb39-421a-a5dc-2edc8a299864 None None] RequestId filter calling following filter/app {{(pid=125535) _context_setter /opt/stack/cinder/cinder/api/middleware/request_id.py:62}}
Sep 24 19:58:46.588476 dv-cinder-859191-1-smb devstack@c-api.service[125535]: INFO cinder.api.openstack.wsgi [None req-5619a58f-fb39-421a-a5dc-2edc8a299864 tempest-VolumeTypesTest-1461921224 tempest-VolumeTypesTest-1461921224-project-admin] PUT http://10.222.0.60/volume/v3/ed02534e46e5477e91f8c94ed04bb66b/types/56ce09eb-15c7-428e-a43b-9f09b235ac6f/encryption/provider
Sep 24 19:58:46.589567 dv-cinder-859191-1-smb devstack@c-api.service[125535]: DEBUG cinder.api.openstack.wsgi [None req-5619a58f-fb39-421a-a5dc-2edc8a299864 tempest-VolumeTypesTest-1461921224 tempest-VolumeTypesTest-1461921224-project-admin] Action: 'update', calling method: update, body: {"encryption": {"key_size": 128, "provider": "SomeProvider", "cipher": "aes-xts-plain64", "control_location": "back-end"}} {{(pid=125535) _process_stack /opt/stack/cinder/cinder/api/openstack/wsgi.py:866}}
Sep 24 19:58:46.592525 dv-cinder-859191-1-smb devstack@c-api.service[125535]: /usr/local/lib/python3.8/dist-packages/oslo_context/context.py:100: DeprecationWarning: Policy enforcement is depending on the value of is_admin. This key is deprecated. Please update your policy file to use the standard policy values.
Sep 24 19:58:46.592525 dv-cinder-859191-1-smb devstack@c-api.service[125535]: warnings.warn('Policy enforcement is depending on the value of '
Sep 24 19:58:46.686430 dv-cinder-859191-1-smb devstack@c-api.service[125536]: DEBUG cinder.volume.api [None req-b113f9aa-ee69-4828-90d5-5417d3dcff35 tempest-GroupSnapshotsTest-1396401877 tempest-GroupSnapshotsTest-1396401877-project] Task 'cinder.volume.flows.api.create_volume.QuotaCommitTask;volume:create' (179f8cc8-9f92-4388-bb27-6c3ca76ebdd3) transitioned into state 'SUCCESS' from state 'RUNNING' with result '{'volume_properties': VolumeProperties(attach_status='detached',availability_zone='nova',cgsnapshot_id=None,consistencygroup_id=None,display_description=None,display_name='tempest-GroupSnapshotsTest-Volume-1588554957',encryption_key_id=None,group_id=ebf92c6f-edf3-4576-ac9a-5adea5d5f750,group_type_id=,metadata={},multiattach=False,project_id='7f94c1cbe3b54179980be6c36f9cef70',qos_specs=None,replication_status=,reservations=['ea68ecd7-c0d6-4b55-a31b-301e39c49e7b','2fa252fe-77b6-4ecf-b25f-1b084d973da2','dab9ef0a-3799-4307-9eea-c8120a8bcb52','d07864b8-2f47-4a1a-8e1f-1a23c4cd6fa7'],size=1,snapshot_id=None,source_replicaid=,source_volid=None,status='creating',user_id='9a3e03bc7c7640b0a07a47430eb3a408',volume_type_id=fac9a267-8efa-47cb-8da7-f915e98b491d)}' {{(pid=125536) _task_receiver /usr/local/lib/python3.8/dist-packages/taskflow/listeners/logging.py:178}}
Sep 24 19:58:46.688603 dv-cinder-859191-1-smb devstack@c-api.service[125536]: DEBUG cinder.volume.api [None req-b113f9aa-ee69-4828-90d5-5417d3dcff35 tempest-GroupSnapshotsTest-1396401877 tempest-GroupSnapshotsTest-1396401877-project] Task 'cinder.volume.flows.api.create_volume.VolumeCastTask;volume:create' (9f2934d2-844f-4499-bbe6-e05f86092198) transitioned into state 'RUNNING' from state 'PENDING' {{(pid=125536) _task_receiver /usr/local/lib/python3.8/dist-packages/taskflow/listeners/logging.py:190}}
Sep 24 19:58:46.730909 dv-cinder-859191-1-smb devstack@c-api.service[125535]: INFO cinder.api.openstack.wsgi [None req-5619a58f-fb39-421a-a5dc-2edc8a299864 tempest-VolumeTypesTest-1461921224 tempest-VolumeTypesTest-1461921224-project-admin] http://10.222.0.60/volume/v3/ed02534e46e5477e91f8c94ed04bb66b/types/56ce09eb-15c7-428e-a43b-9f09b235ac6f/encryption/provider returned with HTTP 200
Sep 24 19:58:46.731859 dv-cinder-859191-1-smb devstack@c-api.service[125535]: [pid: 125535|app: 0|req: 96/214] 10.222.0.60 () {60 vars in 1400 bytes} [Sat Sep 24 19:58:46 2022] PUT /volume/v3/ed02534e46e5477e91f8c94ed04bb66b/types/56ce09eb-15c7-428e-a43b-9f09b235ac6f/encryption/provider => generated 122 bytes in 158 msecs (HTTP/1.1 200) 7 headers in 285 bytes (1 switches on core 0)
Sep 24 19:58:46.733040 dv-cinder-859191-1-smb devstack@c-api.service[125535]: DEBUG cinder.api.middleware.request_id [None req-004c1eee-3fcd-4422-8f17-a4273f43e8fd None None] RequestId filter calling following filter/app {{(pid=125535) _context_setter /opt/stack/cinder/cinder/api/middleware/request_id.py:62}}
Sep 24 19:58:46.737391 dv-cinder-859191-1-smb devstack@c-api.service[125535]: INFO cinder.api.openstack.wsgi [None req-004c1eee-3fcd-4422-8f17-a4273f43e8fd tempest-VolumeManageAdminTest-333772915 tempest-VolumeManageAdminTest-333772915-project-admin] GET http://10.222.0.60/volume/v3/cf70c62c717344c293df44f3cb98c1cd/volumes/e57c292b-cb92-4546-bd8c-12353d059949
Sep 24 19:58:46.738086 dv-cinder-859191-1-smb devstack@c-api.service[125535]: DEBUG cinder.api.openstack.wsgi [None req-004c1eee-3fcd-4422-8f17-a4273f43e8fd tempest-VolumeManageAdminTest-333772915 tempest-VolumeManageAdminTest-333772915-project-admin] Empty body provided in request {{(pid=125535) get_body /opt/stack/cinder/cinder/api/openstack/wsgi.py:715}}
Sep 24 19:58:46.738941 dv-cinder-859191-1-smb devstack@c-api.service[125535]: DEBUG cinder.api.openstack.wsgi [None req-004c1eee-3fcd-4422-8f17-a4273f43e8fd tempest-VolumeManageAdminTest-333772915 tempest-VolumeManageAdminTest-333772915-project-admin] Calling method 'show' {{(pid=125535) _process_stack /opt/stack/cinder/cinder/api/openstack/wsgi.py:868}}
Sep 24 19:58:46.755101 dv-cinder-859191-1-smb devstack@c-api.service[125535]: /usr/local/lib/python3.8/dist-packages/oslo_context/context.py:100: DeprecationWarning: Policy enforcement is depending on the value of is_admin. This key is deprecated. Please update your policy file to use the standard policy values.
Sep 24 19:58:46.755101 dv-cinder-859191-1-smb devstack@c-api.service[125535]: warnings.warn('Policy enforcement is depending on the value of '
Sep 24 19:58:46.761448 dv-cinder-859191-1-smb devstack@c-api.service[125535]: INFO cinder.volume.api [None req-004c1eee-3fcd-4422-8f17-a4273f43e8fd tempest-VolumeManageAdminTest-333772915 tempest-VolumeManageAdminTest-333772915-project-admin] Volume info retrieved successfully.
Sep 24 19:58:46.771916 dv-cinder-859191-1-smb devstack@c-api.service[125535]: INFO cinder.api.openstack.wsgi [None req-004c1eee-3fcd-4422-8f17-a4273f43e8fd tempest-VolumeManageAdminTest-333772915 tempest-VolumeManageAdminTest-333772915-project-admin] http://10.222.0.60/volume/v3/cf70c62c717344c293df44f3cb98c1cd/volumes/e57c292b-cb92-4546-bd8c-12353d059949 returned with HTTP 200
Sep 24 19:58:46.771916 dv-cinder-859191-1-smb devstack@c-api.service[125535]: [pid: 125535|app: 0|req: 97/215] 10.222.0.60 () {58 vars in 1325 bytes} [Sat Sep 24 19:58:46 2022] GET /volume/v3/cf70c62c717344c293df44f3cb98c1cd/volumes/e57c292b-cb92-4546-bd8c-12353d059949 => generated 1078 bytes in 38 msecs (HTTP/1.1 200) 7 headers in 286 bytes (1 switches on core 0)
Sep 24 19:58:46.771916 dv-cinder-859191-1-smb devstack@c-api.service[125535]: DEBUG cinder.api.middleware.request_id [None req-2022d352-4193-4d3c-a390-b1ffd4dd8dd3 None None] RequestId filter calling following filter/app {{(pid=125535) _context_setter /opt/stack/cinder/cinder/api/middleware/request_id.py:62}}
Sep 24 19:58:46.777116 dv-cinder-859191-1-smb devstack@c-api.service[125535]: INFO cinder.api.openstack.wsgi [None req-2022d352-4193-4d3c-a390-b1ffd4dd8dd3 tempest-VolumeTypesTest-1461921224 tempest-VolumeTypesTest-1461921224-project-admin] GET http://10.222.0.60/volume/v3/ed02534e46e5477e91f8c94ed04bb66b/types/56ce09eb-15c7-428e-a43b-9f09b235ac6f/encryption
Sep 24 19:58:46.777565 dv-cinder-859191-1-smb devstack@c-api.service[125535]: DEBUG cinder.api.openstack.wsgi [None req-2022d352-4193-4d3c-a390-b1ffd4dd8dd3 tempest-VolumeTypesTest-1461921224 tempest-VolumeTypesTest-1461921224-project-admin] Empty body provided in request {{(pid=125535) get_body /opt/stack/cinder/cinder/api/openstack/wsgi.py:715}}
Sep 24 19:58:46.778013 dv-cinder-859191-1-smb devstack@c-api.service[125535]: DEBUG cinder.api.openstack.wsgi [None req-2022d352-4193-4d3c-a390-b1ffd4dd8dd3 tempest-VolumeTypesTest-1461921224 tempest-VolumeTypesTest-1461921224-project-admin] Calling method 'index' {{(pid=125535) _process_stack /opt/stack/cinder/cinder/api/openstack/wsgi.py:868}}
Sep 24 19:58:46.789640 dv-cinder-859191-1-smb devstack@c-api.service[125535]: INFO cinder.api.openstack.wsgi [None req-2022d352-4193-4d3c-a390-b1ffd4dd8dd3 tempest-VolumeTypesTest-1461921224 tempest-VolumeTypesTest-1461921224-project-admin] http://10.222.0.60/volume/v3/ed02534e46e5477e91f8c94ed04bb66b/types/56ce09eb-15c7-428e-a43b-9f09b235ac6f/encryption returned with HTTP 200
Sep 24 19:58:46.790494 dv-cinder-859191-1-smb devstack@c-api.service[125535]: [pid: 125535|app: 0|req: 98/216] 10.222.0.60 () {58 vars in 1352 bytes} [Sat Sep 24 19:58:46 2022] GET /volume/v3/ed02534e46e5477e91f8c94ed04bb66b/types/56ce09eb-15c7-428e-a43b-9f09b235ac6f/encryption => generated 347 bytes in 19 msecs (HTTP/1.1 200) 7 headers in 285 bytes (1 switches on core 0)
Sep 24 19:58:46.798557 dv-cinder-859191-1-smb devstack@c-api.service[125535]: DEBUG cinder.api.middleware.request_id [None req-16afef01-e525-4090-a5b3-fdda93f74633 None None] RequestId filter calling following filter/app {{(pid=125535) _context_setter /opt/stack/cinder/cinder/api/middleware/request_id.py:62}}
Sep 24 19:58:46.803542 dv-cinder-859191-1-smb devstack@c-api.service[125535]: INFO cinder.api.openstack.wsgi [None req-16afef01-e525-4090-a5b3-fdda93f74633 tempest-VolumeTypesTest-1461921224 tempest-VolumeTypesTest-1461921224-project-admin] GET http://10.222.0.60/volume/v3/ed02534e46e5477e91f8c94ed04bb66b/types/56ce09eb-15c7-428e-a43b-9f09b235ac6f/encryption/cipher
Sep 24 19:58:46.803984 dv-cinder-859191-1-smb devstack@c-api.service[125535]: DEBUG cinder.api.openstack.wsgi [None req-16afef01-e525-4090-a5b3-fdda93f74633 tempest-VolumeTypesTest-1461921224 tempest-VolumeTypesTest-1461921224-project-admin] Empty body provided in request {{(pid=125535) get_body /opt/stack/cinder/cinder/api/openstack/wsgi.py:715}}
Sep 24 19:58:46.804434 dv-cinder-859191-1-smb devstack@c-api.service[125535]: DEBUG cinder.api.openstack.wsgi [None req-16afef01-e525-4090-a5b3-fdda93f74633 tempest-VolumeTypesTest-1461921224 tempest-VolumeTypesTest-1461921224-project-admin] Calling method 'show' {{(pid=125535) _process_stack /opt/stack/cinder/cinder/api/openstack/wsgi.py:868}}
Sep 24 19:58:46.814992 dv-cinder-859191-1-smb devstack@c-api.service[125535]: INFO cinder.api.openstack.wsgi [None req-16afef01-e525-4090-a5b3-fdda93f74633 tempest-VolumeTypesTest-1461921224 tempest-VolumeTypesTest-1461921224-project-admin] http://10.222.0.60/volume/v3/ed02534e46e5477e91f8c94ed04bb66b/types/56ce09eb-15c7-428e-a43b-9f09b235ac6f/encryption/cipher returned with HTTP 200
Sep 24 19:58:46.815701 dv-cinder-859191-1-smb devstack@c-api.service[125535]: [pid: 125535|app: 0|req: 99/217] 10.222.0.60 () {58 vars in 1373 bytes} [Sat Sep 24 19:58:46 2022] GET /volume/v3/ed02534e46e5477e91f8c94ed04bb66b/types/56ce09eb-15c7-428e-a43b-9f09b235ac6f/encryption/cipher => generated 29 bytes in 18 msecs (HTTP/1.1 200) 7 headers in 284 bytes (2 switches on core 0)
Sep 24 19:58:46.821327 dv-cinder-859191-1-smb devstack@c-api.service[125535]: DEBUG cinder.api.middleware.request_id [None req-25afe582-e89f-487c-b243-c0b5ae6b5558 None None] RequestId filter calling following filter/app {{(pid=125535) _context_setter /opt/stack/cinder/cinder/api/middleware/request_id.py:62}}
Sep 24 19:58:46.826563 dv-cinder-859191-1-smb devstack@c-api.service[125535]: INFO cinder.api.openstack.wsgi [None req-25afe582-e89f-487c-b243-c0b5ae6b5558 tempest-VolumeTypesTest-1461921224 tempest-VolumeTypesTest-1461921224-project-admin] DELETE http://10.222.0.60/volume/v3/ed02534e46e5477e91f8c94ed04bb66b/types/56ce09eb-15c7-428e-a43b-9f09b235ac6f/encryption/provider
