Sep 27 04:06:23.127145 dv-cinder-859186-3-smb devstack@keystone.service[81375]: DEBUG keystone.server.flask.request_processing.req_logging [None req-0ca1b472-266a-4bec-983f-6c907a7f8075 None admin] PATH_INFO: `/v3/role_assignments` {{(pid=81375) log_request_info /opt/stack/keystone/keystone/server/flask/request_processing/req_logging.py:29}}
Sep 27 04:06:23.127878 dv-cinder-859186-3-smb devstack@keystone.service[81375]: DEBUG keystone.common.rbac_enforcer.enforcer [None req-0ca1b472-266a-4bec-983f-6c907a7f8075 None admin] RBAC: Adding query filter params (role.id=2613cf4a98d44744a094c7782b19b4b5, scope.project.id=26f3d9baa4614c7ab91952d7e5132734, user.id=0a22ab389c9c45629af99658c60df95d) {{(pid=81375) _extract_filter_values /opt/stack/keystone/keystone/common/rbac_enforcer/enforcer.py:167}}
Sep 27 04:06:23.128192 dv-cinder-859186-3-smb devstack@keystone.service[81375]: DEBUG keystone.common.rbac_enforcer.enforcer [None req-0ca1b472-266a-4bec-983f-6c907a7f8075 None admin] RBAC: Authorizing `identity:list_role_assignments()` {{(pid=81375) enforce_call /opt/stack/keystone/keystone/common/rbac_enforcer/enforcer.py:449}}
Sep 27 04:06:23.129625 dv-cinder-859186-3-smb devstack@keystone.service[81375]: DEBUG keystone.common.rbac_enforcer.enforcer [None req-0ca1b472-266a-4bec-983f-6c907a7f8075 None admin] RBAC: Authorization granted {{(pid=81375) enforce_call /opt/stack/keystone/keystone/common/rbac_enforcer/enforcer.py:457}}
Sep 27 04:06:23.135460 dv-cinder-859186-3-smb devstack@keystone.service[81375]: [pid: 81375|app: 0|req: 88/176] 10.222.0.48 () {56 vars in 1374 bytes} [Tue Sep 27 04:06:22 2022] GET /identity/v3/role_assignments?user.id=0a22ab389c9c45629af99658c60df95d&scope.project.id=26f3d9baa4614c7ab91952d7e5132734&role.id=2613cf4a98d44744a094c7782b19b4b5 => generated 608 bytes in 168 msecs (HTTP/1.1 200) 5 headers in 177 bytes (1 switches on core 0)
Sep 27 04:06:23.136443 dv-cinder-859186-3-smb devstack@keystone.service[81375]: DEBUG keystone.server.flask.request_processing.req_logging [None req-fe7b31c0-7229-43e1-a3d5-55807136b6ff None None] REQUEST_METHOD: `GET` {{(pid=81375) log_request_info /opt/stack/keystone/keystone/server/flask/request_processing/req_logging.py:27}}
Sep 27 04:06:23.136729 dv-cinder-859186-3-smb devstack@keystone.service[81375]: DEBUG keystone.server.flask.request_processing.req_logging [None req-fe7b31c0-7229-43e1-a3d5-55807136b6ff None None] SCRIPT_NAME: `/identity` {{(pid=81375) log_request_info /opt/stack/keystone/keystone/server/flask/request_processing/req_logging.py:28}}
Sep 27 04:06:23.137005 dv-cinder-859186-3-smb devstack@keystone.service[81375]: DEBUG keystone.server.flask.request_processing.req_logging [None req-fe7b31c0-7229-43e1-a3d5-55807136b6ff None None] PATH_INFO: `/` {{(pid=81375) log_request_info /opt/stack/keystone/keystone/server/flask/request_processing/req_logging.py:29}}
Sep 27 04:06:23.142756 dv-cinder-859186-3-smb devstack@keystone.service[81375]: [pid: 81375|app: 0|req: 89/177] 10.222.0.48 () {54 vars in 927 bytes} [Tue Sep 27 04:06:23 2022] GET /identity => generated 270 bytes in 2 msecs (HTTP/1.1 300) 6 headers in 234 bytes (1 switches on core 0)
Sep 27 04:06:23.142756 dv-cinder-859186-3-smb devstack@keystone.service[81375]: DEBUG keystone.server.flask.request_processing.middleware.auth_context [None req-fe7b31c0-7229-43e1-a3d5-55807136b6ff None None] Authenticating user token {{(pid=81375) process_request /usr/local/lib/python3.8/dist-packages/keystonemiddleware/auth_token/__init__.py:407}}
Sep 27 04:06:23.217342 dv-cinder-859186-3-smb devstack@keystone.service[81374]: [pid: 81374|app: 0|req: 89/178] 10.222.0.48 () {58 vars in 1282 bytes} [Tue Sep 27 04:06:22 2022] GET /identity/v3/auth/tokens => generated 799 bytes in 501 msecs (HTTP/1.1 200) 6 headers in 358 bytes (1 switches on core 0)
Sep 27 04:06:23.219215 dv-cinder-859186-3-smb devstack@keystone.service[81374]: DEBUG keystone.server.flask.request_processing.req_logging [None req-d648770d-6cd1-4cc1-92b3-93c1c505fb04 None None] REQUEST_METHOD: `POST` {{(pid=81374) log_request_info /opt/stack/keystone/keystone/server/flask/request_processing/req_logging.py:27}}
Sep 27 04:06:23.219743 dv-cinder-859186-3-smb devstack@keystone.service[81374]: DEBUG keystone.server.flask.request_processing.req_logging [None req-d648770d-6cd1-4cc1-92b3-93c1c505fb04 None None] SCRIPT_NAME: `/identity` {{(pid=81374) log_request_info /opt/stack/keystone/keystone/server/flask/request_processing/req_logging.py:28}}
Sep 27 04:06:23.220782 dv-cinder-859186-3-smb devstack@keystone.service[81374]: DEBUG keystone.server.flask.request_processing.req_logging [None req-d648770d-6cd1-4cc1-92b3-93c1c505fb04 None None] PATH_INFO: `/v3/auth/tokens` {{(pid=81374) log_request_info /opt/stack/keystone/keystone/server/flask/request_processing/req_logging.py:29}}
Sep 27 04:06:23.247296 dv-cinder-859186-3-smb devstack@keystone.service[81374]: DEBUG keystone.auth.core [None req-d648770d-6cd1-4cc1-92b3-93c1c505fb04 None None] MFA Rules not processed for user `0a22ab389c9c45629af99658c60df95d`. Rule list: `[]` (Enabled: `True`). {{(pid=81374) check_auth_methods_against_rules /opt/stack/keystone/keystone/auth/core.py:438}}
Sep 27 04:06:23.248730 dv-cinder-859186-3-smb devstack@keystone.service[81374]: DEBUG keystone.common.fernet_utils [None req-d648770d-6cd1-4cc1-92b3-93c1c505fb04 None None] Loaded 2 Fernet keys from /etc/keystone/fernet-keys/, but `[fernet_tokens] max_active_keys = 3`; perhaps there have not been enough key rotations to reach `max_active_keys` yet? {{(pid=81374) load_keys /opt/stack/keystone/keystone/common/fernet_utils.py:286}}
Sep 27 04:06:23.267250 dv-cinder-859186-3-smb devstack@keystone.service[81375]: DEBUG keystone.server.flask.request_processing.middleware.auth_context [None req-fe7b31c0-7229-43e1-a3d5-55807136b6ff None None] Validating token access rules against request {{(pid=81375) validate_allowed_request /usr/local/lib/python3.8/dist-packages/keystonemiddleware/auth_token/__init__.py:545}}
Sep 27 04:06:23.315706 dv-cinder-859186-3-smb devstack@keystone.service[81375]: DEBUG keystone.server.flask.request_processing.middleware.auth_context [None req-a9409b65-e08e-4ebc-9730-f7c1d7038ef8 None admin] RBAC: auth_context: {'token': , 'domain_id': None, 'trust_id': None, 'trustor_id': None, 'trustee_id': None, 'domain_name': None, 'group_ids': [], 'user_id': '0a22ab389c9c45629af99658c60df95d', 'user_domain_id': 'default', 'system_scope': 'all', 'project_id': None, 'project_domain_id': None, 'roles': ['admin', 'member', 'reader'], 'is_admin_project': True, 'service_user_id': None, 'service_user_domain_id': None, 'service_project_id': None, 'service_project_domain_id': None, 'service_roles': []} {{(pid=81375) fill_context /opt/stack/keystone/keystone/server/flask/request_processing/middleware/auth_context.py:478}}
Sep 27 04:06:23.317112 dv-cinder-859186-3-smb devstack@keystone.service[81375]: DEBUG keystone.server.flask.request_processing.req_logging [None req-a9409b65-e08e-4ebc-9730-f7c1d7038ef8 None admin] REQUEST_METHOD: `GET` {{(pid=81375) log_request_info /opt/stack/keystone/keystone/server/flask/request_processing/req_logging.py:27}}
Sep 27 04:06:23.317681 dv-cinder-859186-3-smb devstack@keystone.service[81375]: DEBUG keystone.server.flask.request_processing.req_logging [None req-a9409b65-e08e-4ebc-9730-f7c1d7038ef8 None admin] SCRIPT_NAME: `/identity` {{(pid=81375) log_request_info /opt/stack/keystone/keystone/server/flask/request_processing/req_logging.py:28}}
Sep 27 04:06:23.318154 dv-cinder-859186-3-smb devstack@keystone.service[81375]: DEBUG keystone.server.flask.request_processing.req_logging [None req-a9409b65-e08e-4ebc-9730-f7c1d7038ef8 None admin] PATH_INFO: `/v3/projects/26f3d9baa4614c7ab91952d7e5132734` {{(pid=81375) log_request_info /opt/stack/keystone/keystone/server/flask/request_processing/req_logging.py:29}}
Sep 27 04:06:23.319877 dv-cinder-859186-3-smb devstack@keystone.service[81375]: DEBUG keystone.common.rbac_enforcer.enforcer [None req-a9409b65-e08e-4ebc-9730-f7c1d7038ef8 None admin] RBAC: Authorizing `identity:get_project(project_id=26f3d9baa4614c7ab91952d7e5132734)` {{(pid=81375) enforce_call /opt/stack/keystone/keystone/common/rbac_enforcer/enforcer.py:449}}
Sep 27 04:06:23.321614 dv-cinder-859186-3-smb devstack@keystone.service[81375]: DEBUG keystone.common.rbac_enforcer.enforcer [None req-a9409b65-e08e-4ebc-9730-f7c1d7038ef8 None admin] RBAC: Authorization granted {{(pid=81375) enforce_call /opt/stack/keystone/keystone/common/rbac_enforcer/enforcer.py:457}}
Sep 27 04:06:23.323768 dv-cinder-859186-3-smb devstack@keystone.service[81375]: [pid: 81375|app: 0|req: 90/179] 10.222.0.48 () {56 vars in 1186 bytes} [Tue Sep 27 04:06:23 2022] GET /identity/v3/projects/26f3d9baa4614c7ab91952d7e5132734 => generated 298 bytes in 185 msecs (HTTP/1.1 200) 5 headers in 177 bytes (1 switches on core 0)
Sep 27 04:06:23.325280 dv-cinder-859186-3-smb devstack@keystone.service[81375]: DEBUG keystone.server.flask.request_processing.req_logging [None req-d093b86a-2a28-4479-8ef4-ba9bdd53aa5d None None] REQUEST_METHOD: `GET` {{(pid=81375) log_request_info /opt/stack/keystone/keystone/server/flask/request_processing/req_logging.py:27}}
Sep 27 04:06:23.325827 dv-cinder-859186-3-smb devstack@keystone.service[81375]: DEBUG keystone.server.flask.request_processing.req_logging [None req-d093b86a-2a28-4479-8ef4-ba9bdd53aa5d None None] SCRIPT_NAME: `/identity` {{(pid=81375) log_request_info /opt/stack/keystone/keystone/server/flask/request_processing/req_logging.py:28}}
Sep 27 04:06:23.326112 dv-cinder-859186-3-smb devstack@keystone.service[81375]: DEBUG keystone.server.flask.request_processing.req_logging [None req-d093b86a-2a28-4479-8ef4-ba9bdd53aa5d None None] PATH_INFO: `/` {{(pid=81375) log_request_info /opt/stack/keystone/keystone/server/flask/request_processing/req_logging.py:29}}
Sep 27 04:06:23.327593 dv-cinder-859186-3-smb devstack@keystone.service[81375]: [pid: 81375|app: 0|req: 91/180] 10.222.0.48 () {54 vars in 927 bytes} [Tue Sep 27 04:06:23 2022] GET /identity => generated 270 bytes in 3 msecs (HTTP/1.1 300) 6 headers in 234 bytes (1 switches on core 0)
Sep 27 04:06:23.328617 dv-cinder-859186-3-smb devstack@keystone.service[81375]: DEBUG keystone.server.flask.request_processing.req_logging [None req-cf65f70c-bc28-4598-a52c-d78693b96431 None None] REQUEST_METHOD: `POST` {{(pid=81375) log_request_info /opt/stack/keystone/keystone/server/flask/request_processing/req_logging.py:27}}
Sep 27 04:06:23.328893 dv-cinder-859186-3-smb devstack@keystone.service[81375]: DEBUG keystone.server.flask.request_processing.req_logging [None req-cf65f70c-bc28-4598-a52c-d78693b96431 None None] SCRIPT_NAME: `/identity` {{(pid=81375) log_request_info /opt/stack/keystone/keystone/server/flask/request_processing/req_logging.py:28}}
Sep 27 04:06:23.329167 dv-cinder-859186-3-smb devstack@keystone.service[81375]: DEBUG keystone.server.flask.request_processing.req_logging [None req-cf65f70c-bc28-4598-a52c-d78693b96431 None None] PATH_INFO: `/v3/auth/tokens` {{(pid=81375) log_request_info /opt/stack/keystone/keystone/server/flask/request_processing/req_logging.py:29}}
Sep 27 04:06:23.329523 dv-cinder-859186-3-smb devstack@keystone.service[81374]: [pid: 81374|app: 0|req: 90/181] 10.222.0.48 () {58 vars in 1024 bytes} [Tue Sep 27 04:06:23 2022] POST /identity/v3/auth/tokens => generated 799 bytes in 111 msecs (HTTP/1.1 201) 6 headers in 363 bytes (1 switches on core 0)
Sep 27 04:06:23.330246 dv-cinder-859186-3-smb devstack@keystone.service[81374]: DEBUG keystone.server.flask.request_processing.middleware.auth_context [None req-d648770d-6cd1-4cc1-92b3-93c1c505fb04 None None] Authenticating user token {{(pid=81374) process_request /usr/local/lib/python3.8/dist-packages/keystonemiddleware/auth_token/__init__.py:407}}
Sep 27 04:06:23.354835 dv-cinder-859186-3-smb devstack@keystone.service[81375]: DEBUG keystone.auth.core [None req-cf65f70c-bc28-4598-a52c-d78693b96431 None None] MFA Rules not processed for user `0a22ab389c9c45629af99658c60df95d`. Rule list: `[]` (Enabled: `True`). {{(pid=81375) check_auth_methods_against_rules /opt/stack/keystone/keystone/auth/core.py:438}}
Sep 27 04:06:23.356037 dv-cinder-859186-3-smb devstack@keystone.service[81375]: DEBUG keystone.common.fernet_utils [None req-cf65f70c-bc28-4598-a52c-d78693b96431 None None] Loaded 2 Fernet keys from /etc/keystone/fernet-keys/, but `[fernet_tokens] max_active_keys = 3`; perhaps there have not been enough key rotations to reach `max_active_keys` yet? {{(pid=81375) load_keys /opt/stack/keystone/keystone/common/fernet_utils.py:286}}
Sep 27 04:06:23.359774 dv-cinder-859186-3-smb devstack@keystone.service[81375]: DEBUG dbcounter [-] [81375] Writing DB stats keystone:SELECT=100 {{(pid=81375) stat_writer /usr/local/lib/python3.8/dist-packages/dbcounter.py:114}}
Sep 27 04:06:23.418927 dv-cinder-859186-3-smb devstack@keystone.service[81374]: DEBUG dbcounter [-] [81374] Writing DB stats keystone:SELECT=100 {{(pid=81374) stat_writer /usr/local/lib/python3.8/dist-packages/dbcounter.py:114}}
Sep 27 04:06:23.440426 dv-cinder-859186-3-smb devstack@keystone.service[81375]: [pid: 81375|app: 0|req: 92/182] 10.222.0.48 () {58 vars in 1024 bytes} [Tue Sep 27 04:06:23 2022] POST /identity/v3/auth/tokens => generated 799 bytes in 112 msecs (HTTP/1.1 201) 6 headers in 363 bytes (1 switches on core 0)
Sep 27 04:06:23.441439 dv-cinder-859186-3-smb devstack@keystone.service[81375]: DEBUG keystone.server.flask.request_processing.middleware.auth_context [None req-cf65f70c-bc28-4598-a52c-d78693b96431 None None] Authenticating user token {{(pid=81375) process_request /usr/local/lib/python3.8/dist-packages/keystonemiddleware/auth_token/__init__.py:407}}
Sep 27 04:06:23.499045 dv-cinder-859186-3-smb devstack@keystone.service[81374]: DEBUG keystone.server.flask.request_processing.middleware.auth_context [None req-d648770d-6cd1-4cc1-92b3-93c1c505fb04 None None] Validating token access rules against request {{(pid=81374) validate_allowed_request /usr/local/lib/python3.8/dist-packages/keystonemiddleware/auth_token/__init__.py:545}}
Sep 27 04:06:23.559436 dv-cinder-859186-3-smb devstack@keystone.service[81374]: DEBUG keystone.server.flask.request_processing.middleware.auth_context [None req-ae0e51b0-a4b1-4291-8b08-2db7a3b3a536 None admin] RBAC: auth_context: {'token': , 'domain_id': None, 'trust_id': None, 'trustor_id': None, 'trustee_id': None, 'domain_name': None, 'group_ids': [], 'user_id': '0a22ab389c9c45629af99658c60df95d', 'user_domain_id': 'default', 'system_scope': 'all', 'project_id': None, 'project_domain_id': None, 'roles': ['admin', 'member', 'reader'], 'is_admin_project': True, 'service_user_id': None, 'service_user_domain_id': None, 'service_project_id': None, 'service_project_domain_id': None, 'service_roles': []} {{(pid=81374) fill_context /opt/stack/keystone/keystone/server/flask/request_processing/middleware/auth_context.py:478}}
Sep 27 04:06:23.560083 dv-cinder-859186-3-smb devstack@keystone.service[81374]: DEBUG keystone.server.flask.request_processing.req_logging [None req-ae0e51b0-a4b1-4291-8b08-2db7a3b3a536 None admin] REQUEST_METHOD: `GET` {{(pid=81374) log_request_info /opt/stack/keystone/keystone/server/flask/request_processing/req_logging.py:27}}
Sep 27 04:06:23.560363 dv-cinder-859186-3-smb devstack@keystone.service[81374]: DEBUG keystone.server.flask.request_processing.req_logging [None req-ae0e51b0-a4b1-4291-8b08-2db7a3b3a536 None admin] SCRIPT_NAME: `/identity` {{(pid=81374) log_request_info /opt/stack/keystone/keystone/server/flask/request_processing/req_logging.py:28}}
Sep 27 04:06:23.560635 dv-cinder-859186-3-smb devstack@keystone.service[81374]: DEBUG keystone.server.flask.request_processing.req_logging [None req-ae0e51b0-a4b1-4291-8b08-2db7a3b3a536 None admin] PATH_INFO: `/v3/projects/76576f318a6d497ebf3709211b1432ba` {{(pid=81374) log_request_info /opt/stack/keystone/keystone/server/flask/request_processing/req_logging.py:29}}
Sep 27 04:06:23.561812 dv-cinder-859186-3-smb devstack@keystone.service[81374]: DEBUG keystone.common.rbac_enforcer.enforcer [None req-ae0e51b0-a4b1-4291-8b08-2db7a3b3a536 None admin] RBAC: Authorizing `identity:get_project(project_id=76576f318a6d497ebf3709211b1432ba)` {{(pid=81374) enforce_call /opt/stack/keystone/keystone/common/rbac_enforcer/enforcer.py:449}}
Sep 27 04:06:23.563283 dv-cinder-859186-3-smb devstack@keystone.service[81374]: DEBUG keystone.common.rbac_enforcer.enforcer [None req-ae0e51b0-a4b1-4291-8b08-2db7a3b3a536 None admin] RBAC: Authorization granted {{(pid=81374) enforce_call /opt/stack/keystone/keystone/common/rbac_enforcer/enforcer.py:457}}
Sep 27 04:06:23.564920 dv-cinder-859186-3-smb devstack@keystone.service[81374]: [pid: 81374|app: 0|req: 91/183] 10.222.0.48 () {56 vars in 1186 bytes} [Tue Sep 27 04:06:23 2022] GET /identity/v3/projects/76576f318a6d497ebf3709211b1432ba => generated 312 bytes in 235 msecs (HTTP/1.1 200) 5 headers in 177 bytes (1 switches on core 0)
Sep 27 04:06:23.565195 dv-cinder-859186-3-smb devstack@keystone.service[81375]: DEBUG keystone.server.flask.request_processing.middleware.auth_context [None req-cf65f70c-bc28-4598-a52c-d78693b96431 None None] Validating token access rules against request {{(pid=81375) validate_allowed_request /usr/local/lib/python3.8/dist-packages/keystonemiddleware/auth_token/__init__.py:545}}
Sep 27 04:06:23.566008 dv-cinder-859186-3-smb devstack@keystone.service[81374]: DEBUG keystone.server.flask.request_processing.req_logging [None req-cf453710-6809-48de-9559-c13bf23b74dc None None] REQUEST_METHOD: `POST` {{(pid=81374) log_request_info /opt/stack/keystone/keystone/server/flask/request_processing/req_logging.py:27}}
Sep 27 04:06:23.566286 dv-cinder-859186-3-smb devstack@keystone.service[81374]: DEBUG keystone.server.flask.request_processing.req_logging [None req-cf453710-6809-48de-9559-c13bf23b74dc None None] SCRIPT_NAME: `/identity` {{(pid=81374) log_request_info /opt/stack/keystone/keystone/server/flask/request_processing/req_logging.py:28}}
Sep 27 04:06:23.566557 dv-cinder-859186-3-smb devstack@keystone.service[81374]: DEBUG keystone.server.flask.request_processing.req_logging [None req-cf453710-6809-48de-9559-c13bf23b74dc None None] PATH_INFO: `/v3/auth/tokens` {{(pid=81374) log_request_info /opt/stack/keystone/keystone/server/flask/request_processing/req_logging.py:29}}
Sep 27 04:06:23.604211 dv-cinder-859186-3-smb devstack@keystone.service[81374]: DEBUG keystone.auth.core [None req-cf453710-6809-48de-9559-c13bf23b74dc None None] MFA Rules not processed for user `0a22ab389c9c45629af99658c60df95d`. Rule list: `[]` (Enabled: `True`). {{(pid=81374) check_auth_methods_against_rules /opt/stack/keystone/keystone/auth/core.py:438}}
Sep 27 04:06:23.605385 dv-cinder-859186-3-smb devstack@keystone.service[81374]: DEBUG keystone.common.fernet_utils [None req-cf453710-6809-48de-9559-c13bf23b74dc None None] Loaded 2 Fernet keys from /etc/keystone/fernet-keys/, but `[fernet_tokens] max_active_keys = 3`; perhaps there have not been enough key rotations to reach `max_active_keys` yet? {{(pid=81374) load_keys /opt/stack/keystone/keystone/common/fernet_utils.py:286}}
Sep 27 04:06:23.606097 dv-cinder-859186-3-smb devstack@keystone.service[81375]: DEBUG keystone.server.flask.request_processing.middleware.auth_context [None req-f174c985-50ba-4519-af4a-b4731992a246 None admin] RBAC: auth_context: {'token': , 'domain_id': None, 'trust_id': None, 'trustor_id': None, 'trustee_id': None, 'domain_name': None, 'group_ids': [], 'user_id': '0a22ab389c9c45629af99658c60df95d', 'user_domain_id': 'default', 'system_scope': 'all', 'project_id': None, 'project_domain_id': None, 'roles': ['admin', 'member', 'reader'], 'is_admin_project': True, 'service_user_id': None, 'service_user_domain_id': None, 'service_project_id': None, 'service_project_domain_id': None, 'service_roles': []} {{(pid=81375) fill_context /opt/stack/keystone/keystone/server/flask/request_processing/middleware/auth_context.py:478}}
Sep 27 04:06:23.606799 dv-cinder-859186-3-smb devstack@keystone.service[81375]: DEBUG keystone.server.flask.request_processing.req_logging [None req-f174c985-50ba-4519-af4a-b4731992a246 None admin] REQUEST_METHOD: `GET` {{(pid=81375) log_request_info /opt/stack/keystone/keystone/server/flask/request_processing/req_logging.py:27}}
Sep 27 04:06:23.607095 dv-cinder-859186-3-smb devstack@keystone.service[81375]: DEBUG keystone.server.flask.request_processing.req_logging [None req-f174c985-50ba-4519-af4a-b4731992a246 None admin] SCRIPT_NAME: `/identity` {{(pid=81375) log_request_info /opt/stack/keystone/keystone/server/flask/request_processing/req_logging.py:28}}
Sep 27 04:06:23.607514 dv-cinder-859186-3-smb devstack@keystone.service[81375]: DEBUG keystone.server.flask.request_processing.req_logging [None req-f174c985-50ba-4519-af4a-b4731992a246 None admin] PATH_INFO: `/v3/role_assignments` {{(pid=81375) log_request_info /opt/stack/keystone/keystone/server/flask/request_processing/req_logging.py:29}}
Sep 27 04:06:23.608448 dv-cinder-859186-3-smb devstack@keystone.service[81375]: DEBUG keystone.common.rbac_enforcer.enforcer [None req-f174c985-50ba-4519-af4a-b4731992a246 None admin] RBAC: Adding query filter params (role.id=9e2965c7d68d423a965894a8eb16903f, scope.project.id=26f3d9baa4614c7ab91952d7e5132734, user.id=90a852f3923340a1a1dbce5574e80268) {{(pid=81375) _extract_filter_values /opt/stack/keystone/keystone/common/rbac_enforcer/enforcer.py:167}}
Sep 27 04:06:23.608770 dv-cinder-859186-3-smb devstack@keystone.service[81375]: DEBUG keystone.common.rbac_enforcer.enforcer [None req-f174c985-50ba-4519-af4a-b4731992a246 None admin] RBAC: Authorizing `identity:list_role_assignments()` {{(pid=81375) enforce_call /opt/stack/keystone/keystone/common/rbac_enforcer/enforcer.py:449}}
Sep 27 04:06:23.610292 dv-cinder-859186-3-smb devstack@keystone.service[81375]: DEBUG keystone.common.rbac_enforcer.enforcer [None req-f174c985-50ba-4519-af4a-b4731992a246 None admin] RBAC: Authorization granted {{(pid=81375) enforce_call /opt/stack/keystone/keystone/common/rbac_enforcer/enforcer.py:457}}
Sep 27 04:06:23.616859 dv-cinder-859186-3-smb devstack@keystone.service[81375]: [pid: 81375|app: 0|req: 93/184] 10.222.0.48 () {56 vars in 1374 bytes} [Tue Sep 27 04:06:23 2022] GET /identity/v3/role_assignments?user.id=90a852f3923340a1a1dbce5574e80268&scope.project.id=26f3d9baa4614c7ab91952d7e5132734&role.id=9e2965c7d68d423a965894a8eb16903f => generated 608 bytes in 176 msecs (HTTP/1.1 200) 5 headers in 177 bytes (1 switches on core 0)
Sep 27 04:06:23.618310 dv-cinder-859186-3-smb devstack@keystone.service[81375]: DEBUG keystone.server.flask.request_processing.middleware.auth_context [None req-f174c985-50ba-4519-af4a-b4731992a246 None admin] Authenticating user token {{(pid=81375) process_request /usr/local/lib/python3.8/dist-packages/keystonemiddleware/auth_token/__init__.py:407}}
Sep 27 04:06:23.635190 dv-cinder-859186-3-smb devstack@keystone.service[81375]: DEBUG dbcounter [-] [81375] Writing DB stats keystone:SELECT=100 {{(pid=81375) stat_writer /usr/local/lib/python3.8/dist-packages/dbcounter.py:114}}
Sep 27 04:06:23.740821 dv-cinder-859186-3-smb devstack@keystone.service[81374]: [pid: 81374|app: 0|req: 92/185] 10.222.0.48 () {58 vars in 1024 bytes} [Tue Sep 27 04:06:23 2022] POST /identity/v3/auth/tokens => generated 799 bytes in 175 msecs (HTTP/1.1 201) 6 headers in 363 bytes (1 switches on core 0)
Sep 27 04:06:23.792332 dv-cinder-859186-3-smb devstack@keystone.service[81375]: DEBUG keystone.server.flask.request_processing.middleware.auth_context [None req-f174c985-50ba-4519-af4a-b4731992a246 None admin] Validating token access rules against request {{(pid=81375) validate_allowed_request /usr/local/lib/python3.8/dist-packages/keystonemiddleware/auth_token/__init__.py:545}}
Sep 27 04:06:23.826957 dv-cinder-859186-3-smb devstack@keystone.service[81374]: DEBUG keystone.server.flask.request_processing.middleware.auth_context [None req-cf453710-6809-48de-9559-c13bf23b74dc None None] Authenticating user token {{(pid=81374) process_request /usr/local/lib/python3.8/dist-packages/keystonemiddleware/auth_token/__init__.py:407}}
Sep 27 04:06:23.880060 dv-cinder-859186-3-smb devstack@keystone.service[81375]: DEBUG keystone.server.flask.request_processing.middleware.auth_context [None req-169ca87e-3ebe-4ecc-83a8-0a0b71c10fd3 None admin] RBAC: auth_context: {'token': , 'domain_id': None, 'trust_id': None, 'trustor_id': None, 'trustee_id': None, 'domain_name': None, 'group_ids': [], 'user_id': '0a22ab389c9c45629af99658c60df95d', 'user_domain_id': 'default', 'system_scope': 'all', 'project_id': None, 'project_domain_id': None, 'roles': ['admin', 'member', 'reader'], 'is_admin_project': True, 'service_user_id': None, 'service_user_domain_id': None, 'service_project_id': None, 'service_project_domain_id': None, 'service_roles': []} {{(pid=81375) fill_context /opt/stack/keystone/keystone/server/flask/request_processing/middleware/auth_context.py:478}}
Sep 27 04:06:23.880694 dv-cinder-859186-3-smb devstack@keystone.service[81375]: DEBUG keystone.server.flask.request_processing.req_logging [None req-169ca87e-3ebe-4ecc-83a8-0a0b71c10fd3 None admin] REQUEST_METHOD: `GET` {{(pid=81375) log_request_info /opt/stack/keystone/keystone/server/flask/request_processing/req_logging.py:27}}
Sep 27 04:06:23.881138 dv-cinder-859186-3-smb devstack@keystone.service[81375]: DEBUG keystone.server.flask.request_processing.req_logging [None req-169ca87e-3ebe-4ecc-83a8-0a0b71c10fd3 None admin] SCRIPT_NAME: `/identity` {{(pid=81375) log_request_info /opt/stack/keystone/keystone/server/flask/request_processing/req_logging.py:28}}
Sep 27 04:06:23.881420 dv-cinder-859186-3-smb devstack@keystone.service[81375]: DEBUG keystone.server.flask.request_processing.req_logging [None req-169ca87e-3ebe-4ecc-83a8-0a0b71c10fd3 None admin] PATH_INFO: `/v3/role_assignments` {{(pid=81375) log_request_info /opt/stack/keystone/keystone/server/flask/request_processing/req_logging.py:29}}
Sep 27 04:06:23.882170 dv-cinder-859186-3-smb devstack@keystone.service[81375]: DEBUG keystone.common.rbac_enforcer.enforcer [None req-169ca87e-3ebe-4ecc-83a8-0a0b71c10fd3 None admin] RBAC: Adding query filter params (role.id=71cc6516aeff47eea3961db1a3d57f21, scope.project.id=76576f318a6d497ebf3709211b1432ba, user.id=90a852f3923340a1a1dbce5574e80268) {{(pid=81375) _extract_filter_values /opt/stack/keystone/keystone/common/rbac_enforcer/enforcer.py:167}}
Sep 27 04:06:23.882874 dv-cinder-859186-3-smb devstack@keystone.service[81375]: DEBUG keystone.common.rbac_enforcer.enforcer [None req-169ca87e-3ebe-4ecc-83a8-0a0b71c10fd3 None admin] RBAC: Authorizing `identity:list_role_assignments()` {{(pid=81375) enforce_call /opt/stack/keystone/keystone/common/rbac_enforcer/enforcer.py:449}}
Sep 27 04:06:23.884595 dv-cinder-859186-3-smb devstack@keystone.service[81375]: DEBUG keystone.common.rbac_enforcer.enforcer [None req-169ca87e-3ebe-4ecc-83a8-0a0b71c10fd3 None admin] RBAC: Authorization granted {{(pid=81375) enforce_call /opt/stack/keystone/keystone/common/rbac_enforcer/enforcer.py:457}}
Sep 27 04:06:23.892994 dv-cinder-859186-3-smb devstack@keystone.service[81375]: [pid: 81375|app: 0|req: 94/186] 10.222.0.48 () {56 vars in 1374 bytes} [Tue Sep 27 04:06:23 2022] GET /identity/v3/role_assignments?user.id=90a852f3923340a1a1dbce5574e80268&scope.project.id=76576f318a6d497ebf3709211b1432ba&role.id=71cc6516aeff47eea3961db1a3d57f21 => generated 608 bytes in 275 msecs (HTTP/1.1 200) 5 headers in 177 bytes (1 switches on core 0)
Sep 27 04:06:23.893833 dv-cinder-859186-3-smb devstack@keystone.service[81375]: DEBUG keystone.server.flask.request_processing.middleware.auth_context [None req-169ca87e-3ebe-4ecc-83a8-0a0b71c10fd3 None admin] Authenticating user token {{(pid=81375) process_request /usr/local/lib/python3.8/dist-packages/keystonemiddleware/auth_token/__init__.py:407}}
Sep 27 04:06:23.906706 dv-cinder-859186-3-smb devstack@keystone.service[81374]: DEBUG dbcounter [-] [81374] Writing DB stats keystone:SELECT=100 {{(pid=81374) stat_writer /usr/local/lib/python3.8/dist-packages/dbcounter.py:114}}
Sep 27 04:06:23.985876 dv-cinder-859186-3-smb devstack@keystone.service[81374]: DEBUG keystone.server.flask.request_processing.middleware.auth_context [None req-cf453710-6809-48de-9559-c13bf23b74dc None None] Validating token access rules against request {{(pid=81374) validate_allowed_request /usr/local/lib/python3.8/dist-packages/keystonemiddleware/auth_token/__init__.py:545}}
Sep 27 04:06:23.987402 dv-cinder-859186-3-smb devstack@keystone.service[81375]: DEBUG dbcounter [-] [81375] Writing DB stats keystone:SELECT=100 {{(pid=81375) stat_writer /usr/local/lib/python3.8/dist-packages/dbcounter.py:114}}
Sep 27 04:06:24.027414 dv-cinder-859186-3-smb devstack@keystone.service[81374]: DEBUG keystone.server.flask.request_processing.middleware.auth_context [None req-d8936744-3e1a-40f0-a592-b1e8ed79c461 None admin] RBAC: auth_context: {'token': , 'domain_id': None, 'trust_id': None, 'trustor_id': None, 'trustee_id': None, 'domain_name': None, 'group_ids': [], 'user_id': '0a22ab389c9c45629af99658c60df95d', 'user_domain_id': 'default', 'system_scope': 'all', 'project_id': None, 'project_domain_id': None, 'roles': ['admin', 'member', 'reader'], 'is_admin_project': True, 'service_user_id': None, 'service_user_domain_id': None, 'service_project_id': None, 'service_project_domain_id': None, 'service_roles': []} {{(pid=81374) fill_context /opt/stack/keystone/keystone/server/flask/request_processing/middleware/auth_context.py:478}}
Sep 27 04:06:24.027933 dv-cinder-859186-3-smb devstack@keystone.service[81375]: DEBUG keystone.server.flask.request_processing.middleware.auth_context [None req-169ca87e-3ebe-4ecc-83a8-0a0b71c10fd3 None admin] Validating token access rules against request {{(pid=81375) validate_allowed_request /usr/local/lib/python3.8/dist-packages/keystonemiddleware/auth_token/__init__.py:545}}
Sep 27 04:06:24.028121 dv-cinder-859186-3-smb devstack@keystone.service[81374]: DEBUG keystone.server.flask.request_processing.req_logging [None req-d8936744-3e1a-40f0-a592-b1e8ed79c461 None admin] REQUEST_METHOD: `GET` {{(pid=81374) log_request_info /opt/stack/keystone/keystone/server/flask/request_processing/req_logging.py:27}}
Sep 27 04:06:24.028338 dv-cinder-859186-3-smb devstack@keystone.service[81374]: DEBUG keystone.server.flask.request_processing.req_logging [None req-d8936744-3e1a-40f0-a592-b1e8ed79c461 None admin] SCRIPT_NAME: `/identity` {{(pid=81374) log_request_info /opt/stack/keystone/keystone/server/flask/request_processing/req_logging.py:28}}
Sep 27 04:06:24.028611 dv-cinder-859186-3-smb devstack@keystone.service[81374]: DEBUG keystone.server.flask.request_processing.req_logging [None req-d8936744-3e1a-40f0-a592-b1e8ed79c461 None admin] PATH_INFO: `/v3/domains/default` {{(pid=81374) log_request_info /opt/stack/keystone/keystone/server/flask/request_processing/req_logging.py:29}}
Sep 27 04:06:24.029755 dv-cinder-859186-3-smb devstack@keystone.service[81374]: DEBUG keystone.common.rbac_enforcer.enforcer [None req-d8936744-3e1a-40f0-a592-b1e8ed79c461 None admin] RBAC: Authorizing `identity:get_domain(domain_id=default)` {{(pid=81374) enforce_call /opt/stack/keystone/keystone/common/rbac_enforcer/enforcer.py:449}}
Sep 27 04:06:24.031244 dv-cinder-859186-3-smb devstack@keystone.service[81374]: DEBUG keystone.common.rbac_enforcer.enforcer [None req-d8936744-3e1a-40f0-a592-b1e8ed79c461 None admin] RBAC: Authorization granted {{(pid=81374) enforce_call /opt/stack/keystone/keystone/common/rbac_enforcer/enforcer.py:457}}
Sep 27 04:06:24.033111 dv-cinder-859186-3-smb devstack@keystone.service[81374]: [pid: 81374|app: 0|req: 93/187] 10.222.0.48 () {56 vars in 1108 bytes} [Tue Sep 27 04:06:23 2022] GET /identity/v3/domains/default => generated 199 bytes in 207 msecs (HTTP/1.1 200) 5 headers in 177 bytes (1 switches on core 0)
Sep 27 04:06:24.040321 dv-cinder-859186-3-smb devstack@keystone.service[81374]: DEBUG keystone.server.flask.request_processing.middleware.auth_context [None req-d8936744-3e1a-40f0-a592-b1e8ed79c461 None admin] Authenticating user token {{(pid=81374) process_request /usr/local/lib/python3.8/dist-packages/keystonemiddleware/auth_token/__init__.py:407}}
Sep 27 04:06:24.068767 dv-cinder-859186-3-smb devstack@keystone.service[81375]: DEBUG keystone.server.flask.request_processing.middleware.auth_context [None req-93aa0fca-8d6e-4c34-856e-116d00952494 None admin] RBAC: auth_context: {'token': , 'domain_id': None, 'trust_id': None, 'trustor_id': None, 'trustee_id': None, 'domain_name': None, 'group_ids': [], 'user_id': '0a22ab389c9c45629af99658c60df95d', 'user_domain_id': 'default', 'system_scope': 'all', 'project_id': None, 'project_domain_id': None, 'roles': ['admin', 'member', 'reader'], 'is_admin_project': True, 'service_user_id': None, 'service_user_domain_id': None, 'service_project_id': None, 'service_project_domain_id': None, 'service_roles': []} {{(pid=81375) fill_context /opt/stack/keystone/keystone/server/flask/request_processing/middleware/auth_context.py:478}}
Sep 27 04:06:24.069386 dv-cinder-859186-3-smb devstack@keystone.service[81375]: DEBUG keystone.server.flask.request_processing.req_logging [None req-93aa0fca-8d6e-4c34-856e-116d00952494 None admin] REQUEST_METHOD: `GET` {{(pid=81375) log_request_info /opt/stack/keystone/keystone/server/flask/request_processing/req_logging.py:27}}
Sep 27 04:06:24.069671 dv-cinder-859186-3-smb devstack@keystone.service[81375]: DEBUG keystone.server.flask.request_processing.req_logging [None req-93aa0fca-8d6e-4c34-856e-116d00952494 None admin] SCRIPT_NAME: `/identity` {{(pid=81375) log_request_info /opt/stack/keystone/keystone/server/flask/request_processing/req_logging.py:28}}
Sep 27 04:06:24.070026 dv-cinder-859186-3-smb devstack@keystone.service[81375]: DEBUG keystone.server.flask.request_processing.req_logging [None req-93aa0fca-8d6e-4c34-856e-116d00952494 None admin] PATH_INFO: `/v3/roles/admin` {{(pid=81375) log_request_info /opt/stack/keystone/keystone/server/flask/request_processing/req_logging.py:29}}
Sep 27 04:06:24.083928 dv-cinder-859186-3-smb devstack@keystone.service[81375]: DEBUG keystone.common.rbac_enforcer.enforcer [None req-93aa0fca-8d6e-4c34-856e-116d00952494 None admin] Extracting inferred target data resulted in "NOT FOUND (404)". {{(pid=81375) enforce_call /opt/stack/keystone/keystone/common/rbac_enforcer/enforcer.py:409}}
Sep 27 04:06:24.090100 dv-cinder-859186-3-smb devstack@keystone.service[81375]: ERROR keystone.server.flask.application [None req-93aa0fca-8d6e-4c34-856e-116d00952494 None admin] Could not find role: admin.: keystone.exception.RoleNotFound: Could not find role: admin.
Sep 27 04:06:24.090100 dv-cinder-859186-3-smb devstack@keystone.service[81375]: ERROR keystone.server.flask.application
Traceback (most recent call last):
Sep 27 04:06:24.090100 dv-cinder-859186-3-smb devstack@keystone.service[81375]: ERROR keystone.server.flask.application
File "/usr/local/lib/python3.8/dist-packages/flask/app.py", line 1820, in full_dispatch_request
Sep 27 04:06:24.090100 dv-cinder-859186-3-smb devstack@keystone.service[81375]: ERROR keystone.server.flask.application rv = self.dispatch_request()
Sep 27 04:06:24.090100 dv-cinder-859186-3-smb devstack@keystone.service[81375]: ERROR keystone.server.flask.application
File "/usr/local/lib/python3.8/dist-packages/flask/app.py", line 1796, in dispatch_request
Sep 27 04:06:24.090100 dv-cinder-859186-3-smb devstack@keystone.service[81375]: ERROR keystone.server.flask.application return self.ensure_sync(self.view_functions[rule.endpoint])(**view_args)
Sep 27 04:06:24.090100 dv-cinder-859186-3-smb devstack@keystone.service[81375]: ERROR keystone.server.flask.application
File "/usr/local/lib/python3.8/dist-packages/flask_restful/__init__.py", line 467, in wrapper
Sep 27 04:06:24.090100 dv-cinder-859186-3-smb devstack@keystone.service[81375]: ERROR keystone.server.flask.application resp = resource(*args, **kwargs)
Sep 27 04:06:24.090100 dv-cinder-859186-3-smb devstack@keystone.service[81375]: ERROR keystone.server.flask.application
File "/usr/local/lib/python3.8/dist-packages/flask/views.py", line 107, in view
Sep 27 04:06:24.090100 dv-cinder-859186-3-smb devstack@keystone.service[81375]: ERROR keystone.server.flask.application return current_app.ensure_sync(self.dispatch_request)(**kwargs)
Sep 27 04:06:24.090100 dv-cinder-859186-3-smb devstack@keystone.service[81375]: ERROR keystone.server.flask.application
File "/usr/local/lib/python3.8/dist-packages/flask_restful/__init__.py", line 582, in dispatch_request
Sep 27 04:06:24.090100 dv-cinder-859186-3-smb devstack@keystone.service[81375]: ERROR keystone.server.flask.application resp = meth(*args, **kwargs)
Sep 27 04:06:24.090100 dv-cinder-859186-3-smb devstack@keystone.service[81375]: ERROR keystone.server.flask.application
File "/opt/stack/keystone/keystone/api/roles.py", line 50, in get
Sep 27 04:06:24.090100 dv-cinder-859186-3-smb devstack@keystone.service[81375]: ERROR keystone.server.flask.application return self._get_role(role_id)
Sep 27 04:06:24.090100 dv-cinder-859186-3-smb devstack@keystone.service[81375]: ERROR keystone.server.flask.application
File "/opt/stack/keystone/keystone/api/roles.py", line 70, in _get_role
Sep 27 04:06:24.090100 dv-cinder-859186-3-smb devstack@keystone.service[81375]: ERROR keystone.server.flask.application ENFORCER.enforce_call(action='identity:get_role')
Sep 27 04:06:24.091130 dv-cinder-859186-3-smb devstack@keystone.service[81375]: ERROR keystone.server.flask.application
File "/opt/stack/keystone/keystone/common/rbac_enforcer/enforcer.py", line 402, in enforce_call
Sep 27 04:06:24.091130 dv-cinder-859186-3-smb devstack@keystone.service[81375]: ERROR keystone.server.flask.application policy_dict.update(cls._extract_member_target_data(
Sep 27 04:06:24.091130 dv-cinder-859186-3-smb devstack@keystone.service[81375]: ERROR keystone.server.flask.application
File "/opt/stack/keystone/keystone/common/rbac_enforcer/enforcer.py", line 234, in _extract_member_target_data
Sep 27 04:06:24.091130 dv-cinder-859186-3-smb devstack@keystone.service[81375]: ERROR keystone.server.flask.application member_name: func(flask.request.view_args[key])
Sep 27 04:06:24.091130 dv-cinder-859186-3-smb devstack@keystone.service[81375]: ERROR keystone.server.flask.application
File "/opt/stack/keystone/keystone/common/manager.py", line 115, in wrapped
Sep 27 04:06:24.091130 dv-cinder-859186-3-smb devstack@keystone.service[81375]: ERROR keystone.server.flask.application __ret_val = __f(*args, **kwargs)
Sep 27 04:06:24.091130 dv-cinder-859186-3-smb devstack@keystone.service[81375]: ERROR keystone.server.flask.application
File "/usr/local/lib/python3.8/dist-packages/decorator.py", line 232, in fun
Sep 27 04:06:24.091130 dv-cinder-859186-3-smb devstack@keystone.service[81375]: ERROR keystone.server.flask.application return caller(func, *(extras + args), **kw)
Sep 27 04:06:24.091130 dv-cinder-859186-3-smb devstack@keystone.service[81375]: ERROR keystone.server.flask.application
File "/usr/local/lib/python3.8/dist-packages/dogpile/cache/region.py", line 1577, in get_or_create_for_user_func
Sep 27 04:06:24.091130 dv-cinder-859186-3-smb devstack@keystone.service[81375]: ERROR keystone.server.flask.application return self.get_or_create(
Sep 27 04:06:24.091130 dv-cinder-859186-3-smb devstack@keystone.service[81375]: ERROR keystone.server.flask.application
File "/usr/local/lib/python3.8/dist-packages/dogpile/cache/region.py", line 1042, in get_or_create
Sep 27 04:06:24.091130 dv-cinder-859186-3-smb devstack@keystone.service[81375]: ERROR keystone.server.flask.application with Lock(
Sep 27 04:06:24.091130 dv-cinder-859186-3-smb devstack@keystone.service[81375]: ERROR keystone.server.flask.application
File "/usr/local/lib/python3.8/dist-packages/dogpile/lock.py", line 185, in __enter__
Sep 27 04:06:24.091130 dv-cinder-859186-3-smb devstack@keystone.service[81375]: ERROR keystone.server.flask.application return self._enter()
Sep 27 04:06:24.091130 dv-cinder-859186-3-smb devstack@keystone.service[81375]: ERROR keystone.server.flask.application
File "/usr/local/lib/python3.8/dist-packages/dogpile/lock.py", line 94, in _enter
Sep 27 04:06:24.091130 dv-cinder-859186-3-smb devstack@keystone.service[81375]: ERROR keystone.server.flask.application generated = self._enter_create(value, createdtime)
Sep 27 04:06:24.093257 dv-cinder-859186-3-smb devstack@keystone.service[81375]: ERROR keystone.server.flask.application
File "/usr/local/lib/python3.8/dist-packages/dogpile/lock.py", line 178, in _enter_create
Sep 27 04:06:24.093257 dv-cinder-859186-3-smb devstack@keystone.service[81375]: ERROR keystone.server.flask.application return self.creator()
Sep 27 04:06:24.093257 dv-cinder-859186-3-smb devstack@keystone.service[81375]: ERROR keystone.server.flask.application
File "/usr/local/lib/python3.8/dist-packages/dogpile/cache/region.py", line 995, in gen_value
Sep 27 04:06:24.093257 dv-cinder-859186-3-smb devstack@keystone.service[81375]: ERROR keystone.server.flask.application created_value = creator(
Sep 27 04:06:24.093257 dv-cinder-859186-3-smb devstack@keystone.service[81375]: ERROR keystone.server.flask.application
File "/opt/stack/keystone/keystone/assignment/core.py", line 1276, in get_role
Sep 27 04:06:24.093257 dv-cinder-859186-3-smb devstack@keystone.service[81375]: ERROR keystone.server.flask.application return self.driver.get_role(role_id)
Sep 27 04:06:24.093257 dv-cinder-859186-3-smb devstack@keystone.service[81375]: ERROR keystone.server.flask.application
File "/opt/stack/keystone/keystone/assignment/role_backends/sql.py", line 70, in get_role
Sep 27 04:06:24.093257 dv-cinder-859186-3-smb devstack@keystone.service[81375]: ERROR keystone.server.flask.application return self._get_role(session, role_id).to_dict()
Sep 27 04:06:24.093257 dv-cinder-859186-3-smb devstack@keystone.service[81375]: ERROR keystone.server.flask.application
File "/opt/stack/keystone/keystone/assignment/role_backends/sql.py", line 65, in _get_role
Sep 27 04:06:24.093257 dv-cinder-859186-3-smb devstack@keystone.service[81375]: ERROR keystone.server.flask.application raise exception.RoleNotFound(role_id=role_id)
Sep 27 04:06:24.093257 dv-cinder-859186-3-smb devstack@keystone.service[81375]: ERROR keystone.server.flask.application keystone.exception.RoleNotFound: Could not find role: admin.
Sep 27 04:06:24.093257 dv-cinder-859186-3-smb devstack@keystone.service[81375]: ERROR keystone.server.flask.application
Sep 27 04:06:24.093257 dv-cinder-859186-3-smb devstack@keystone.service[81375]: [pid: 81375|app: 0|req: 95/188] 10.222.0.48 () {56 vars in 1096 bytes} [Tue Sep 27 04:06:23 2022] GET /identity/v3/roles/admin => generated 83 bytes in 198 msecs (HTTP/1.1 404) 5 headers in 183 bytes (1 switches on core 0)
Sep 27 04:06:24.097789 dv-cinder-859186-3-smb devstack@keystone.service[81375]: DEBUG keystone.server.flask.request_processing.middleware.auth_context [None req-93aa0fca-8d6e-4c34-856e-116d00952494 None admin] Authenticating user token {{(pid=81375) process_request /usr/local/lib/python3.8/dist-packages/keystonemiddleware/auth_token/__init__.py:407}}
Sep 27 04:06:24.222925 dv-cinder-859186-3-smb devstack@keystone.service[81374]: DEBUG keystone.server.flask.request_processing.middleware.auth_context [None req-d8936744-3e1a-40f0-a592-b1e8ed79c461 None admin] Validating token access rules against request {{(pid=81374) validate_allowed_request /usr/local/lib/python3.8/dist-packages/keystonemiddleware/auth_token/__init__.py:545}}
Sep 27 04:06:24.232001 dv-cinder-859186-3-smb devstack@keystone.service[81375]: DEBUG keystone.server.flask.request_processing.middleware.auth_context [None req-93aa0fca-8d6e-4c34-856e-116d00952494 None admin] Validating token access rules against request {{(pid=81375) validate_allowed_request /usr/local/lib/python3.8/dist-packages/keystonemiddleware/auth_token/__init__.py:545}}
Sep 27 04:06:24.240307 dv-cinder-859186-3-smb devstack@keystone.service[81374]: DEBUG dbcounter [-] [81374] Writing DB stats keystone:SELECT=100 {{(pid=81374) stat_writer /usr/local/lib/python3.8/dist-packages/dbcounter.py:114}}
Sep 27 04:06:24.264234 dv-cinder-859186-3-smb devstack@keystone.service[81374]: DEBUG keystone.server.flask.request_processing.middleware.auth_context [None req-de917a3f-5e6b-4f1c-8490-b852a1aef83b None admin] RBAC: auth_context: {'token': , 'domain_id': None, 'trust_id': None, 'trustor_id': None, 'trustee_id': None, 'domain_name': None, 'group_ids': [], 'user_id': '0a22ab389c9c45629af99658c60df95d', 'user_domain_id': 'default', 'system_scope': 'all', 'project_id': None, 'project_domain_id': None, 'roles': ['admin', 'member', 'reader'], 'is_admin_project': True, 'service_user_id': None, 'service_user_domain_id': None, 'service_project_id': None, 'service_project_domain_id': None, 'service_roles': []} {{(pid=81374) fill_context /opt/stack/keystone/keystone/server/flask/request_processing/middleware/auth_context.py:478}}
Sep 27 04:06:24.265036 dv-cinder-859186-3-smb devstack@keystone.service[81374]: DEBUG keystone.server.flask.request_processing.req_logging [None req-de917a3f-5e6b-4f1c-8490-b852a1aef83b None admin] REQUEST_METHOD: `POST` {{(pid=81374) log_request_info /opt/stack/keystone/keystone/server/flask/request_processing/req_logging.py:27}}
Sep 27 04:06:24.265321 dv-cinder-859186-3-smb devstack@keystone.service[81374]: DEBUG keystone.server.flask.request_processing.req_logging [None req-de917a3f-5e6b-4f1c-8490-b852a1aef83b None admin] SCRIPT_NAME: `/identity` {{(pid=81374) log_request_info /opt/stack/keystone/keystone/server/flask/request_processing/req_logging.py:28}}
Sep 27 04:06:24.265594 dv-cinder-859186-3-smb devstack@keystone.service[81374]: DEBUG keystone.server.flask.request_processing.req_logging [None req-de917a3f-5e6b-4f1c-8490-b852a1aef83b None admin] PATH_INFO: `/v3/users` {{(pid=81374) log_request_info /opt/stack/keystone/keystone/server/flask/request_processing/req_logging.py:29}}
Sep 27 04:06:24.267231 dv-cinder-859186-3-smb devstack@keystone.service[81374]: DEBUG keystone.common.rbac_enforcer.enforcer [None req-de917a3f-5e6b-4f1c-8490-b852a1aef83b None admin] RBAC: Authorizing `identity:create_user()` {{(pid=81374) enforce_call /opt/stack/keystone/keystone/common/rbac_enforcer/enforcer.py:449}}
Sep 27 04:06:24.268276 dv-cinder-859186-3-smb devstack@keystone.service[81374]: DEBUG keystone.common.rbac_enforcer.enforcer [None req-de917a3f-5e6b-4f1c-8490-b852a1aef83b None admin] RBAC: Authorization granted {{(pid=81374) enforce_call /opt/stack/keystone/keystone/common/rbac_enforcer/enforcer.py:457}}
Sep 27 04:06:24.278541 dv-cinder-859186-3-smb devstack@keystone.service[81375]: DEBUG dbcounter [-] [81375] Writing DB stats keystone:SELECT=100 {{(pid=81375) stat_writer /usr/local/lib/python3.8/dist-packages/dbcounter.py:114}}
Sep 27 04:06:24.283014 dv-cinder-859186-3-smb devstack@keystone.service[81375]: DEBUG keystone.server.flask.request_processing.middleware.auth_context [None req-d0252564-4857-41d5-bef4-8ce93edcf3a9 None admin] RBAC: auth_context: {'token': , 'domain_id': None, 'trust_id': None, 'trustor_id': None, 'trustee_id': None, 'domain_name': None, 'group_ids': [], 'user_id': '0a22ab389c9c45629af99658c60df95d', 'user_domain_id': 'default', 'system_scope': 'all', 'project_id': None, 'project_domain_id': None, 'roles': ['admin', 'member', 'reader'], 'is_admin_project': True, 'service_user_id': None, 'service_user_domain_id': None, 'service_project_id': None, 'service_project_domain_id': None, 'service_roles': []} {{(pid=81375) fill_context /opt/stack/keystone/keystone/server/flask/request_processing/middleware/auth_context.py:478}}
Sep 27 04:06:24.284440 dv-cinder-859186-3-smb devstack@keystone.service[81375]: DEBUG keystone.server.flask.request_processing.req_logging [None req-d0252564-4857-41d5-bef4-8ce93edcf3a9 None admin] REQUEST_METHOD: `GET` {{(pid=81375) log_request_info /opt/stack/keystone/keystone/server/flask/request_processing/req_logging.py:27}}
Sep 27 04:06:24.285245 dv-cinder-859186-3-smb devstack@keystone.service[81375]: DEBUG keystone.server.flask.request_processing.req_logging [None req-d0252564-4857-41d5-bef4-8ce93edcf3a9 None admin] SCRIPT_NAME: `/identity` {{(pid=81375) log_request_info /opt/stack/keystone/keystone/server/flask/request_processing/req_logging.py:28}}
Sep 27 04:06:24.285521 dv-cinder-859186-3-smb devstack@keystone.service[81375]: DEBUG keystone.server.flask.request_processing.req_logging [None req-d0252564-4857-41d5-bef4-8ce93edcf3a9 None admin] PATH_INFO: `/v3/roles` {{(pid=81375) log_request_info /opt/stack/keystone/keystone/server/flask/request_processing/req_logging.py:29}}
Sep 27 04:06:24.286296 dv-cinder-859186-3-smb devstack@keystone.service[81375]: DEBUG keystone.common.rbac_enforcer.enforcer [None req-d0252564-4857-41d5-bef4-8ce93edcf3a9 None admin] RBAC: Adding query filter params (name=admin) {{(pid=81375) _extract_filter_values /opt/stack/keystone/keystone/common/rbac_enforcer/enforcer.py:167}}
Sep 27 04:06:24.287718 dv-cinder-859186-3-smb devstack@keystone.service[81375]: DEBUG keystone.common.rbac_enforcer.enforcer [None req-d0252564-4857-41d5-bef4-8ce93edcf3a9 None admin] RBAC: Authorizing `identity:list_roles()` {{(pid=81375) enforce_call /opt/stack/keystone/keystone/common/rbac_enforcer/enforcer.py:449}}
Sep 27 04:06:24.290014 dv-cinder-859186-3-smb devstack@keystone.service[81375]: DEBUG keystone.common.rbac_enforcer.enforcer [None req-d0252564-4857-41d5-bef4-8ce93edcf3a9 None admin] RBAC: Authorization granted {{(pid=81375) enforce_call /opt/stack/keystone/keystone/common/rbac_enforcer/enforcer.py:457}}
Sep 27 04:06:24.296195 dv-cinder-859186-3-smb devstack@keystone.service[81374]: [pid: 81374|app: 0|req: 94/189] 10.222.0.48 () {60 vars in 1132 bytes} [Tue Sep 27 04:06:24 2022] POST /identity/v3/users => generated 297 bytes in 257 msecs (HTTP/1.1 201) 5 headers in 182 bytes (1 switches on core 0)
