Sep 24 05:01:46.335901 dv-cinder-859186-1-smb devstack@c-api.service[113222]: DEBUG cinder.api.middleware.request_id [None req-3416b4a0-0652-4608-8425-128b6296158d None None] RequestId filter calling following filter/app {{(pid=113222) _context_setter /opt/stack/cinder/cinder/api/middleware/request_id.py:62}}
Sep 24 05:01:46.388556 dv-cinder-859186-1-smb devstack@c-api.service[113222]: INFO cinder.api.openstack.wsgi [None req-3416b4a0-0652-4608-8425-128b6296158d tempest-GroupSnapshotsV319Test-1686311808 tempest-GroupSnapshotsV319Test-1686311808-project] POST http://10.222.0.26/volume/v3/c166ed4284a64bbebfc1c1f853a89918/volumes
Sep 24 05:01:46.389019 dv-cinder-859186-1-smb devstack@c-api.service[113222]: DEBUG cinder.api.openstack.wsgi [None req-3416b4a0-0652-4608-8425-128b6296158d tempest-GroupSnapshotsV319Test-1686311808 tempest-GroupSnapshotsV319Test-1686311808-project] Action: 'create', calling method: create, body: {"volume": {"volume_type": "288f4e4e-4c82-4246-842b-b74a76f8f9e2", "group_id": "40cfd12d-a836-4fbd-aae8-539e4cbe33e6", "size": 1, "name": "tempest-GroupSnapshotsV319Test-Volume-1818508469"}} {{(pid=113222) _process_stack /opt/stack/cinder/cinder/api/openstack/wsgi.py:866}}
Sep 24 05:01:46.397908 dv-cinder-859186-1-smb devstack@c-api.service[113223]: INFO cinder.volume.api [None req-b9feb861-79d0-458c-b110-07ae04236aa9 tempest-VolumesListTestJSON-807045723 tempest-VolumesListTestJSON-807045723-project] Get all volumes completed successfully.
Sep 24 05:01:46.403076 dv-cinder-859186-1-smb devstack@c-api.service[113222]: DEBUG cinder.api.v3.volumes [None req-3416b4a0-0652-4608-8425-128b6296158d tempest-GroupSnapshotsV319Test-1686311808 tempest-GroupSnapshotsV319Test-1686311808-project] Create volume request body: {'volume': {'volume_type': '288f4e4e-4c82-4246-842b-b74a76f8f9e2', 'group_id': '40cfd12d-a836-4fbd-aae8-539e4cbe33e6', 'size': 1, 'name': 'tempest-GroupSnapshotsV319Test-Volume-1818508469'}} {{(pid=113222) create /opt/stack/cinder/cinder/api/v3/volumes.py:298}}
Sep 24 05:01:46.410424 dv-cinder-859186-1-smb devstack@c-api.service[113223]: /usr/local/lib/python3.8/dist-packages/oslo_context/context.py:100: DeprecationWarning: Policy enforcement is depending on the value of is_admin. This key is deprecated. Please update your policy file to use the standard policy values.
Sep 24 05:01:46.410424 dv-cinder-859186-1-smb devstack@c-api.service[113223]: warnings.warn('Policy enforcement is depending on the value of '
Sep 24 05:01:46.432543 dv-cinder-859186-1-smb devstack@c-api.service[113223]: INFO cinder.api.openstack.wsgi [None req-b9feb861-79d0-458c-b110-07ae04236aa9 tempest-VolumesListTestJSON-807045723 tempest-VolumesListTestJSON-807045723-project] http://10.222.0.26/volume/v3/cd6a8e4991c5438099bfe6e2cc308a93/volumes/detail?limit=2&status=available&sort_dir=asc&sort_key=id returned with HTTP 200
Sep 24 05:01:46.442932 dv-cinder-859186-1-smb devstack@c-api.service[113223]: [pid: 113223|app: 0|req: 198/384] 10.222.0.26 () {58 vars in 1334 bytes} [Sat Sep 24 05:01:46 2022] GET /volume/v3/cd6a8e4991c5438099bfe6e2cc308a93/volumes/detail?limit=2&status=available&sort_dir=asc&sort_key=id => generated 2063 bytes in 193 msecs (HTTP/1.1 200) 7 headers in 286 bytes (1 switches on core 0)
Sep 24 05:01:46.456695 dv-cinder-859186-1-smb devstack@c-api.service[113223]: DEBUG cinder.api.middleware.request_id [None req-525936d8-60a9-45d9-97d2-00e6629f5a8d None None] RequestId filter calling following filter/app {{(pid=113223) _context_setter /opt/stack/cinder/cinder/api/middleware/request_id.py:62}}
Sep 24 05:01:46.462163 dv-cinder-859186-1-smb devstack@c-api.service[113223]: INFO cinder.api.openstack.wsgi [None req-525936d8-60a9-45d9-97d2-00e6629f5a8d tempest-VolumesListTestJSON-807045723 tempest-VolumesListTestJSON-807045723-project] GET http://10.222.0.26/volume/v3/cd6a8e4991c5438099bfe6e2cc308a93/volumes/detail?limit=2&status=available&sort_dir=desc&sort_key=id
Sep 24 05:01:46.464311 dv-cinder-859186-1-smb devstack@c-api.service[113223]: DEBUG cinder.api.openstack.wsgi [None req-525936d8-60a9-45d9-97d2-00e6629f5a8d tempest-VolumesListTestJSON-807045723 tempest-VolumesListTestJSON-807045723-project] Empty body provided in request {{(pid=113223) get_body /opt/stack/cinder/cinder/api/openstack/wsgi.py:715}}
Sep 24 05:01:46.465504 dv-cinder-859186-1-smb devstack@c-api.service[113223]: DEBUG cinder.api.openstack.wsgi [None req-525936d8-60a9-45d9-97d2-00e6629f5a8d tempest-VolumesListTestJSON-807045723 tempest-VolumesListTestJSON-807045723-project] Calling method 'detail' {{(pid=113223) _process_stack /opt/stack/cinder/cinder/api/openstack/wsgi.py:868}}
Sep 24 05:01:46.467197 dv-cinder-859186-1-smb devstack@c-api.service[113223]: DEBUG cinder.api.api_utils [None req-525936d8-60a9-45d9-97d2-00e6629f5a8d tempest-VolumesListTestJSON-807045723 tempest-VolumesListTestJSON-807045723-project] Removing options '' from query. {{(pid=113223) remove_invalid_filter_options /opt/stack/cinder/cinder/api/api_utils.py:83}}
Sep 24 05:01:46.469572 dv-cinder-859186-1-smb devstack@c-api.service[113223]: DEBUG cinder.volume.api [None req-525936d8-60a9-45d9-97d2-00e6629f5a8d tempest-VolumesListTestJSON-807045723 tempest-VolumesListTestJSON-807045723-project] Could not evaluate value available, assuming string {{(pid=113223) check_volume_filters /opt/stack/cinder/cinder/volume/api.py:2305}}
Sep 24 05:01:46.471809 dv-cinder-859186-1-smb devstack@c-api.service[113223]: DEBUG cinder.volume.api [None req-525936d8-60a9-45d9-97d2-00e6629f5a8d tempest-VolumesListTestJSON-807045723 tempest-VolumesListTestJSON-807045723-project] Searching by: MultiDict([('status', 'available'), ('no_migration_targets', True)]). {{(pid=113223) get_all /opt/stack/cinder/cinder/volume/api.py:664}}
Sep 24 05:01:46.472477 dv-cinder-859186-1-smb devstack@c-api.service[113222]: /usr/local/lib/python3.8/dist-packages/oslo_context/context.py:100: DeprecationWarning: Policy enforcement is depending on the value of is_admin. This key is deprecated. Please update your policy file to use the standard policy values.
Sep 24 05:01:46.472477 dv-cinder-859186-1-smb devstack@c-api.service[113222]: warnings.warn('Policy enforcement is depending on the value of '
Sep 24 05:01:46.473785 dv-cinder-859186-1-smb devstack@c-api.service[113222]: INFO cinder.api.v3.volumes [None req-3416b4a0-0652-4608-8425-128b6296158d tempest-GroupSnapshotsV319Test-1686311808 tempest-GroupSnapshotsV319Test-1686311808-project] Create volume of 1 GB
Sep 24 05:01:46.500182 dv-cinder-859186-1-smb devstack@c-api.service[113222]: INFO cinder.volume.api [None req-3416b4a0-0652-4608-8425-128b6296158d tempest-GroupSnapshotsV319Test-1686311808 tempest-GroupSnapshotsV319Test-1686311808-project] Availability Zones retrieved successfully.
Sep 24 05:01:46.542642 dv-cinder-859186-1-smb devstack@c-api.service[113222]: DEBUG cinder.volume.api [None req-3416b4a0-0652-4608-8425-128b6296158d tempest-GroupSnapshotsV319Test-1686311808 tempest-GroupSnapshotsV319Test-1686311808-project] Flow 'volume_create_api' (054056ee-3649-4fbc-8b1b-90c0d5c816fd) transitioned into state 'RUNNING' from state 'PENDING' {{(pid=113222) _flow_receiver /usr/local/lib/python3.8/dist-packages/taskflow/listeners/logging.py:141}}
Sep 24 05:01:46.550403 dv-cinder-859186-1-smb devstack@c-api.service[113222]: DEBUG cinder.volume.api [None req-3416b4a0-0652-4608-8425-128b6296158d tempest-GroupSnapshotsV319Test-1686311808 tempest-GroupSnapshotsV319Test-1686311808-project] Task 'cinder.volume.flows.api.create_volume.ExtractVolumeRequestTask;volume:create' (4bf45627-e939-405f-96d7-c58acb49d9a7) transitioned into state 'RUNNING' from state 'PENDING' {{(pid=113222) _task_receiver /usr/local/lib/python3.8/dist-packages/taskflow/listeners/logging.py:190}}
Sep 24 05:01:46.552148 dv-cinder-859186-1-smb devstack@c-api.service[113222]: /usr/local/lib/python3.8/dist-packages/oslo_context/context.py:100: DeprecationWarning: Policy enforcement is depending on the value of is_admin. This key is deprecated. Please update your policy file to use the standard policy values.
Sep 24 05:01:46.552148 dv-cinder-859186-1-smb devstack@c-api.service[113222]: warnings.warn('Policy enforcement is depending on the value of '
Sep 24 05:01:46.558341 dv-cinder-859186-1-smb devstack@c-api.service[113222]: DEBUG cinder.volume.flows.api.create_volume [None req-3416b4a0-0652-4608-8425-128b6296158d tempest-GroupSnapshotsV319Test-1686311808 tempest-GroupSnapshotsV319Test-1686311808-project] Validating volume size '1' using validate_int {{(pid=113222) _extract_size /opt/stack/cinder/cinder/volume/flows/api/create_volume.py:228}}
Sep 24 05:01:46.578244 dv-cinder-859186-1-smb devstack@c-api.service[113223]: INFO cinder.volume.api [None req-525936d8-60a9-45d9-97d2-00e6629f5a8d tempest-VolumesListTestJSON-807045723 tempest-VolumesListTestJSON-807045723-project] Get all volumes completed successfully.
Sep 24 05:01:46.581707 dv-cinder-859186-1-smb devstack@c-api.service[113223]: /usr/local/lib/python3.8/dist-packages/oslo_context/context.py:100: DeprecationWarning: Policy enforcement is depending on the value of is_admin. This key is deprecated. Please update your policy file to use the standard policy values.
Sep 24 05:01:46.581707 dv-cinder-859186-1-smb devstack@c-api.service[113223]: warnings.warn('Policy enforcement is depending on the value of '
Sep 24 05:01:46.591708 dv-cinder-859186-1-smb devstack@c-api.service[113223]: INFO cinder.api.openstack.wsgi [None req-525936d8-60a9-45d9-97d2-00e6629f5a8d tempest-VolumesListTestJSON-807045723 tempest-VolumesListTestJSON-807045723-project] http://10.222.0.26/volume/v3/cd6a8e4991c5438099bfe6e2cc308a93/volumes/detail?limit=2&status=available&sort_dir=desc&sort_key=id returned with HTTP 200
Sep 24 05:01:46.606782 dv-cinder-859186-1-smb devstack@c-api.service[113223]: [pid: 113223|app: 0|req: 199/385] 10.222.0.26 () {58 vars in 1336 bytes} [Sat Sep 24 05:01:46 2022] GET /volume/v3/cd6a8e4991c5438099bfe6e2cc308a93/volumes/detail?limit=2&status=available&sort_dir=desc&sort_key=id => generated 2063 bytes in 137 msecs (HTTP/1.1 200) 7 headers in 286 bytes (2 switches on core 0)
Sep 24 05:01:46.613877 dv-cinder-859186-1-smb devstack@c-api.service[113223]: DEBUG cinder.api.middleware.request_id [None req-1feeb4fb-7bcc-44eb-9c01-8132f3f4627e None None] RequestId filter calling following filter/app {{(pid=113223) _context_setter /opt/stack/cinder/cinder/api/middleware/request_id.py:62}}
Sep 24 05:01:46.620114 dv-cinder-859186-1-smb devstack@c-api.service[113223]: INFO cinder.api.openstack.wsgi [None req-1feeb4fb-7bcc-44eb-9c01-8132f3f4627e tempest-VolumesListTestJSON-807045723 tempest-VolumesListTestJSON-807045723-project] GET http://10.222.0.26/volume/v3/cd6a8e4991c5438099bfe6e2cc308a93/volumes?limit=1
Sep 24 05:01:46.621014 dv-cinder-859186-1-smb devstack@c-api.service[113223]: DEBUG cinder.api.openstack.wsgi [None req-1feeb4fb-7bcc-44eb-9c01-8132f3f4627e tempest-VolumesListTestJSON-807045723 tempest-VolumesListTestJSON-807045723-project] Empty body provided in request {{(pid=113223) get_body /opt/stack/cinder/cinder/api/openstack/wsgi.py:715}}
Sep 24 05:01:46.621813 dv-cinder-859186-1-smb devstack@c-api.service[113223]: DEBUG cinder.api.openstack.wsgi [None req-1feeb4fb-7bcc-44eb-9c01-8132f3f4627e tempest-VolumesListTestJSON-807045723 tempest-VolumesListTestJSON-807045723-project] Calling method 'index' {{(pid=113223) _process_stack /opt/stack/cinder/cinder/api/openstack/wsgi.py:868}}
Sep 24 05:01:46.622627 dv-cinder-859186-1-smb devstack@c-api.service[113223]: DEBUG cinder.api.api_utils [None req-1feeb4fb-7bcc-44eb-9c01-8132f3f4627e tempest-VolumesListTestJSON-807045723 tempest-VolumesListTestJSON-807045723-project] Removing options '' from query. {{(pid=113223) remove_invalid_filter_options /opt/stack/cinder/cinder/api/api_utils.py:83}}
Sep 24 05:01:46.624620 dv-cinder-859186-1-smb devstack@c-api.service[113223]: DEBUG cinder.volume.api [None req-1feeb4fb-7bcc-44eb-9c01-8132f3f4627e tempest-VolumesListTestJSON-807045723 tempest-VolumesListTestJSON-807045723-project] Searching by: MultiDict([('no_migration_targets', True)]). {{(pid=113223) get_all /opt/stack/cinder/cinder/volume/api.py:664}}
Sep 24 05:01:46.628213 dv-cinder-859186-1-smb devstack@c-api.service[113222]: DEBUG cinder.volume.api [None req-3416b4a0-0652-4608-8425-128b6296158d tempest-GroupSnapshotsV319Test-1686311808 tempest-GroupSnapshotsV319Test-1686311808-project] Task 'cinder.volume.flows.api.create_volume.ExtractVolumeRequestTask;volume:create' (4bf45627-e939-405f-96d7-c58acb49d9a7) transitioned into state 'SUCCESS' from state 'RUNNING' with result '{'size': 1, 'snapshot_id': None, 'source_volid': None, 'volume_type': VolumeType(created_at=2022-09-24T05:01:45Z,deleted=False,deleted_at=None,description=None,extra_specs={},id=288f4e4e-4c82-4246-842b-b74a76f8f9e2,is_public=True,name='tempest-GroupSnapshotsV319Test-volume-type-1826488102',projects=[],qos_specs=,qos_specs_id=None,updated_at=None), 'volume_type_id': '288f4e4e-4c82-4246-842b-b74a76f8f9e2', 'encryption_key_id': None, 'qos_specs': None, 'consistencygroup_id': None, 'cgsnapshot_id': None, 'group_id': '40cfd12d-a836-4fbd-aae8-539e4cbe33e6', 'replication_status': 'disabled', 'refresh_az': False, 'backup_id': None, 'multiattach': False, 'availability_zones': ['nova']}' {{(pid=113222) _task_receiver /usr/local/lib/python3.8/dist-packages/taskflow/listeners/logging.py:178}}
Sep 24 05:01:46.631783 dv-cinder-859186-1-smb devstack@c-api.service[113222]: DEBUG cinder.volume.api [None req-3416b4a0-0652-4608-8425-128b6296158d tempest-GroupSnapshotsV319Test-1686311808 tempest-GroupSnapshotsV319Test-1686311808-project] Task 'cinder.volume.flows.api.create_volume.QuotaReserveTask;volume:create' (f35ca089-5514-404c-ab06-ad0b89c9d89c) transitioned into state 'RUNNING' from state 'PENDING' {{(pid=113222) _task_receiver /usr/local/lib/python3.8/dist-packages/taskflow/listeners/logging.py:190}}
Sep 24 05:01:46.696270 dv-cinder-859186-1-smb devstack@c-api.service[113223]: INFO cinder.volume.api [None req-1feeb4fb-7bcc-44eb-9c01-8132f3f4627e tempest-VolumesListTestJSON-807045723 tempest-VolumesListTestJSON-807045723-project] Get all volumes completed successfully.
Sep 24 05:01:46.699382 dv-cinder-859186-1-smb devstack@c-api.service[113223]: INFO cinder.api.openstack.wsgi [None req-1feeb4fb-7bcc-44eb-9c01-8132f3f4627e tempest-VolumesListTestJSON-807045723 tempest-VolumesListTestJSON-807045723-project] http://10.222.0.26/volume/v3/cd6a8e4991c5438099bfe6e2cc308a93/volumes?limit=1 returned with HTTP 200
Sep 24 05:01:46.701357 dv-cinder-859186-1-smb devstack@c-api.service[113223]: [pid: 113223|app: 0|req: 200/386] 10.222.0.26 () {58 vars in 1229 bytes} [Sat Sep 24 05:01:46 2022] GET /volume/v3/cd6a8e4991c5438099bfe6e2cc308a93/volumes?limit=1 => generated 569 bytes in 89 msecs (HTTP/1.1 200) 7 headers in 285 bytes (2 switches on core 0)
Sep 24 05:01:46.713010 dv-cinder-859186-1-smb devstack@c-api.service[113223]: DEBUG cinder.api.middleware.request_id [None req-6d206de7-bb4b-457e-9ed5-7179c7303b01 None None] RequestId filter calling following filter/app {{(pid=113223) _context_setter /opt/stack/cinder/cinder/api/middleware/request_id.py:62}}
Sep 24 05:01:46.722085 dv-cinder-859186-1-smb devstack@c-api.service[113223]: INFO cinder.api.openstack.wsgi [None req-6d206de7-bb4b-457e-9ed5-7179c7303b01 tempest-VolumesListTestJSON-807045723 tempest-VolumesListTestJSON-807045723-project] GET http://10.222.0.26/volume/v3/cd6a8e4991c5438099bfe6e2cc308a93/volumes?limit=1&marker=7c31d37a-977c-443b-be75-5bdee82b9728
Sep 24 05:01:46.723015 dv-cinder-859186-1-smb devstack@c-api.service[113223]: DEBUG cinder.api.openstack.wsgi [None req-6d206de7-bb4b-457e-9ed5-7179c7303b01 tempest-VolumesListTestJSON-807045723 tempest-VolumesListTestJSON-807045723-project] Empty body provided in request {{(pid=113223) get_body /opt/stack/cinder/cinder/api/openstack/wsgi.py:715}}
Sep 24 05:01:46.724180 dv-cinder-859186-1-smb devstack@c-api.service[113223]: DEBUG cinder.api.openstack.wsgi [None req-6d206de7-bb4b-457e-9ed5-7179c7303b01 tempest-VolumesListTestJSON-807045723 tempest-VolumesListTestJSON-807045723-project] Calling method 'index' {{(pid=113223) _process_stack /opt/stack/cinder/cinder/api/openstack/wsgi.py:868}}
Sep 24 05:01:46.725223 dv-cinder-859186-1-smb devstack@c-api.service[113222]: WARNING cinder.quota [None req-3416b4a0-0652-4608-8425-128b6296158d tempest-GroupSnapshotsV319Test-1686311808 tempest-GroupSnapshotsV319Test-1686311808-project] Deprecated: Default quota for resource: volumes_tempest-GroupSnapshotsV319Test-volume-type-1826488102 is set by the default quota flag: quota_volumes_tempest-GroupSnapshotsV319Test-volume-type-1826488102, it is now deprecated. Please use the default quota class for default quota.
Sep 24 05:01:46.725931 dv-cinder-859186-1-smb devstack@c-api.service[113223]: DEBUG cinder.api.api_utils [None req-6d206de7-bb4b-457e-9ed5-7179c7303b01 tempest-VolumesListTestJSON-807045723 tempest-VolumesListTestJSON-807045723-project] Removing options '' from query. {{(pid=113223) remove_invalid_filter_options /opt/stack/cinder/cinder/api/api_utils.py:83}}
Sep 24 05:01:46.727649 dv-cinder-859186-1-smb devstack@c-api.service[113223]: /usr/local/lib/python3.8/dist-packages/oslo_context/context.py:100: DeprecationWarning: Policy enforcement is depending on the value of is_admin. This key is deprecated. Please update your policy file to use the standard policy values.
Sep 24 05:01:46.727649 dv-cinder-859186-1-smb devstack@c-api.service[113223]: warnings.warn('Policy enforcement is depending on the value of '
Sep 24 05:01:46.727924 dv-cinder-859186-1-smb devstack@c-api.service[113222]: WARNING cinder.quota [None req-3416b4a0-0652-4608-8425-128b6296158d tempest-GroupSnapshotsV319Test-1686311808 tempest-GroupSnapshotsV319Test-1686311808-project] Deprecated: Default quota for resource: gigabytes_tempest-GroupSnapshotsV319Test-volume-type-1826488102 is set by the default quota flag: quota_gigabytes_tempest-GroupSnapshotsV319Test-volume-type-1826488102, it is now deprecated. Please use the default quota class for default quota.
Sep 24 05:01:46.729022 dv-cinder-859186-1-smb devstack@c-api.service[113223]: DEBUG cinder.volume.api [None req-6d206de7-bb4b-457e-9ed5-7179c7303b01 tempest-VolumesListTestJSON-807045723 tempest-VolumesListTestJSON-807045723-project] Searching by: MultiDict([('no_migration_targets', True)]). {{(pid=113223) get_all /opt/stack/cinder/cinder/volume/api.py:664}}
Sep 24 05:01:46.849370 dv-cinder-859186-1-smb devstack@c-api.service[113223]: INFO cinder.volume.api [None req-6d206de7-bb4b-457e-9ed5-7179c7303b01 tempest-VolumesListTestJSON-807045723 tempest-VolumesListTestJSON-807045723-project] Get all volumes completed successfully.
Sep 24 05:01:46.852181 dv-cinder-859186-1-smb devstack@c-api.service[113223]: INFO cinder.api.openstack.wsgi [None req-6d206de7-bb4b-457e-9ed5-7179c7303b01 tempest-VolumesListTestJSON-807045723 tempest-VolumesListTestJSON-807045723-project] http://10.222.0.26/volume/v3/cd6a8e4991c5438099bfe6e2cc308a93/volumes?limit=1&marker=7c31d37a-977c-443b-be75-5bdee82b9728 returned with HTTP 200
Sep 24 05:01:46.860472 dv-cinder-859186-1-smb devstack@c-api.service[113223]: [pid: 113223|app: 0|req: 201/387] 10.222.0.26 () {58 vars in 1317 bytes} [Sat Sep 24 05:01:46 2022] GET /volume/v3/cd6a8e4991c5438099bfe6e2cc308a93/volumes?limit=1&marker=7c31d37a-977c-443b-be75-5bdee82b9728 => generated 568 bytes in 150 msecs (HTTP/1.1 200) 7 headers in 285 bytes (1 switches on core 0)
Sep 24 05:01:46.864725 dv-cinder-859186-1-smb devstack@c-api.service[113223]: DEBUG cinder.api.middleware.request_id [None req-5c341006-04b8-41fc-870c-48adc28b2b18 None None] RequestId filter calling following filter/app {{(pid=113223) _context_setter /opt/stack/cinder/cinder/api/middleware/request_id.py:62}}
Sep 24 05:01:46.868971 dv-cinder-859186-1-smb devstack@c-api.service[113222]: DEBUG cinder.quota [None req-3416b4a0-0652-4608-8425-128b6296158d tempest-GroupSnapshotsV319Test-1686311808 tempest-GroupSnapshotsV319Test-1686311808-project] Created reservations ['76d60082-084f-41b6-9244-66ca1c02a221', 'e8fd2dad-3dfa-4991-af83-6008e1251ce3', '35fab88c-877b-4c57-b5e4-29f99dba989c', 'f538f706-d332-4f17-84eb-6494621c9b20'] {{(pid=113222) reserve /opt/stack/cinder/cinder/quota.py:755}}
Sep 24 05:01:46.871822 dv-cinder-859186-1-smb devstack@c-api.service[113223]: INFO cinder.api.openstack.wsgi [None req-5c341006-04b8-41fc-870c-48adc28b2b18 tempest-VolumesListTestJSON-807045723 tempest-VolumesListTestJSON-807045723-project] GET http://10.222.0.26/volume/v3/cd6a8e4991c5438099bfe6e2cc308a93/volumes?limit=1&marker=f2395869-233c-4a57-828b-fc910f8c728f
Sep 24 05:01:46.872592 dv-cinder-859186-1-smb devstack@c-api.service[113223]: DEBUG cinder.api.openstack.wsgi [None req-5c341006-04b8-41fc-870c-48adc28b2b18 tempest-VolumesListTestJSON-807045723 tempest-VolumesListTestJSON-807045723-project] Empty body provided in request {{(pid=113223) get_body /opt/stack/cinder/cinder/api/openstack/wsgi.py:715}}
Sep 24 05:01:46.873329 dv-cinder-859186-1-smb devstack@c-api.service[113222]: DEBUG cinder.volume.api [None req-3416b4a0-0652-4608-8425-128b6296158d tempest-GroupSnapshotsV319Test-1686311808 tempest-GroupSnapshotsV319Test-1686311808-project] Task 'cinder.volume.flows.api.create_volume.QuotaReserveTask;volume:create' (f35ca089-5514-404c-ab06-ad0b89c9d89c) transitioned into state 'SUCCESS' from state 'RUNNING' with result '{'reservations': ['76d60082-084f-41b6-9244-66ca1c02a221', 'e8fd2dad-3dfa-4991-af83-6008e1251ce3', '35fab88c-877b-4c57-b5e4-29f99dba989c', 'f538f706-d332-4f17-84eb-6494621c9b20']}' {{(pid=113222) _task_receiver /usr/local/lib/python3.8/dist-packages/taskflow/listeners/logging.py:178}}
Sep 24 05:01:46.873667 dv-cinder-859186-1-smb devstack@c-api.service[113223]: DEBUG cinder.api.openstack.wsgi [None req-5c341006-04b8-41fc-870c-48adc28b2b18 tempest-VolumesListTestJSON-807045723 tempest-VolumesListTestJSON-807045723-project] Calling method 'index' {{(pid=113223) _process_stack /opt/stack/cinder/cinder/api/openstack/wsgi.py:868}}
Sep 24 05:01:46.874890 dv-cinder-859186-1-smb devstack@c-api.service[113223]: DEBUG cinder.api.api_utils [None req-5c341006-04b8-41fc-870c-48adc28b2b18 tempest-VolumesListTestJSON-807045723 tempest-VolumesListTestJSON-807045723-project] Removing options '' from query. {{(pid=113223) remove_invalid_filter_options /opt/stack/cinder/cinder/api/api_utils.py:83}}
Sep 24 05:01:46.875856 dv-cinder-859186-1-smb devstack@c-api.service[113223]: /usr/local/lib/python3.8/dist-packages/oslo_context/context.py:100: DeprecationWarning: Policy enforcement is depending on the value of is_admin. This key is deprecated. Please update your policy file to use the standard policy values.
Sep 24 05:01:46.875856 dv-cinder-859186-1-smb devstack@c-api.service[113223]: warnings.warn('Policy enforcement is depending on the value of '
Sep 24 05:01:46.877336 dv-cinder-859186-1-smb devstack@c-api.service[113223]: DEBUG cinder.volume.api [None req-5c341006-04b8-41fc-870c-48adc28b2b18 tempest-VolumesListTestJSON-807045723 tempest-VolumesListTestJSON-807045723-project] Searching by: MultiDict([('no_migration_targets', True)]). {{(pid=113223) get_all /opt/stack/cinder/cinder/volume/api.py:664}}
Sep 24 05:01:46.877545 dv-cinder-859186-1-smb devstack@c-api.service[113222]: DEBUG cinder.volume.api [None req-3416b4a0-0652-4608-8425-128b6296158d tempest-GroupSnapshotsV319Test-1686311808 tempest-GroupSnapshotsV319Test-1686311808-project] Task 'cinder.volume.flows.api.create_volume.EntryCreateTask;volume:create' (8beb0b74-e903-4c36-9a88-fb42e00a0bc4) transitioned into state 'RUNNING' from state 'PENDING' {{(pid=113222) _task_receiver /usr/local/lib/python3.8/dist-packages/taskflow/listeners/logging.py:190}}
Sep 24 05:01:46.924416 dv-cinder-859186-1-smb devstack@c-api.service[113222]: DEBUG cinder.volume.api [None req-3416b4a0-0652-4608-8425-128b6296158d tempest-GroupSnapshotsV319Test-1686311808 tempest-GroupSnapshotsV319Test-1686311808-project] Task 'cinder.volume.flows.api.create_volume.EntryCreateTask;volume:create' (8beb0b74-e903-4c36-9a88-fb42e00a0bc4) transitioned into state 'SUCCESS' from state 'RUNNING' with result '{'volume_id': 'c5e1760c-b5b8-4a6c-9e81-a556dc11ed98', 'volume_properties': VolumeProperties(attach_status='detached',availability_zone='nova',cgsnapshot_id=None,consistencygroup_id=None,display_description=None,display_name='tempest-GroupSnapshotsV319Test-Volume-1818508469',encryption_key_id=None,group_id=40cfd12d-a836-4fbd-aae8-539e4cbe33e6,group_type_id=,metadata={},multiattach=False,project_id='c166ed4284a64bbebfc1c1f853a89918',qos_specs=None,replication_status=,reservations=['76d60082-084f-41b6-9244-66ca1c02a221','e8fd2dad-3dfa-4991-af83-6008e1251ce3','35fab88c-877b-4c57-b5e4-29f99dba989c','f538f706-d332-4f17-84eb-6494621c9b20'],size=1,snapshot_id=None,source_replicaid=,source_volid=None,status='creating',user_id='9b776d85a5a84e899d28fd6fe28b7d06',volume_type_id=288f4e4e-4c82-4246-842b-b74a76f8f9e2), 'volume': Volume(_name_id=None,admin_metadata=,attach_status='detached',availability_zone='nova',bootable=False,cluster=,cluster_name=None,consistencygroup=,consistencygroup_id=None,created_at=2022-09-24T05:01:46Z,deleted=False,deleted_at=None,display_description=None,display_name='tempest-GroupSnapshotsV319Test-Volume-1818508469',ec2_id=None,encryption_key_id=None,glance_metadata=,group=,group_id=40cfd12d-a836-4fbd-aae8-539e4cbe33e6,host=None,id=c5e1760c-b5b8-4a6c-9e81-a556dc11ed98,launched_at=None,metadata={},migration_status=None,multiattach=False,previous_status=None,project_id='c166ed4284a64bbebfc1c1f853a89918',provider_auth=None,provider_geometry=None,provider_id=None,provider_location=None,replication_driver_data=None,replication_extended_status=None,replication_status=None,scheduled_at=None,service_uuid=None,shared_targets=True,size=1,snapshot_id=None,snapshots=,source_volid=None,status='creating',terminated_at=None,updated_at=None,use_quota=True,user_id='9b776d85a5a84e899d28fd6fe28b7d06',volume_attachment=VolumeAttachmentList,volume_type=VolumeType(288f4e4e-4c82-4246-842b-b74a76f8f9e2),volume_type_id=288f4e4e-4c82-4246-842b-b74a76f8f9e2)}' {{(pid=113222) _task_receiver /usr/local/lib/python3.8/dist-packages/taskflow/listeners/logging.py:178}}
Sep 24 05:01:46.928143 dv-cinder-859186-1-smb devstack@c-api.service[113222]: DEBUG cinder.volume.api [None req-3416b4a0-0652-4608-8425-128b6296158d tempest-GroupSnapshotsV319Test-1686311808 tempest-GroupSnapshotsV319Test-1686311808-project] Task 'cinder.volume.flows.api.create_volume.QuotaCommitTask;volume:create' (448b33bf-257b-4344-91a3-1f32a57fb1ef) transitioned into state 'RUNNING' from state 'PENDING' {{(pid=113222) _task_receiver /usr/local/lib/python3.8/dist-packages/taskflow/listeners/logging.py:190}}
Sep 24 05:01:47.000677 dv-cinder-859186-1-smb devstack@c-api.service[113222]: DEBUG cinder.volume.api [None req-3416b4a0-0652-4608-8425-128b6296158d tempest-GroupSnapshotsV319Test-1686311808 tempest-GroupSnapshotsV319Test-1686311808-project] Task 'cinder.volume.flows.api.create_volume.QuotaCommitTask;volume:create' (448b33bf-257b-4344-91a3-1f32a57fb1ef) transitioned into state 'SUCCESS' from state 'RUNNING' with result '{'volume_properties': VolumeProperties(attach_status='detached',availability_zone='nova',cgsnapshot_id=None,consistencygroup_id=None,display_description=None,display_name='tempest-GroupSnapshotsV319Test-Volume-1818508469',encryption_key_id=None,group_id=40cfd12d-a836-4fbd-aae8-539e4cbe33e6,group_type_id=,metadata={},multiattach=False,project_id='c166ed4284a64bbebfc1c1f853a89918',qos_specs=None,replication_status=,reservations=['76d60082-084f-41b6-9244-66ca1c02a221','e8fd2dad-3dfa-4991-af83-6008e1251ce3','35fab88c-877b-4c57-b5e4-29f99dba989c','f538f706-d332-4f17-84eb-6494621c9b20'],size=1,snapshot_id=None,source_replicaid=,source_volid=None,status='creating',user_id='9b776d85a5a84e899d28fd6fe28b7d06',volume_type_id=288f4e4e-4c82-4246-842b-b74a76f8f9e2)}' {{(pid=113222) _task_receiver /usr/local/lib/python3.8/dist-packages/taskflow/listeners/logging.py:178}}
Sep 24 05:01:47.002960 dv-cinder-859186-1-smb devstack@c-api.service[113222]: DEBUG cinder.volume.api [None req-3416b4a0-0652-4608-8425-128b6296158d tempest-GroupSnapshotsV319Test-1686311808 tempest-GroupSnapshotsV319Test-1686311808-project] Task 'cinder.volume.flows.api.create_volume.VolumeCastTask;volume:create' (71c31fe3-810f-40f5-9111-df840436b112) transitioned into state 'RUNNING' from state 'PENDING' {{(pid=113222) _task_receiver /usr/local/lib/python3.8/dist-packages/taskflow/listeners/logging.py:190}}
Sep 24 05:01:47.011121 dv-cinder-859186-1-smb devstack@c-api.service[113222]: DEBUG dbcounter [-] [113222] Writing DB stats cinder:SELECT=79,cinder:INSERT=9,cinder:UPDATE=12 {{(pid=113222) stat_writer /usr/local/lib/python3.8/dist-packages/dbcounter.py:114}}
Sep 24 05:01:47.034519 dv-cinder-859186-1-smb devstack@c-api.service[113223]: INFO cinder.volume.api [None req-5c341006-04b8-41fc-870c-48adc28b2b18 tempest-VolumesListTestJSON-807045723 tempest-VolumesListTestJSON-807045723-project] Get all volumes completed successfully.
Sep 24 05:01:47.035349 dv-cinder-859186-1-smb devstack@c-api.service[113222]: DEBUG cinder.volume.api [None req-3416b4a0-0652-4608-8425-128b6296158d tempest-GroupSnapshotsV319Test-1686311808 tempest-GroupSnapshotsV319Test-1686311808-project] Task 'cinder.volume.flows.api.create_volume.VolumeCastTask;volume:create' (71c31fe3-810f-40f5-9111-df840436b112) transitioned into state 'SUCCESS' from state 'RUNNING' with result 'None' {{(pid=113222) _task_receiver /usr/local/lib/python3.8/dist-packages/taskflow/listeners/logging.py:178}}
Sep 24 05:01:47.035896 dv-cinder-859186-1-smb devstack@c-api.service[113223]: INFO cinder.api.openstack.wsgi [None req-5c341006-04b8-41fc-870c-48adc28b2b18 tempest-VolumesListTestJSON-807045723 tempest-VolumesListTestJSON-807045723-project] http://10.222.0.26/volume/v3/cd6a8e4991c5438099bfe6e2cc308a93/volumes?limit=1&marker=f2395869-233c-4a57-828b-fc910f8c728f returned with HTTP 200
Sep 24 05:01:47.038341 dv-cinder-859186-1-smb devstack@c-api.service[113222]: DEBUG cinder.volume.api [None req-3416b4a0-0652-4608-8425-128b6296158d tempest-GroupSnapshotsV319Test-1686311808 tempest-GroupSnapshotsV319Test-1686311808-project] Flow 'volume_create_api' (054056ee-3649-4fbc-8b1b-90c0d5c816fd) transitioned into state 'SUCCESS' from state 'RUNNING' {{(pid=113222) _flow_receiver /usr/local/lib/python3.8/dist-packages/taskflow/listeners/logging.py:141}}
Sep 24 05:01:47.039673 dv-cinder-859186-1-smb devstack@c-api.service[113222]: INFO cinder.volume.api [None req-3416b4a0-0652-4608-8425-128b6296158d tempest-GroupSnapshotsV319Test-1686311808 tempest-GroupSnapshotsV319Test-1686311808-project] Create volume request issued successfully.
Sep 24 05:01:47.040126 dv-cinder-859186-1-smb devstack@c-api.service[113223]: [pid: 113223|app: 0|req: 202/388] 10.222.0.26 () {58 vars in 1317 bytes} [Sat Sep 24 05:01:46 2022] GET /volume/v3/cd6a8e4991c5438099bfe6e2cc308a93/volumes?limit=1&marker=f2395869-233c-4a57-828b-fc910f8c728f => generated 569 bytes in 178 msecs (HTTP/1.1 200) 7 headers in 285 bytes (1 switches on core 0)
Sep 24 05:01:47.041806 dv-cinder-859186-1-smb devstack@c-api.service[113222]: WARNING stevedore.named [None req-3416b4a0-0652-4608-8425-128b6296158d tempest-GroupSnapshotsV319Test-1686311808 tempest-GroupSnapshotsV319Test-1686311808-project] Could not load cinder.keymgr.conf_key_mgr.ConfKeyManager
Sep 24 05:01:47.042453 dv-cinder-859186-1-smb devstack@c-api.service[113222]: WARNING castellan.key_manager [None req-3416b4a0-0652-4608-8425-128b6296158d tempest-GroupSnapshotsV319Test-1686311808 tempest-GroupSnapshotsV319Test-1686311808-project] Deprecation Warning : cinder.keymgr.conf_key_mgr.ConfKeyManager is not a stevedore based driver, trying to load it as a class: stevedore.exception.NoMatches: No 'castellan.drivers' driver found, looking for 'cinder.keymgr.conf_key_mgr.ConfKeyManager'
Sep 24 05:01:47.050886 dv-cinder-859186-1-smb devstack@c-api.service[113222]: DEBUG oslo_db.sqlalchemy.engines [None req-3416b4a0-0652-4608-8425-128b6296158d tempest-GroupSnapshotsV319Test-1686311808 tempest-GroupSnapshotsV319Test-1686311808-project] MySQL server mode set to STRICT_TRANS_TABLES,STRICT_ALL_TABLES,NO_ZERO_IN_DATE,NO_ZERO_DATE,ERROR_FOR_DIVISION_BY_ZERO,TRADITIONAL,NO_ENGINE_SUBSTITUTION {{(pid=113222) _check_effective_sql_mode /usr/local/lib/python3.8/dist-packages/oslo_db/sqlalchemy/engines.py:314}}
Sep 24 05:01:47.055275 dv-cinder-859186-1-smb devstack@c-api.service[113223]: DEBUG cinder.api.middleware.request_id [None req-cf99392f-26fa-4ad7-938d-baae3650e517 None None] RequestId filter calling following filter/app {{(pid=113223) _context_setter /opt/stack/cinder/cinder/api/middleware/request_id.py:62}}
Sep 24 05:01:47.060038 dv-cinder-859186-1-smb devstack@c-api.service[113222]: /usr/local/lib/python3.8/dist-packages/oslo_context/context.py:100: DeprecationWarning: Policy enforcement is depending on the value of is_admin. This key is deprecated. Please update your policy file to use the standard policy values.
Sep 24 05:01:47.060038 dv-cinder-859186-1-smb devstack@c-api.service[113222]: warnings.warn('Policy enforcement is depending on the value of '
Sep 24 05:01:47.069691 dv-cinder-859186-1-smb devstack@c-api.service[113223]: INFO cinder.api.openstack.wsgi [None req-cf99392f-26fa-4ad7-938d-baae3650e517 tempest-VolumesListTestJSON-807045723 tempest-VolumesListTestJSON-807045723-project] GET http://10.222.0.26/volume/v3/cd6a8e4991c5438099bfe6e2cc308a93/volumes?limit=1&marker=7b02215b-83a9-4f96-802d-13cc9d2a6b12
Sep 24 05:01:47.074797 dv-cinder-859186-1-smb devstack@c-api.service[113222]: INFO cinder.api.openstack.wsgi [None req-3416b4a0-0652-4608-8425-128b6296158d tempest-GroupSnapshotsV319Test-1686311808 tempest-GroupSnapshotsV319Test-1686311808-project] http://10.222.0.26/volume/v3/c166ed4284a64bbebfc1c1f853a89918/volumes returned with HTTP 202
Sep 24 05:01:47.075754 dv-cinder-859186-1-smb devstack@c-api.service[113223]: DEBUG cinder.api.openstack.wsgi [None req-cf99392f-26fa-4ad7-938d-baae3650e517 tempest-VolumesListTestJSON-807045723 tempest-VolumesListTestJSON-807045723-project] Empty body provided in request {{(pid=113223) get_body /opt/stack/cinder/cinder/api/openstack/wsgi.py:715}}
Sep 24 05:01:47.076396 dv-cinder-859186-1-smb devstack@c-api.service[113223]: DEBUG cinder.api.openstack.wsgi [None req-cf99392f-26fa-4ad7-938d-baae3650e517 tempest-VolumesListTestJSON-807045723 tempest-VolumesListTestJSON-807045723-project] Calling method 'index' {{(pid=113223) _process_stack /opt/stack/cinder/cinder/api/openstack/wsgi.py:868}}
Sep 24 05:01:47.078288 dv-cinder-859186-1-smb devstack@c-api.service[113222]: [pid: 113222|app: 0|req: 187/389] 10.222.0.26 () {62 vars in 1277 bytes} [Sat Sep 24 05:01:46 2022] POST /volume/v3/c166ed4284a64bbebfc1c1f853a89918/volumes => generated 916 bytes in 745 msecs (HTTP/1.1 202) 7 headers in 292 bytes (1 switches on core 0)
Sep 24 05:01:47.096073 dv-cinder-859186-1-smb devstack@c-api.service[113223]: DEBUG cinder.api.api_utils [None req-cf99392f-26fa-4ad7-938d-baae3650e517 tempest-VolumesListTestJSON-807045723 tempest-VolumesListTestJSON-807045723-project] Removing options '' from query. {{(pid=113223) remove_invalid_filter_options /opt/stack/cinder/cinder/api/api_utils.py:83}}
Sep 24 05:01:47.096206 dv-cinder-859186-1-smb devstack@c-api.service[113222]: DEBUG cinder.api.middleware.request_id [None req-b5306bad-d12a-40fe-9656-fc49d2d003e8 None None] RequestId filter calling following filter/app {{(pid=113222) _context_setter /opt/stack/cinder/cinder/api/middleware/request_id.py:62}}
Sep 24 05:01:47.099056 dv-cinder-859186-1-smb devstack@c-api.service[113223]: /usr/local/lib/python3.8/dist-packages/oslo_context/context.py:100: DeprecationWarning: Policy enforcement is depending on the value of is_admin. This key is deprecated. Please update your policy file to use the standard policy values.
Sep 24 05:01:47.099056 dv-cinder-859186-1-smb devstack@c-api.service[113223]: warnings.warn('Policy enforcement is depending on the value of '
Sep 24 05:01:47.099685 dv-cinder-859186-1-smb devstack@c-api.service[113222]: INFO cinder.api.openstack.wsgi [None req-b5306bad-d12a-40fe-9656-fc49d2d003e8 tempest-GroupSnapshotsV319Test-1686311808 tempest-GroupSnapshotsV319Test-1686311808-project] GET http://10.222.0.26/volume/v3/c166ed4284a64bbebfc1c1f853a89918/volumes/c5e1760c-b5b8-4a6c-9e81-a556dc11ed98
Sep 24 05:01:47.100291 dv-cinder-859186-1-smb devstack@c-api.service[113222]: DEBUG cinder.api.openstack.wsgi [None req-b5306bad-d12a-40fe-9656-fc49d2d003e8 tempest-GroupSnapshotsV319Test-1686311808 tempest-GroupSnapshotsV319Test-1686311808-project] Empty body provided in request {{(pid=113222) get_body /opt/stack/cinder/cinder/api/openstack/wsgi.py:715}}
Sep 24 05:01:47.100836 dv-cinder-859186-1-smb devstack@c-api.service[113222]: DEBUG cinder.api.openstack.wsgi [None req-b5306bad-d12a-40fe-9656-fc49d2d003e8 tempest-GroupSnapshotsV319Test-1686311808 tempest-GroupSnapshotsV319Test-1686311808-project] Calling method 'show' {{(pid=113222) _process_stack /opt/stack/cinder/cinder/api/openstack/wsgi.py:868}}
Sep 24 05:01:47.101082 dv-cinder-859186-1-smb devstack@c-api.service[113223]: DEBUG cinder.volume.api [None req-cf99392f-26fa-4ad7-938d-baae3650e517 tempest-VolumesListTestJSON-807045723 tempest-VolumesListTestJSON-807045723-project] Searching by: MultiDict([('no_migration_targets', True)]). {{(pid=113223) get_all /opt/stack/cinder/cinder/volume/api.py:664}}
Sep 24 05:01:47.139915 dv-cinder-859186-1-smb devstack@c-api.service[113222]: /usr/local/lib/python3.8/dist-packages/oslo_context/context.py:100: DeprecationWarning: Policy enforcement is depending on the value of is_admin. This key is deprecated. Please update your policy file to use the standard policy values.
Sep 24 05:01:47.139915 dv-cinder-859186-1-smb devstack@c-api.service[113222]: warnings.warn('Policy enforcement is depending on the value of '
Sep 24 05:01:47.159478 dv-cinder-859186-1-smb devstack@c-api.service[113222]: INFO cinder.volume.api [None req-b5306bad-d12a-40fe-9656-fc49d2d003e8 tempest-GroupSnapshotsV319Test-1686311808 tempest-GroupSnapshotsV319Test-1686311808-project] Volume info retrieved successfully.
Sep 24 05:01:47.161005 dv-cinder-859186-1-smb devstack@c-api.service[113222]: WARNING stevedore.named [None req-b5306bad-d12a-40fe-9656-fc49d2d003e8 tempest-GroupSnapshotsV319Test-1686311808 tempest-GroupSnapshotsV319Test-1686311808-project] Could not load cinder.keymgr.conf_key_mgr.ConfKeyManager
Sep 24 05:01:47.163157 dv-cinder-859186-1-smb devstack@c-api.service[113222]: WARNING castellan.key_manager [None req-b5306bad-d12a-40fe-9656-fc49d2d003e8 tempest-GroupSnapshotsV319Test-1686311808 tempest-GroupSnapshotsV319Test-1686311808-project] Deprecation Warning : cinder.keymgr.conf_key_mgr.ConfKeyManager is not a stevedore based driver, trying to load it as a class: stevedore.exception.NoMatches: No 'castellan.drivers' driver found, looking for 'cinder.keymgr.conf_key_mgr.ConfKeyManager'
Sep 24 05:01:47.178005 dv-cinder-859186-1-smb devstack@c-api.service[113222]: DEBUG oslo_db.sqlalchemy.engines [None req-b5306bad-d12a-40fe-9656-fc49d2d003e8 tempest-GroupSnapshotsV319Test-1686311808 tempest-GroupSnapshotsV319Test-1686311808-project] MySQL server mode set to STRICT_TRANS_TABLES,STRICT_ALL_TABLES,NO_ZERO_IN_DATE,NO_ZERO_DATE,ERROR_FOR_DIVISION_BY_ZERO,TRADITIONAL,NO_ENGINE_SUBSTITUTION {{(pid=113222) _check_effective_sql_mode /usr/local/lib/python3.8/dist-packages/oslo_db/sqlalchemy/engines.py:314}}
Sep 24 05:01:47.188221 dv-cinder-859186-1-smb devstack@c-api.service[113223]: INFO cinder.volume.api [None req-cf99392f-26fa-4ad7-938d-baae3650e517 tempest-VolumesListTestJSON-807045723 tempest-VolumesListTestJSON-807045723-project] Get all volumes completed successfully.
Sep 24 05:01:47.189194 dv-cinder-859186-1-smb devstack@c-api.service[113223]: INFO cinder.api.openstack.wsgi [None req-cf99392f-26fa-4ad7-938d-baae3650e517 tempest-VolumesListTestJSON-807045723 tempest-VolumesListTestJSON-807045723-project] http://10.222.0.26/volume/v3/cd6a8e4991c5438099bfe6e2cc308a93/volumes?limit=1&marker=7b02215b-83a9-4f96-802d-13cc9d2a6b12 returned with HTTP 200
Sep 24 05:01:47.191750 dv-cinder-859186-1-smb devstack@c-api.service[113222]: /usr/local/lib/python3.8/dist-packages/oslo_context/context.py:100: DeprecationWarning: Policy enforcement is depending on the value of is_admin. This key is deprecated. Please update your policy file to use the standard policy values.
Sep 24 05:01:47.191750 dv-cinder-859186-1-smb devstack@c-api.service[113222]: warnings.warn('Policy enforcement is depending on the value of '
Sep 24 05:01:47.191943 dv-cinder-859186-1-smb devstack@c-api.service[113223]: [pid: 113223|app: 0|req: 203/390] 10.222.0.26 () {58 vars in 1317 bytes} [Sat Sep 24 05:01:47 2022] GET /volume/v3/cd6a8e4991c5438099bfe6e2cc308a93/volumes?limit=1&marker=7b02215b-83a9-4f96-802d-13cc9d2a6b12 => generated 15 bytes in 144 msecs (HTTP/1.1 200) 7 headers in 284 bytes (1 switches on core 0)
Sep 24 05:01:47.200437 dv-cinder-859186-1-smb devstack@c-api.service[113223]: DEBUG cinder.api.middleware.request_id [None req-96bea588-4edb-4fdb-abf2-99a209958a9b None None] RequestId filter calling following filter/app {{(pid=113223) _context_setter /opt/stack/cinder/cinder/api/middleware/request_id.py:62}}
Sep 24 05:01:47.206384 dv-cinder-859186-1-smb devstack@c-api.service[113223]: INFO cinder.api.openstack.wsgi [None req-96bea588-4edb-4fdb-abf2-99a209958a9b tempest-VolumesListTestJSON-807045723 tempest-VolumesListTestJSON-807045723-project] GET http://10.222.0.26/volume/v3/cd6a8e4991c5438099bfe6e2cc308a93/volumes?name=tempest-VolumesListTestJSON-Volume-1172580143&status=available
Sep 24 05:01:47.207196 dv-cinder-859186-1-smb devstack@c-api.service[113223]: DEBUG cinder.api.openstack.wsgi [None req-96bea588-4edb-4fdb-abf2-99a209958a9b tempest-VolumesListTestJSON-807045723 tempest-VolumesListTestJSON-807045723-project] Empty body provided in request {{(pid=113223) get_body /opt/stack/cinder/cinder/api/openstack/wsgi.py:715}}
Sep 24 05:01:47.207800 dv-cinder-859186-1-smb devstack@c-api.service[113223]: DEBUG cinder.api.openstack.wsgi [None req-96bea588-4edb-4fdb-abf2-99a209958a9b tempest-VolumesListTestJSON-807045723 tempest-VolumesListTestJSON-807045723-project] Calling method 'index' {{(pid=113223) _process_stack /opt/stack/cinder/cinder/api/openstack/wsgi.py:868}}
Sep 24 05:01:47.208575 dv-cinder-859186-1-smb devstack@c-api.service[113223]: DEBUG cinder.api.api_utils [None req-96bea588-4edb-4fdb-abf2-99a209958a9b tempest-VolumesListTestJSON-807045723 tempest-VolumesListTestJSON-807045723-project] Removing options '' from query. {{(pid=113223) remove_invalid_filter_options /opt/stack/cinder/cinder/api/api_utils.py:83}}
Sep 24 05:01:47.209348 dv-cinder-859186-1-smb devstack@c-api.service[113223]: DEBUG cinder.volume.api [None req-96bea588-4edb-4fdb-abf2-99a209958a9b tempest-VolumesListTestJSON-807045723 tempest-VolumesListTestJSON-807045723-project] Could not evaluate value available, assuming string {{(pid=113223) check_volume_filters /opt/stack/cinder/cinder/volume/api.py:2305}}
Sep 24 05:01:47.211626 dv-cinder-859186-1-smb devstack@c-api.service[113223]: DEBUG cinder.volume.api [None req-96bea588-4edb-4fdb-abf2-99a209958a9b tempest-VolumesListTestJSON-807045723 tempest-VolumesListTestJSON-807045723-project] Searching by: MultiDict([('status', 'available'), ('display_name', 'tempest-VolumesListTestJSON-Volume-1172580143'), ('no_migration_targets', True)]). {{(pid=113223) get_all /opt/stack/cinder/cinder/volume/api.py:664}}
Sep 24 05:01:47.232734 dv-cinder-859186-1-smb devstack@c-api.service[113222]: INFO cinder.api.openstack.wsgi [None req-b5306bad-d12a-40fe-9656-fc49d2d003e8 tempest-GroupSnapshotsV319Test-1686311808 tempest-GroupSnapshotsV319Test-1686311808-project] http://10.222.0.26/volume/v3/c166ed4284a64bbebfc1c1f853a89918/volumes/c5e1760c-b5b8-4a6c-9e81-a556dc11ed98 returned with HTTP 200
Sep 24 05:01:47.236285 dv-cinder-859186-1-smb devstack@c-api.service[113222]: [pid: 113222|app: 0|req: 188/391] 10.222.0.26 () {60 vars in 1366 bytes} [Sat Sep 24 05:01:47 2022] GET /volume/v3/c166ed4284a64bbebfc1c1f853a89918/volumes/c5e1760c-b5b8-4a6c-9e81-a556dc11ed98 => generated 984 bytes in 143 msecs (HTTP/1.1 200) 7 headers in 286 bytes (1 switches on core 0)
Sep 24 05:01:47.320143 dv-cinder-859186-1-smb devstack@c-api.service[113223]: INFO cinder.volume.api [None req-96bea588-4edb-4fdb-abf2-99a209958a9b tempest-VolumesListTestJSON-807045723 tempest-VolumesListTestJSON-807045723-project] Get all volumes completed successfully.
Sep 24 05:01:47.321434 dv-cinder-859186-1-smb devstack@c-api.service[113223]: INFO cinder.api.openstack.wsgi [None req-96bea588-4edb-4fdb-abf2-99a209958a9b tempest-VolumesListTestJSON-807045723 tempest-VolumesListTestJSON-807045723-project] http://10.222.0.26/volume/v3/cd6a8e4991c5438099bfe6e2cc308a93/volumes?name=tempest-VolumesListTestJSON-Volume-1172580143&status=available returned with HTTP 200
Sep 24 05:01:47.335835 dv-cinder-859186-1-smb devstack@c-api.service[113223]: [pid: 113223|app: 0|req: 204/392] 10.222.0.26 () {58 vars in 1349 bytes} [Sat Sep 24 05:01:47 2022] GET /volume/v3/cd6a8e4991c5438099bfe6e2cc308a93/volumes?name=tempest-VolumesListTestJSON-Volume-1172580143&status=available => generated 400 bytes in 136 msecs (HTTP/1.1 200) 7 headers in 285 bytes (2 switches on core 0)
Sep 24 05:01:47.336298 dv-cinder-859186-1-smb devstack@c-api.service[113222]: DEBUG cinder.api.middleware.request_id [None req-817a8f0c-f124-4896-8fb9-4742c708a170 None None] RequestId filter calling following filter/app {{(pid=113222) _context_setter /opt/stack/cinder/cinder/api/middleware/request_id.py:62}}
Sep 24 05:01:47.340978 dv-cinder-859186-1-smb devstack@c-api.service[113222]: INFO cinder.api.openstack.wsgi [None req-817a8f0c-f124-4896-8fb9-4742c708a170 tempest-VolumesListTestJSON-807045723 tempest-VolumesListTestJSON-807045723-project] GET http://10.222.0.26/volume/v3/cd6a8e4991c5438099bfe6e2cc308a93/volumes/detail?name=tempest-VolumesListTestJSON-Volume-1235584004&status=available
Sep 24 05:01:47.342018 dv-cinder-859186-1-smb devstack@c-api.service[113222]: DEBUG cinder.api.openstack.wsgi [None req-817a8f0c-f124-4896-8fb9-4742c708a170 tempest-VolumesListTestJSON-807045723 tempest-VolumesListTestJSON-807045723-project] Empty body provided in request {{(pid=113222) get_body /opt/stack/cinder/cinder/api/openstack/wsgi.py:715}}
Sep 24 05:01:47.342958 dv-cinder-859186-1-smb devstack@c-api.service[113222]: DEBUG cinder.api.openstack.wsgi [None req-817a8f0c-f124-4896-8fb9-4742c708a170 tempest-VolumesListTestJSON-807045723 tempest-VolumesListTestJSON-807045723-project] Calling method 'detail' {{(pid=113222) _process_stack /opt/stack/cinder/cinder/api/openstack/wsgi.py:868}}
Sep 24 05:01:47.345120 dv-cinder-859186-1-smb devstack@c-api.service[113222]: DEBUG cinder.api.api_utils [None req-817a8f0c-f124-4896-8fb9-4742c708a170 tempest-VolumesListTestJSON-807045723 tempest-VolumesListTestJSON-807045723-project] Removing options '' from query. {{(pid=113222) remove_invalid_filter_options /opt/stack/cinder/cinder/api/api_utils.py:83}}
Sep 24 05:01:47.346893 dv-cinder-859186-1-smb devstack@c-api.service[113222]: DEBUG cinder.volume.api [None req-817a8f0c-f124-4896-8fb9-4742c708a170 tempest-VolumesListTestJSON-807045723 tempest-VolumesListTestJSON-807045723-project] Could not evaluate value available, assuming string {{(pid=113222) check_volume_filters /opt/stack/cinder/cinder/volume/api.py:2305}}
Sep 24 05:01:47.355922 dv-cinder-859186-1-smb devstack@c-api.service[113222]: DEBUG cinder.volume.api [None req-817a8f0c-f124-4896-8fb9-4742c708a170 tempest-VolumesListTestJSON-807045723 tempest-VolumesListTestJSON-807045723-project] Searching by: MultiDict([('status', 'available'), ('display_name', 'tempest-VolumesListTestJSON-Volume-1235584004'), ('no_migration_targets', True)]). {{(pid=113222) get_all /opt/stack/cinder/cinder/volume/api.py:664}}
Sep 24 05:01:47.483198 dv-cinder-859186-1-smb devstack@c-api.service[113222]: INFO cinder.volume.api [None req-817a8f0c-f124-4896-8fb9-4742c708a170 tempest-VolumesListTestJSON-807045723 tempest-VolumesListTestJSON-807045723-project] Get all volumes completed successfully.
Sep 24 05:01:47.485007 dv-cinder-859186-1-smb devstack@c-api.service[113222]: /usr/local/lib/python3.8/dist-packages/oslo_context/context.py:100: DeprecationWarning: Policy enforcement is depending on the value of is_admin. This key is deprecated. Please update your policy file to use the standard policy values.
Sep 24 05:01:47.485007 dv-cinder-859186-1-smb devstack@c-api.service[113222]: warnings.warn('Policy enforcement is depending on the value of '
Sep 24 05:01:47.507365 dv-cinder-859186-1-smb devstack@c-api.service[113222]: INFO cinder.api.openstack.wsgi [None req-817a8f0c-f124-4896-8fb9-4742c708a170 tempest-VolumesListTestJSON-807045723 tempest-VolumesListTestJSON-807045723-project] http://10.222.0.26/volume/v3/cd6a8e4991c5438099bfe6e2cc308a93/volumes/detail?name=tempest-VolumesListTestJSON-Volume-1235584004&status=available returned with HTTP 200
Sep 24 05:01:47.509464 dv-cinder-859186-1-smb devstack@c-api.service[113222]: [pid: 113222|app: 0|req: 189/393] 10.222.0.26 () {58 vars in 1370 bytes} [Sat Sep 24 05:01:47 2022] GET /volume/v3/cd6a8e4991c5438099bfe6e2cc308a93/volumes/detail?name=tempest-VolumesListTestJSON-Volume-1235584004&status=available => generated 929 bytes in 175 msecs (HTTP/1.1 200) 7 headers in 285 bytes (1 switches on core 0)
Sep 24 05:01:47.530278 dv-cinder-859186-1-smb devstack@c-api.service[113223]: DEBUG cinder.api.middleware.request_id [None req-c789012d-beeb-4d67-b4a4-b36315eefc08 None None] RequestId filter calling following filter/app {{(pid=113223) _context_setter /opt/stack/cinder/cinder/api/middleware/request_id.py:62}}
