Sep 22 18:24:49.245053 dv-cinder-858946-1-smb devstack@n-api.service[120375]: DEBUG nova.api.openstack.wsgi_app [-] oslo_reports.file_event_handler = None {{(pid=120375) log_opt_values /usr/local/lib/python3.8/dist-packages/oslo_config/cfg.py:2609}}
Sep 22 18:24:49.245407 dv-cinder-858946-1-smb devstack@n-api.service[120375]: DEBUG nova.api.openstack.wsgi_app [-] oslo_reports.file_event_handler_interval = 1 {{(pid=120375) log_opt_values /usr/local/lib/python3.8/dist-packages/oslo_config/cfg.py:2609}}
Sep 22 18:24:49.245725 dv-cinder-858946-1-smb devstack@n-api.service[120375]: DEBUG nova.api.openstack.wsgi_app [-] oslo_reports.log_dir = None {{(pid=120375) log_opt_values /usr/local/lib/python3.8/dist-packages/oslo_config/cfg.py:2609}}
Sep 22 18:24:49.245978 dv-cinder-858946-1-smb devstack@n-api.service[120375]: DEBUG nova.api.openstack.wsgi_app [-] ******************************************************************************** {{(pid=120375) log_opt_values /usr/local/lib/python3.8/dist-packages/oslo_config/cfg.py:2613}}
Sep 22 18:24:49.300102 dv-cinder-858946-1-smb devstack@n-api.service[120374]: INFO dbcounter [None req-02fe09a2-ab0b-4a81-a151-6dc040be5b86 None None] Registered counter for database nova_api
Sep 22 18:24:49.307873 dv-cinder-858946-1-smb devstack@n-api.service[120375]: INFO dbcounter [None req-f1b093b0-60db-4675-84b4-4f7690a7baac None None] Registered counter for database nova_api
Sep 22 18:24:49.320476 dv-cinder-858946-1-smb devstack@n-api.service[120374]: DEBUG oslo_db.sqlalchemy.engines [None req-02fe09a2-ab0b-4a81-a151-6dc040be5b86 None None] MySQL server mode set to STRICT_TRANS_TABLES,STRICT_ALL_TABLES,NO_ZERO_IN_DATE,NO_ZERO_DATE,ERROR_FOR_DIVISION_BY_ZERO,TRADITIONAL,NO_ENGINE_SUBSTITUTION {{(pid=120374) _check_effective_sql_mode /usr/local/lib/python3.8/dist-packages/oslo_db/sqlalchemy/engines.py:314}}
Sep 22 18:24:49.328275 dv-cinder-858946-1-smb devstack@n-api.service[120375]: DEBUG oslo_db.sqlalchemy.engines [None req-f1b093b0-60db-4675-84b4-4f7690a7baac None None] MySQL server mode set to STRICT_TRANS_TABLES,STRICT_ALL_TABLES,NO_ZERO_IN_DATE,NO_ZERO_DATE,ERROR_FOR_DIVISION_BY_ZERO,TRADITIONAL,NO_ENGINE_SUBSTITUTION {{(pid=120375) _check_effective_sql_mode /usr/local/lib/python3.8/dist-packages/oslo_db/sqlalchemy/engines.py:314}}
Sep 22 18:24:49.328932 dv-cinder-858946-1-smb devstack@n-api.service[120374]: DEBUG dbcounter [-] [120374] Writer thread running {{(pid=120374) stat_writer /usr/local/lib/python3.8/dist-packages/dbcounter.py:99}}
Sep 22 18:24:49.335934 dv-cinder-858946-1-smb devstack@n-api.service[120375]: DEBUG dbcounter [-] [120375] Writer thread running {{(pid=120375) stat_writer /usr/local/lib/python3.8/dist-packages/dbcounter.py:99}}
Sep 22 18:24:49.392648 dv-cinder-858946-1-smb devstack@n-api.service[120374]: DEBUG nova.context [None req-02fe09a2-ab0b-4a81-a151-6dc040be5b86 None None] Found 2 cells: 00000000-0000-0000-0000-000000000000(cell0),ecc58d37-4c5b-4be4-8440-ece9e35b869b(cell1) {{(pid=120374) load_cells /opt/stack/nova/nova/context.py:464}}
Sep 22 18:24:49.394441 dv-cinder-858946-1-smb devstack@n-api.service[120375]: DEBUG nova.context [None req-f1b093b0-60db-4675-84b4-4f7690a7baac None None] Found 2 cells: 00000000-0000-0000-0000-000000000000(cell0),ecc58d37-4c5b-4be4-8440-ece9e35b869b(cell1) {{(pid=120375) load_cells /opt/stack/nova/nova/context.py:464}}
Sep 22 18:24:49.397354 dv-cinder-858946-1-smb devstack@n-api.service[120374]: DEBUG oslo_concurrency.lockutils [None req-02fe09a2-ab0b-4a81-a151-6dc040be5b86 None None] Acquiring lock "00000000-0000-0000-0000-000000000000" by "nova.context.set_target_cell..get_or_set_cached_cell_and_set_connections" {{(pid=120374) inner /usr/local/lib/python3.8/dist-packages/oslo_concurrency/lockutils.py:404}}
Sep 22 18:24:49.397839 dv-cinder-858946-1-smb devstack@n-api.service[120374]: DEBUG oslo_concurrency.lockutils [None req-02fe09a2-ab0b-4a81-a151-6dc040be5b86 None None] Lock "00000000-0000-0000-0000-000000000000" acquired by "nova.context.set_target_cell..get_or_set_cached_cell_and_set_connections" :: waited 0.001s {{(pid=120374) inner /usr/local/lib/python3.8/dist-packages/oslo_concurrency/lockutils.py:409}}
Sep 22 18:24:49.399039 dv-cinder-858946-1-smb devstack@n-api.service[120375]: DEBUG oslo_concurrency.lockutils [None req-f1b093b0-60db-4675-84b4-4f7690a7baac None None] Acquiring lock "00000000-0000-0000-0000-000000000000" by "nova.context.set_target_cell..get_or_set_cached_cell_and_set_connections" {{(pid=120375) inner /usr/local/lib/python3.8/dist-packages/oslo_concurrency/lockutils.py:404}}
Sep 22 18:24:49.399429 dv-cinder-858946-1-smb devstack@n-api.service[120374]: DEBUG oslo_concurrency.lockutils [None req-02fe09a2-ab0b-4a81-a151-6dc040be5b86 None None] Lock "00000000-0000-0000-0000-000000000000" "released" by "nova.context.set_target_cell..get_or_set_cached_cell_and_set_connections" :: held 0.002s {{(pid=120374) inner /usr/local/lib/python3.8/dist-packages/oslo_concurrency/lockutils.py:423}}
Sep 22 18:24:49.399543 dv-cinder-858946-1-smb devstack@n-api.service[120375]: DEBUG oslo_concurrency.lockutils [None req-f1b093b0-60db-4675-84b4-4f7690a7baac None None] Lock "00000000-0000-0000-0000-000000000000" acquired by "nova.context.set_target_cell..get_or_set_cached_cell_and_set_connections" :: waited 0.001s {{(pid=120375) inner /usr/local/lib/python3.8/dist-packages/oslo_concurrency/lockutils.py:409}}
Sep 22 18:24:49.400160 dv-cinder-858946-1-smb devstack@n-api.service[120374]: DEBUG oslo_concurrency.lockutils [None req-02fe09a2-ab0b-4a81-a151-6dc040be5b86 None None] Acquiring lock "ecc58d37-4c5b-4be4-8440-ece9e35b869b" by "nova.context.set_target_cell..get_or_set_cached_cell_and_set_connections" {{(pid=120374) inner /usr/local/lib/python3.8/dist-packages/oslo_concurrency/lockutils.py:404}}
Sep 22 18:24:49.400605 dv-cinder-858946-1-smb devstack@n-api.service[120374]: DEBUG oslo_concurrency.lockutils [None req-02fe09a2-ab0b-4a81-a151-6dc040be5b86 None None] Lock "ecc58d37-4c5b-4be4-8440-ece9e35b869b" acquired by "nova.context.set_target_cell..get_or_set_cached_cell_and_set_connections" :: waited 0.000s {{(pid=120374) inner /usr/local/lib/python3.8/dist-packages/oslo_concurrency/lockutils.py:409}}
Sep 22 18:24:49.401111 dv-cinder-858946-1-smb devstack@n-api.service[120375]: DEBUG oslo_concurrency.lockutils [None req-f1b093b0-60db-4675-84b4-4f7690a7baac None None] Lock "00000000-0000-0000-0000-000000000000" "released" by "nova.context.set_target_cell..get_or_set_cached_cell_and_set_connections" :: held 0.002s {{(pid=120375) inner /usr/local/lib/python3.8/dist-packages/oslo_concurrency/lockutils.py:423}}
Sep 22 18:24:49.401877 dv-cinder-858946-1-smb devstack@n-api.service[120375]: DEBUG oslo_concurrency.lockutils [None req-f1b093b0-60db-4675-84b4-4f7690a7baac None None] Acquiring lock "ecc58d37-4c5b-4be4-8440-ece9e35b869b" by "nova.context.set_target_cell..get_or_set_cached_cell_and_set_connections" {{(pid=120375) inner /usr/local/lib/python3.8/dist-packages/oslo_concurrency/lockutils.py:404}}
Sep 22 18:24:49.402335 dv-cinder-858946-1-smb devstack@n-api.service[120375]: DEBUG oslo_concurrency.lockutils [None req-f1b093b0-60db-4675-84b4-4f7690a7baac None None] Lock "ecc58d37-4c5b-4be4-8440-ece9e35b869b" acquired by "nova.context.set_target_cell..get_or_set_cached_cell_and_set_connections" :: waited 0.000s {{(pid=120375) inner /usr/local/lib/python3.8/dist-packages/oslo_concurrency/lockutils.py:409}}
Sep 22 18:24:49.402632 dv-cinder-858946-1-smb devstack@n-api.service[120374]: DEBUG oslo_concurrency.lockutils [None req-02fe09a2-ab0b-4a81-a151-6dc040be5b86 None None] Lock "ecc58d37-4c5b-4be4-8440-ece9e35b869b" "released" by "nova.context.set_target_cell..get_or_set_cached_cell_and_set_connections" :: held 0.002s {{(pid=120374) inner /usr/local/lib/python3.8/dist-packages/oslo_concurrency/lockutils.py:423}}
Sep 22 18:24:49.404356 dv-cinder-858946-1-smb devstack@n-api.service[120375]: DEBUG oslo_concurrency.lockutils [None req-f1b093b0-60db-4675-84b4-4f7690a7baac None None] Lock "ecc58d37-4c5b-4be4-8440-ece9e35b869b" "released" by "nova.context.set_target_cell..get_or_set_cached_cell_and_set_connections" :: held 0.002s {{(pid=120375) inner /usr/local/lib/python3.8/dist-packages/oslo_concurrency/lockutils.py:423}}
Sep 22 18:24:49.404626 dv-cinder-858946-1-smb devstack@n-api.service[120374]: INFO dbcounter [None req-02fe09a2-ab0b-4a81-a151-6dc040be5b86 None None] Registered counter for database nova_cell0
Sep 22 18:24:49.406395 dv-cinder-858946-1-smb devstack@n-api.service[120375]: INFO dbcounter [None req-f1b093b0-60db-4675-84b4-4f7690a7baac None None] Registered counter for database nova_cell0
Sep 22 18:24:49.408671 dv-cinder-858946-1-smb devstack@n-api.service[120374]: INFO dbcounter [None req-02fe09a2-ab0b-4a81-a151-6dc040be5b86 None None] Registered counter for database nova_cell1
Sep 22 18:24:49.410466 dv-cinder-858946-1-smb devstack@n-api.service[120375]: INFO dbcounter [None req-f1b093b0-60db-4675-84b4-4f7690a7baac None None] Registered counter for database nova_cell1
Sep 22 18:24:49.416274 dv-cinder-858946-1-smb devstack@n-api.service[120374]: DEBUG oslo_db.sqlalchemy.engines [None req-02fe09a2-ab0b-4a81-a151-6dc040be5b86 None None] MySQL server mode set to STRICT_TRANS_TABLES,STRICT_ALL_TABLES,NO_ZERO_IN_DATE,NO_ZERO_DATE,ERROR_FOR_DIVISION_BY_ZERO,TRADITIONAL,NO_ENGINE_SUBSTITUTION {{(pid=120374) _check_effective_sql_mode /usr/local/lib/python3.8/dist-packages/oslo_db/sqlalchemy/engines.py:314}}
Sep 22 18:24:49.420838 dv-cinder-858946-1-smb devstack@n-api.service[120375]: DEBUG oslo_db.sqlalchemy.engines [None req-f1b093b0-60db-4675-84b4-4f7690a7baac None None] MySQL server mode set to STRICT_TRANS_TABLES,STRICT_ALL_TABLES,NO_ZERO_IN_DATE,NO_ZERO_DATE,ERROR_FOR_DIVISION_BY_ZERO,TRADITIONAL,NO_ENGINE_SUBSTITUTION {{(pid=120375) _check_effective_sql_mode /usr/local/lib/python3.8/dist-packages/oslo_db/sqlalchemy/engines.py:314}}
Sep 22 18:24:49.421756 dv-cinder-858946-1-smb devstack@n-api.service[120374]: DEBUG dbcounter [-] [120374] Writer thread running {{(pid=120374) stat_writer /usr/local/lib/python3.8/dist-packages/dbcounter.py:99}}
Sep 22 18:24:49.422146 dv-cinder-858946-1-smb devstack@n-api.service[120375]: DEBUG oslo_db.sqlalchemy.engines [None req-f1b093b0-60db-4675-84b4-4f7690a7baac None None] MySQL server mode set to STRICT_TRANS_TABLES,STRICT_ALL_TABLES,NO_ZERO_IN_DATE,NO_ZERO_DATE,ERROR_FOR_DIVISION_BY_ZERO,TRADITIONAL,NO_ENGINE_SUBSTITUTION {{(pid=120375) _check_effective_sql_mode /usr/local/lib/python3.8/dist-packages/oslo_db/sqlalchemy/engines.py:314}}
Sep 22 18:24:49.422429 dv-cinder-858946-1-smb devstack@n-api.service[120374]: DEBUG oslo_db.sqlalchemy.engines [None req-02fe09a2-ab0b-4a81-a151-6dc040be5b86 None None] MySQL server mode set to STRICT_TRANS_TABLES,STRICT_ALL_TABLES,NO_ZERO_IN_DATE,NO_ZERO_DATE,ERROR_FOR_DIVISION_BY_ZERO,TRADITIONAL,NO_ENGINE_SUBSTITUTION {{(pid=120374) _check_effective_sql_mode /usr/local/lib/python3.8/dist-packages/oslo_db/sqlalchemy/engines.py:314}}
Sep 22 18:24:49.428577 dv-cinder-858946-1-smb devstack@n-api.service[120375]: DEBUG dbcounter [-] [120375] Writer thread running {{(pid=120375) stat_writer /usr/local/lib/python3.8/dist-packages/dbcounter.py:99}}
Sep 22 18:24:49.431265 dv-cinder-858946-1-smb devstack@n-api.service[120375]: DEBUG dbcounter [-] [120375] Writer thread running {{(pid=120375) stat_writer /usr/local/lib/python3.8/dist-packages/dbcounter.py:99}}
Sep 22 18:24:49.576795 dv-cinder-858946-1-smb devstack@n-api.service[120374]: DEBUG dbcounter [-] [120374] Writer thread running {{(pid=120374) stat_writer /usr/local/lib/python3.8/dist-packages/dbcounter.py:99}}
Sep 22 18:24:49.581421 dv-cinder-858946-1-smb devstack@n-api.service[120375]: INFO dbcounter [None req-f1b093b0-60db-4675-84b4-4f7690a7baac None None] Registered counter for database nova_cell0
Sep 22 18:24:49.586433 dv-cinder-858946-1-smb devstack@n-api.service[120374]: INFO dbcounter [None req-02fe09a2-ab0b-4a81-a151-6dc040be5b86 None None] Registered counter for database nova_cell0
Sep 22 18:24:49.589400 dv-cinder-858946-1-smb devstack@n-api.service[120375]: DEBUG oslo_db.sqlalchemy.engines [None req-f1b093b0-60db-4675-84b4-4f7690a7baac None None] MySQL server mode set to STRICT_TRANS_TABLES,STRICT_ALL_TABLES,NO_ZERO_IN_DATE,NO_ZERO_DATE,ERROR_FOR_DIVISION_BY_ZERO,TRADITIONAL,NO_ENGINE_SUBSTITUTION {{(pid=120375) _check_effective_sql_mode /usr/local/lib/python3.8/dist-packages/oslo_db/sqlalchemy/engines.py:314}}
Sep 22 18:24:49.594220 dv-cinder-858946-1-smb devstack@n-api.service[120374]: DEBUG oslo_db.sqlalchemy.engines [None req-02fe09a2-ab0b-4a81-a151-6dc040be5b86 None None] MySQL server mode set to STRICT_TRANS_TABLES,STRICT_ALL_TABLES,NO_ZERO_IN_DATE,NO_ZERO_DATE,ERROR_FOR_DIVISION_BY_ZERO,TRADITIONAL,NO_ENGINE_SUBSTITUTION {{(pid=120374) _check_effective_sql_mode /usr/local/lib/python3.8/dist-packages/oslo_db/sqlalchemy/engines.py:314}}
Sep 22 18:24:49.594416 dv-cinder-858946-1-smb devstack@n-api.service[120375]: DEBUG dbcounter [-] [120375] Writer thread running {{(pid=120375) stat_writer /usr/local/lib/python3.8/dist-packages/dbcounter.py:99}}
Sep 22 18:24:49.598786 dv-cinder-858946-1-smb devstack@n-api.service[120374]: DEBUG dbcounter [-] [120374] Writer thread running {{(pid=120374) stat_writer /usr/local/lib/python3.8/dist-packages/dbcounter.py:99}}
Sep 22 18:24:49.920326 dv-cinder-858946-1-smb devstack@n-api.service[120375]: WARNING keystonemiddleware.auth_token [None req-f1b093b0-60db-4675-84b4-4f7690a7baac None None] AuthToken middleware is set with keystone_authtoken.service_token_roles_required set to False. This is backwards compatible but deprecated behaviour. Please set this to True.
Sep 22 18:24:49.928455 dv-cinder-858946-1-smb devstack@n-api.service[120374]: WARNING keystonemiddleware.auth_token [None req-02fe09a2-ab0b-4a81-a151-6dc040be5b86 None None] AuthToken middleware is set with keystone_authtoken.service_token_roles_required set to False. This is backwards compatible but deprecated behaviour. Please set this to True.
Sep 22 18:24:49.928634 dv-cinder-858946-1-smb devstack@n-api.service[120375]: WARNING keystonemiddleware.auth_token [None req-f1b093b0-60db-4675-84b4-4f7690a7baac None None] Configuring www_authenticate_uri to point to the public identity endpoint is required; clients may not be able to authenticate against an admin endpoint
Sep 22 18:24:49.935844 dv-cinder-858946-1-smb devstack@n-api.service[120374]: WARNING keystonemiddleware.auth_token [None req-02fe09a2-ab0b-4a81-a151-6dc040be5b86 None None] Configuring www_authenticate_uri to point to the public identity endpoint is required; clients may not be able to authenticate against an admin endpoint
Sep 22 18:24:50.282390 dv-cinder-858946-1-smb devstack@n-api.service[120375]: WARNING keystonemiddleware.auth_token [None req-f1b093b0-60db-4675-84b4-4f7690a7baac None None] AuthToken middleware is set with keystone_authtoken.service_token_roles_required set to False. This is backwards compatible but deprecated behaviour. Please set this to True.
Sep 22 18:24:50.287099 dv-cinder-858946-1-smb devstack@n-api.service[120374]: WARNING keystonemiddleware.auth_token [None req-02fe09a2-ab0b-4a81-a151-6dc040be5b86 None None] AuthToken middleware is set with keystone_authtoken.service_token_roles_required set to False. This is backwards compatible but deprecated behaviour. Please set this to True.
Sep 22 18:24:50.289049 dv-cinder-858946-1-smb devstack@n-api.service[120375]: WARNING keystonemiddleware.auth_token [None req-f1b093b0-60db-4675-84b4-4f7690a7baac None None] Configuring www_authenticate_uri to point to the public identity endpoint is required; clients may not be able to authenticate against an admin endpoint
Sep 22 18:24:50.293881 dv-cinder-858946-1-smb devstack@n-api.service[120374]: WARNING keystonemiddleware.auth_token [None req-02fe09a2-ab0b-4a81-a151-6dc040be5b86 None None] Configuring www_authenticate_uri to point to the public identity endpoint is required; clients may not be able to authenticate against an admin endpoint
Sep 22 18:24:50.294518 dv-cinder-858946-1-smb devstack@n-api.service[120375]: WSGI app 0 (mountpoint='') ready in 6 seconds on interpreter 0x55bb2e11d9c0 pid: 120375 (default app)
Sep 22 18:24:50.299216 dv-cinder-858946-1-smb devstack@n-api.service[120374]: WSGI app 0 (mountpoint='') ready in 6 seconds on interpreter 0x55bb2e11d9c0 pid: 120374 (default app)
Sep 22 18:25:26.032702 dv-cinder-858946-1-smb devstack@n-api.service[120375]: DEBUG dbcounter [-] [120375] Writing DB stats nova_api:SELECT=3 {{(pid=120375) stat_writer /usr/local/lib/python3.8/dist-packages/dbcounter.py:114}}
Sep 22 18:25:26.033542 dv-cinder-858946-1-smb devstack@n-api.service[120375]: DEBUG dbcounter [-] [120375] Writing DB stats nova_cell0:SELECT=3 {{(pid=120375) stat_writer /usr/local/lib/python3.8/dist-packages/dbcounter.py:114}}
Sep 22 18:25:26.034424 dv-cinder-858946-1-smb devstack@n-api.service[120375]: DEBUG dbcounter [-] [120375] Writing DB stats nova_cell1:SELECT=3 {{(pid=120375) stat_writer /usr/local/lib/python3.8/dist-packages/dbcounter.py:114}}
Sep 22 18:25:26.035250 dv-cinder-858946-1-smb devstack@n-api.service[120375]: DEBUG dbcounter [-] [120375] Writing DB stats nova_cell0:SELECT=3 {{(pid=120375) stat_writer /usr/local/lib/python3.8/dist-packages/dbcounter.py:114}}
Sep 22 18:25:27.261335 dv-cinder-858946-1-smb devstack@n-api.service[120374]: DEBUG dbcounter [-] [120374] Writing DB stats nova_api:SELECT=3 {{(pid=120374) stat_writer /usr/local/lib/python3.8/dist-packages/dbcounter.py:114}}
Sep 22 18:25:27.263435 dv-cinder-858946-1-smb devstack@n-api.service[120374]: DEBUG dbcounter [-] [120374] Writing DB stats nova_cell0:SELECT=3 {{(pid=120374) stat_writer /usr/local/lib/python3.8/dist-packages/dbcounter.py:114}}
Sep 22 18:25:27.266274 dv-cinder-858946-1-smb devstack@n-api.service[120374]: DEBUG dbcounter [-] [120374] Writing DB stats nova_cell1:SELECT=3 {{(pid=120374) stat_writer /usr/local/lib/python3.8/dist-packages/dbcounter.py:114}}
Sep 22 18:25:27.267431 dv-cinder-858946-1-smb devstack@n-api.service[120374]: DEBUG dbcounter [-] [120374] Writing DB stats nova_cell0:SELECT=3 {{(pid=120374) stat_writer /usr/local/lib/python3.8/dist-packages/dbcounter.py:114}}
Sep 22 18:25:27.452341 dv-cinder-858946-1-smb devstack@n-api.service[120375]: DEBUG nova.api.openstack.wsgi [None req-d728b107-7b1b-4130-b05c-32f0179f569d tempest-VolumesGetTestJSON-256674565 tempest-VolumesGetTestJSON-256674565-project] Action: 'create', calling method: .version_select at 0x7f52009a7430>, body: {"volume": {"size": 1, "display_name": "tempest-VolumesGetTestJSON-Volume-49424754", "metadata": {"Type": "work"}}} {{(pid=120375) _process_stack /opt/stack/nova/nova/api/openstack/wsgi.py:511}}
Sep 22 18:25:28.146002 dv-cinder-858946-1-smb devstack@n-api.service[120374]: DEBUG nova.api.openstack.wsgi [None req-4c7baa1f-3ab7-4266-8676-411dfd7f8026 tempest-VolumesSnapshotsTestJSON-654040355 tempest-VolumesSnapshotsTestJSON-654040355-project] Action: 'create', calling method: .version_select at 0x7f52009a2550>, body: {"volume": {"size": 1, "display_name": "tempest-VolumesSnapshotsTestJSON-volume-1754763231"}} {{(pid=120374) _process_stack /opt/stack/nova/nova/api/openstack/wsgi.py:511}}
Sep 22 18:25:29.204367 dv-cinder-858946-1-smb devstack@n-api.service[120375]: INFO nova.api.openstack.requestlog [None req-d728b107-7b1b-4130-b05c-32f0179f569d tempest-VolumesGetTestJSON-256674565 tempest-VolumesGetTestJSON-256674565-project] 10.222.0.61 "POST /compute/v2.1/os-volumes" status: 200 len: 351 microversion: 2.1 time: 3.184585
Sep 22 18:25:29.205948 dv-cinder-858946-1-smb devstack@n-api.service[120375]: [pid: 120375|app: 0|req: 1/1] 10.222.0.61 () {60 vars in 1156 bytes} [Thu Sep 22 18:25:26 2022] POST /compute/v2.1/os-volumes => generated 351 bytes in 3188 msecs (HTTP/1.1 200) 10 headers in 448 bytes (1 switches on core 0)
Sep 22 18:25:29.223001 dv-cinder-858946-1-smb devstack@n-api.service[120375]: DEBUG nova.api.openstack.wsgi [None req-35f8bd4f-6a16-4ca6-beb8-2940cfc07b26 tempest-VolumesGetTestJSON-256674565 tempest-VolumesGetTestJSON-256674565-project] Calling method '.version_select at 0x7f520087a310>' {{(pid=120375) _process_stack /opt/stack/nova/nova/api/openstack/wsgi.py:513}}
Sep 22 18:25:29.385568 dv-cinder-858946-1-smb devstack@n-api.service[120375]: INFO nova.api.openstack.requestlog [None req-35f8bd4f-6a16-4ca6-beb8-2940cfc07b26 tempest-VolumesGetTestJSON-256674565 tempest-VolumesGetTestJSON-256674565-project] 10.222.0.61 "GET /compute/v2.1/os-volumes/083d09a7-2044-495c-a104-66234bc01efc" status: 200 len: 351 microversion: 2.1 time: 0.168455
Sep 22 18:25:29.386302 dv-cinder-858946-1-smb devstack@n-api.service[120375]: [pid: 120375|app: 0|req: 2/2] 10.222.0.61 () {58 vars in 1245 bytes} [Thu Sep 22 18:25:29 2022] GET /compute/v2.1/os-volumes/083d09a7-2044-495c-a104-66234bc01efc => generated 351 bytes in 170 msecs (HTTP/1.1 200) 9 headers in 357 bytes (1 switches on core 0)
Sep 22 18:25:30.180657 dv-cinder-858946-1-smb devstack@n-api.service[120374]: INFO nova.api.openstack.requestlog [None req-4c7baa1f-3ab7-4266-8676-411dfd7f8026 tempest-VolumesSnapshotsTestJSON-654040355 tempest-VolumesSnapshotsTestJSON-654040355-project] 10.222.0.61 "POST /compute/v2.1/os-volumes" status: 200 len: 345 microversion: 2.1 time: 2.936571
Sep 22 18:25:30.180657 dv-cinder-858946-1-smb devstack@n-api.service[120374]: [pid: 120374|app: 0|req: 1/3] 10.222.0.61 () {60 vars in 1155 bytes} [Thu Sep 22 18:25:27 2022] POST /compute/v2.1/os-volumes => generated 345 bytes in 2939 msecs (HTTP/1.1 200) 10 headers in 448 bytes (2 switches on core 0)
Sep 22 18:25:30.201510 dv-cinder-858946-1-smb devstack@n-api.service[120375]: DEBUG nova.api.openstack.wsgi [None req-52d980c3-ba6f-4dd2-bc60-d9575ab8e9b3 tempest-VolumesSnapshotsTestJSON-654040355 tempest-VolumesSnapshotsTestJSON-654040355-project] Calling method '.version_select at 0x7f520087a9d0>' {{(pid=120375) _process_stack /opt/stack/nova/nova/api/openstack/wsgi.py:513}}
Sep 22 18:25:30.391704 dv-cinder-858946-1-smb devstack@n-api.service[120375]: INFO nova.api.openstack.requestlog [None req-52d980c3-ba6f-4dd2-bc60-d9575ab8e9b3 tempest-VolumesSnapshotsTestJSON-654040355 tempest-VolumesSnapshotsTestJSON-654040355-project] 10.222.0.61 "GET /compute/v2.1/os-volumes/6aa4ff3a-aea0-4b76-8554-141b55322af4" status: 200 len: 346 microversion: 2.1 time: 0.198193
Sep 22 18:25:30.393541 dv-cinder-858946-1-smb devstack@n-api.service[120375]: [pid: 120375|app: 0|req: 3/4] 10.222.0.61 () {58 vars in 1245 bytes} [Thu Sep 22 18:25:30 2022] GET /compute/v2.1/os-volumes/6aa4ff3a-aea0-4b76-8554-141b55322af4 => generated 346 bytes in 201 msecs (HTTP/1.1 200) 9 headers in 357 bytes (1 switches on core 0)
Sep 22 18:25:30.407199 dv-cinder-858946-1-smb devstack@n-api.service[120374]: DEBUG nova.api.openstack.wsgi [None req-af3ae910-c487-4a32-baa7-9aebdb1052de tempest-VolumesSnapshotsTestJSON-654040355 tempest-VolumesSnapshotsTestJSON-654040355-project] Action: 'create', calling method: .version_select at 0x7f52008783a0>, body: {"snapshot": {"volume_id": "6aa4ff3a-aea0-4b76-8554-141b55322af4", "display_name": "tempest-VolumesSnapshotsTestJSON-Snapshot-567820850"}} {{(pid=120374) _process_stack /opt/stack/nova/nova/api/openstack/wsgi.py:511}}
Sep 22 18:25:30.420702 dv-cinder-858946-1-smb devstack@n-api.service[120375]: DEBUG nova.api.openstack.wsgi [None req-74eefe4b-8780-4b04-af12-ef66e9476452 tempest-VolumesGetTestJSON-256674565 tempest-VolumesGetTestJSON-256674565-project] Calling method '.version_select at 0x7f5200812160>' {{(pid=120375) _process_stack /opt/stack/nova/nova/api/openstack/wsgi.py:513}}
Sep 22 18:25:30.520960 dv-cinder-858946-1-smb devstack@n-api.service[120375]: INFO nova.api.openstack.requestlog [None req-74eefe4b-8780-4b04-af12-ef66e9476452 tempest-VolumesGetTestJSON-256674565 tempest-VolumesGetTestJSON-256674565-project] 10.222.0.61 "GET /compute/v2.1/os-volumes/083d09a7-2044-495c-a104-66234bc01efc" status: 200 len: 352 microversion: 2.1 time: 0.112377
Sep 22 18:25:30.521544 dv-cinder-858946-1-smb devstack@n-api.service[120375]: [pid: 120375|app: 0|req: 4/5] 10.222.0.61 () {58 vars in 1245 bytes} [Thu Sep 22 18:25:30 2022] GET /compute/v2.1/os-volumes/083d09a7-2044-495c-a104-66234bc01efc => generated 352 bytes in 114 msecs (HTTP/1.1 200) 9 headers in 357 bytes (1 switches on core 0)
Sep 22 18:25:30.534327 dv-cinder-858946-1-smb devstack@n-api.service[120375]: DEBUG nova.api.openstack.wsgi [None req-a9c2f45a-50b4-44d0-87b2-42ae765562ae tempest-VolumesGetTestJSON-256674565 tempest-VolumesGetTestJSON-256674565-project] Calling method '.version_select at 0x7f520087aca0>' {{(pid=120375) _process_stack /opt/stack/nova/nova/api/openstack/wsgi.py:513}}
Sep 22 18:25:30.623509 dv-cinder-858946-1-smb devstack@n-api.service[120375]: INFO nova.api.openstack.requestlog [None req-a9c2f45a-50b4-44d0-87b2-42ae765562ae tempest-VolumesGetTestJSON-256674565 tempest-VolumesGetTestJSON-256674565-project] 10.222.0.61 "GET /compute/v2.1/os-volumes/083d09a7-2044-495c-a104-66234bc01efc" status: 200 len: 352 microversion: 2.1 time: 0.092732
Sep 22 18:25:30.624674 dv-cinder-858946-1-smb devstack@n-api.service[120375]: [pid: 120375|app: 0|req: 5/6] 10.222.0.61 () {58 vars in 1245 bytes} [Thu Sep 22 18:25:30 2022] GET /compute/v2.1/os-volumes/083d09a7-2044-495c-a104-66234bc01efc => generated 352 bytes in 95 msecs (HTTP/1.1 200) 9 headers in 357 bytes (1 switches on core 0)
Sep 22 18:25:30.645903 dv-cinder-858946-1-smb devstack@n-api.service[120375]: DEBUG nova.api.openstack.wsgi [None req-4584ae54-90d9-4ec3-aa38-0d6b3d09f996 tempest-VolumesGetTestJSON-256674565 tempest-VolumesGetTestJSON-256674565-project] Calling method '.version_select at 0x7f520087a5e0>' {{(pid=120375) _process_stack /opt/stack/nova/nova/api/openstack/wsgi.py:513}}
Sep 22 18:25:30.892163 dv-cinder-858946-1-smb devstack@n-api.service[120374]: INFO nova.api.openstack.requestlog [None req-af3ae910-c487-4a32-baa7-9aebdb1052de tempest-VolumesSnapshotsTestJSON-654040355 tempest-VolumesSnapshotsTestJSON-654040355-project] 10.222.0.61 "POST /compute/v2.1/os-snapshots" status: 200 len: 286 microversion: 2.1 time: 0.489152
Sep 22 18:25:30.893581 dv-cinder-858946-1-smb devstack@n-api.service[120374]: [pid: 120374|app: 0|req: 2/7] 10.222.0.61 () {60 vars in 1162 bytes} [Thu Sep 22 18:25:30 2022] POST /compute/v2.1/os-snapshots => generated 286 bytes in 491 msecs (HTTP/1.1 200) 9 headers in 357 bytes (1 switches on core 0)
Sep 22 18:25:30.904935 dv-cinder-858946-1-smb devstack@n-api.service[120374]: DEBUG nova.api.openstack.wsgi [None req-2564f502-c71c-403a-a34d-a80b41dbf809 tempest-VolumesSnapshotsTestJSON-654040355 tempest-VolumesSnapshotsTestJSON-654040355-project] Calling method '.version_select at 0x7f5200888700>' {{(pid=120374) _process_stack /opt/stack/nova/nova/api/openstack/wsgi.py:513}}
Sep 22 18:25:30.964344 dv-cinder-858946-1-smb devstack@n-api.service[120374]: INFO nova.api.openstack.requestlog [None req-2564f502-c71c-403a-a34d-a80b41dbf809 tempest-VolumesSnapshotsTestJSON-654040355 tempest-VolumesSnapshotsTestJSON-654040355-project] 10.222.0.61 "GET /compute/v2.1/os-snapshots/499d6d54-7417-415d-b5b9-8b3ba24e48b1" status: 200 len: 286 microversion: 2.1 time: 0.063347
Sep 22 18:25:30.965221 dv-cinder-858946-1-smb devstack@n-api.service[120374]: [pid: 120374|app: 0|req: 3/8] 10.222.0.61 () {58 vars in 1251 bytes} [Thu Sep 22 18:25:30 2022] GET /compute/v2.1/os-snapshots/499d6d54-7417-415d-b5b9-8b3ba24e48b1 => generated 286 bytes in 65 msecs (HTTP/1.1 200) 9 headers in 357 bytes (1 switches on core 0)
Sep 22 18:25:30.980172 dv-cinder-858946-1-smb devstack@n-api.service[120374]: DEBUG nova.api.openstack.wsgi [None req-91cd29e9-676d-4cb8-a7de-1383e438894e tempest-VolumesSnapshotsTestJSON-654040355 tempest-VolumesSnapshotsTestJSON-654040355-project] Calling method '.version_select at 0x7f5200888d30>' {{(pid=120374) _process_stack /opt/stack/nova/nova/api/openstack/wsgi.py:513}}
Sep 22 18:25:31.037730 dv-cinder-858946-1-smb devstack@n-api.service[120375]: INFO nova.api.openstack.requestlog [None req-4584ae54-90d9-4ec3-aa38-0d6b3d09f996 tempest-VolumesGetTestJSON-256674565 tempest-VolumesGetTestJSON-256674565-project] 10.222.0.61 "DELETE /compute/v2.1/os-volumes/083d09a7-2044-495c-a104-66234bc01efc" status: 202 len: 0 microversion: 2.1 time: 0.396237
Sep 22 18:25:31.041797 dv-cinder-858946-1-smb devstack@n-api.service[120375]: [pid: 120375|app: 0|req: 6/9] 10.222.0.61 () {58 vars in 1248 bytes} [Thu Sep 22 18:25:30 2022] DELETE /compute/v2.1/os-volumes/083d09a7-2044-495c-a104-66234bc01efc => generated 0 bytes in 401 msecs (HTTP/1.1 202) 9 headers in 361 bytes (1 switches on core 0)
Sep 22 18:25:31.047323 dv-cinder-858946-1-smb devstack@n-api.service[120375]: DEBUG nova.api.openstack.wsgi [None req-912de2be-56fd-41d3-8677-e1762bf23b72 tempest-VolumesGetTestJSON-256674565 tempest-VolumesGetTestJSON-256674565-project] Calling method '.version_select at 0x7f5200812280>' {{(pid=120375) _process_stack /opt/stack/nova/nova/api/openstack/wsgi.py:513}}
Sep 22 18:25:31.074192 dv-cinder-858946-1-smb devstack@n-api.service[120374]: INFO nova.api.openstack.requestlog [None req-91cd29e9-676d-4cb8-a7de-1383e438894e tempest-VolumesSnapshotsTestJSON-654040355 tempest-VolumesSnapshotsTestJSON-654040355-project] 10.222.0.61 "GET /compute/v2.1/os-snapshots" status: 200 len: 289 microversion: 2.1 time: 0.101748
Sep 22 18:25:31.077076 dv-cinder-858946-1-smb devstack@n-api.service[120374]: [pid: 120374|app: 0|req: 4/10] 10.222.0.61 () {58 vars in 1140 bytes} [Thu Sep 22 18:25:30 2022] GET /compute/v2.1/os-snapshots => generated 289 bytes in 105 msecs (HTTP/1.1 200) 9 headers in 357 bytes (2 switches on core 0)
Sep 22 18:25:31.090295 dv-cinder-858946-1-smb devstack@n-api.service[120374]: DEBUG nova.api.openstack.wsgi [None req-62bca957-2db4-4e5f-87ca-501185cf4393 tempest-VolumesSnapshotsTestJSON-654040355 tempest-VolumesSnapshotsTestJSON-654040355-project] Calling method '.version_select at 0x7f52008880d0>' {{(pid=120374) _process_stack /opt/stack/nova/nova/api/openstack/wsgi.py:513}}
Sep 22 18:25:31.135341 dv-cinder-858946-1-smb devstack@n-api.service[120375]: INFO nova.api.openstack.requestlog [None req-912de2be-56fd-41d3-8677-e1762bf23b72 tempest-VolumesGetTestJSON-256674565 tempest-VolumesGetTestJSON-256674565-project] 10.222.0.61 "GET /compute/v2.1/os-volumes/083d09a7-2044-495c-a104-66234bc01efc" status: 200 len: 351 microversion: 2.1 time: 0.092121
Sep 22 18:25:31.141220 dv-cinder-858946-1-smb devstack@n-api.service[120374]: INFO nova.api.openstack.requestlog [None req-62bca957-2db4-4e5f-87ca-501185cf4393 tempest-VolumesSnapshotsTestJSON-654040355 tempest-VolumesSnapshotsTestJSON-654040355-project] 10.222.0.61 "GET /compute/v2.1/os-snapshots/499d6d54-7417-415d-b5b9-8b3ba24e48b1" status: 200 len: 286 microversion: 2.1 time: 0.055812
Sep 22 18:25:31.141974 dv-cinder-858946-1-smb devstack@n-api.service[120374]: [pid: 120374|app: 0|req: 5/11] 10.222.0.61 () {58 vars in 1251 bytes} [Thu Sep 22 18:25:31 2022] GET /compute/v2.1/os-snapshots/499d6d54-7417-415d-b5b9-8b3ba24e48b1 => generated 286 bytes in 57 msecs (HTTP/1.1 200) 9 headers in 357 bytes (2 switches on core 0)
Sep 22 18:25:31.142324 dv-cinder-858946-1-smb devstack@n-api.service[120375]: [pid: 120375|app: 0|req: 7/12] 10.222.0.61 () {58 vars in 1245 bytes} [Thu Sep 22 18:25:31 2022] GET /compute/v2.1/os-volumes/083d09a7-2044-495c-a104-66234bc01efc => generated 351 bytes in 100 msecs (HTTP/1.1 200) 9 headers in 357 bytes (1 switches on core 0)
Sep 22 18:25:32.150080 dv-cinder-858946-1-smb devstack@n-api.service[120374]: DEBUG nova.api.openstack.wsgi [None req-3603feeb-a425-4cf8-9b73-9f1b512f2961 tempest-VolumesGetTestJSON-256674565 tempest-VolumesGetTestJSON-256674565-project] Calling method '.version_select at 0x7f5200878b80>' {{(pid=120374) _process_stack /opt/stack/nova/nova/api/openstack/wsgi.py:513}}
Sep 22 18:25:32.154282 dv-cinder-858946-1-smb devstack@n-api.service[120375]: DEBUG nova.api.openstack.wsgi [None req-df192cf1-9ace-496d-9439-1861b0585348 tempest-VolumesSnapshotsTestJSON-654040355 tempest-VolumesSnapshotsTestJSON-654040355-project] Calling method '.version_select at 0x7f520087a3a0>' {{(pid=120375) _process_stack /opt/stack/nova/nova/api/openstack/wsgi.py:513}}
Sep 22 18:25:32.195563 dv-cinder-858946-1-smb devstack@n-api.service[120374]: INFO nova.api.openstack.wsgi [None req-3603feeb-a425-4cf8-9b73-9f1b512f2961 tempest-VolumesGetTestJSON-256674565 tempest-VolumesGetTestJSON-256674565-project] HTTP exception thrown: Volume 083d09a7-2044-495c-a104-66234bc01efc could not be found.
Sep 22 18:25:32.201189 dv-cinder-858946-1-smb devstack@n-api.service[120374]: DEBUG nova.api.openstack.wsgi [None req-3603feeb-a425-4cf8-9b73-9f1b512f2961 tempest-VolumesGetTestJSON-256674565 tempest-VolumesGetTestJSON-256674565-project] Request method failure captured:
Sep 22 18:25:32.201189 dv-cinder-858946-1-smb devstack@n-api.service[120374]: request: GET /compute/v2.1/os-volumes/083d09a7-2044-495c-a104-66234bc01efc HTTP/1.1
Sep 22 18:25:32.201189 dv-cinder-858946-1-smb devstack@n-api.service[120374]: Accept: application/json
Sep 22 18:25:32.201189 dv-cinder-858946-1-smb devstack@n-api.service[120374]: Accept-Encoding: identity
Sep 22 18:25:32.201189 dv-cinder-858946-1-smb devstack@n-api.service[120374]: Connection: close
Sep 22 18:25:32.201189 dv-cinder-858946-1-smb devstack@n-api.service[120374]: Content-Length: 0
Sep 22 18:25:32.201189 dv-cinder-858946-1-smb devstack@n-api.service[120374]: Content-Type: application/json
Sep 22 18:25:32.201189 dv-cinder-858946-1-smb devstack@n-api.service[120374]: Host: 10.222.0.61
Sep 22 18:25:32.201189 dv-cinder-858946-1-smb devstack@n-api.service[120374]: Openstack-System-Scope: None
Sep 22 18:25:32.201189 dv-cinder-858946-1-smb devstack@n-api.service[120374]: User-Agent: python-urllib3/1.26.12
Sep 22 18:25:32.201189 dv-cinder-858946-1-smb devstack@n-api.service[120374]: X-Auth-Token: gAAAAABjLKiVnStm0pth6mIu8jBXiiPLQoCT6THyW-eobWQOIsfaw3txDohlSfSqZltwQ9wAyknFdgOn1zP97j0P22202JtnP4N4icDWA6dPX6QLCfac7C5VCt7-6qv6mbZxXpIol-oePUanO0G6HETO8tVJZm13cuuZoLjf7_ecPO2_Th3okDY
Sep 22 18:25:32.201189 dv-cinder-858946-1-smb devstack@n-api.service[120374]: X-Domain-Id: None
Sep 22 18:25:32.201189 dv-cinder-858946-1-smb devstack@n-api.service[120374]: X-Domain-Name: None
Sep 22 18:25:32.201189 dv-cinder-858946-1-smb devstack@n-api.service[120374]: X-Identity-Status: Confirmed
Sep 22 18:25:32.201189 dv-cinder-858946-1-smb devstack@n-api.service[120374]: X-Is-Admin-Project: True
Sep 22 18:25:32.201189 dv-cinder-858946-1-smb devstack@n-api.service[120374]: X-Project-Domain-Id: default
Sep 22 18:25:32.201189 dv-cinder-858946-1-smb devstack@n-api.service[120374]: X-Project-Domain-Name: Default
Sep 22 18:25:32.201189 dv-cinder-858946-1-smb devstack@n-api.service[120374]: X-Project-Id: 7627f15ced54400181858ae982f71d7c
Sep 22 18:25:32.201189 dv-cinder-858946-1-smb devstack@n-api.service[120374]: X-Project-Name: tempest-VolumesGetTestJSON-256674565
Sep 22 18:25:32.201189 dv-cinder-858946-1-smb devstack@n-api.service[120374]: X-Role: reader,member
Sep 22 18:25:32.201189 dv-cinder-858946-1-smb devstack@n-api.service[120374]: X-Roles: reader,member
Sep 22 18:25:32.202271 dv-cinder-858946-1-smb devstack@n-api.service[120374]: X-Service-Catalog: [{"type": "placement", "name": "placement", "endpoints": [{"region": "RegionOne", "publicURL": "http://10.222.0.61/placement"}]}, {"type": "compute_legacy", "name": "nova_legacy", "endpoints": [{"region": "RegionOne", "publicURL": "http://10.222.0.61/compute/v2/7627f15ced54400181858ae982f71d7c"}]}, {"type": "identity", "name": "keystone", "endpoints": [{"region": "RegionOne", "publicURL": "http://10.222.0.61/identity"}]}, {"type": "compute", "name": "nova", "endpoints": [{"region": "RegionOne", "publicURL": "http://10.222.0.61/compute/v2.1"}]}, {"type": "volumev3", "name": "cinderv3", "endpoints": [{"region": "RegionOne", "publicURL": "http://10.222.0.61/volume/v3/7627f15ced54400181858ae982f71d7c"}]}, {"type": "object-store", "name": "swift", "endpoints": [{"region": "RegionOne", "publicURL": "http://10.222.0.61:8080/v1/AUTH_7627f15ced54400181858ae982f71d7c", "adminURL": "http://10.222.0.61:8080"}]}, {"type": "block-storage", "name": "cinder", "endpoints": [{"region": "RegionOne", "publicURL": "http://10.222.0.61/volume/v3/7627f15ced54400181858ae982f71d7c"}]}, {"type": "image", "name": "glance", "endpoints": [{"region": "RegionOne", "publicURL": "http://10.222.0.61/image"}]}, {"type": "network", "name": "neutron", "endpoints": [{"region": "RegionOne", "publicURL": "http://10.222.0.61:9696/networking"}]}]
Sep 22 18:25:32.202271 dv-cinder-858946-1-smb devstack@n-api.service[120374]: X-Tenant: tempest-VolumesGetTestJSON-256674565
Sep 22 18:25:32.202271 dv-cinder-858946-1-smb devstack@n-api.service[120374]: X-Tenant-Id: 7627f15ced54400181858ae982f71d7c
Sep 22 18:25:32.202271 dv-cinder-858946-1-smb devstack@n-api.service[120374]: X-Tenant-Name: tempest-VolumesGetTestJSON-256674565
Sep 22 18:25:32.202271 dv-cinder-858946-1-smb devstack@n-api.service[120374]: X-User: tempest-VolumesGetTestJSON-256674565-project
Sep 22 18:25:32.202271 dv-cinder-858946-1-smb devstack@n-api.service[120374]: X-User-Domain-Id: default
Sep 22 18:25:32.202271 dv-cinder-858946-1-smb devstack@n-api.service[120374]: X-User-Domain-Name: Default
Sep 22 18:25:32.202271 dv-cinder-858946-1-smb devstack@n-api.service[120374]: X-User-Id: 1b499b317e884632a0a1f69959752e9d
Sep 22 18:25:32.202271 dv-cinder-858946-1-smb devstack@n-api.service[120374]: X-User-Name: tempest-VolumesGetTestJSON-256674565-project
Sep 22 18:25:32.202271 dv-cinder-858946-1-smb devstack@n-api.service[120374]: method:
Sep 22 18:25:32.202271 dv-cinder-858946-1-smb devstack@n-api.service[120374]: exception: Volume 083d09a7-2044-495c-a104-66234bc01efc could not be found.
Sep 22 18:25:32.202271 dv-cinder-858946-1-smb devstack@n-api.service[120374]: action_args: {'id': '083d09a7-2044-495c-a104-66234bc01efc'}
Sep 22 18:25:32.202271 dv-cinder-858946-1-smb devstack@n-api.service[120374]: {{(pid=120374) _process_stack /opt/stack/nova/nova/api/openstack/wsgi.py:541}}
Sep 22 18:25:32.202833 dv-cinder-858946-1-smb devstack@n-api.service[120374]: ERROR nova.api.openstack.wsgi
Traceback (most recent call last):
Sep 22 18:25:32.202833 dv-cinder-858946-1-smb devstack@n-api.service[120374]: ERROR nova.api.openstack.wsgi
File "/opt/stack/nova/nova/volume/cinder.py", line 433, in wrapper
Sep 22 18:25:32.202833 dv-cinder-858946-1-smb devstack@n-api.service[120374]: ERROR nova.api.openstack.wsgi res = method(self, ctx, volume_id, *args, **kwargs)
Sep 22 18:25:32.202833 dv-cinder-858946-1-smb devstack@n-api.service[120374]: ERROR nova.api.openstack.wsgi
File "/opt/stack/nova/nova/volume/cinder.py", line 502, in get
Sep 22 18:25:32.202833 dv-cinder-858946-1-smb devstack@n-api.service[120374]: ERROR nova.api.openstack.wsgi item = cinderclient(
Sep 22 18:25:32.202833 dv-cinder-858946-1-smb devstack@n-api.service[120374]: ERROR nova.api.openstack.wsgi
File "/usr/local/lib/python3.8/dist-packages/cinderclient/v3/volumes_base.py", line 202, in get
Sep 22 18:25:32.202833 dv-cinder-858946-1-smb devstack@n-api.service[120374]: ERROR nova.api.openstack.wsgi return self._get("/volumes/%s" % volume_id, "volume")
Sep 22 18:25:32.202833 dv-cinder-858946-1-smb devstack@n-api.service[120374]: ERROR nova.api.openstack.wsgi
File "/usr/local/lib/python3.8/dist-packages/cinderclient/base.py", line 297, in _get
Sep 22 18:25:32.202833 dv-cinder-858946-1-smb devstack@n-api.service[120374]: ERROR nova.api.openstack.wsgi resp, body = self.api.client.get(url)
Sep 22 18:25:32.202833 dv-cinder-858946-1-smb devstack@n-api.service[120374]: ERROR nova.api.openstack.wsgi
File "/usr/local/lib/python3.8/dist-packages/cinderclient/client.py", line 224, in get
Sep 22 18:25:32.202833 dv-cinder-858946-1-smb devstack@n-api.service[120374]: ERROR nova.api.openstack.wsgi return self._cs_request(url, 'GET', **kwargs)
Sep 22 18:25:32.202833 dv-cinder-858946-1-smb devstack@n-api.service[120374]: ERROR nova.api.openstack.wsgi
File "/usr/local/lib/python3.8/dist-packages/cinderclient/client.py", line 215, in _cs_request
Sep 22 18:25:32.202833 dv-cinder-858946-1-smb devstack@n-api.service[120374]: ERROR nova.api.openstack.wsgi return self.request(url, method, **kwargs)
Sep 22 18:25:32.202833 dv-cinder-858946-1-smb devstack@n-api.service[120374]: ERROR nova.api.openstack.wsgi
File "/usr/local/lib/python3.8/dist-packages/cinderclient/client.py", line 201, in request
Sep 22 18:25:32.202833 dv-cinder-858946-1-smb devstack@n-api.service[120374]: ERROR nova.api.openstack.wsgi raise exceptions.from_response(resp, body)
Sep 22 18:25:32.202833 dv-cinder-858946-1-smb devstack@n-api.service[120374]: ERROR nova.api.openstack.wsgi cinderclient.exceptions.NotFound: Volume 083d09a7-2044-495c-a104-66234bc01efc could not be found. (HTTP 404) (Request-ID: req-330ab127-b5b3-4f65-9a93-a1cba1561b2f)
Sep 22 18:25:32.202833 dv-cinder-858946-1-smb devstack@n-api.service[120374]: ERROR nova.api.openstack.wsgi
Sep 22 18:25:32.202833 dv-cinder-858946-1-smb devstack@n-api.service[120374]: ERROR nova.api.openstack.wsgi During handling of the above exception, another exception occurred:
Sep 22 18:25:32.202833 dv-cinder-858946-1-smb devstack@n-api.service[120374]: ERROR nova.api.openstack.wsgi
Sep 22 18:25:32.203681 dv-cinder-858946-1-smb devstack@n-api.service[120374]: ERROR nova.api.openstack.wsgi
Traceback (most recent call last):
Sep 22 18:25:32.203681 dv-cinder-858946-1-smb devstack@n-api.service[120374]: ERROR nova.api.openstack.wsgi
File "/opt/stack/nova/nova/api/openstack/compute/volumes.py", line 120, in show
Sep 22 18:25:32.203681 dv-cinder-858946-1-smb devstack@n-api.service[120374]: ERROR nova.api.openstack.wsgi vol = self.volume_api.get(context, id)
Sep 22 18:25:32.203681 dv-cinder-858946-1-smb devstack@n-api.service[120374]: ERROR nova.api.openstack.wsgi
File "/opt/stack/nova/nova/volume/cinder.py", line 395, in wrapper
Sep 22 18:25:32.203681 dv-cinder-858946-1-smb devstack@n-api.service[120374]: ERROR nova.api.openstack.wsgi res = method(self, ctx, *args, **kwargs)
Sep 22 18:25:32.203681 dv-cinder-858946-1-smb devstack@n-api.service[120374]: ERROR nova.api.openstack.wsgi
File "/opt/stack/nova/nova/volume/cinder.py", line 435, in wrapper
Sep 22 18:25:32.203681 dv-cinder-858946-1-smb devstack@n-api.service[120374]: ERROR nova.api.openstack.wsgi _reraise(exception.VolumeNotFound(volume_id=volume_id))
Sep 22 18:25:32.203681 dv-cinder-858946-1-smb devstack@n-api.service[120374]: ERROR nova.api.openstack.wsgi
File "/opt/stack/nova/nova/volume/cinder.py", line 486, in _reraise
Sep 22 18:25:32.203681 dv-cinder-858946-1-smb devstack@n-api.service[120374]: ERROR nova.api.openstack.wsgi raise desired_exc.with_traceback(sys.exc_info()[2])
Sep 22 18:25:32.203681 dv-cinder-858946-1-smb devstack@n-api.service[120374]: ERROR nova.api.openstack.wsgi
File "/opt/stack/nova/nova/volume/cinder.py", line 433, in wrapper
Sep 22 18:25:32.203681 dv-cinder-858946-1-smb devstack@n-api.service[120374]: ERROR nova.api.openstack.wsgi res = method(self, ctx, volume_id, *args, **kwargs)
Sep 22 18:25:32.203681 dv-cinder-858946-1-smb devstack@n-api.service[120374]: ERROR nova.api.openstack.wsgi
File "/opt/stack/nova/nova/volume/cinder.py", line 502, in get
Sep 22 18:25:32.203681 dv-cinder-858946-1-smb devstack@n-api.service[120374]: ERROR nova.api.openstack.wsgi item = cinderclient(
Sep 22 18:25:32.203681 dv-cinder-858946-1-smb devstack@n-api.service[120374]: ERROR nova.api.openstack.wsgi
File "/usr/local/lib/python3.8/dist-packages/cinderclient/v3/volumes_base.py", line 202, in get
Sep 22 18:25:32.203681 dv-cinder-858946-1-smb devstack@n-api.service[120374]: ERROR nova.api.openstack.wsgi return self._get("/volumes/%s" % volume_id, "volume")
Sep 22 18:25:32.203681 dv-cinder-858946-1-smb devstack@n-api.service[120374]: ERROR nova.api.openstack.wsgi
File "/usr/local/lib/python3.8/dist-packages/cinderclient/base.py", line 297, in _get
Sep 22 18:25:32.203681 dv-cinder-858946-1-smb devstack@n-api.service[120374]: ERROR nova.api.openstack.wsgi resp, body = self.api.client.get(url)
Sep 22 18:25:32.203681 dv-cinder-858946-1-smb devstack@n-api.service[120374]: ERROR nova.api.openstack.wsgi
File "/usr/local/lib/python3.8/dist-packages/cinderclient/client.py", line 224, in get
Sep 22 18:25:32.203681 dv-cinder-858946-1-smb devstack@n-api.service[120374]: ERROR nova.api.openstack.wsgi return self._cs_request(url, 'GET', **kwargs)
Sep 22 18:25:32.205747 dv-cinder-858946-1-smb devstack@n-api.service[120374]: ERROR nova.api.openstack.wsgi
File "/usr/local/lib/python3.8/dist-packages/cinderclient/client.py", line 215, in _cs_request
Sep 22 18:25:32.205747 dv-cinder-858946-1-smb devstack@n-api.service[120374]: ERROR nova.api.openstack.wsgi return self.request(url, method, **kwargs)
Sep 22 18:25:32.205747 dv-cinder-858946-1-smb devstack@n-api.service[120374]: ERROR nova.api.openstack.wsgi
File "/usr/local/lib/python3.8/dist-packages/cinderclient/client.py", line 201, in request
Sep 22 18:25:32.205747 dv-cinder-858946-1-smb devstack@n-api.service[120374]: ERROR nova.api.openstack.wsgi raise exceptions.from_response(resp, body)
Sep 22 18:25:32.205747 dv-cinder-858946-1-smb devstack@n-api.service[120374]: ERROR nova.api.openstack.wsgi nova.exception.VolumeNotFound: Volume 083d09a7-2044-495c-a104-66234bc01efc could not be found.
Sep 22 18:25:32.205747 dv-cinder-858946-1-smb devstack@n-api.service[120374]: ERROR nova.api.openstack.wsgi
Sep 22 18:25:32.205747 dv-cinder-858946-1-smb devstack@n-api.service[120374]: ERROR nova.api.openstack.wsgi During handling of the above exception, another exception occurred:
Sep 22 18:25:32.205747 dv-cinder-858946-1-smb devstack@n-api.service[120374]: ERROR nova.api.openstack.wsgi
Sep 22 18:25:32.205747 dv-cinder-858946-1-smb devstack@n-api.service[120374]: ERROR nova.api.openstack.wsgi
Traceback (most recent call last):
Sep 22 18:25:32.205747 dv-cinder-858946-1-smb devstack@n-api.service[120374]: ERROR nova.api.openstack.wsgi
File "/opt/stack/nova/nova/api/openstack/wsgi.py", line 539, in _process_stack
Sep 22 18:25:32.205747 dv-cinder-858946-1-smb devstack@n-api.service[120374]: ERROR nova.api.openstack.wsgi action_result = self.dispatch(meth, request, action_args)
Sep 22 18:25:32.205747 dv-cinder-858946-1-smb devstack@n-api.service[120374]: ERROR nova.api.openstack.wsgi
File "/opt/stack/nova/nova/api/openstack/wsgi.py", line 630, in dispatch
Sep 22 18:25:32.205747 dv-cinder-858946-1-smb devstack@n-api.service[120374]: ERROR nova.api.openstack.wsgi return method(req=request, **action_args)
Sep 22 18:25:32.205747 dv-cinder-858946-1-smb devstack@n-api.service[120374]: ERROR nova.api.openstack.wsgi
File "/opt/stack/nova/nova/api/openstack/wsgi.py", line 794, in version_select
Sep 22 18:25:32.205747 dv-cinder-858946-1-smb devstack@n-api.service[120374]: ERROR nova.api.openstack.wsgi return func.func(self, *args, **kwargs)
Sep 22 18:25:32.205747 dv-cinder-858946-1-smb devstack@n-api.service[120374]: ERROR nova.api.openstack.wsgi
File "/opt/stack/nova/nova/api/openstack/wsgi.py", line 664, in wrapped
Sep 22 18:25:32.205747 dv-cinder-858946-1-smb devstack@n-api.service[120374]: ERROR nova.api.openstack.wsgi return f(*args, **kwargs)
Sep 22 18:25:32.205747 dv-cinder-858946-1-smb devstack@n-api.service[120374]: ERROR nova.api.openstack.wsgi
File "/opt/stack/nova/nova/api/openstack/compute/volumes.py", line 122, in show
Sep 22 18:25:32.205747 dv-cinder-858946-1-smb devstack@n-api.service[120374]: ERROR nova.api.openstack.wsgi raise exc.HTTPNotFound(explanation=e.format_message())
Sep 22 18:25:32.207385 dv-cinder-858946-1-smb devstack@n-api.service[120374]: ERROR nova.api.openstack.wsgi webob.exc.HTTPNotFound: Volume 083d09a7-2044-495c-a104-66234bc01efc could not be found.
Sep 22 18:25:32.207385 dv-cinder-858946-1-smb devstack@n-api.service[120374]: ERROR nova.api.openstack.wsgi
Sep 22 18:25:32.207385 dv-cinder-858946-1-smb devstack@n-api.service[120374]: ERROR nova.api.openstack.wsgi During handling of the above exception, another exception occurred:
Sep 22 18:25:32.207385 dv-cinder-858946-1-smb devstack@n-api.service[120374]: ERROR nova.api.openstack.wsgi
Sep 22 18:25:32.207385 dv-cinder-858946-1-smb devstack@n-api.service[120374]: ERROR nova.api.openstack.wsgi
Traceback (most recent call last):
Sep 22 18:25:32.207385 dv-cinder-858946-1-smb devstack@n-api.service[120374]: ERROR nova.api.openstack.wsgi
File "/opt/stack/nova/nova/api/openstack/wsgi.py", line 539, in _process_stack
Sep 22 18:25:32.207385 dv-cinder-858946-1-smb devstack@n-api.service[120374]: ERROR nova.api.openstack.wsgi action_result = self.dispatch(meth, request, action_args)
Sep 22 18:25:32.207385 dv-cinder-858946-1-smb devstack@n-api.service[120374]: ERROR nova.api.openstack.wsgi
File "/opt/stack/nova/nova/api/openstack/wsgi.py", line 372, in __exit__
Sep 22 18:25:32.207385 dv-cinder-858946-1-smb devstack@n-api.service[120374]: ERROR nova.api.openstack.wsgi raise Fault(ex_value)
Sep 22 18:25:32.207385 dv-cinder-858946-1-smb devstack@n-api.service[120374]: ERROR nova.api.openstack.wsgi nova.api.openstack.wsgi.Fault: Volume 083d09a7-2044-495c-a104-66234bc01efc could not be found.
Sep 22 18:25:32.207385 dv-cinder-858946-1-smb devstack@n-api.service[120374]: ERROR nova.api.openstack.wsgi
Sep 22 18:25:32.207385 dv-cinder-858946-1-smb devstack@n-api.service[120374]: DEBUG nova.api.openstack.wsgi [None req-3603feeb-a425-4cf8-9b73-9f1b512f2961 tempest-VolumesGetTestJSON-256674565 tempest-VolumesGetTestJSON-256674565-project] Returning 404 to user: Volume 083d09a7-2044-495c-a104-66234bc01efc could not be found. {{(pid=120374) __call__ /opt/stack/nova/nova/api/openstack/wsgi.py:942}}
