Sep 21 21:54:51.332617 dv-cinder-858818-1-iscsi neutron-server[110732]: DEBUG neutron_lib.callbacks.manager [None req-e69c0faa-ae53-4e73-953a-1e5165ee6c9a None None] Publish callbacks ['neutron.plugins.ml2.plugin.Ml2Plugin._port_provisioned-33065150'] for port (40fd0fb7-cf0b-431b-bdfe-ef3dcd6998ea), provisioning_complete {{(pid=110732) _notify_loop /usr/local/lib/python3.8/dist-packages/neutron_lib/callbacks/manager.py:176}}
Sep 21 21:54:51.333177 dv-cinder-858818-1-iscsi neutron-server[110732]: INFO neutron.plugins.ml2.plugin [None req-e69c0faa-ae53-4e73-953a-1e5165ee6c9a None None] Attempt 1 to provision port 40fd0fb7-cf0b-431b-bdfe-ef3dcd6998ea
Sep 21 21:54:51.379923 dv-cinder-858818-1-iscsi neutron-server[110731]: DEBUG neutron.wsgi [-] (110731) accepted ('10.222.0.61', 62501) {{(pid=110731) server /usr/local/lib/python3.8/dist-packages/eventlet/wsgi.py:1004}}
Sep 21 21:54:51.398680 dv-cinder-858818-1-iscsi neutron-server[110732]: DEBUG neutron.plugins.ml2.plugin [None req-3d99b284-2e8d-4854-a334-52e41b9673d6 None None] Port 0e96daac-55f3-4661-ac8f-172121b2762b cannot update to ACTIVE because it is not bound. {{(pid=110732) _port_provisioned /opt/stack/neutron/neutron/plugins/ml2/plugin.py:356}}
Sep 21 21:54:51.426362 dv-cinder-858818-1-iscsi neutron-server[110730]: DEBUG neutron.db.db_base_plugin_common [req-6adc5bbe-fdc1-41bf-b05b-0692bbb26b03 req-8f09a62a-e692-41cf-8aed-c62ad87e7cb6 tempest-ServerRescueNegativeTestJSON-940417836 tempest-ServerRescueNegativeTestJSON-940417836-project] Allocated IP 172.20.0.13 (f801d94d-838f-46f0-b7fb-17b6d1554e9c/575b43de-b954-4ed7-bfdd-5b0bcfa5628e/55e8f79b-548a-4961-85d7-2b1f6433a5f0) {{(pid=110730) _store_ip_allocation /opt/stack/neutron/neutron/db/db_base_plugin_common.py:131}}
Sep 21 21:54:51.445717 dv-cinder-858818-1-iscsi neutron-server[110731]: INFO neutron.wsgi [req-d479f466-8ac3-4ce3-863b-cebd1bf76f68 req-35b376b3-c51a-4dbd-8420-991dde40e9f5 tempest-AttachVolumeTestJSON-72717288 tempest-AttachVolumeTestJSON-72717288-project] 10.222.0.42 "GET /v2.0/ports?device_id=47235b9b-f097-4391-8e4a-c5469167ffb0 HTTP/1.1" status: 200 len: 210 time: 0.0836639
Sep 21 21:54:51.607284 dv-cinder-858818-1-iscsi neutron-server[110732]: DEBUG neutron.plugins.ml2.plugin [None req-e69c0faa-ae53-4e73-953a-1e5165ee6c9a None None] Current status of the port 40fd0fb7-cf0b-431b-bdfe-ef3dcd6998ea is: ACTIVE; New status is: ACTIVE {{(pid=110732) _update_individual_port_db_status /opt/stack/neutron/neutron/plugins/ml2/plugin.py:2287}}
Sep 21 21:54:51.608984 dv-cinder-858818-1-iscsi neutron-server[110732]: DEBUG neutron.plugins.ml2.rpc [None req-e69c0faa-ae53-4e73-953a-1e5165ee6c9a None None] Device 4c1e1bfe-f5ca-4ce9-9c8e-720a93475256 up at agent ovs-agent-dv-cinder-858818-1-iscsi {{(pid=110732) update_device_up /opt/stack/neutron/neutron/plugins/ml2/rpc.py:296}}
Sep 21 21:54:51.672043 dv-cinder-858818-1-iscsi neutron-server[110731]: DEBUG neutron.pecan_wsgi.hooks.policy_enforcement [req-86a6ae2c-eb3e-4c5f-9722-0a3667c044db req-14ddd056-95bf-4a2c-a37b-3f8e738b07e9 tempest-DeleteServersTestJSON-712015441 tempest-DeleteServersTestJSON-712015441-project] Attributes excluded by policy engine: ['standard_attr_id', 'vlan_transparent', 'provider:network_type', 'provider:physical_network', 'provider:segmentation_id'] {{(pid=110731) _exclude_attributes_by_policy /opt/stack/neutron/neutron/pecan_wsgi/hooks/policy_enforcement.py:259}}
Sep 21 21:54:51.674493 dv-cinder-858818-1-iscsi neutron-server[110731]: INFO neutron.wsgi [req-86a6ae2c-eb3e-4c5f-9722-0a3667c044db req-14ddd056-95bf-4a2c-a37b-3f8e738b07e9 tempest-DeleteServersTestJSON-712015441 tempest-DeleteServersTestJSON-712015441-project] 10.222.0.61 "GET /v2.0/networks?id=7ba67a60-17a4-42de-8c1b-883c54b6fa46 HTTP/1.1" status: 200 len: 811 time: 0.2932036
Sep 21 21:54:51.695470 dv-cinder-858818-1-iscsi neutron-server[110731]: DEBUG neutron.api.v2.base [req-86a6ae2c-eb3e-4c5f-9722-0a3667c044db req-eb97bdd8-8955-4dc3-97ed-dab0ac780777 tempest-DeleteServersTestJSON-712015441 tempest-DeleteServersTestJSON-712015441-project] Request body: {'port': {'device_id': '4f22897b-64f7-4b36-8d63-5c4485f682b1', 'network_id': '7ba67a60-17a4-42de-8c1b-883c54b6fa46', 'admin_state_up': True, 'tenant_id': 'df86c329bf2e441cb2e61f33a91d958a'}} {{(pid=110731) prepare_request_body /opt/stack/neutron/neutron/api/v2/base.py:730}}
Sep 21 21:54:51.775191 dv-cinder-858818-1-iscsi neutron-server[110732]: DEBUG neutron.db.provisioning_blocks [None req-e69c0faa-ae53-4e73-953a-1e5165ee6c9a None None] Provisioning complete for port 4c1e1bfe-f5ca-4ce9-9c8e-720a93475256 triggered by entity L2. {{(pid=110732) provisioning_complete /opt/stack/neutron/neutron/db/provisioning_blocks.py:140}}
Sep 21 21:54:51.775191 dv-cinder-858818-1-iscsi neutron-server[110732]: DEBUG neutron_lib.callbacks.manager [None req-e69c0faa-ae53-4e73-953a-1e5165ee6c9a None None] Publish callbacks ['neutron.plugins.ml2.plugin.Ml2Plugin._port_provisioned-33065150'] for port (4c1e1bfe-f5ca-4ce9-9c8e-720a93475256), provisioning_complete {{(pid=110732) _notify_loop /usr/local/lib/python3.8/dist-packages/neutron_lib/callbacks/manager.py:176}}
Sep 21 21:54:51.775191 dv-cinder-858818-1-iscsi neutron-server[110732]: INFO neutron.plugins.ml2.plugin [None req-e69c0faa-ae53-4e73-953a-1e5165ee6c9a None None] Attempt 1 to provision port 4c1e1bfe-f5ca-4ce9-9c8e-720a93475256
Sep 21 21:54:51.786127 dv-cinder-858818-1-iscsi neutron-server[110732]: DEBUG neutron.db.l3_hamode_db [None req-0ff9304f-87cb-4fc0-b937-9ebeaac53c60 None None] neutron.services.l3_router.l3_router_plugin.L3RouterPlugin method _process_sync_ha_data called with arguments (, [{'id': '0b408441-9ec1-458c-bd70-987ebac8a4a4', 'name': 'tempest-DeleteServersTestJSON-444044426-router', 'tenant_id': 'df86c329bf2e441cb2e61f33a91d958a', 'admin_state_up': True, 'status': 'ACTIVE', 'external_gateway_info': {'network_id': '5bc858e6-5dcf-4b5e-8f16-9d664c1453fd', 'external_fixed_ips': [{'subnet_id': 'ae2772b5-420a-4041-8203-ada83a225396', 'ip_address': '172.27.2.164'}], 'enable_snat': True}, 'gw_port_id': '4c1e1bfe-f5ca-4ce9-9c8e-720a93475256', 'description': '', 'availability_zones': ['nova'], 'distributed': False, 'ha': False, 'ha_vr_id': 0, 'availability_zone_hints': [], 'routes': [], 'flavor_id': None, 'tags': [], 'created_at': '2022-09-21T21:54:30Z', 'updated_at': '2022-09-21T21:54:42Z', 'revision_number': 4, 'project_id': 'df86c329bf2e441cb2e61f33a91d958a', 'gw_port': {'id': '4c1e1bfe-f5ca-4ce9-9c8e-720a93475256', 'name': '', 'network_id': '5bc858e6-5dcf-4b5e-8f16-9d664c1453fd', 'tenant_id': '', 'mac_address': 'fa:16:3e:ca:fc:1a', 'admin_state_up': True, 'status': 'ACTIVE', 'device_id': '0b408441-9ec1-458c-bd70-987ebac8a4a4', 'device_owner': 'network:router_gateway', 'standard_attr_id': 74, 'fixed_ips': [{'subnet_id': 'ae2772b5-420a-4041-8203-ada83a225396', 'ip_address': '172.27.2.164', 'prefixlen': 24}], 'allowed_address_pairs': [], 'extra_dhcp_opts': [], 'security_groups': [], 'description': '', 'binding:vnic_type': 'normal', 'binding:profile': {}, 'binding:host_id': 'dv-cinder-858818-1-iscsi', 'binding:vif_type': 'ovs', 'binding:vif_details': {'connectivity': 'l2', 'port_filter': True, 'ovs_hybrid_plug': False, 'datapath_type': 'system', 'bridge_name': 'br-int', 'bound_drivers': {'0': 'openvswitch'}}, 'port_security_enabled': False, 'tags': [], 'created_at': '2022-09-21T21:54:32Z', 'updated_at': '2022-09-21T21:54:49Z', 'revision_number': 4, 'project_id': '', 'subnets': [{'id': 'ae2772b5-420a-4041-8203-ada83a225396', 'cidr': '172.27.2.0/24', 'gateway_ip': '172.27.2.1', 'dns_nameservers': [], 'ipv6_ra_mode': None, 'subnetpool_id': None}], 'extra_subnets': [], 'address_scopes': {4: None, 6: None}, 'mtu': 1500}, 'enable_snat': True, 'gw_port_host': 'dv-cinder-858818-1-iscsi', '_interfaces': [{'id': '0e96daac-55f3-4661-ac8f-172121b2762b', 'name': '', 'network_id': '7ba67a60-17a4-42de-8c1b-883c54b6fa46', 'tenant_id': 'df86c329bf2e441cb2e61f33a91d958a', 'mac_address': 'fa:16:3e:b2:93:63', 'admin_state_up': True, 'status': 'DOWN', 'device_id': '0b408441-9ec1-458c-bd70-987ebac8a4a4', 'device_owner': 'network:router_interface', 'standard_attr_id': 89, 'fixed_ips': [{'subnet_id': '48e83812-6a11-4bce-a2a0-70fb4d1433f5', 'ip_address': '172.20.0.1', 'prefixlen': 28}], 'allowed_address_pairs': [], 'extra_dhcp_opts': [], 'security_groups': [], 'description': '', 'binding:vnic_type': 'normal', 'binding:profile': {}, 'binding:host_id': '', 'binding:vif_type': 'unbound', 'binding:vif_details': {}, 'port_security_enabled': False, 'tags': [], 'created_at': '2022-09-21T21:54:40Z', 'updated_at': '2022-09-21T21:54:42Z', 'revision_number': 2, 'project_id': 'df86c329bf2e441cb2e61f33a91d958a', 'subnets': [{'id': '48e83812-6a11-4bce-a2a0-70fb4d1433f5', 'cidr': '172.20.0.0/28', 'gateway_ip': '172.20.0.1', 'dns_nameservers': [], 'ipv6_ra_mode': None, 'subnetpool_id': None}], 'extra_subnets': [], 'address_scopes': {4: None, 6: None}, 'mtu': 1500}]}], 'dv-cinder-858818-1-iscsi', False) {} {{(pid=110732) wrapper /usr/local/lib/python3.8/dist-packages/oslo_log/helpers.py:65}}
Sep 21 21:54:51.892921 dv-cinder-858818-1-iscsi neutron-server[110732]: DEBUG neutron.api.rpc.handlers.l3_rpc [None req-0ff9304f-87cb-4fc0-b937-9ebeaac53c60 None None] Checking router: 0b408441-9ec1-458c-bd70-987ebac8a4a4 for host: dv-cinder-858818-1-iscsi {{(pid=110732) _ensure_host_set_on_ports /opt/stack/neutron/neutron/api/rpc/handlers/l3_rpc.py:155}}
Sep 21 21:54:51.894858 dv-cinder-858818-1-iscsi neutron-server[110732]: DEBUG neutron.api.rpc.handlers.l3_rpc [None req-0ff9304f-87cb-4fc0-b937-9ebeaac53c60 None None] Updating router 0b408441-9ec1-458c-bd70-987ebac8a4a4 port 0e96daac-55f3-4661-ac8f-172121b2762b binding host dv-cinder-858818-1-iscsi {{(pid=110732) _ensure_host_set_on_port /opt/stack/neutron/neutron/api/rpc/handlers/l3_rpc.py:205}}
Sep 21 21:54:51.973957 dv-cinder-858818-1-iscsi neutron-server[110732]: INFO neutron.plugins.ml2.plugin [None req-3d99b284-2e8d-4854-a334-52e41b9673d6 None None] Attempt 4 to provision port 0e96daac-55f3-4661-ac8f-172121b2762b
Sep 21 21:54:51.984131 dv-cinder-858818-1-iscsi neutron-server[110730]: DEBUG neutron_lib.callbacks.manager [req-6adc5bbe-fdc1-41bf-b05b-0692bbb26b03 req-8f09a62a-e692-41cf-8aed-c62ad87e7cb6 tempest-ServerRescueNegativeTestJSON-940417836 tempest-ServerRescueNegativeTestJSON-940417836-project] Publish callbacks [] for port (55e8f79b-548a-4961-85d7-2b1f6433a5f0), precommit_create {{(pid=110730) _notify_loop /usr/local/lib/python3.8/dist-packages/neutron_lib/callbacks/manager.py:176}}
Sep 21 21:54:52.025537 dv-cinder-858818-1-iscsi neutron-server[110732]: DEBUG neutron.plugins.ml2.plugin [None req-3d99b284-2e8d-4854-a334-52e41b9673d6 None None] Port 0e96daac-55f3-4661-ac8f-172121b2762b cannot update to ACTIVE because it is not bound. {{(pid=110732) _port_provisioned /opt/stack/neutron/neutron/plugins/ml2/plugin.py:356}}
Sep 21 21:54:52.042444 dv-cinder-858818-1-iscsi neutron-server[110732]: DEBUG neutron_lib.callbacks.manager [None req-0ff9304f-87cb-4fc0-b937-9ebeaac53c60 None None] Publish callbacks ['neutron.plugins.ml2.plugin.SecurityGroupDbMixin._ensure_default_security_group_handler-33254999'] for port (0e96daac-55f3-4661-ac8f-172121b2762b), before_update {{(pid=110732) _notify_loop /usr/local/lib/python3.8/dist-packages/neutron_lib/callbacks/manager.py:176}}
Sep 21 21:54:52.125870 dv-cinder-858818-1-iscsi neutron-server[110730]: DEBUG neutron_lib.callbacks.manager [req-6adc5bbe-fdc1-41bf-b05b-0692bbb26b03 req-8f09a62a-e692-41cf-8aed-c62ad87e7cb6 tempest-ServerRescueNegativeTestJSON-940417836 tempest-ServerRescueNegativeTestJSON-940417836-project] Publish callbacks ['neutron.plugins.ml2.plugin.SecurityGroupServerNotifierRpcMixin._notify_sg_on_port_change-33108167', 'neutron.plugins.ml2.ovo_rpc._ObjectChangeHandler.handle_event-346302', 'neutron.api.rpc.agentnotifiers.dhcp_rpc_agent_api.DhcpAgentNotifyAPI._native_event_send_dhcp_notification-605145', 'neutron.db.l3_dvrscheduler_db._notify_l3_agent_new_port-8730879317679'] for port (55e8f79b-548a-4961-85d7-2b1f6433a5f0), after_create {{(pid=110730) _notify_loop /usr/local/lib/python3.8/dist-packages/neutron_lib/callbacks/manager.py:176}}
Sep 21 21:54:52.229440 dv-cinder-858818-1-iscsi neutron-server[110730]: DEBUG neutron.wsgi [-] (110730) accepted ('10.222.0.61', 62506) {{(pid=110730) server /usr/local/lib/python3.8/dist-packages/eventlet/wsgi.py:1004}}
Sep 21 21:54:52.276638 dv-cinder-858818-1-iscsi neutron-server[110731]: INFO neutron.wsgi [req-c9c9709d-a6d8-48e4-a8ba-7ff483542f35 req-dfab296c-a725-40e9-af63-18ab52529067 tempest-AttachVolumeShelveTestJSON-1687172895 tempest-AttachVolumeShelveTestJSON-1687172895-project] 10.222.0.42 "GET /v2.0/ports?device_id=3f1ab65e-46f7-4c7f-90e9-f60fb4516834 HTTP/1.1" status: 200 len: 210 time: 0.2545152
Sep 21 21:54:52.487314 dv-cinder-858818-1-iscsi neutron-server[110731]: INFO neutron.wsgi [req-a569b6bc-2f9c-43a7-97cc-f60e0aa3302a req-25e3277a-771f-4b3a-a8f0-5649c9b9dc8f tempest-ServerRescueNegativeTestJSON-940417836 tempest-ServerRescueNegativeTestJSON-940417836-project] 10.222.0.42 "GET /v2.0/ports?device_id=62f29aa1-2a06-46f6-a606-599bcbc1f69a HTTP/1.1" status: 200 len: 210 time: 0.4688728
Sep 21 21:54:52.503856 dv-cinder-858818-1-iscsi neutron-server[110732]: DEBUG neutron.plugins.ml2.plugin [None req-e69c0faa-ae53-4e73-953a-1e5165ee6c9a None None] Current status of the port 4c1e1bfe-f5ca-4ce9-9c8e-720a93475256 is: ACTIVE; New status is: ACTIVE {{(pid=110732) _update_individual_port_db_status /opt/stack/neutron/neutron/plugins/ml2/plugin.py:2287}}
Sep 21 21:54:52.505839 dv-cinder-858818-1-iscsi neutron-server[110732]: DEBUG neutron.plugins.ml2.rpc [None req-e69c0faa-ae53-4e73-953a-1e5165ee6c9a None None] Device 17d42817-e76a-4ddb-8052-df547e536735 up at agent ovs-agent-dv-cinder-858818-1-iscsi {{(pid=110732) update_device_up /opt/stack/neutron/neutron/plugins/ml2/rpc.py:296}}
Sep 21 21:54:52.555868 dv-cinder-858818-1-iscsi neutron-server[110732]: INFO neutron.plugins.ml2.plugin [None req-3d99b284-2e8d-4854-a334-52e41b9673d6 None None] Attempt 5 to provision port 0e96daac-55f3-4661-ac8f-172121b2762b
Sep 21 21:54:52.556462 dv-cinder-858818-1-iscsi neutron-server[110730]: DEBUG neutron.pecan_wsgi.hooks.policy_enforcement [req-4749362a-41e1-4fc8-b7cc-7e3b0a08be60 req-8bb03d0a-e507-4f15-ab11-a3f16b74b8c4 tempest-ServerRescueNegativeTestJSON-940417836 tempest-ServerRescueNegativeTestJSON-940417836-project] Attributes excluded by policy engine: ['standard_attr_id', 'vlan_transparent', 'provider:network_type', 'provider:physical_network', 'provider:segmentation_id'] {{(pid=110730) _exclude_attributes_by_policy /opt/stack/neutron/neutron/pecan_wsgi/hooks/policy_enforcement.py:259}}
Sep 21 21:54:52.558847 dv-cinder-858818-1-iscsi neutron-server[110730]: INFO neutron.wsgi [req-4749362a-41e1-4fc8-b7cc-7e3b0a08be60 req-8bb03d0a-e507-4f15-ab11-a3f16b74b8c4 tempest-ServerRescueNegativeTestJSON-940417836 tempest-ServerRescueNegativeTestJSON-940417836-project] 10.222.0.61 "GET /v2.0/networks?id=f801d94d-838f-46f0-b7fb-17b6d1554e9c HTTP/1.1" status: 200 len: 818 time: 0.3170500
Sep 21 21:54:52.602890 dv-cinder-858818-1-iscsi neutron-server[110730]: DEBUG neutron.scheduler.dhcp_agent_scheduler [req-6adc5bbe-fdc1-41bf-b05b-0692bbb26b03 req-8f09a62a-e692-41cf-8aed-c62ad87e7cb6 tempest-ServerRescueNegativeTestJSON-940417836 tempest-ServerRescueNegativeTestJSON-940417836-project] Network f801d94d-838f-46f0-b7fb-17b6d1554e9c is already hosted by enough agents. {{(pid=110730) _get_dhcp_agents_hosting_network /opt/stack/neutron/neutron/scheduler/dhcp_agent_scheduler.py:275}}
Sep 21 21:54:52.630432 dv-cinder-858818-1-iscsi neutron-server[110730]: DEBUG neutron.scheduler.base_scheduler [req-6adc5bbe-fdc1-41bf-b05b-0692bbb26b03 req-8f09a62a-e692-41cf-8aed-c62ad87e7cb6 tempest-ServerRescueNegativeTestJSON-940417836 tempest-ServerRescueNegativeTestJSON-940417836-project] Resources bound (agent type, host, resource id): {{(pid=110730) schedule /opt/stack/neutron/neutron/scheduler/base_scheduler.py:57}}
Sep 21 21:54:52.643178 dv-cinder-858818-1-iscsi neutron-server[110730]: DEBUG neutron.api.v2.base [req-4749362a-41e1-4fc8-b7cc-7e3b0a08be60 req-10ec4d69-c5fa-4fc5-bf62-52f26e858fed tempest-ServerRescueNegativeTestJSON-940417836 tempest-ServerRescueNegativeTestJSON-940417836-project] Request body: {'port': {'device_id': '62f29aa1-2a06-46f6-a606-599bcbc1f69a', 'network_id': 'f801d94d-838f-46f0-b7fb-17b6d1554e9c', 'admin_state_up': True, 'tenant_id': 'ce39458046ef4d2bb8de370118e4ed86'}} {{(pid=110730) prepare_request_body /opt/stack/neutron/neutron/api/v2/base.py:730}}
Sep 21 21:54:52.656347 dv-cinder-858818-1-iscsi neutron-server[110732]: DEBUG neutron.plugins.ml2.plugin [None req-3d99b284-2e8d-4854-a334-52e41b9673d6 None None] Port 0e96daac-55f3-4661-ac8f-172121b2762b cannot update to ACTIVE because it is not bound. {{(pid=110732) _port_provisioned /opt/stack/neutron/neutron/plugins/ml2/plugin.py:356}}
Sep 21 21:54:52.803312 dv-cinder-858818-1-iscsi neutron-server[110731]: INFO neutron.wsgi [req-b771d890-9e2d-4d04-b9fe-2be8ea936a1e req-b5ca159c-fe64-4df5-b7f1-161267bb3447 tempest-AttachVolumeTestJSON-72717288 tempest-AttachVolumeTestJSON-72717288-project] 10.222.0.42 "GET /v2.0/ports?device_id=47235b9b-f097-4391-8e4a-c5469167ffb0 HTTP/1.1" status: 200 len: 210 time: 0.0849380
Sep 21 21:54:52.816207 dv-cinder-858818-1-iscsi neutron-server[110731]: DEBUG neutron.pecan_wsgi.hooks.quota_enforcement [req-86a6ae2c-eb3e-4c5f-9722-0a3667c044db req-eb97bdd8-8955-4dc3-97ed-dab0ac780777 tempest-DeleteServersTestJSON-712015441 tempest-DeleteServersTestJSON-712015441-project] Made reservation on behalf of df86c329bf2e441cb2e61f33a91d958a for: {'port': 1} {{(pid=110731) before /opt/stack/neutron/neutron/pecan_wsgi/hooks/quota_enforcement.py:53}}
Sep 21 21:54:52.821552 dv-cinder-858818-1-iscsi neutron-server[110731]: DEBUG neutron_lib.callbacks.manager [req-86a6ae2c-eb3e-4c5f-9722-0a3667c044db req-eb97bdd8-8955-4dc3-97ed-dab0ac780777 tempest-DeleteServersTestJSON-712015441 tempest-DeleteServersTestJSON-712015441-project] Publish callbacks ['neutron.plugins.ml2.plugin.SecurityGroupDbMixin._ensure_default_security_group_handler-33254999'] for port (None), before_create {{(pid=110731) _notify_loop /usr/local/lib/python3.8/dist-packages/neutron_lib/callbacks/manager.py:176}}
Sep 21 21:54:52.916592 dv-cinder-858818-1-iscsi neutron-server[110730]: DEBUG neutron.db.l3_dvrscheduler_db [req-6adc5bbe-fdc1-41bf-b05b-0692bbb26b03 req-8f09a62a-e692-41cf-8aed-c62ad87e7cb6 tempest-ServerRescueNegativeTestJSON-940417836 tempest-ServerRescueNegativeTestJSON-940417836-project] Received port after_create {{(pid=110730) _notify_l3_agent_new_port /opt/stack/neutron/neutron/db/l3_dvrscheduler_db.py:532}}
Sep 21 21:54:52.925085 dv-cinder-858818-1-iscsi neutron-server[110730]: DEBUG neutron.pecan_wsgi.hooks.policy_enforcement [req-6adc5bbe-fdc1-41bf-b05b-0692bbb26b03 req-8f09a62a-e692-41cf-8aed-c62ad87e7cb6 tempest-ServerRescueNegativeTestJSON-940417836 tempest-ServerRescueNegativeTestJSON-940417836-project] Attributes excluded by policy engine: ['standard_attr_id', 'binding:profile', 'binding:host_id', 'binding:vif_type', 'binding:vif_details', 'network'] {{(pid=110730) _exclude_attributes_by_policy /opt/stack/neutron/neutron/pecan_wsgi/hooks/policy_enforcement.py:259}}
Sep 21 21:54:52.927433 dv-cinder-858818-1-iscsi neutron-server[110730]: DEBUG neutron_lib.callbacks.manager [req-6adc5bbe-fdc1-41bf-b05b-0692bbb26b03 req-8f09a62a-e692-41cf-8aed-c62ad87e7cb6 tempest-ServerRescueNegativeTestJSON-940417836 tempest-ServerRescueNegativeTestJSON-940417836-project] Publish callbacks ['neutron.notifiers.nova.Notifier._send_nova_notification-217070', 'neutron.api.rpc.agentnotifiers.dhcp_rpc_agent_api.DhcpAgentNotifyAPI._send_dhcp_notification-604971'] for port (None), before_response {{(pid=110730) _notify_loop /usr/local/lib/python3.8/dist-packages/neutron_lib/callbacks/manager.py:176}}
Sep 21 21:54:52.980466 dv-cinder-858818-1-iscsi neutron-server[110732]: DEBUG neutron.db.provisioning_blocks [None req-e69c0faa-ae53-4e73-953a-1e5165ee6c9a None None] Provisioning complete for port 17d42817-e76a-4ddb-8052-df547e536735 triggered by entity L2. {{(pid=110732) provisioning_complete /opt/stack/neutron/neutron/db/provisioning_blocks.py:140}}
Sep 21 21:54:52.981756 dv-cinder-858818-1-iscsi neutron-server[110732]: DEBUG neutron_lib.callbacks.manager [None req-e69c0faa-ae53-4e73-953a-1e5165ee6c9a None None] Publish callbacks ['neutron.plugins.ml2.plugin.Ml2Plugin._port_provisioned-33065150'] for port (17d42817-e76a-4ddb-8052-df547e536735), provisioning_complete {{(pid=110732) _notify_loop /usr/local/lib/python3.8/dist-packages/neutron_lib/callbacks/manager.py:176}}
Sep 21 21:54:52.982096 dv-cinder-858818-1-iscsi neutron-server[110732]: INFO neutron.plugins.ml2.plugin [None req-e69c0faa-ae53-4e73-953a-1e5165ee6c9a None None] Attempt 1 to provision port 17d42817-e76a-4ddb-8052-df547e536735
Sep 21 21:54:53.022015 dv-cinder-858818-1-iscsi neutron-server[110730]: DEBUG neutron.pecan_wsgi.hooks.quota_enforcement [req-4749362a-41e1-4fc8-b7cc-7e3b0a08be60 req-10ec4d69-c5fa-4fc5-bf62-52f26e858fed tempest-ServerRescueNegativeTestJSON-940417836 tempest-ServerRescueNegativeTestJSON-940417836-project] Made reservation on behalf of ce39458046ef4d2bb8de370118e4ed86 for: {'port': 1} {{(pid=110730) before /opt/stack/neutron/neutron/pecan_wsgi/hooks/quota_enforcement.py:53}}
Sep 21 21:54:53.028593 dv-cinder-858818-1-iscsi neutron-server[110730]: DEBUG neutron_lib.callbacks.manager [req-4749362a-41e1-4fc8-b7cc-7e3b0a08be60 req-10ec4d69-c5fa-4fc5-bf62-52f26e858fed tempest-ServerRescueNegativeTestJSON-940417836 tempest-ServerRescueNegativeTestJSON-940417836-project] Publish callbacks ['neutron.plugins.ml2.plugin.SecurityGroupDbMixin._ensure_default_security_group_handler-33254999'] for port (None), before_create {{(pid=110730) _notify_loop /usr/local/lib/python3.8/dist-packages/neutron_lib/callbacks/manager.py:176}}
Sep 21 21:54:53.086201 dv-cinder-858818-1-iscsi neutron-server[110730]: DEBUG neutron.api.rpc.handlers.resources_rpc [None req-8f09a62a-e692-41cf-8aed-c62ad87e7cb6 tempest-ServerRescueNegativeTestJSON-940417836 tempest-ServerRescueNegativeTestJSON-940417836-project] Pushing event updated for resources: {'Port': ['ID=55e8f79b-548a-4961-85d7-2b1f6433a5f0,revision_number=1']} {{(pid=110730) push /opt/stack/neutron/neutron/api/rpc/handlers/resources_rpc.py:237}}
Sep 21 21:54:53.190131 dv-cinder-858818-1-iscsi neutron-server[110732]: INFO neutron.plugins.ml2.plugin [None req-3d99b284-2e8d-4854-a334-52e41b9673d6 None None] Attempt 6 to provision port 0e96daac-55f3-4661-ac8f-172121b2762b
Sep 21 21:54:53.244223 dv-cinder-858818-1-iscsi neutron-server[110730]: INFO neutron.wsgi [req-6adc5bbe-fdc1-41bf-b05b-0692bbb26b03 req-8f09a62a-e692-41cf-8aed-c62ad87e7cb6 tempest-ServerRescueNegativeTestJSON-940417836 tempest-ServerRescueNegativeTestJSON-940417836-project] 10.222.0.61 "POST /v2.0/ports HTTP/1.1" status: 201 len: 934 time: 3.1131120
Sep 21 21:54:53.275535 dv-cinder-858818-1-iscsi neutron-server[110730]: DEBUG neutron.wsgi [-] (110730) accepted ('10.222.0.61', 62510) {{(pid=110730) server /usr/local/lib/python3.8/dist-packages/eventlet/wsgi.py:1004}}
Sep 21 21:54:53.361628 dv-cinder-858818-1-iscsi neutron-server[110730]: DEBUG neutron.wsgi [req-6adc5bbe-fdc1-41bf-b05b-0692bbb26b03 req-c6f27513-14f1-4266-9a7c-bad6592dd096 tempest-ServerRescueNegativeTestJSON-940417836 tempest-ServerRescueNegativeTestJSON-940417836-project] http://10.222.0.42:9696/v2.0/extensions returned with HTTP 200 {{(pid=110730) __call__ /opt/stack/neutron/neutron/wsgi.py:730}}
Sep 21 21:54:53.374236 dv-cinder-858818-1-iscsi neutron-server[110730]: INFO neutron.wsgi [req-6adc5bbe-fdc1-41bf-b05b-0692bbb26b03 req-c6f27513-14f1-4266-9a7c-bad6592dd096 tempest-ServerRescueNegativeTestJSON-940417836 tempest-ServerRescueNegativeTestJSON-940417836-project] 10.222.0.61 "GET /v2.0/extensions HTTP/1.1" status: 200 len: 14082 time: 0.0129821
Sep 21 21:54:53.401636 dv-cinder-858818-1-iscsi neutron-server[110732]: DEBUG neutron.plugins.ml2.plugin [None req-e69c0faa-ae53-4e73-953a-1e5165ee6c9a None None] Current status of the port 17d42817-e76a-4ddb-8052-df547e536735 is: ACTIVE; New status is: ACTIVE {{(pid=110732) _update_individual_port_db_status /opt/stack/neutron/neutron/plugins/ml2/plugin.py:2287}}
Sep 21 21:54:53.406402 dv-cinder-858818-1-iscsi neutron-server[110732]: DEBUG neutron.plugins.ml2.rpc [None req-e69c0faa-ae53-4e73-953a-1e5165ee6c9a None None] Device a62a5e8b-eacb-45f7-8de0-0b4d622b17d6 up at agent ovs-agent-dv-cinder-858818-1-iscsi {{(pid=110732) update_device_up /opt/stack/neutron/neutron/plugins/ml2/rpc.py:296}}
Sep 21 21:54:53.526859 dv-cinder-858818-1-iscsi neutron-server[110731]: INFO neutron.wsgi [req-7241bf3f-8d97-4ec2-8ca3-c992be4fed11 req-738e9031-ef5a-441b-a037-c5f8ca5bc9aa tempest-DeleteServersTestJSON-712015441 tempest-DeleteServersTestJSON-712015441-project] 10.222.0.42 "GET /v2.0/ports?device_id=4f22897b-64f7-4b36-8d63-5c4485f682b1 HTTP/1.1" status: 200 len: 210 time: 0.0757909
Sep 21 21:54:53.528104 dv-cinder-858818-1-iscsi neutron-server[110732]: DEBUG neutron.plugins.ml2.plugin [None req-3d99b284-2e8d-4854-a334-52e41b9673d6 None None] Port 0e96daac-55f3-4661-ac8f-172121b2762b cannot update to ACTIVE because it is not bound. {{(pid=110732) _port_provisioned /opt/stack/neutron/neutron/plugins/ml2/plugin.py:356}}
Sep 21 21:54:53.623407 dv-cinder-858818-1-iscsi neutron-server[110732]: DEBUG neutron.db.provisioning_blocks [None req-e69c0faa-ae53-4e73-953a-1e5165ee6c9a None None] Provisioning complete for port a62a5e8b-eacb-45f7-8de0-0b4d622b17d6 triggered by entity L2. {{(pid=110732) provisioning_complete /opt/stack/neutron/neutron/db/provisioning_blocks.py:140}}
Sep 21 21:54:53.624070 dv-cinder-858818-1-iscsi neutron-server[110732]: DEBUG neutron_lib.callbacks.manager [None req-e69c0faa-ae53-4e73-953a-1e5165ee6c9a None None] Publish callbacks ['neutron.plugins.ml2.plugin.Ml2Plugin._port_provisioned-33065150'] for port (a62a5e8b-eacb-45f7-8de0-0b4d622b17d6), provisioning_complete {{(pid=110732) _notify_loop /usr/local/lib/python3.8/dist-packages/neutron_lib/callbacks/manager.py:176}}
Sep 21 21:54:53.624473 dv-cinder-858818-1-iscsi neutron-server[110732]: INFO neutron.plugins.ml2.plugin [None req-e69c0faa-ae53-4e73-953a-1e5165ee6c9a None None] Attempt 1 to provision port a62a5e8b-eacb-45f7-8de0-0b4d622b17d6
Sep 21 21:54:53.657355 dv-cinder-858818-1-iscsi neutron-server[110732]: DEBUG neutron_lib.callbacks.manager [None req-0ff9304f-87cb-4fc0-b937-9ebeaac53c60 None None] Publish callbacks [] for port (0e96daac-55f3-4661-ac8f-172121b2762b), precommit_update {{(pid=110732) _notify_loop /usr/local/lib/python3.8/dist-packages/neutron_lib/callbacks/manager.py:176}}
Sep 21 21:54:53.679254 dv-cinder-858818-1-iscsi neutron-server[110730]: DEBUG neutron.db.db_base_plugin_common [req-4749362a-41e1-4fc8-b7cc-7e3b0a08be60 req-10ec4d69-c5fa-4fc5-bf62-52f26e858fed tempest-ServerRescueNegativeTestJSON-940417836 tempest-ServerRescueNegativeTestJSON-940417836-project] Allocated IP 172.20.0.14 (f801d94d-838f-46f0-b7fb-17b6d1554e9c/575b43de-b954-4ed7-bfdd-5b0bcfa5628e/09367162-9504-4865-8eeb-60a695a0e5e5) {{(pid=110730) _store_ip_allocation /opt/stack/neutron/neutron/db/db_base_plugin_common.py:131}}
Sep 21 21:54:53.708518 dv-cinder-858818-1-iscsi neutron-server[110731]: INFO neutron.wsgi [req-b3b0524f-2fc1-42de-bf4a-e6095c6b74fb req-7f9595ad-64fc-4c35-9c98-f9f6063c2735 tempest-AttachVolumeShelveTestJSON-1687172895 tempest-AttachVolumeShelveTestJSON-1687172895-project] 10.222.0.42 "GET /v2.0/ports?device_id=3f1ab65e-46f7-4c7f-90e9-f60fb4516834 HTTP/1.1" status: 200 len: 210 time: 0.1510627
Sep 21 21:54:53.768461 dv-cinder-858818-1-iscsi neutron-server[110730]: DEBUG neutron.api.v2.base [req-6adc5bbe-fdc1-41bf-b05b-0692bbb26b03 req-e44e2ea7-46c4-4a58-95e0-d560fc69660d service neutron] Request body: {'port': {'device_id': '059c05da-c7e3-4581-a17e-623dbcda3091', 'device_owner': 'compute:nova', 'binding:host_id': 'hv-cinder-85881'}} {{(pid=110730) prepare_request_body /opt/stack/neutron/neutron/api/v2/base.py:730}}
Sep 21 21:54:53.824815 dv-cinder-858818-1-iscsi neutron-server[110731]: INFO neutron.wsgi [req-465596e7-543a-4a8e-85c6-e9f34a88aadb req-6814fac3-3f84-4fb0-94ec-ce67cec3dbe8 tempest-ServerRescueNegativeTestJSON-940417836 tempest-ServerRescueNegativeTestJSON-940417836-project] 10.222.0.42 "GET /v2.0/ports?device_id=62f29aa1-2a06-46f6-a606-599bcbc1f69a HTTP/1.1" status: 200 len: 210 time: 0.1064930
Sep 21 21:54:53.851330 dv-cinder-858818-1-iscsi neutron-server[110732]: DEBUG neutron_lib.callbacks.manager [None req-0ff9304f-87cb-4fc0-b937-9ebeaac53c60 None None] Publish callbacks ['neutron.plugins.ml2.plugin.SecurityGroupServerNotifierRpcMixin._notify_sg_on_port_change-33108167', 'neutron.plugins.ml2.ovo_rpc._ObjectChangeHandler.handle_event-346302', 'neutron.api.rpc.agentnotifiers.dhcp_rpc_agent_api.DhcpAgentNotifyAPI._native_event_send_dhcp_notification-605145', 'neutron.db.l3_db.L3RpcNotifierMixin._notify_gateway_port_ip_changed-8730879840103', 'neutron.db.l3_dvrscheduler_db._notify_l3_agent_port_update-8730879317697', 'neutron.db.l3_hascheduler_db._notify_l3_agent_ha_port_update-8730879317715'] for port (0e96daac-55f3-4661-ac8f-172121b2762b), after_update {{(pid=110732) _notify_loop /usr/local/lib/python3.8/dist-packages/neutron_lib/callbacks/manager.py:176}}
Sep 21 21:54:53.851444 dv-cinder-858818-1-iscsi neutron-server[110730]: DEBUG neutron.pecan_wsgi.hooks.policy_enforcement [req-a828cd61-ea14-4f82-b3d3-f9b5d57f165a req-339d630b-5130-486c-93fe-ba30a5cf8d87 tempest-AttachVolumeShelveTestJSON-1687172895 tempest-AttachVolumeShelveTestJSON-1687172895-project] Attributes excluded by policy engine: ['standard_attr_id', 'vlan_transparent', 'provider:network_type', 'provider:physical_network', 'provider:segmentation_id'] {{(pid=110730) _exclude_attributes_by_policy /opt/stack/neutron/neutron/pecan_wsgi/hooks/policy_enforcement.py:259}}
Sep 21 21:54:53.851444 dv-cinder-858818-1-iscsi neutron-server[110730]: INFO neutron.wsgi [req-a828cd61-ea14-4f82-b3d3-f9b5d57f165a req-339d630b-5130-486c-93fe-ba30a5cf8d87 tempest-AttachVolumeShelveTestJSON-1687172895 tempest-AttachVolumeShelveTestJSON-1687172895-project] 10.222.0.61 "GET /v2.0/networks?id=7dab7195-3ee2-4ab4-b7f0-ae8aae10ba23 HTTP/1.1" status: 200 len: 816 time: 0.4913888
Sep 21 21:54:54.057156 dv-cinder-858818-1-iscsi neutron-server[110732]: INFO neutron.plugins.ml2.plugin [None req-3d99b284-2e8d-4854-a334-52e41b9673d6 None None] Attempt 7 to provision port 0e96daac-55f3-4661-ac8f-172121b2762b
Sep 21 21:54:54.062423 dv-cinder-858818-1-iscsi neutron-server[110732]: DEBUG neutron.api.rpc.handlers.resources_rpc [None req-c669ae0d-0a52-4ca7-9134-a136fcc2cd96 None None] Pushing event updated for resources: {'Port': ['ID=0e96daac-55f3-4661-ac8f-172121b2762b,revision_number=3']} {{(pid=110732) push /opt/stack/neutron/neutron/api/rpc/handlers/resources_rpc.py:237}}
Sep 21 21:54:54.145952 dv-cinder-858818-1-iscsi neutron-server[110730]: DEBUG neutron_lib.callbacks.manager [req-6adc5bbe-fdc1-41bf-b05b-0692bbb26b03 req-e44e2ea7-46c4-4a58-95e0-d560fc69660d service neutron] Publish callbacks ['neutron.plugins.ml2.plugin.SecurityGroupDbMixin._ensure_default_security_group_handler-33254999'] for port (55e8f79b-548a-4961-85d7-2b1f6433a5f0), before_update {{(pid=110730) _notify_loop /usr/local/lib/python3.8/dist-packages/neutron_lib/callbacks/manager.py:176}}
Sep 21 21:54:54.164872 dv-cinder-858818-1-iscsi neutron-server[110732]: DEBUG neutron.plugins.ml2.plugin [None req-e69c0faa-ae53-4e73-953a-1e5165ee6c9a None None] Current status of the port a62a5e8b-eacb-45f7-8de0-0b4d622b17d6 is: ACTIVE; New status is: ACTIVE {{(pid=110732) _update_individual_port_db_status /opt/stack/neutron/neutron/plugins/ml2/plugin.py:2287}}
Sep 21 21:54:54.192074 dv-cinder-858818-1-iscsi neutron-server[110731]: INFO neutron.wsgi [req-b79d97ae-4f94-4109-a54b-b3dd53110638 req-9f19e986-a4ea-4cf3-a5ae-5f10b585a7d8 tempest-AttachVolumeTestJSON-72717288 tempest-AttachVolumeTestJSON-72717288-project] 10.222.0.42 "GET /v2.0/ports?device_id=47235b9b-f097-4391-8e4a-c5469167ffb0 HTTP/1.1" status: 200 len: 210 time: 0.1991515
Sep 21 21:54:54.286051 dv-cinder-858818-1-iscsi neutron-server[110731]: DEBUG neutron.db.db_base_plugin_common [req-86a6ae2c-eb3e-4c5f-9722-0a3667c044db req-eb97bdd8-8955-4dc3-97ed-dab0ac780777 tempest-DeleteServersTestJSON-712015441 tempest-DeleteServersTestJSON-712015441-project] Allocated IP 172.20.0.13 (7ba67a60-17a4-42de-8c1b-883c54b6fa46/48e83812-6a11-4bce-a2a0-70fb4d1433f5/6aeb725b-1bb2-467b-a83c-40dffff2d499) {{(pid=110731) _store_ip_allocation /opt/stack/neutron/neutron/db/db_base_plugin_common.py:131}}
Sep 21 21:54:54.361632 dv-cinder-858818-1-iscsi neutron-server[110732]: DEBUG neutron.plugins.ml2.plugin [None req-3d99b284-2e8d-4854-a334-52e41b9673d6 None None] Port 0e96daac-55f3-4661-ac8f-172121b2762b cannot update to ACTIVE because it is not bound. {{(pid=110732) _port_provisioned /opt/stack/neutron/neutron/plugins/ml2/plugin.py:356}}
Sep 21 21:54:54.388284 dv-cinder-858818-1-iscsi neutron-server[110732]: DEBUG neutron.plugins.ml2.managers [None req-0ff9304f-87cb-4fc0-b937-9ebeaac53c60 None None] Attempting to bind port 0e96daac-55f3-4661-ac8f-172121b2762b on host dv-cinder-858818-1-iscsi for vnic_type normal with profile {{(pid=110732) bind_port /opt/stack/neutron/neutron/plugins/ml2/managers.py:811}}
Sep 21 21:54:54.388662 dv-cinder-858818-1-iscsi neutron-server[110732]: DEBUG neutron.plugins.ml2.managers [None req-0ff9304f-87cb-4fc0-b937-9ebeaac53c60 None None] Attempting to bind port 0e96daac-55f3-4661-ac8f-172121b2762b by drivers openvswitch,hyperv on host dv-cinder-858818-1-iscsi at level 0 using segments [{'id': '61cfeb8c-d5aa-4003-9674-492770763ed3', 'network_type': 'vlan', 'physical_network': 'physnet1', 'segmentation_id': 330, 'network_id': '7ba67a60-17a4-42de-8c1b-883c54b6fa46'}] {{(pid=110732) _bind_port_level /opt/stack/neutron/neutron/plugins/ml2/managers.py:836}}
Sep 21 21:54:54.394072 dv-cinder-858818-1-iscsi neutron-server[110732]: DEBUG neutron.plugins.ml2.drivers.mech_agent [None req-0ff9304f-87cb-4fc0-b937-9ebeaac53c60 None None] Attempting to bind port 0e96daac-55f3-4661-ac8f-172121b2762b on network 7ba67a60-17a4-42de-8c1b-883c54b6fa46 {{(pid=110732) bind_port /opt/stack/neutron/neutron/plugins/ml2/drivers/mech_agent.py:91}}
Sep 21 21:54:54.408499 dv-cinder-858818-1-iscsi neutron-server[110732]: DEBUG neutron.plugins.ml2.drivers.mech_agent [None req-0ff9304f-87cb-4fc0-b937-9ebeaac53c60 None None] Checking agent: {'id': '589e4fa5-b462-49d2-aaa0-2813048a5d75', 'agent_type': 'Open vSwitch agent', 'binary': 'neutron-openvswitch-agent', 'topic': 'N/A', 'host': 'dv-cinder-858818-1-iscsi', 'admin_state_up': True, 'created_at': datetime.datetime(2022, 9, 21, 21, 46, 3), 'started_at': datetime.datetime(2022, 9, 21, 21, 46, 33), 'heartbeat_timestamp': datetime.datetime(2022, 9, 21, 21, 54, 33), 'description': None, 'resources_synced': None, 'availability_zone': None, 'alive': True, 'configurations': {'arp_responder_enabled': False, 'baremetal_smartnic': False, 'bridge_mappings': {'physnet1': 'br-data'}, 'datapath_type': 'system', 'devices': 0, 'enable_distributed_routing': False, 'extensions': [], 'in_distributed_mode': False, 'integration_bridge': 'br-int', 'l2_population': False, 'log_agent_heartbeats': False, 'ovs_capabilities': {'datapath_types': ['netdev', 'system'], 'iface_types': ['erspan', 'geneve', 'gre', 'internal', 'ip6erspan', 'ip6gre', 'lisp', 'patch', 'stt', 'system', 'tap', 'vxlan']}, 'ovs_hybrid_plug': False, 'resource_provider_bandwidths': {}, 'resource_provider_hypervisors': {'br-data': 'dv-cinder-858818-1-iscsi'}, 'resource_provider_inventory_defaults': {'allocation_ratio': 1.0, 'min_unit': 1, 'step_size': 1, 'reserved': 0}, 'resource_provider_packet_processing_inventory_defaults': {'allocation_ratio': 1.0, 'min_unit': 1, 'step_size': 1, 'reserved': 0}, 'resource_provider_packet_processing_with_direction': {}, 'resource_provider_packet_processing_without_direction': {}, 'tunnel_types': [], 'tunneling_ip': None, 'vhostuser_socket_dir': '/var/run/openvswitch'}, 'resource_versions': {'AddressGroup': '1.2', 'ConntrackHelper': '1.0', 'LocalIPAssociation': '1.0', 'Log': '1.0', 'Network': '1.1', 'Port': '1.7', 'PortForwarding': '1.2', 'QosPolicy': '1.10', 'SecurityGroup': '1.5', 'SecurityGroupRule': '1.2', 'SubPort': '1.0', 'Subnet': '1.1', 'Trunk': '1.1'}} {{(pid=110732) bind_port /opt/stack/neutron/neutron/plugins/ml2/drivers/mech_agent.py:110}}
Sep 21 21:54:54.408900 dv-cinder-858818-1-iscsi neutron-server[110732]: DEBUG neutron.plugins.ml2.drivers.mech_agent [None req-0ff9304f-87cb-4fc0-b937-9ebeaac53c60 None None] Checking segment: {'id': '61cfeb8c-d5aa-4003-9674-492770763ed3', 'network_type': 'vlan', 'physical_network': 'physnet1', 'segmentation_id': 330, 'network_id': '7ba67a60-17a4-42de-8c1b-883c54b6fa46'} for mappings: {'physnet1': 'br-data'} with network types: ['local', 'flat', 'vlan'] {{(pid=110732) check_segment_for_agent /opt/stack/neutron/neutron/plugins/ml2/drivers/mech_agent.py:373}}
Sep 21 21:54:54.409306 dv-cinder-858818-1-iscsi neutron-server[110732]: DEBUG neutron_lib.callbacks.manager [None req-0ff9304f-87cb-4fc0-b937-9ebeaac53c60 None None] Publish callbacks [] for ovs_bridge_name (None), before_read {{(pid=110732) _notify_loop /usr/local/lib/python3.8/dist-packages/neutron_lib/callbacks/manager.py:176}}
Sep 21 21:54:54.409709 dv-cinder-858818-1-iscsi neutron-server[110732]: DEBUG neutron.plugins.ml2.drivers.mech_agent [None req-0ff9304f-87cb-4fc0-b937-9ebeaac53c60 None None] Bound using segment: {'id': '61cfeb8c-d5aa-4003-9674-492770763ed3', 'network_type': 'vlan', 'physical_network': 'physnet1', 'segmentation_id': 330, 'network_id': '7ba67a60-17a4-42de-8c1b-883c54b6fa46'} {{(pid=110732) bind_port /opt/stack/neutron/neutron/plugins/ml2/drivers/mech_agent.py:120}}
Sep 21 21:54:54.410290 dv-cinder-858818-1-iscsi neutron-server[110732]: DEBUG neutron.plugins.ml2.managers [None req-0ff9304f-87cb-4fc0-b937-9ebeaac53c60 None None] Bound port: 0e96daac-55f3-4661-ac8f-172121b2762b, host: dv-cinder-858818-1-iscsi, vif_type: ovs, vif_details: {"connectivity": "l2", "port_filter": true, "ovs_hybrid_plug": false, "datapath_type": "system", "bridge_name": "br-int"}, binding_levels: [{'bound_driver': 'openvswitch', 'bound_segment': {'id': '61cfeb8c-d5aa-4003-9674-492770763ed3', 'network_type': 'vlan', 'physical_network': 'physnet1', 'segmentation_id': 330, 'network_id': '7ba67a60-17a4-42de-8c1b-883c54b6fa46'}}] {{(pid=110732) _bind_port_level /opt/stack/neutron/neutron/plugins/ml2/managers.py:948}}
Sep 21 21:54:54.410674 dv-cinder-858818-1-iscsi neutron-server[110732]: DEBUG neutron_lib.callbacks.manager [None req-0ff9304f-87cb-4fc0-b937-9ebeaac53c60 None None] Publish callbacks ['neutron.plugins.ml2.plugin.SecurityGroupDbMixin._ensure_default_security_group_handler-33254999'] for port (0e96daac-55f3-4661-ac8f-172121b2762b), before_update {{(pid=110732) _notify_loop /usr/local/lib/python3.8/dist-packages/neutron_lib/callbacks/manager.py:176}}
Sep 21 21:54:54.529486 dv-cinder-858818-1-iscsi neutron-server[110732]: DEBUG neutron.plugins.ml2.db [None req-0ff9304f-87cb-4fc0-b937-9ebeaac53c60 None None] For port 0e96daac-55f3-4661-ac8f-172121b2762b, host dv-cinder-858818-1-iscsi, cleared binding levels {{(pid=110732) clear_binding_levels /opt/stack/neutron/neutron/plugins/ml2/db.py:87}}
Sep 21 21:54:54.530733 dv-cinder-858818-1-iscsi neutron-server[110730]: DEBUG neutron_lib.callbacks.manager [req-4749362a-41e1-4fc8-b7cc-7e3b0a08be60 req-10ec4d69-c5fa-4fc5-bf62-52f26e858fed tempest-ServerRescueNegativeTestJSON-940417836 tempest-ServerRescueNegativeTestJSON-940417836-project] Publish callbacks [] for port (09367162-9504-4865-8eeb-60a695a0e5e5), precommit_create {{(pid=110730) _notify_loop /usr/local/lib/python3.8/dist-packages/neutron_lib/callbacks/manager.py:176}}
Sep 21 21:54:54.536851 dv-cinder-858818-1-iscsi neutron-server[110732]: DEBUG neutron.plugins.ml2.db [None req-0ff9304f-87cb-4fc0-b937-9ebeaac53c60 None None] For port 0e96daac-55f3-4661-ac8f-172121b2762b, host dv-cinder-858818-1-iscsi, set binding levels [PortBindingLevel(driver='openvswitch',host='dv-cinder-858818-1-iscsi',level=0,port_id=0e96daac-55f3-4661-ac8f-172121b2762b,segment=NetworkSegment(61cfeb8c-d5aa-4003-9674-492770763ed3),segment_id=61cfeb8c-d5aa-4003-9674-492770763ed3)] {{(pid=110732) set_binding_levels /opt/stack/neutron/neutron/plugins/ml2/db.py:59}}
Sep 21 21:54:54.561951 dv-cinder-858818-1-iscsi neutron-server[110730]: INFO neutron.wsgi [req-a828cd61-ea14-4f82-b3d3-f9b5d57f165a req-9d88d2c8-4f29-4c7a-ad14-c4ed9e425c05 tempest-AttachVolumeShelveTestJSON-1687172895 tempest-AttachVolumeShelveTestJSON-1687172895-project] 10.222.0.61 "GET /v2.0/security-groups?fields=id&fields=name&tenant_id=1603f7fd81ff4966be5b51e69354038c HTTP/1.1" status: 200 len: 380 time: 0.6288342
Sep 21 21:54:54.656360 dv-cinder-858818-1-iscsi neutron-server[110732]: DEBUG neutron_lib.callbacks.manager [None req-0ff9304f-87cb-4fc0-b937-9ebeaac53c60 None None] Publish callbacks ['neutron.plugins.ml2.plugin.SecurityGroupServerNotifierRpcMixin._notify_sg_on_port_change-33108167', 'neutron.plugins.ml2.ovo_rpc._ObjectChangeHandler.handle_event-346302', 'neutron.api.rpc.agentnotifiers.dhcp_rpc_agent_api.DhcpAgentNotifyAPI._native_event_send_dhcp_notification-605145', 'neutron.db.l3_db.L3RpcNotifierMixin._notify_gateway_port_ip_changed-8730879840103', 'neutron.db.l3_dvrscheduler_db._notify_l3_agent_port_update-8730879317697', 'neutron.db.l3_hascheduler_db._notify_l3_agent_ha_port_update-8730879317715'] for port (0e96daac-55f3-4661-ac8f-172121b2762b), after_update {{(pid=110732) _notify_loop /usr/local/lib/python3.8/dist-packages/neutron_lib/callbacks/manager.py:176}}
Sep 21 21:54:54.685400 dv-cinder-858818-1-iscsi neutron-server[110730]: DEBUG neutron.api.v2.base [req-a828cd61-ea14-4f82-b3d3-f9b5d57f165a req-c79effb2-51e8-41d7-92c9-654748ffeaaf tempest-AttachVolumeShelveTestJSON-1687172895 tempest-AttachVolumeShelveTestJSON-1687172895-project] Request body: {'port': {'device_id': '3f1ab65e-46f7-4c7f-90e9-f60fb4516834', 'network_id': '7dab7195-3ee2-4ab4-b7f0-ae8aae10ba23', 'admin_state_up': True, 'tenant_id': '1603f7fd81ff4966be5b51e69354038c', 'security_groups': ['102f2701-6148-434f-ba32-45a9c93cee37']}} {{(pid=110730) prepare_request_body /opt/stack/neutron/neutron/api/v2/base.py:730}}
Sep 21 21:54:54.690150 dv-cinder-858818-1-iscsi neutron-server[110731]: DEBUG neutron_lib.callbacks.manager [req-86a6ae2c-eb3e-4c5f-9722-0a3667c044db req-eb97bdd8-8955-4dc3-97ed-dab0ac780777 tempest-DeleteServersTestJSON-712015441 tempest-DeleteServersTestJSON-712015441-project] Publish callbacks [] for port (6aeb725b-1bb2-467b-a83c-40dffff2d499), precommit_create {{(pid=110731) _notify_loop /usr/local/lib/python3.8/dist-packages/neutron_lib/callbacks/manager.py:176}}
Sep 21 21:54:54.779555 dv-cinder-858818-1-iscsi neutron-server[110732]: DEBUG neutron.db.l3_dvrscheduler_db [None req-0ff9304f-87cb-4fc0-b937-9ebeaac53c60 None None] Routers {'0b408441-9ec1-458c-bd70-987ebac8a4a4'} bound to L3 agent in host dv-cinder-858818-1-iscsi {{(pid=110732) _get_router_ids_for_agent /opt/stack/neutron/neutron/db/l3_dvrscheduler_db.py:417}}
Sep 21 21:54:54.779555 dv-cinder-858818-1-iscsi neutron-server[110732]: DEBUG neutron.db.l3_hamode_db [None req-0ff9304f-87cb-4fc0-b937-9ebeaac53c60 None None] neutron.services.l3_router.l3_router_plugin.L3RouterPlugin method get_ha_sync_data_for_host called with arguments (, 'dv-cinder-858818-1-iscsi', Agent(admin_state_up=True,agent_type='L3 agent',availability_zone='nova',binary='neutron-l3-agent',configurations={"agent_mode": "legacy", "ex_gw_ports": 1, "extensions": [], "floating_ips": 0, "handle_internal_only_routers": true, "interface_driver": "openvswitch", "interfaces": 1, "log_agent_heartbeats": false, "routers": 1},created_at=2022-09-21T21:45:59Z,description=,heartbeat_timestamp=2022-09-21T21:54:29Z,host='dv-cinder-858818-1-iscsi',id=f3be49e0-699b-41e8-a354-a1575a796fae,load=0,resource_versions=,resources_synced=,started_at=2022-09-21T21:45:59Z,topic='l3_agent')) {'router_ids': ['0b408441-9ec1-458c-bd70-987ebac8a4a4'], 'active': True} {{(pid=110732) wrapper /usr/local/lib/python3.8/dist-packages/oslo_log/helpers.py:65}}
Sep 21 21:54:54.779940 dv-cinder-858818-1-iscsi neutron-server[110731]: INFO neutron.wsgi [req-5db5580d-e0d3-4cab-a9ac-58a96ac04996 req-006914a1-4055-40e6-8ec4-3908ee1fc115 tempest-DeleteServersTestJSON-712015441 tempest-DeleteServersTestJSON-712015441-project] 10.222.0.42 "GET /v2.0/ports?device_id=4f22897b-64f7-4b36-8d63-5c4485f682b1 HTTP/1.1" status: 200 len: 210 time: 0.0735281
Sep 21 21:54:54.911512 dv-cinder-858818-1-iscsi neutron-server[110732]: INFO neutron.plugins.ml2.plugin [None req-3d99b284-2e8d-4854-a334-52e41b9673d6 None None] Attempt 8 to provision port 0e96daac-55f3-4661-ac8f-172121b2762b
Sep 21 21:54:55.027735 dv-cinder-858818-1-iscsi neutron-server[110731]: INFO neutron.wsgi [req-cc1778aa-e69b-4ff0-a9a7-304396658406 req-c1841ad5-c984-47d8-be4e-a5336dbffe87 tempest-AttachVolumeShelveTestJSON-1687172895 tempest-AttachVolumeShelveTestJSON-1687172895-project] 10.222.0.42 "GET /v2.0/ports?device_id=3f1ab65e-46f7-4c7f-90e9-f60fb4516834 HTTP/1.1" status: 200 len: 210 time: 0.0961974
Sep 21 21:54:55.031750 dv-cinder-858818-1-iscsi neutron-server[110731]: DEBUG neutron_lib.callbacks.manager [req-86a6ae2c-eb3e-4c5f-9722-0a3667c044db req-eb97bdd8-8955-4dc3-97ed-dab0ac780777 tempest-DeleteServersTestJSON-712015441 tempest-DeleteServersTestJSON-712015441-project] Publish callbacks ['neutron.plugins.ml2.plugin.SecurityGroupServerNotifierRpcMixin._notify_sg_on_port_change-33108167', 'neutron.plugins.ml2.ovo_rpc._ObjectChangeHandler.handle_event-346302', 'neutron.api.rpc.agentnotifiers.dhcp_rpc_agent_api.DhcpAgentNotifyAPI._native_event_send_dhcp_notification-605145', 'neutron.db.l3_dvrscheduler_db._notify_l3_agent_new_port-8730879317679'] for port (6aeb725b-1bb2-467b-a83c-40dffff2d499), after_create {{(pid=110731) _notify_loop /usr/local/lib/python3.8/dist-packages/neutron_lib/callbacks/manager.py:176}}
Sep 21 21:54:55.098378 dv-cinder-858818-1-iscsi neutron-server[110731]: INFO neutron.wsgi [req-15be22f3-15be-4061-a58f-464dde3dfc3d req-35ae1544-f04f-4436-86f2-1e9159eae972 tempest-ServerRescueNegativeTestJSON-940417836 tempest-ServerRescueNegativeTestJSON-940417836-project] 10.222.0.42 "GET /v2.0/ports?device_id=62f29aa1-2a06-46f6-a606-599bcbc1f69a HTTP/1.1" status: 200 len: 210 time: 0.1104934
Sep 21 21:54:55.111317 dv-cinder-858818-1-iscsi neutron-server[110732]: DEBUG neutron.api.rpc.handlers.resources_rpc [None req-c669ae0d-0a52-4ca7-9134-a136fcc2cd96 None None] Pushing event updated for resources: {'Port': ['ID=0e96daac-55f3-4661-ac8f-172121b2762b,revision_number=4']} {{(pid=110732) push /opt/stack/neutron/neutron/api/rpc/handlers/resources_rpc.py:237}}
Sep 21 21:54:55.127071 dv-cinder-858818-1-iscsi neutron-server[110730]: DEBUG neutron.wsgi [-] (110730) accepted ('10.222.0.42', 41134) {{(pid=110730) server /usr/local/lib/python3.8/dist-packages/eventlet/wsgi.py:1004}}
Sep 21 21:54:55.151672 dv-cinder-858818-1-iscsi neutron-server[110730]: DEBUG neutron.wsgi [-] (110730) accepted ('10.222.0.42', 41138) {{(pid=110730) server /usr/local/lib/python3.8/dist-packages/eventlet/wsgi.py:1004}}
Sep 21 21:54:55.193369 dv-cinder-858818-1-iscsi neutron-server[110732]: DEBUG neutron.db.l3_dvr_db [None req-0ff9304f-87cb-4fc0-b937-9ebeaac53c60 None None] Set router 0b408441-9ec1-458c-bd70-987ebac8a4a4 gateway port host: dv-cinder-858818-1-iscsi {{(pid=110732) _build_routers_list /opt/stack/neutron/neutron/db/l3_dvr_db.py:906}}
Sep 21 21:54:55.290189 dv-cinder-858818-1-iscsi neutron-server[110731]: DEBUG neutron.scheduler.dhcp_agent_scheduler [req-86a6ae2c-eb3e-4c5f-9722-0a3667c044db req-eb97bdd8-8955-4dc3-97ed-dab0ac780777 tempest-DeleteServersTestJSON-712015441 tempest-DeleteServersTestJSON-712015441-project] Network 7ba67a60-17a4-42de-8c1b-883c54b6fa46 is already hosted by enough agents. {{(pid=110731) _get_dhcp_agents_hosting_network /opt/stack/neutron/neutron/scheduler/dhcp_agent_scheduler.py:275}}
Sep 21 21:54:55.290189 dv-cinder-858818-1-iscsi neutron-server[110731]: DEBUG neutron.wsgi [-] (110731) accepted ('10.222.0.61', 62515) {{(pid=110731) server /usr/local/lib/python3.8/dist-packages/eventlet/wsgi.py:1004}}
Sep 21 21:54:55.464830 dv-cinder-858818-1-iscsi neutron-server[110730]: DEBUG neutron_lib.callbacks.manager [req-4749362a-41e1-4fc8-b7cc-7e3b0a08be60 req-10ec4d69-c5fa-4fc5-bf62-52f26e858fed tempest-ServerRescueNegativeTestJSON-940417836 tempest-ServerRescueNegativeTestJSON-940417836-project] Publish callbacks ['neutron.plugins.ml2.plugin.SecurityGroupServerNotifierRpcMixin._notify_sg_on_port_change-33108167', 'neutron.plugins.ml2.ovo_rpc._ObjectChangeHandler.handle_event-346302', 'neutron.api.rpc.agentnotifiers.dhcp_rpc_agent_api.DhcpAgentNotifyAPI._native_event_send_dhcp_notification-605145', 'neutron.db.l3_dvrscheduler_db._notify_l3_agent_new_port-8730879317679'] for port (09367162-9504-4865-8eeb-60a695a0e5e5), after_create {{(pid=110730) _notify_loop /usr/local/lib/python3.8/dist-packages/neutron_lib/callbacks/manager.py:176}}
Sep 21 21:54:55.599588 dv-cinder-858818-1-iscsi neutron-server[110731]: DEBUG neutron.pecan_wsgi.hooks.policy_enforcement [req-5788f063-5d18-4c49-9fd2-e89c399ef9da req-7a47858e-929b-458a-bb93-f9fa13e6232b tempest-AttachVolumeTestJSON-72717288 tempest-AttachVolumeTestJSON-72717288-project] Attributes excluded by policy engine: ['standard_attr_id', 'vlan_transparent', 'provider:network_type', 'provider:physical_network', 'provider:segmentation_id'] {{(pid=110731) _exclude_attributes_by_policy /opt/stack/neutron/neutron/pecan_wsgi/hooks/policy_enforcement.py:259}}
