Sep 21 16:23:52.233035 dv-cinder-858621-1-iscsi devstack@c-api.service[113312]: DEBUG cinder.volume.flows.api.create_volume [None req-78cddfa9-5090-4341-8821-b5d4c642b4d5 tempest-DeleteServersTestJSON-788561472 tempest-DeleteServersTestJSON-788561472-project] Validating volume size '1' using validate_int {{(pid=113312) _extract_size /opt/stack/cinder/cinder/volume/flows/api/create_volume.py:228}}
Sep 21 16:23:52.309270 dv-cinder-858621-1-iscsi devstack@c-api.service[113312]: DEBUG cinder.volume.api [None req-78cddfa9-5090-4341-8821-b5d4c642b4d5 tempest-DeleteServersTestJSON-788561472 tempest-DeleteServersTestJSON-788561472-project] Task 'cinder.volume.flows.api.create_volume.ExtractVolumeRequestTask;volume:create' (00c062dd-95f7-4b4c-b04d-2c4d21fa0dae) transitioned into state 'SUCCESS' from state 'RUNNING' with result '{'size': 1, 'snapshot_id': None, 'source_volid': None, 'volume_type': VolumeType(created_at=2022-09-21T16:12:15Z,deleted=False,deleted_at=None,description='Default Volume Type',extra_specs={},id=7f80e587-c0f3-400f-89a1-596090ddf39f,is_public=True,name='__DEFAULT__',projects=[],qos_specs=,qos_specs_id=None,updated_at=2022-09-21T16:12:15Z), 'volume_type_id': '7f80e587-c0f3-400f-89a1-596090ddf39f', 'encryption_key_id': None, 'qos_specs': None, 'consistencygroup_id': None, 'cgsnapshot_id': None, 'group_id': None, 'replication_status': 'disabled', 'refresh_az': False, 'backup_id': None, 'multiattach': False, 'availability_zones': ['nova']}' {{(pid=113312) _task_receiver /usr/local/lib/python3.8/dist-packages/taskflow/listeners/logging.py:178}}
Sep 21 16:23:52.314537 dv-cinder-858621-1-iscsi devstack@c-api.service[113312]: DEBUG cinder.volume.api [None req-78cddfa9-5090-4341-8821-b5d4c642b4d5 tempest-DeleteServersTestJSON-788561472 tempest-DeleteServersTestJSON-788561472-project] Task 'cinder.volume.flows.api.create_volume.QuotaReserveTask;volume:create' (06d544af-0a78-43ed-89e5-49e87e9bca41) transitioned into state 'RUNNING' from state 'PENDING' {{(pid=113312) _task_receiver /usr/local/lib/python3.8/dist-packages/taskflow/listeners/logging.py:190}}
Sep 21 16:23:52.354029 dv-cinder-858621-1-iscsi devstack@c-api.service[113312]: DEBUG dbcounter [-] [113312] Writing DB stats cinder:SELECT=73,cinder:INSERT=12,cinder:UPDATE=15 {{(pid=113312) stat_writer /usr/local/lib/python3.8/dist-packages/dbcounter.py:114}}
Sep 21 16:23:52.478231 dv-cinder-858621-1-iscsi devstack@c-api.service[113312]: DEBUG cinder.quota [None req-78cddfa9-5090-4341-8821-b5d4c642b4d5 tempest-DeleteServersTestJSON-788561472 tempest-DeleteServersTestJSON-788561472-project] Created reservations ['85565a24-20d4-4f0a-86f7-8b5c7c15f018', 'd8f607b6-3425-4683-8b1f-582812df2592', '65dc070e-431f-448d-b6e7-68c3d36469e7', 'ab7610b3-6dd5-4020-93bc-3a91de0cc781'] {{(pid=113312) reserve /opt/stack/cinder/cinder/quota.py:755}}
Sep 21 16:23:52.479280 dv-cinder-858621-1-iscsi devstack@c-api.service[113312]: DEBUG cinder.volume.api [None req-78cddfa9-5090-4341-8821-b5d4c642b4d5 tempest-DeleteServersTestJSON-788561472 tempest-DeleteServersTestJSON-788561472-project] Task 'cinder.volume.flows.api.create_volume.QuotaReserveTask;volume:create' (06d544af-0a78-43ed-89e5-49e87e9bca41) transitioned into state 'SUCCESS' from state 'RUNNING' with result '{'reservations': ['85565a24-20d4-4f0a-86f7-8b5c7c15f018', 'd8f607b6-3425-4683-8b1f-582812df2592', '65dc070e-431f-448d-b6e7-68c3d36469e7', 'ab7610b3-6dd5-4020-93bc-3a91de0cc781']}' {{(pid=113312) _task_receiver /usr/local/lib/python3.8/dist-packages/taskflow/listeners/logging.py:178}}
Sep 21 16:23:52.490750 dv-cinder-858621-1-iscsi devstack@c-api.service[113312]: DEBUG cinder.volume.api [None req-78cddfa9-5090-4341-8821-b5d4c642b4d5 tempest-DeleteServersTestJSON-788561472 tempest-DeleteServersTestJSON-788561472-project] Task 'cinder.volume.flows.api.create_volume.EntryCreateTask;volume:create' (4f024cf6-1425-42cc-ad51-6c496442799f) transitioned into state 'RUNNING' from state 'PENDING' {{(pid=113312) _task_receiver /usr/local/lib/python3.8/dist-packages/taskflow/listeners/logging.py:190}}
Sep 21 16:23:52.557871 dv-cinder-858621-1-iscsi devstack@c-api.service[113312]: DEBUG cinder.volume.api [None req-78cddfa9-5090-4341-8821-b5d4c642b4d5 tempest-DeleteServersTestJSON-788561472 tempest-DeleteServersTestJSON-788561472-project] Task 'cinder.volume.flows.api.create_volume.EntryCreateTask;volume:create' (4f024cf6-1425-42cc-ad51-6c496442799f) transitioned into state 'SUCCESS' from state 'RUNNING' with result '{'volume_id': '6eafe58a-abde-4b0f-a8cc-aeb1042ccf6a', 'volume_properties': VolumeProperties(attach_status='detached',availability_zone='nova',cgsnapshot_id=None,consistencygroup_id=None,display_description=None,display_name='tempest-DeleteServersTestJSON-volume-1604534666',encryption_key_id=None,group_id=None,group_type_id=,metadata={},multiattach=False,project_id='b94ef89f42ce4bc9920e9ac5f1c573e4',qos_specs=None,replication_status=,reservations=['85565a24-20d4-4f0a-86f7-8b5c7c15f018','d8f607b6-3425-4683-8b1f-582812df2592','65dc070e-431f-448d-b6e7-68c3d36469e7','ab7610b3-6dd5-4020-93bc-3a91de0cc781'],size=1,snapshot_id=None,source_replicaid=,source_volid=None,status='creating',user_id='a4f83757d3484a58b89ec39d46effaab',volume_type_id=7f80e587-c0f3-400f-89a1-596090ddf39f), 'volume': Volume(_name_id=None,admin_metadata=,attach_status='detached',availability_zone='nova',bootable=False,cluster=,cluster_name=None,consistencygroup=,consistencygroup_id=None,created_at=2022-09-21T16:23:52Z,deleted=False,deleted_at=None,display_description=None,display_name='tempest-DeleteServersTestJSON-volume-1604534666',ec2_id=None,encryption_key_id=None,glance_metadata=,group=,group_id=None,host=None,id=6eafe58a-abde-4b0f-a8cc-aeb1042ccf6a,launched_at=None,metadata={},migration_status=None,multiattach=False,previous_status=None,project_id='b94ef89f42ce4bc9920e9ac5f1c573e4',provider_auth=None,provider_geometry=None,provider_id=None,provider_location=None,replication_driver_data=None,replication_extended_status=None,replication_status=None,scheduled_at=None,service_uuid=None,shared_targets=True,size=1,snapshot_id=None,snapshots=,source_volid=None,status='creating',terminated_at=None,updated_at=None,use_quota=True,user_id='a4f83757d3484a58b89ec39d46effaab',volume_attachment=VolumeAttachmentList,volume_type=VolumeType(7f80e587-c0f3-400f-89a1-596090ddf39f),volume_type_id=7f80e587-c0f3-400f-89a1-596090ddf39f)}' {{(pid=113312) _task_receiver /usr/local/lib/python3.8/dist-packages/taskflow/listeners/logging.py:178}}
Sep 21 16:23:52.560169 dv-cinder-858621-1-iscsi devstack@c-api.service[113312]: DEBUG cinder.volume.api [None req-78cddfa9-5090-4341-8821-b5d4c642b4d5 tempest-DeleteServersTestJSON-788561472 tempest-DeleteServersTestJSON-788561472-project] Task 'cinder.volume.flows.api.create_volume.QuotaCommitTask;volume:create' (a0de55d6-2c0a-41f2-b7ec-7c498f37771d) transitioned into state 'RUNNING' from state 'PENDING' {{(pid=113312) _task_receiver /usr/local/lib/python3.8/dist-packages/taskflow/listeners/logging.py:190}}
Sep 21 16:23:52.640649 dv-cinder-858621-1-iscsi devstack@c-api.service[113312]: DEBUG cinder.volume.api [None req-78cddfa9-5090-4341-8821-b5d4c642b4d5 tempest-DeleteServersTestJSON-788561472 tempest-DeleteServersTestJSON-788561472-project] Task 'cinder.volume.flows.api.create_volume.QuotaCommitTask;volume:create' (a0de55d6-2c0a-41f2-b7ec-7c498f37771d) transitioned into state 'SUCCESS' from state 'RUNNING' with result '{'volume_properties': VolumeProperties(attach_status='detached',availability_zone='nova',cgsnapshot_id=None,consistencygroup_id=None,display_description=None,display_name='tempest-DeleteServersTestJSON-volume-1604534666',encryption_key_id=None,group_id=None,group_type_id=,metadata={},multiattach=False,project_id='b94ef89f42ce4bc9920e9ac5f1c573e4',qos_specs=None,replication_status=,reservations=['85565a24-20d4-4f0a-86f7-8b5c7c15f018','d8f607b6-3425-4683-8b1f-582812df2592','65dc070e-431f-448d-b6e7-68c3d36469e7','ab7610b3-6dd5-4020-93bc-3a91de0cc781'],size=1,snapshot_id=None,source_replicaid=,source_volid=None,status='creating',user_id='a4f83757d3484a58b89ec39d46effaab',volume_type_id=7f80e587-c0f3-400f-89a1-596090ddf39f)}' {{(pid=113312) _task_receiver /usr/local/lib/python3.8/dist-packages/taskflow/listeners/logging.py:178}}
Sep 21 16:23:52.652926 dv-cinder-858621-1-iscsi devstack@c-api.service[113312]: DEBUG cinder.volume.api [None req-78cddfa9-5090-4341-8821-b5d4c642b4d5 tempest-DeleteServersTestJSON-788561472 tempest-DeleteServersTestJSON-788561472-project] Task 'cinder.volume.flows.api.create_volume.VolumeCastTask;volume:create' (52948a5d-a448-4d50-80f5-1fae2a055833) transitioned into state 'RUNNING' from state 'PENDING' {{(pid=113312) _task_receiver /usr/local/lib/python3.8/dist-packages/taskflow/listeners/logging.py:190}}
Sep 21 16:23:52.688367 dv-cinder-858621-1-iscsi devstack@c-api.service[113312]: DEBUG cinder.volume.api [None req-78cddfa9-5090-4341-8821-b5d4c642b4d5 tempest-DeleteServersTestJSON-788561472 tempest-DeleteServersTestJSON-788561472-project] Task 'cinder.volume.flows.api.create_volume.VolumeCastTask;volume:create' (52948a5d-a448-4d50-80f5-1fae2a055833) transitioned into state 'SUCCESS' from state 'RUNNING' with result 'None' {{(pid=113312) _task_receiver /usr/local/lib/python3.8/dist-packages/taskflow/listeners/logging.py:178}}
Sep 21 16:23:52.694841 dv-cinder-858621-1-iscsi devstack@c-api.service[113312]: DEBUG cinder.volume.api [None req-78cddfa9-5090-4341-8821-b5d4c642b4d5 tempest-DeleteServersTestJSON-788561472 tempest-DeleteServersTestJSON-788561472-project] Flow 'volume_create_api' (0f2bfc46-4208-4112-8672-00bc94a6e0c1) transitioned into state 'SUCCESS' from state 'RUNNING' {{(pid=113312) _flow_receiver /usr/local/lib/python3.8/dist-packages/taskflow/listeners/logging.py:141}}
Sep 21 16:23:52.698236 dv-cinder-858621-1-iscsi devstack@c-api.service[113312]: INFO cinder.volume.api [None req-78cddfa9-5090-4341-8821-b5d4c642b4d5 tempest-DeleteServersTestJSON-788561472 tempest-DeleteServersTestJSON-788561472-project] Create volume request issued successfully.
Sep 21 16:23:52.702159 dv-cinder-858621-1-iscsi devstack@c-api.service[113312]: INFO cinder.api.openstack.wsgi [None req-78cddfa9-5090-4341-8821-b5d4c642b4d5 tempest-DeleteServersTestJSON-788561472 tempest-DeleteServersTestJSON-788561472-project] http://10.222.0.64/volume/v3/b94ef89f42ce4bc9920e9ac5f1c573e4/volumes returned with HTTP 202
Sep 21 16:23:52.704666 dv-cinder-858621-1-iscsi devstack@c-api.service[113312]: [pid: 113312|app: 0|req: 98/214] 10.222.0.64 () {60 vars in 1235 bytes} [Wed Sep 21 16:23:52 2022] POST /volume/v3/b94ef89f42ce4bc9920e9ac5f1c573e4/volumes => generated 821 bytes in 517 msecs (HTTP/1.1 202) 7 headers in 291 bytes (1 switches on core 0)
Sep 21 16:23:52.724989 dv-cinder-858621-1-iscsi devstack@c-api.service[113313]: DEBUG cinder.api.middleware.request_id [None req-4f9fc49a-dd5d-4723-b702-1989053968d0 None None] RequestId filter calling following filter/app {{(pid=113313) _context_setter /opt/stack/cinder/cinder/api/middleware/request_id.py:62}}
Sep 21 16:23:52.735774 dv-cinder-858621-1-iscsi devstack@c-api.service[113313]: INFO cinder.api.openstack.wsgi [None req-4f9fc49a-dd5d-4723-b702-1989053968d0 tempest-DeleteServersTestJSON-788561472 tempest-DeleteServersTestJSON-788561472-project] GET http://10.222.0.64/volume/v3/b94ef89f42ce4bc9920e9ac5f1c573e4/volumes/6eafe58a-abde-4b0f-a8cc-aeb1042ccf6a
Sep 21 16:23:52.738231 dv-cinder-858621-1-iscsi devstack@c-api.service[113313]: DEBUG cinder.api.openstack.wsgi [None req-4f9fc49a-dd5d-4723-b702-1989053968d0 tempest-DeleteServersTestJSON-788561472 tempest-DeleteServersTestJSON-788561472-project] Empty body provided in request {{(pid=113313) get_body /opt/stack/cinder/cinder/api/openstack/wsgi.py:715}}
Sep 21 16:23:52.740659 dv-cinder-858621-1-iscsi devstack@c-api.service[113313]: DEBUG cinder.api.openstack.wsgi [None req-4f9fc49a-dd5d-4723-b702-1989053968d0 tempest-DeleteServersTestJSON-788561472 tempest-DeleteServersTestJSON-788561472-project] Calling method 'show' {{(pid=113313) _process_stack /opt/stack/cinder/cinder/api/openstack/wsgi.py:868}}
Sep 21 16:23:52.812716 dv-cinder-858621-1-iscsi devstack@c-api.service[113313]: /usr/local/lib/python3.8/dist-packages/oslo_context/context.py:100: DeprecationWarning: Policy enforcement is depending on the value of is_admin. This key is deprecated. Please update your policy file to use the standard policy values.
Sep 21 16:23:52.812716 dv-cinder-858621-1-iscsi devstack@c-api.service[113313]: warnings.warn('Policy enforcement is depending on the value of '
Sep 21 16:23:52.842296 dv-cinder-858621-1-iscsi devstack@c-api.service[113313]: INFO cinder.volume.api [None req-4f9fc49a-dd5d-4723-b702-1989053968d0 tempest-DeleteServersTestJSON-788561472 tempest-DeleteServersTestJSON-788561472-project] Volume info retrieved successfully.
Sep 21 16:23:52.867274 dv-cinder-858621-1-iscsi devstack@c-api.service[113312]: DEBUG cinder.api.middleware.request_id [None req-5d5317b8-e7b8-44a8-ae88-511d638019ca None None] RequestId filter calling following filter/app {{(pid=113312) _context_setter /opt/stack/cinder/cinder/api/middleware/request_id.py:62}}
Sep 21 16:23:52.878017 dv-cinder-858621-1-iscsi devstack@c-api.service[113312]: INFO cinder.api.openstack.wsgi [None req-5d5317b8-e7b8-44a8-ae88-511d638019ca tempest-VolumesTransfersV355Test-576976679 tempest-VolumesTransfersV355Test-576976679-project-admin] GET http://10.222.0.64/volume/v3/cfae3a96d3104d06b71c3d7e62d38bad/volumes/a627587e-afff-4f9f-aa01-8a27f1a1c054
Sep 21 16:23:52.881610 dv-cinder-858621-1-iscsi devstack@c-api.service[113312]: DEBUG cinder.api.openstack.wsgi [None req-5d5317b8-e7b8-44a8-ae88-511d638019ca tempest-VolumesTransfersV355Test-576976679 tempest-VolumesTransfersV355Test-576976679-project-admin] Empty body provided in request {{(pid=113312) get_body /opt/stack/cinder/cinder/api/openstack/wsgi.py:715}}
Sep 21 16:23:52.883658 dv-cinder-858621-1-iscsi devstack@c-api.service[113313]: INFO cinder.api.openstack.wsgi [None req-4f9fc49a-dd5d-4723-b702-1989053968d0 tempest-DeleteServersTestJSON-788561472 tempest-DeleteServersTestJSON-788561472-project] http://10.222.0.64/volume/v3/b94ef89f42ce4bc9920e9ac5f1c573e4/volumes/6eafe58a-abde-4b0f-a8cc-aeb1042ccf6a returned with HTTP 200
Sep 21 16:23:52.886752 dv-cinder-858621-1-iscsi devstack@c-api.service[113312]: DEBUG cinder.api.openstack.wsgi [None req-5d5317b8-e7b8-44a8-ae88-511d638019ca tempest-VolumesTransfersV355Test-576976679 tempest-VolumesTransfersV355Test-576976679-project-admin] Calling method 'show' {{(pid=113312) _process_stack /opt/stack/cinder/cinder/api/openstack/wsgi.py:868}}
Sep 21 16:23:52.898401 dv-cinder-858621-1-iscsi devstack@c-api.service[113313]: [pid: 113313|app: 0|req: 117/215] 10.222.0.64 () {58 vars in 1325 bytes} [Wed Sep 21 16:23:52 2022] GET /volume/v3/b94ef89f42ce4bc9920e9ac5f1c573e4/volumes/6eafe58a-abde-4b0f-a8cc-aeb1042ccf6a => generated 889 bytes in 173 msecs (HTTP/1.1 200) 7 headers in 285 bytes (2 switches on core 0)
Sep 21 16:23:52.956033 dv-cinder-858621-1-iscsi devstack@c-api.service[113312]: INFO cinder.api.openstack.wsgi [None req-5d5317b8-e7b8-44a8-ae88-511d638019ca tempest-VolumesTransfersV355Test-576976679 tempest-VolumesTransfersV355Test-576976679-project-admin] http://10.222.0.64/volume/v3/cfae3a96d3104d06b71c3d7e62d38bad/volumes/a627587e-afff-4f9f-aa01-8a27f1a1c054 returned with HTTP 404
Sep 21 16:23:52.959963 dv-cinder-858621-1-iscsi devstack@c-api.service[113312]: [pid: 113312|app: 0|req: 99/216] 10.222.0.64 () {60 vars in 1366 bytes} [Wed Sep 21 16:23:52 2022] GET /volume/v3/cfae3a96d3104d06b71c3d7e62d38bad/volumes/a627587e-afff-4f9f-aa01-8a27f1a1c054 => generated 109 bytes in 95 msecs (HTTP/1.1 404) 7 headers in 293 bytes (1 switches on core 0)
Sep 21 16:23:52.968938 dv-cinder-858621-1-iscsi devstack@c-api.service[113313]: DEBUG cinder.api.middleware.request_id [None req-85d619a5-0695-4bda-a39e-ce7a2018dc64 None None] RequestId filter calling following filter/app {{(pid=113313) _context_setter /opt/stack/cinder/cinder/api/middleware/request_id.py:62}}
Sep 21 16:23:52.975629 dv-cinder-858621-1-iscsi devstack@c-api.service[113313]: INFO cinder.api.openstack.wsgi [None req-85d619a5-0695-4bda-a39e-ce7a2018dc64 tempest-VolumesTransfersV355Test-687858635 tempest-VolumesTransfersV355Test-687858635-project] DELETE http://10.222.0.64/volume/v3/5d14034d38f4450090b2c529bd45b4b9/volumes/a627587e-afff-4f9f-aa01-8a27f1a1c054
Sep 21 16:23:52.976467 dv-cinder-858621-1-iscsi devstack@c-api.service[113313]: DEBUG cinder.api.openstack.wsgi [None req-85d619a5-0695-4bda-a39e-ce7a2018dc64 tempest-VolumesTransfersV355Test-687858635 tempest-VolumesTransfersV355Test-687858635-project] Empty body provided in request {{(pid=113313) get_body /opt/stack/cinder/cinder/api/openstack/wsgi.py:715}}
Sep 21 16:23:52.977282 dv-cinder-858621-1-iscsi devstack@c-api.service[113313]: DEBUG cinder.api.openstack.wsgi [None req-85d619a5-0695-4bda-a39e-ce7a2018dc64 tempest-VolumesTransfersV355Test-687858635 tempest-VolumesTransfersV355Test-687858635-project] Calling method 'delete' {{(pid=113313) _process_stack /opt/stack/cinder/cinder/api/openstack/wsgi.py:868}}
Sep 21 16:23:52.978079 dv-cinder-858621-1-iscsi devstack@c-api.service[113313]: INFO cinder.api.v3.volumes [None req-85d619a5-0695-4bda-a39e-ce7a2018dc64 tempest-VolumesTransfersV355Test-687858635 tempest-VolumesTransfersV355Test-687858635-project] Delete volume with id: a627587e-afff-4f9f-aa01-8a27f1a1c054
Sep 21 16:23:53.025873 dv-cinder-858621-1-iscsi devstack@c-api.service[113313]: INFO cinder.api.openstack.wsgi [None req-85d619a5-0695-4bda-a39e-ce7a2018dc64 tempest-VolumesTransfersV355Test-687858635 tempest-VolumesTransfersV355Test-687858635-project] http://10.222.0.64/volume/v3/5d14034d38f4450090b2c529bd45b4b9/volumes/a627587e-afff-4f9f-aa01-8a27f1a1c054 returned with HTTP 404
Sep 21 16:23:53.033645 dv-cinder-858621-1-iscsi devstack@c-api.service[113313]: [pid: 113313|app: 0|req: 118/217] 10.222.0.64 () {60 vars in 1369 bytes} [Wed Sep 21 16:23:52 2022] DELETE /volume/v3/5d14034d38f4450090b2c529bd45b4b9/volumes/a627587e-afff-4f9f-aa01-8a27f1a1c054 => generated 109 bytes in 66 msecs (HTTP/1.1 404) 7 headers in 293 bytes (1 switches on core 0)
Sep 21 16:23:53.035111 dv-cinder-858621-1-iscsi devstack@c-api.service[113312]: DEBUG cinder.api.middleware.request_id [None req-5ed66820-0c66-4e36-9713-b03a60170491 None None] RequestId filter calling following filter/app {{(pid=113312) _context_setter /opt/stack/cinder/cinder/api/middleware/request_id.py:62}}
Sep 21 16:23:53.041191 dv-cinder-858621-1-iscsi devstack@c-api.service[113312]: INFO cinder.api.openstack.wsgi [None req-5ed66820-0c66-4e36-9713-b03a60170491 tempest-VolumesTransfersV355Test-687858635 tempest-VolumesTransfersV355Test-687858635-project] DELETE http://10.222.0.64/volume/v3/5d14034d38f4450090b2c529bd45b4b9/volumes/d8ffdb7b-0b58-469a-b56b-15c40360c908
Sep 21 16:23:53.042645 dv-cinder-858621-1-iscsi devstack@c-api.service[113312]: DEBUG cinder.api.openstack.wsgi [None req-5ed66820-0c66-4e36-9713-b03a60170491 tempest-VolumesTransfersV355Test-687858635 tempest-VolumesTransfersV355Test-687858635-project] Empty body provided in request {{(pid=113312) get_body /opt/stack/cinder/cinder/api/openstack/wsgi.py:715}}
Sep 21 16:23:53.042645 dv-cinder-858621-1-iscsi devstack@c-api.service[113312]: DEBUG cinder.api.openstack.wsgi [None req-5ed66820-0c66-4e36-9713-b03a60170491 tempest-VolumesTransfersV355Test-687858635 tempest-VolumesTransfersV355Test-687858635-project] Calling method 'delete' {{(pid=113312) _process_stack /opt/stack/cinder/cinder/api/openstack/wsgi.py:868}}
Sep 21 16:23:53.043498 dv-cinder-858621-1-iscsi devstack@c-api.service[113312]: INFO cinder.api.v3.volumes [None req-5ed66820-0c66-4e36-9713-b03a60170491 tempest-VolumesTransfersV355Test-687858635 tempest-VolumesTransfersV355Test-687858635-project] Delete volume with id: d8ffdb7b-0b58-469a-b56b-15c40360c908
Sep 21 16:23:53.063499 dv-cinder-858621-1-iscsi devstack@c-api.service[113313]: DEBUG cinder.api.middleware.request_id [None req-95d688b6-3442-420e-9340-067332b9121d None None] RequestId filter calling following filter/app {{(pid=113313) _context_setter /opt/stack/cinder/cinder/api/middleware/request_id.py:62}}
Sep 21 16:23:53.070297 dv-cinder-858621-1-iscsi devstack@c-api.service[113312]: INFO cinder.api.openstack.wsgi [None req-5ed66820-0c66-4e36-9713-b03a60170491 tempest-VolumesTransfersV355Test-687858635 tempest-VolumesTransfersV355Test-687858635-project] http://10.222.0.64/volume/v3/5d14034d38f4450090b2c529bd45b4b9/volumes/d8ffdb7b-0b58-469a-b56b-15c40360c908 returned with HTTP 404
Sep 21 16:23:53.071338 dv-cinder-858621-1-iscsi devstack@c-api.service[113313]: INFO cinder.api.openstack.wsgi [None req-95d688b6-3442-420e-9340-067332b9121d tempest-GroupsTest-647405344 tempest-GroupsTest-647405344-project] GET http://10.222.0.64/volume/v3/509e582db536430191010d80d2d1f10b/groups/f44dcd43-2ad4-458c-9ece-a82a97f61ef6
Sep 21 16:23:53.072046 dv-cinder-858621-1-iscsi devstack@c-api.service[113312]: [pid: 113312|app: 0|req: 100/218] 10.222.0.64 () {60 vars in 1369 bytes} [Wed Sep 21 16:23:53 2022] DELETE /volume/v3/5d14034d38f4450090b2c529bd45b4b9/volumes/d8ffdb7b-0b58-469a-b56b-15c40360c908 => generated 109 bytes in 39 msecs (HTTP/1.1 404) 7 headers in 293 bytes (2 switches on core 0)
Sep 21 16:23:53.072303 dv-cinder-858621-1-iscsi devstack@c-api.service[113313]: DEBUG cinder.api.openstack.wsgi [None req-95d688b6-3442-420e-9340-067332b9121d tempest-GroupsTest-647405344 tempest-GroupsTest-647405344-project] Empty body provided in request {{(pid=113313) get_body /opt/stack/cinder/cinder/api/openstack/wsgi.py:715}}
Sep 21 16:23:53.080291 dv-cinder-858621-1-iscsi devstack@c-api.service[113313]: DEBUG cinder.api.openstack.wsgi [None req-95d688b6-3442-420e-9340-067332b9121d tempest-GroupsTest-647405344 tempest-GroupsTest-647405344-project] Calling method 'version_select' {{(pid=113313) _process_stack /opt/stack/cinder/cinder/api/openstack/wsgi.py:868}}
Sep 21 16:23:53.081454 dv-cinder-858621-1-iscsi devstack@c-api.service[113313]: DEBUG cinder.api.v3.groups [None req-95d688b6-3442-420e-9340-067332b9121d tempest-GroupsTest-647405344 tempest-GroupsTest-647405344-project] show called for member f44dcd43-2ad4-458c-9ece-a82a97f61ef6 {{(pid=113313) show /opt/stack/cinder/cinder/api/v3/groups.py:58}}
Sep 21 16:23:53.105297 dv-cinder-858621-1-iscsi devstack@c-api.service[113313]: /usr/local/lib/python3.8/dist-packages/oslo_context/context.py:100: DeprecationWarning: Policy enforcement is depending on the value of is_admin. This key is deprecated. Please update your policy file to use the standard policy values.
Sep 21 16:23:53.105297 dv-cinder-858621-1-iscsi devstack@c-api.service[113313]: warnings.warn('Policy enforcement is depending on the value of '
Sep 21 16:23:53.164930 dv-cinder-858621-1-iscsi devstack@c-api.service[113313]: INFO cinder.api.openstack.wsgi [None req-95d688b6-3442-420e-9340-067332b9121d tempest-GroupsTest-647405344 tempest-GroupsTest-647405344-project] http://10.222.0.64/volume/v3/509e582db536430191010d80d2d1f10b/groups/f44dcd43-2ad4-458c-9ece-a82a97f61ef6 returned with HTTP 200
Sep 21 16:23:53.166897 dv-cinder-858621-1-iscsi devstack@c-api.service[113313]: [pid: 113313|app: 0|req: 119/219] 10.222.0.64 () {60 vars in 1363 bytes} [Wed Sep 21 16:23:53 2022] GET /volume/v3/509e582db536430191010d80d2d1f10b/groups/f44dcd43-2ad4-458c-9ece-a82a97f61ef6 => generated 323 bytes in 106 msecs (HTTP/1.1 200) 7 headers in 286 bytes (1 switches on core 0)
Sep 21 16:23:53.182263 dv-cinder-858621-1-iscsi devstack@c-api.service[113312]: DEBUG cinder.api.middleware.request_id [None req-8fb9ade5-8002-451d-b7df-716b1cf22d22 None None] RequestId filter calling following filter/app {{(pid=113312) _context_setter /opt/stack/cinder/cinder/api/middleware/request_id.py:62}}
Sep 21 16:23:53.186856 dv-cinder-858621-1-iscsi devstack@c-api.service[113312]: INFO cinder.api.openstack.wsgi [None req-8fb9ade5-8002-451d-b7df-716b1cf22d22 tempest-GroupsTest-647405344 tempest-GroupsTest-647405344-project] POST http://10.222.0.64/volume/v3/509e582db536430191010d80d2d1f10b/groups
Sep 21 16:23:53.187742 dv-cinder-858621-1-iscsi devstack@c-api.service[113312]: DEBUG cinder.api.openstack.wsgi [None req-8fb9ade5-8002-451d-b7df-716b1cf22d22 tempest-GroupsTest-647405344 tempest-GroupsTest-647405344-project] Action: 'create', calling method: version_select, body: {"group": {"group_type": "6ae98986-accb-4b44-832f-8eadd1951f36", "volume_types": ["b4a82873-974e-415f-b50a-ff678b94f9a7"], "name": "tempest-Group2-1011638192"}} {{(pid=113312) _process_stack /opt/stack/cinder/cinder/api/openstack/wsgi.py:866}}
Sep 21 16:23:53.190644 dv-cinder-858621-1-iscsi devstack@c-api.service[113312]: DEBUG cinder.api.v3.groups [None req-8fb9ade5-8002-451d-b7df-716b1cf22d22 tempest-GroupsTest-647405344 tempest-GroupsTest-647405344-project] Creating new group {'group': {'group_type': '6ae98986-accb-4b44-832f-8eadd1951f36', 'volume_types': ['b4a82873-974e-415f-b50a-ff678b94f9a7'], 'name': 'tempest-Group2-1011638192'}} {{(pid=113312) create /opt/stack/cinder/cinder/api/v3/groups.py:190}}
Sep 21 16:23:53.210745 dv-cinder-858621-1-iscsi devstack@c-api.service[113312]: INFO cinder.api.v3.groups [None req-8fb9ade5-8002-451d-b7df-716b1cf22d22 tempest-GroupsTest-647405344 tempest-GroupsTest-647405344-project] Creating group tempest-Group2-1011638192.
Sep 21 16:23:53.211511 dv-cinder-858621-1-iscsi devstack@c-api.service[113312]: /usr/local/lib/python3.8/dist-packages/oslo_context/context.py:100: DeprecationWarning: Policy enforcement is depending on the value of is_admin. This key is deprecated. Please update your policy file to use the standard policy values.
Sep 21 16:23:53.211511 dv-cinder-858621-1-iscsi devstack@c-api.service[113312]: warnings.warn('Policy enforcement is depending on the value of '
Sep 21 16:23:53.264686 dv-cinder-858621-1-iscsi devstack@c-api.service[113312]: INFO cinder.volume.api [None req-8fb9ade5-8002-451d-b7df-716b1cf22d22 tempest-GroupsTest-647405344 tempest-GroupsTest-647405344-project] Availability Zones retrieved successfully.
Sep 21 16:23:53.328608 dv-cinder-858621-1-iscsi devstack@c-api.service[113312]: DEBUG cinder.quota [None req-8fb9ade5-8002-451d-b7df-716b1cf22d22 tempest-GroupsTest-647405344 tempest-GroupsTest-647405344-project] Created reservations ['88c8c9f7-bab3-456b-aa1d-b17bf0574a47'] {{(pid=113312) reserve /opt/stack/cinder/cinder/quota.py:755}}
Sep 21 16:23:53.456307 dv-cinder-858621-1-iscsi devstack@c-api.service[113312]: INFO cinder.api.openstack.wsgi [None req-8fb9ade5-8002-451d-b7df-716b1cf22d22 tempest-GroupsTest-647405344 tempest-GroupsTest-647405344-project] http://10.222.0.64/volume/v3/509e582db536430191010d80d2d1f10b/groups returned with HTTP 202
Sep 21 16:23:53.463764 dv-cinder-858621-1-iscsi devstack@c-api.service[113312]: [pid: 113312|app: 0|req: 101/220] 10.222.0.64 () {62 vars in 1274 bytes} [Wed Sep 21 16:23:53 2022] POST /volume/v3/509e582db536430191010d80d2d1f10b/groups => generated 94 bytes in 283 msecs (HTTP/1.1 202) 7 headers in 291 bytes (2 switches on core 0)
Sep 21 16:23:53.474074 dv-cinder-858621-1-iscsi devstack@c-api.service[113313]: DEBUG cinder.api.middleware.request_id [None req-c26e4786-bc95-42b4-9c43-7a0b4e2483c5 None None] RequestId filter calling following filter/app {{(pid=113313) _context_setter /opt/stack/cinder/cinder/api/middleware/request_id.py:62}}
Sep 21 16:23:53.482768 dv-cinder-858621-1-iscsi devstack@c-api.service[113313]: INFO cinder.api.openstack.wsgi [None req-c26e4786-bc95-42b4-9c43-7a0b4e2483c5 tempest-GroupsTest-647405344 tempest-GroupsTest-647405344-project] GET http://10.222.0.64/volume/v3/509e582db536430191010d80d2d1f10b/groups/2bc0f7ea-64f4-40cc-b675-61f5b795147e
Sep 21 16:23:53.491143 dv-cinder-858621-1-iscsi devstack@c-api.service[113313]: DEBUG cinder.api.openstack.wsgi [None req-c26e4786-bc95-42b4-9c43-7a0b4e2483c5 tempest-GroupsTest-647405344 tempest-GroupsTest-647405344-project] Empty body provided in request {{(pid=113313) get_body /opt/stack/cinder/cinder/api/openstack/wsgi.py:715}}
Sep 21 16:23:53.491797 dv-cinder-858621-1-iscsi devstack@c-api.service[113313]: DEBUG cinder.api.openstack.wsgi [None req-c26e4786-bc95-42b4-9c43-7a0b4e2483c5 tempest-GroupsTest-647405344 tempest-GroupsTest-647405344-project] Calling method 'version_select' {{(pid=113313) _process_stack /opt/stack/cinder/cinder/api/openstack/wsgi.py:868}}
Sep 21 16:23:53.492353 dv-cinder-858621-1-iscsi devstack@c-api.service[113313]: DEBUG cinder.api.v3.groups [None req-c26e4786-bc95-42b4-9c43-7a0b4e2483c5 tempest-GroupsTest-647405344 tempest-GroupsTest-647405344-project] show called for member 2bc0f7ea-64f4-40cc-b675-61f5b795147e {{(pid=113313) show /opt/stack/cinder/cinder/api/v3/groups.py:58}}
Sep 21 16:23:53.525919 dv-cinder-858621-1-iscsi devstack@c-api.service[113313]: /usr/local/lib/python3.8/dist-packages/oslo_context/context.py:100: DeprecationWarning: Policy enforcement is depending on the value of is_admin. This key is deprecated. Please update your policy file to use the standard policy values.
Sep 21 16:23:53.525919 dv-cinder-858621-1-iscsi devstack@c-api.service[113313]: warnings.warn('Policy enforcement is depending on the value of '
Sep 21 16:23:53.576542 dv-cinder-858621-1-iscsi devstack@c-api.service[113313]: INFO cinder.api.openstack.wsgi [None req-c26e4786-bc95-42b4-9c43-7a0b4e2483c5 tempest-GroupsTest-647405344 tempest-GroupsTest-647405344-project] http://10.222.0.64/volume/v3/509e582db536430191010d80d2d1f10b/groups/2bc0f7ea-64f4-40cc-b675-61f5b795147e returned with HTTP 200
Sep 21 16:23:53.586146 dv-cinder-858621-1-iscsi devstack@c-api.service[113313]: [pid: 113313|app: 0|req: 120/221] 10.222.0.64 () {60 vars in 1363 bytes} [Wed Sep 21 16:23:53 2022] GET /volume/v3/509e582db536430191010d80d2d1f10b/groups/2bc0f7ea-64f4-40cc-b675-61f5b795147e => generated 322 bytes in 113 msecs (HTTP/1.1 200) 7 headers in 286 bytes (1 switches on core 0)
Sep 21 16:23:53.908790 dv-cinder-858621-1-iscsi devstack@c-api.service[113312]: DEBUG cinder.api.middleware.request_id [None req-a01a23a9-bec2-4e05-9c2d-314214d382f7 None None] RequestId filter calling following filter/app {{(pid=113312) _context_setter /opt/stack/cinder/cinder/api/middleware/request_id.py:62}}
Sep 21 16:23:53.916576 dv-cinder-858621-1-iscsi devstack@c-api.service[113312]: INFO cinder.api.openstack.wsgi [None req-a01a23a9-bec2-4e05-9c2d-314214d382f7 tempest-DeleteServersTestJSON-788561472 tempest-DeleteServersTestJSON-788561472-project] GET http://10.222.0.64/volume/v3/b94ef89f42ce4bc9920e9ac5f1c573e4/volumes/6eafe58a-abde-4b0f-a8cc-aeb1042ccf6a
Sep 21 16:23:53.917409 dv-cinder-858621-1-iscsi devstack@c-api.service[113312]: DEBUG cinder.api.openstack.wsgi [None req-a01a23a9-bec2-4e05-9c2d-314214d382f7 tempest-DeleteServersTestJSON-788561472 tempest-DeleteServersTestJSON-788561472-project] Empty body provided in request {{(pid=113312) get_body /opt/stack/cinder/cinder/api/openstack/wsgi.py:715}}
Sep 21 16:23:53.918280 dv-cinder-858621-1-iscsi devstack@c-api.service[113312]: DEBUG cinder.api.openstack.wsgi [None req-a01a23a9-bec2-4e05-9c2d-314214d382f7 tempest-DeleteServersTestJSON-788561472 tempest-DeleteServersTestJSON-788561472-project] Calling method 'show' {{(pid=113312) _process_stack /opt/stack/cinder/cinder/api/openstack/wsgi.py:868}}
Sep 21 16:23:53.967195 dv-cinder-858621-1-iscsi devstack@c-api.service[113312]: /usr/local/lib/python3.8/dist-packages/oslo_context/context.py:100: DeprecationWarning: Policy enforcement is depending on the value of is_admin. This key is deprecated. Please update your policy file to use the standard policy values.
Sep 21 16:23:53.967195 dv-cinder-858621-1-iscsi devstack@c-api.service[113312]: warnings.warn('Policy enforcement is depending on the value of '
Sep 21 16:23:53.976510 dv-cinder-858621-1-iscsi devstack@c-api.service[113312]: INFO cinder.volume.api [None req-a01a23a9-bec2-4e05-9c2d-314214d382f7 tempest-DeleteServersTestJSON-788561472 tempest-DeleteServersTestJSON-788561472-project] Volume info retrieved successfully.
Sep 21 16:23:54.005576 dv-cinder-858621-1-iscsi devstack@c-api.service[113312]: INFO cinder.api.openstack.wsgi [None req-a01a23a9-bec2-4e05-9c2d-314214d382f7 tempest-DeleteServersTestJSON-788561472 tempest-DeleteServersTestJSON-788561472-project] http://10.222.0.64/volume/v3/b94ef89f42ce4bc9920e9ac5f1c573e4/volumes/6eafe58a-abde-4b0f-a8cc-aeb1042ccf6a returned with HTTP 200
Sep 21 16:23:54.027052 dv-cinder-858621-1-iscsi devstack@c-api.service[113312]: [pid: 113312|app: 0|req: 102/222] 10.222.0.64 () {58 vars in 1325 bytes} [Wed Sep 21 16:23:53 2022] GET /volume/v3/b94ef89f42ce4bc9920e9ac5f1c573e4/volumes/6eafe58a-abde-4b0f-a8cc-aeb1042ccf6a => generated 914 bytes in 120 msecs (HTTP/1.1 200) 7 headers in 285 bytes (1 switches on core 0)
Sep 21 16:23:54.303081 dv-cinder-858621-1-iscsi devstack@c-api.service[113313]: DEBUG cinder.api.middleware.request_id [None req-18831956-3d86-4364-96d4-73fa303ef22b None None] RequestId filter calling following filter/app {{(pid=113313) _context_setter /opt/stack/cinder/cinder/api/middleware/request_id.py:62}}
Sep 21 16:23:54.443435 dv-cinder-858621-1-iscsi devstack@c-api.service[113313]: INFO cinder.api.openstack.wsgi [None req-18831956-3d86-4364-96d4-73fa303ef22b tempest-AvailabilityZoneTestJSON-43089842 tempest-AvailabilityZoneTestJSON-43089842-project] GET http://10.222.0.64/volume/v3/8a89eb0302d84788baa565fe287e4a6d/os-availability-zone
Sep 21 16:23:54.443897 dv-cinder-858621-1-iscsi devstack@c-api.service[113313]: DEBUG cinder.api.openstack.wsgi [None req-18831956-3d86-4364-96d4-73fa303ef22b tempest-AvailabilityZoneTestJSON-43089842 tempest-AvailabilityZoneTestJSON-43089842-project] Empty body provided in request {{(pid=113313) get_body /opt/stack/cinder/cinder/api/openstack/wsgi.py:715}}
Sep 21 16:23:54.444587 dv-cinder-858621-1-iscsi devstack@c-api.service[113313]: DEBUG cinder.api.openstack.wsgi [None req-18831956-3d86-4364-96d4-73fa303ef22b tempest-AvailabilityZoneTestJSON-43089842 tempest-AvailabilityZoneTestJSON-43089842-project] Calling method 'index' {{(pid=113313) _process_stack /opt/stack/cinder/cinder/api/openstack/wsgi.py:868}}
Sep 21 16:23:54.458891 dv-cinder-858621-1-iscsi devstack@c-api.service[113313]: INFO cinder.volume.api [None req-18831956-3d86-4364-96d4-73fa303ef22b tempest-AvailabilityZoneTestJSON-43089842 tempest-AvailabilityZoneTestJSON-43089842-project] Availability Zones retrieved successfully.
Sep 21 16:23:54.460458 dv-cinder-858621-1-iscsi devstack@c-api.service[113313]: INFO cinder.api.openstack.wsgi [None req-18831956-3d86-4364-96d4-73fa303ef22b tempest-AvailabilityZoneTestJSON-43089842 tempest-AvailabilityZoneTestJSON-43089842-project] http://10.222.0.64/volume/v3/8a89eb0302d84788baa565fe287e4a6d/os-availability-zone returned with HTTP 200
Sep 21 16:23:54.462699 dv-cinder-858621-1-iscsi devstack@c-api.service[113313]: [pid: 113313|app: 0|req: 121/223] 10.222.0.64 () {58 vars in 1253 bytes} [Wed Sep 21 16:23:54 2022] GET /volume/v3/8a89eb0302d84788baa565fe287e4a6d/os-availability-zone => generated 82 bytes in 162 msecs (HTTP/1.1 200) 7 headers in 284 bytes (1 switches on core 0)
Sep 21 16:23:54.591069 dv-cinder-858621-1-iscsi devstack@c-api.service[113312]: DEBUG cinder.api.middleware.request_id [None req-d84d68de-39c5-4eba-b676-0a1ef2e99ad6 None None] RequestId filter calling following filter/app {{(pid=113312) _context_setter /opt/stack/cinder/cinder/api/middleware/request_id.py:62}}
Sep 21 16:23:54.596251 dv-cinder-858621-1-iscsi devstack@c-api.service[113312]: INFO cinder.api.openstack.wsgi [None req-d84d68de-39c5-4eba-b676-0a1ef2e99ad6 tempest-GroupsTest-647405344 tempest-GroupsTest-647405344-project] GET http://10.222.0.64/volume/v3/509e582db536430191010d80d2d1f10b/groups/2bc0f7ea-64f4-40cc-b675-61f5b795147e
Sep 21 16:23:54.597038 dv-cinder-858621-1-iscsi devstack@c-api.service[113312]: DEBUG cinder.api.openstack.wsgi [None req-d84d68de-39c5-4eba-b676-0a1ef2e99ad6 tempest-GroupsTest-647405344 tempest-GroupsTest-647405344-project] Empty body provided in request {{(pid=113312) get_body /opt/stack/cinder/cinder/api/openstack/wsgi.py:715}}
Sep 21 16:23:54.597889 dv-cinder-858621-1-iscsi devstack@c-api.service[113312]: DEBUG cinder.api.openstack.wsgi [None req-d84d68de-39c5-4eba-b676-0a1ef2e99ad6 tempest-GroupsTest-647405344 tempest-GroupsTest-647405344-project] Calling method 'version_select' {{(pid=113312) _process_stack /opt/stack/cinder/cinder/api/openstack/wsgi.py:868}}
Sep 21 16:23:54.598440 dv-cinder-858621-1-iscsi devstack@c-api.service[113312]: DEBUG cinder.api.v3.groups [None req-d84d68de-39c5-4eba-b676-0a1ef2e99ad6 tempest-GroupsTest-647405344 tempest-GroupsTest-647405344-project] show called for member 2bc0f7ea-64f4-40cc-b675-61f5b795147e {{(pid=113312) show /opt/stack/cinder/cinder/api/v3/groups.py:58}}
Sep 21 16:23:54.613919 dv-cinder-858621-1-iscsi devstack@c-api.service[113312]: /usr/local/lib/python3.8/dist-packages/oslo_context/context.py:100: DeprecationWarning: Policy enforcement is depending on the value of is_admin. This key is deprecated. Please update your policy file to use the standard policy values.
Sep 21 16:23:54.613919 dv-cinder-858621-1-iscsi devstack@c-api.service[113312]: warnings.warn('Policy enforcement is depending on the value of '
Sep 21 16:23:54.619883 dv-cinder-858621-1-iscsi devstack@c-api.service[113313]: DEBUG cinder.api.middleware.request_id [req-7397da52-71ee-4db9-bbaf-2d899c264118 req-46c3b1a3-c365-4260-811c-0da73d0270ef None None] RequestId filter calling following filter/app {{(pid=113313) _context_setter /opt/stack/cinder/cinder/api/middleware/request_id.py:62}}
Sep 21 16:23:54.625442 dv-cinder-858621-1-iscsi devstack@c-api.service[113313]: INFO cinder.api.openstack.wsgi [req-7397da52-71ee-4db9-bbaf-2d899c264118 req-46c3b1a3-c365-4260-811c-0da73d0270ef tempest-DeleteServersTestJSON-788561472 tempest-DeleteServersTestJSON-788561472-project] GET http://10.222.0.64/volume/v3/b94ef89f42ce4bc9920e9ac5f1c573e4/volumes/6eafe58a-abde-4b0f-a8cc-aeb1042ccf6a
Sep 21 16:23:54.626359 dv-cinder-858621-1-iscsi devstack@c-api.service[113313]: DEBUG cinder.api.openstack.wsgi [req-7397da52-71ee-4db9-bbaf-2d899c264118 req-46c3b1a3-c365-4260-811c-0da73d0270ef tempest-DeleteServersTestJSON-788561472 tempest-DeleteServersTestJSON-788561472-project] Empty body provided in request {{(pid=113313) get_body /opt/stack/cinder/cinder/api/openstack/wsgi.py:715}}
Sep 21 16:23:54.626987 dv-cinder-858621-1-iscsi devstack@c-api.service[113313]: DEBUG cinder.api.openstack.wsgi [req-7397da52-71ee-4db9-bbaf-2d899c264118 req-46c3b1a3-c365-4260-811c-0da73d0270ef tempest-DeleteServersTestJSON-788561472 tempest-DeleteServersTestJSON-788561472-project] Calling method 'show' {{(pid=113313) _process_stack /opt/stack/cinder/cinder/api/openstack/wsgi.py:868}}
Sep 21 16:23:54.681120 dv-cinder-858621-1-iscsi devstack@c-api.service[113313]: /usr/local/lib/python3.8/dist-packages/oslo_context/context.py:100: DeprecationWarning: Policy enforcement is depending on the value of is_admin. This key is deprecated. Please update your policy file to use the standard policy values.
Sep 21 16:23:54.681120 dv-cinder-858621-1-iscsi devstack@c-api.service[113313]: warnings.warn('Policy enforcement is depending on the value of '
Sep 21 16:23:54.685790 dv-cinder-858621-1-iscsi devstack@c-api.service[113312]: INFO cinder.api.openstack.wsgi [None req-d84d68de-39c5-4eba-b676-0a1ef2e99ad6 tempest-GroupsTest-647405344 tempest-GroupsTest-647405344-project] http://10.222.0.64/volume/v3/509e582db536430191010d80d2d1f10b/groups/2bc0f7ea-64f4-40cc-b675-61f5b795147e returned with HTTP 200
Sep 21 16:23:54.702516 dv-cinder-858621-1-iscsi devstack@c-api.service[113312]: [pid: 113312|app: 0|req: 103/224] 10.222.0.64 () {60 vars in 1363 bytes} [Wed Sep 21 16:23:54 2022] GET /volume/v3/509e582db536430191010d80d2d1f10b/groups/2bc0f7ea-64f4-40cc-b675-61f5b795147e => generated 323 bytes in 114 msecs (HTTP/1.1 200) 7 headers in 286 bytes (1 switches on core 0)
Sep 21 16:23:54.705420 dv-cinder-858621-1-iscsi devstack@c-api.service[113312]: DEBUG cinder.api.middleware.request_id [None req-503a4386-6dc8-4879-a119-07b7ed304688 None None] RequestId filter calling following filter/app {{(pid=113312) _context_setter /opt/stack/cinder/cinder/api/middleware/request_id.py:62}}
Sep 21 16:23:54.711361 dv-cinder-858621-1-iscsi devstack@c-api.service[113312]: INFO cinder.api.openstack.wsgi [None req-503a4386-6dc8-4879-a119-07b7ed304688 tempest-GroupsTest-647405344 tempest-GroupsTest-647405344-project] POST http://10.222.0.64/volume/v3/509e582db536430191010d80d2d1f10b/volumes
Sep 21 16:23:54.713945 dv-cinder-858621-1-iscsi devstack@c-api.service[113312]: DEBUG cinder.api.openstack.wsgi [None req-503a4386-6dc8-4879-a119-07b7ed304688 tempest-GroupsTest-647405344 tempest-GroupsTest-647405344-project] Action: 'create', calling method: create, body: {"volume": {"name": "tempest-volume-765436064", "volume_type": "b4a82873-974e-415f-b50a-ff678b94f9a7", "group_id": "f44dcd43-2ad4-458c-9ece-a82a97f61ef6", "size": 1}} {{(pid=113312) _process_stack /opt/stack/cinder/cinder/api/openstack/wsgi.py:866}}
Sep 21 16:23:54.716816 dv-cinder-858621-1-iscsi devstack@c-api.service[113312]: DEBUG cinder.api.v3.volumes [None req-503a4386-6dc8-4879-a119-07b7ed304688 tempest-GroupsTest-647405344 tempest-GroupsTest-647405344-project] Create volume request body: {'volume': {'name': 'tempest-volume-765436064', 'volume_type': 'b4a82873-974e-415f-b50a-ff678b94f9a7', 'group_id': 'f44dcd43-2ad4-458c-9ece-a82a97f61ef6', 'size': 1}} {{(pid=113312) create /opt/stack/cinder/cinder/api/v3/volumes.py:298}}
Sep 21 16:23:54.719673 dv-cinder-858621-1-iscsi devstack@c-api.service[113313]: INFO cinder.volume.api [req-7397da52-71ee-4db9-bbaf-2d899c264118 req-46c3b1a3-c365-4260-811c-0da73d0270ef tempest-DeleteServersTestJSON-788561472 tempest-DeleteServersTestJSON-788561472-project] Volume info retrieved successfully.
Sep 21 16:23:54.733720 dv-cinder-858621-1-iscsi devstack@c-api.service[113312]: /usr/local/lib/python3.8/dist-packages/oslo_context/context.py:100: DeprecationWarning: Policy enforcement is depending on the value of is_admin. This key is deprecated. Please update your policy file to use the standard policy values.
Sep 21 16:23:54.733720 dv-cinder-858621-1-iscsi devstack@c-api.service[113312]: warnings.warn('Policy enforcement is depending on the value of '
Sep 21 16:23:54.736013 dv-cinder-858621-1-iscsi devstack@c-api.service[113312]: INFO cinder.api.v3.volumes [None req-503a4386-6dc8-4879-a119-07b7ed304688 tempest-GroupsTest-647405344 tempest-GroupsTest-647405344-project] Create volume of 1 GB
Sep 21 16:23:54.748572 dv-cinder-858621-1-iscsi devstack@c-api.service[113312]: INFO cinder.volume.api [None req-503a4386-6dc8-4879-a119-07b7ed304688 tempest-GroupsTest-647405344 tempest-GroupsTest-647405344-project] Availability Zones retrieved successfully.
Sep 21 16:23:54.748806 dv-cinder-858621-1-iscsi devstack@c-api.service[113313]: INFO cinder.api.openstack.wsgi [req-7397da52-71ee-4db9-bbaf-2d899c264118 req-46c3b1a3-c365-4260-811c-0da73d0270ef tempest-DeleteServersTestJSON-788561472 tempest-DeleteServersTestJSON-788561472-project] http://10.222.0.64/volume/v3/b94ef89f42ce4bc9920e9ac5f1c573e4/volumes/6eafe58a-abde-4b0f-a8cc-aeb1042ccf6a returned with HTTP 200
Sep 21 16:23:54.753295 dv-cinder-858621-1-iscsi devstack@c-api.service[113313]: [pid: 113313|app: 0|req: 122/225] 10.222.0.64 () {60 vars in 1578 bytes} [Wed Sep 21 16:23:54 2022] GET /volume/v3/b94ef89f42ce4bc9920e9ac5f1c573e4/volumes/6eafe58a-abde-4b0f-a8cc-aeb1042ccf6a => generated 914 bytes in 134 msecs (HTTP/1.1 200) 7 headers in 285 bytes (1 switches on core 0)
Sep 21 16:23:54.768724 dv-cinder-858621-1-iscsi devstack@c-api.service[113312]: DEBUG cinder.volume.api [None req-503a4386-6dc8-4879-a119-07b7ed304688 tempest-GroupsTest-647405344 tempest-GroupsTest-647405344-project] Flow 'volume_create_api' (71ac9651-4ed4-4b0a-b55a-feacd9427eea) transitioned into state 'RUNNING' from state 'PENDING' {{(pid=113312) _flow_receiver /usr/local/lib/python3.8/dist-packages/taskflow/listeners/logging.py:141}}
Sep 21 16:23:54.771872 dv-cinder-858621-1-iscsi devstack@c-api.service[113312]: DEBUG cinder.volume.api [None req-503a4386-6dc8-4879-a119-07b7ed304688 tempest-GroupsTest-647405344 tempest-GroupsTest-647405344-project] Task 'cinder.volume.flows.api.create_volume.ExtractVolumeRequestTask;volume:create' (ff1e14d5-433d-486a-8c31-1fff06532cbc) transitioned into state 'RUNNING' from state 'PENDING' {{(pid=113312) _task_receiver /usr/local/lib/python3.8/dist-packages/taskflow/listeners/logging.py:190}}
Sep 21 16:23:54.773587 dv-cinder-858621-1-iscsi devstack@c-api.service[113312]: /usr/local/lib/python3.8/dist-packages/oslo_context/context.py:100: DeprecationWarning: Policy enforcement is depending on the value of is_admin. This key is deprecated. Please update your policy file to use the standard policy values.
Sep 21 16:23:54.773587 dv-cinder-858621-1-iscsi devstack@c-api.service[113312]: warnings.warn('Policy enforcement is depending on the value of '
Sep 21 16:23:54.775442 dv-cinder-858621-1-iscsi devstack@c-api.service[113312]: DEBUG cinder.volume.flows.api.create_volume [None req-503a4386-6dc8-4879-a119-07b7ed304688 tempest-GroupsTest-647405344 tempest-GroupsTest-647405344-project] Validating volume size '1' using validate_int {{(pid=113312) _extract_size /opt/stack/cinder/cinder/volume/flows/api/create_volume.py:228}}
Sep 21 16:23:54.798639 dv-cinder-858621-1-iscsi devstack@c-api.service[113312]: DEBUG dbcounter [-] [113312] Writing DB stats cinder:SELECT=72,cinder:INSERT=13,cinder:UPDATE=15 {{(pid=113312) stat_writer /usr/local/lib/python3.8/dist-packages/dbcounter.py:114}}
Sep 21 16:23:54.814829 dv-cinder-858621-1-iscsi devstack@c-api.service[113312]: DEBUG cinder.volume.api [None req-503a4386-6dc8-4879-a119-07b7ed304688 tempest-GroupsTest-647405344 tempest-GroupsTest-647405344-project] Task 'cinder.volume.flows.api.create_volume.ExtractVolumeRequestTask;volume:create' (ff1e14d5-433d-486a-8c31-1fff06532cbc) transitioned into state 'SUCCESS' from state 'RUNNING' with result '{'size': 1, 'snapshot_id': None, 'source_volid': None, 'volume_type': VolumeType(created_at=2022-09-21T16:23:51Z,deleted=False,deleted_at=None,description=None,extra_specs={},id=b4a82873-974e-415f-b50a-ff678b94f9a7,is_public=True,name='tempest-GroupsTest-volume-type-580304978',projects=[],qos_specs=,qos_specs_id=None,updated_at=None), 'volume_type_id': 'b4a82873-974e-415f-b50a-ff678b94f9a7', 'encryption_key_id': None, 'qos_specs': None, 'consistencygroup_id': None, 'cgsnapshot_id': None, 'group_id': 'f44dcd43-2ad4-458c-9ece-a82a97f61ef6', 'replication_status': 'disabled', 'refresh_az': False, 'backup_id': None, 'multiattach': False, 'availability_zones': ['nova']}' {{(pid=113312) _task_receiver /usr/local/lib/python3.8/dist-packages/taskflow/listeners/logging.py:178}}
Sep 21 16:23:54.817892 dv-cinder-858621-1-iscsi devstack@c-api.service[113312]: DEBUG cinder.volume.api [None req-503a4386-6dc8-4879-a119-07b7ed304688 tempest-GroupsTest-647405344 tempest-GroupsTest-647405344-project] Task 'cinder.volume.flows.api.create_volume.QuotaReserveTask;volume:create' (dcc6a834-b4ed-48a6-8768-a44fcadad90a) transitioned into state 'RUNNING' from state 'PENDING' {{(pid=113312) _task_receiver /usr/local/lib/python3.8/dist-packages/taskflow/listeners/logging.py:190}}
Sep 21 16:23:55.022276 dv-cinder-858621-1-iscsi devstack@c-api.service[113312]: WARNING cinder.quota [None req-503a4386-6dc8-4879-a119-07b7ed304688 tempest-GroupsTest-647405344 tempest-GroupsTest-647405344-project] Deprecated: Default quota for resource: volumes_tempest-GroupsTest-volume-type-580304978 is set by the default quota flag: quota_volumes_tempest-GroupsTest-volume-type-580304978, it is now deprecated. Please use the default quota class for default quota.
Sep 21 16:23:55.023932 dv-cinder-858621-1-iscsi devstack@c-api.service[113312]: WARNING cinder.quota [None req-503a4386-6dc8-4879-a119-07b7ed304688 tempest-GroupsTest-647405344 tempest-GroupsTest-647405344-project] Deprecated: Default quota for resource: gigabytes_tempest-GroupsTest-volume-type-580304978 is set by the default quota flag: quota_gigabytes_tempest-GroupsTest-volume-type-580304978, it is now deprecated. Please use the default quota class for default quota.
Sep 21 16:23:55.251220 dv-cinder-858621-1-iscsi devstack@c-api.service[113312]: DEBUG cinder.quota [None req-503a4386-6dc8-4879-a119-07b7ed304688 tempest-GroupsTest-647405344 tempest-GroupsTest-647405344-project] Created reservations ['9e4ff1fd-baee-4b63-a204-0a3e72a8b9ac', '34ebf5e6-85be-4be4-a4e8-2b4a242b4701', 'eaf90ffb-63fc-4aa3-bc28-7717c0019f43', '0556e251-ff24-4c3d-b74e-c604021e5e71'] {{(pid=113312) reserve /opt/stack/cinder/cinder/quota.py:755}}
Sep 21 16:23:55.254386 dv-cinder-858621-1-iscsi devstack@c-api.service[113312]: DEBUG cinder.volume.api [None req-503a4386-6dc8-4879-a119-07b7ed304688 tempest-GroupsTest-647405344 tempest-GroupsTest-647405344-project] Task 'cinder.volume.flows.api.create_volume.QuotaReserveTask;volume:create' (dcc6a834-b4ed-48a6-8768-a44fcadad90a) transitioned into state 'SUCCESS' from state 'RUNNING' with result '{'reservations': ['9e4ff1fd-baee-4b63-a204-0a3e72a8b9ac', '34ebf5e6-85be-4be4-a4e8-2b4a242b4701', 'eaf90ffb-63fc-4aa3-bc28-7717c0019f43', '0556e251-ff24-4c3d-b74e-c604021e5e71']}' {{(pid=113312) _task_receiver /usr/local/lib/python3.8/dist-packages/taskflow/listeners/logging.py:178}}
