Sep 19 16:14:20.943308 dv-cinder-858370-2-iscsi neutron-server[106408]: DEBUG neutron_lib.callbacks.manager [None req-d4ec7955-a5e3-414b-85d8-a239148aee96 admin admin] Publish callbacks ['neutron.plugins.ml2.ovo_rpc._ObjectChangeHandler.handle_event-1643258'] for security_group (75e684bb-213b-4607-8822-f1c63a320f5a), after_delete {{(pid=106408) _notify_loop /usr/local/lib/python3.8/dist-packages/neutron_lib/callbacks/manager.py:176}}
Sep 19 16:14:20.953484 dv-cinder-858370-2-iscsi neutron-server[106408]: DEBUG neutron_lib.callbacks.manager [None req-d4ec7955-a5e3-414b-85d8-a239148aee96 admin admin] Publish callbacks [] for security_group (None), before_response {{(pid=106408) _notify_loop /usr/local/lib/python3.8/dist-packages/neutron_lib/callbacks/manager.py:176}}
Sep 19 16:14:20.953484 dv-cinder-858370-2-iscsi neutron-server[106408]: INFO neutron.wsgi [None req-d4ec7955-a5e3-414b-85d8-a239148aee96 admin admin] 10.222.0.57 "DELETE /networking/v2.0/security-groups/75e684bb-213b-4607-8822-f1c63a320f5a HTTP/1.1" status: 204 len: 168 time: 0.3358345
Sep 19 16:14:21.000318 dv-cinder-858370-2-iscsi neutron-server[106408]: DEBUG neutron.api.rpc.handlers.resources_rpc [None req-d4ec7955-a5e3-414b-85d8-a239148aee96 admin admin] Pushing event deleted for resources: {'SecurityGroup': ['ID=75e684bb-213b-4607-8822-f1c63a320f5a,revision_number=None']} {{(pid=106408) push /opt/stack/neutron/neutron/api/rpc/handlers/resources_rpc.py:237}}
Sep 19 16:14:21.079249 dv-cinder-858370-2-iscsi neutron-server[106409]: DEBUG neutron.pecan_wsgi.hooks.policy_enforcement [req-28eee4f3-d465-49fa-964d-24b4b136b8af req-f4908caa-d60f-4191-8f6d-8d8f62b9e5cc tempest-AttachVolumeTestJSON-1157194210 tempest-AttachVolumeTestJSON-1157194210-project] Attributes excluded by policy engine: ['standard_attr_id', 'binding:profile', 'binding:host_id', 'binding:vif_type', 'binding:vif_details'] {{(pid=106409) _exclude_attributes_by_policy /opt/stack/neutron/neutron/pecan_wsgi/hooks/policy_enforcement.py:259}}
Sep 19 16:14:21.080973 dv-cinder-858370-2-iscsi neutron-server[106409]: INFO neutron.wsgi [req-28eee4f3-d465-49fa-964d-24b4b136b8af req-f4908caa-d60f-4191-8f6d-8d8f62b9e5cc tempest-AttachVolumeTestJSON-1157194210 tempest-AttachVolumeTestJSON-1157194210-project] 10.222.0.57 "GET /networking/v2.0/ports?device_id=bae51cb6-fc0c-4343-9cd7-c04ef65d6b93 HTTP/1.1" status: 200 len: 943 time: 0.1522918
Sep 19 16:14:21.135308 dv-cinder-858370-2-iscsi neutron-server[106410]: INFO neutron.plugins.ml2.plugin [None req-33a1d2ab-9cd5-43c9-9c30-972ebc1388e7 None None] Attempt 2 to provision port a106b202-dd25-4a35-83f5-ddb4ba4b8d10
Sep 19 16:14:21.188502 dv-cinder-858370-2-iscsi neutron-server[106408]: DEBUG neutron.pecan_wsgi.hooks.policy_enforcement [req-c7fb9ec8-6eec-4948-8695-a82467669099 req-26313b84-bd0a-4259-88a4-c64ff42ccf35 tempest-AttachVolumeShelveTestJSON-1025235815 tempest-AttachVolumeShelveTestJSON-1025235815-project] Attributes excluded by policy engine: ['standard_attr_id', 'binding:profile', 'binding:host_id', 'binding:vif_type', 'binding:vif_details'] {{(pid=106408) _exclude_attributes_by_policy /opt/stack/neutron/neutron/pecan_wsgi/hooks/policy_enforcement.py:259}}
Sep 19 16:14:21.205422 dv-cinder-858370-2-iscsi neutron-server[106408]: INFO neutron.wsgi [req-c7fb9ec8-6eec-4948-8695-a82467669099 req-26313b84-bd0a-4259-88a4-c64ff42ccf35 tempest-AttachVolumeShelveTestJSON-1025235815 tempest-AttachVolumeShelveTestJSON-1025235815-project] 10.222.0.57 "GET /networking/v2.0/ports?device_id=9c25d5d7-a9bf-42f1-bda3-ebd93c1cb9c5 HTTP/1.1" status: 200 len: 931 time: 0.1039681
Sep 19 16:14:21.207154 dv-cinder-858370-2-iscsi neutron-server[106409]: INFO neutron.wsgi [req-28eee4f3-d465-49fa-964d-24b4b136b8af req-b8163a1f-911d-4990-a307-f10ce4d5baf2 tempest-AttachVolumeTestJSON-1157194210 tempest-AttachVolumeTestJSON-1157194210-project] 10.222.0.57 "GET /networking/v2.0/security-groups?id=1858aa7d-9078-4d62-a22f-771623c531d9&fields=id&fields=name HTTP/1.1" status: 200 len: 313 time: 0.1149909
Sep 19 16:14:21.274569 dv-cinder-858370-2-iscsi neutron-server[106410]: DEBUG neutron.plugins.ml2.plugin [None req-33a1d2ab-9cd5-43c9-9c30-972ebc1388e7 None None] Port a106b202-dd25-4a35-83f5-ddb4ba4b8d10 cannot update to ACTIVE because it is not bound. {{(pid=106410) _port_provisioned /opt/stack/neutron/neutron/plugins/ml2/plugin.py:359}}
Sep 19 16:14:21.351578 dv-cinder-858370-2-iscsi neutron-server[106408]: INFO neutron.wsgi [req-c7fb9ec8-6eec-4948-8695-a82467669099 req-076c266b-8a70-4394-854b-acbaac156ca8 tempest-AttachVolumeShelveTestJSON-1025235815 tempest-AttachVolumeShelveTestJSON-1025235815-project] 10.222.0.57 "GET /networking/v2.0/security-groups?id=e295d430-eafa-469f-8fec-516250bea068&fields=id&fields=name HTTP/1.1" status: 200 len: 313 time: 0.1442580
Sep 19 16:14:21.567580 dv-cinder-858370-2-iscsi neutron-server[106409]: DEBUG neutron.pecan_wsgi.hooks.policy_enforcement [req-df135b41-54b9-4488-9191-9cd01399a0e4 req-7afa17e2-13ed-4be4-a9fa-f1c9db14d680 tempest-ServerRescueNegativeTestJSON-304726397 tempest-ServerRescueNegativeTestJSON-304726397-project] Attributes excluded by policy engine: ['standard_attr_id', 'binding:profile', 'binding:host_id', 'binding:vif_type', 'binding:vif_details'] {{(pid=106409) _exclude_attributes_by_policy /opt/stack/neutron/neutron/pecan_wsgi/hooks/policy_enforcement.py:259}}
Sep 19 16:14:21.571494 dv-cinder-858370-2-iscsi neutron-server[106409]: INFO neutron.wsgi [req-df135b41-54b9-4488-9191-9cd01399a0e4 req-7afa17e2-13ed-4be4-a9fa-f1c9db14d680 tempest-ServerRescueNegativeTestJSON-304726397 tempest-ServerRescueNegativeTestJSON-304726397-project] 10.222.0.57 "GET /networking/v2.0/ports?device_id=7163ee7c-30ec-4aff-b4c6-5fe173a3efe2 HTTP/1.1" status: 200 len: 943 time: 0.0938549
Sep 19 16:14:21.669901 dv-cinder-858370-2-iscsi neutron-server[106408]: DEBUG neutron.api.v2.base [req-dc7af0d7-5a2a-44c7-8e12-f1d4e2e2eb12 req-7ae5fa94-6973-43c0-af00-b336298ffd54 service neutron] Request body: {'port': {'device_id': '9c25d5d7-a9bf-42f1-bda3-ebd93c1cb9c5', 'device_owner': 'compute:nova', 'binding:host_id': 'hv-cinder-85837'}} {{(pid=106408) prepare_request_body /opt/stack/neutron/neutron/api/v2/base.py:730}}
Sep 19 16:14:21.769094 dv-cinder-858370-2-iscsi neutron-server[106409]: INFO neutron.wsgi [req-df135b41-54b9-4488-9191-9cd01399a0e4 req-beddff82-01d1-44c2-b339-222076cf0ee8 tempest-ServerRescueNegativeTestJSON-304726397 tempest-ServerRescueNegativeTestJSON-304726397-project] 10.222.0.57 "GET /networking/v2.0/security-groups?id=2d2e6bdb-01d3-4a00-95d7-3dd0fa07420d&fields=id&fields=name HTTP/1.1" status: 200 len: 286 time: 0.1874983
Sep 19 16:14:21.777115 dv-cinder-858370-2-iscsi neutron-server[106410]: INFO neutron.plugins.ml2.plugin [None req-33a1d2ab-9cd5-43c9-9c30-972ebc1388e7 None None] Attempt 3 to provision port a106b202-dd25-4a35-83f5-ddb4ba4b8d10
Sep 19 16:14:21.863148 dv-cinder-858370-2-iscsi neutron-server[106410]: DEBUG neutron.plugins.ml2.plugin [None req-33a1d2ab-9cd5-43c9-9c30-972ebc1388e7 None None] Port a106b202-dd25-4a35-83f5-ddb4ba4b8d10 cannot update to ACTIVE because it is not bound. {{(pid=106410) _port_provisioned /opt/stack/neutron/neutron/plugins/ml2/plugin.py:359}}
Sep 19 16:14:22.242632 dv-cinder-858370-2-iscsi neutron-server[106408]: DEBUG neutron_lib.callbacks.manager [req-dc7af0d7-5a2a-44c7-8e12-f1d4e2e2eb12 req-7ae5fa94-6973-43c0-af00-b336298ffd54 service neutron] Publish callbacks ['neutron.plugins.ml2.plugin.SecurityGroupDbMixin._ensure_default_security_group_handler-756814'] for port (a106b202-dd25-4a35-83f5-ddb4ba4b8d10), before_update {{(pid=106408) _notify_loop /usr/local/lib/python3.8/dist-packages/neutron_lib/callbacks/manager.py:176}}
Sep 19 16:14:22.258289 dv-cinder-858370-2-iscsi neutron-server[106408]: DEBUG neutron.pecan_wsgi.hooks.policy_enforcement [req-4cfbd8e4-ebcc-4451-a25f-39697e6dd847 req-148ce7a1-ab5d-4972-b226-391cd957736f tempest-AttachVolumeNegativeTest-1544698964 tempest-AttachVolumeNegativeTest-1544698964-project] Attributes excluded by policy engine: ['standard_attr_id', 'binding:profile', 'binding:host_id', 'binding:vif_type', 'binding:vif_details'] {{(pid=106408) _exclude_attributes_by_policy /opt/stack/neutron/neutron/pecan_wsgi/hooks/policy_enforcement.py:259}}
Sep 19 16:14:22.266797 dv-cinder-858370-2-iscsi neutron-server[106408]: INFO neutron.wsgi [req-4cfbd8e4-ebcc-4451-a25f-39697e6dd847 req-148ce7a1-ab5d-4972-b226-391cd957736f tempest-AttachVolumeNegativeTest-1544698964 tempest-AttachVolumeNegativeTest-1544698964-project] 10.222.0.57 "GET /networking/v2.0/ports?device_id=5d5cfe70-1a06-4c64-91bf-4681779bd260 HTTP/1.1" status: 200 len: 943 time: 0.2146871
Sep 19 16:14:22.269696 dv-cinder-858370-2-iscsi neutron-server[106408]: DEBUG neutron.pecan_wsgi.hooks.policy_enforcement [req-cf24f1fa-b0e4-4c5f-b35b-776d99e7bbbf req-07e9a483-2cc5-44a6-8f7b-c1281db09bc2 service neutron] Attributes excluded by policy engine: ['standard_attr_id'] {{(pid=106408) _exclude_attributes_by_policy /opt/stack/neutron/neutron/pecan_wsgi/hooks/policy_enforcement.py:259}}
Sep 19 16:14:22.272280 dv-cinder-858370-2-iscsi neutron-server[106408]: INFO neutron.wsgi [req-cf24f1fa-b0e4-4c5f-b35b-776d99e7bbbf req-07e9a483-2cc5-44a6-8f7b-c1281db09bc2 service neutron] 10.222.0.16 "GET /networking/v2.0/ports?tenant_id=34baf55057ee42ffbd099de2d65544a1&device_id=0d7d2812-f954-45c7-9916-4bd9fcb96bcc HTTP/1.1" status: 200 len: 1128 time: 0.4303937
Sep 19 16:14:22.365223 dv-cinder-858370-2-iscsi neutron-server[106410]: INFO neutron.plugins.ml2.plugin [None req-33a1d2ab-9cd5-43c9-9c30-972ebc1388e7 None None] Attempt 4 to provision port a106b202-dd25-4a35-83f5-ddb4ba4b8d10
Sep 19 16:14:22.366463 dv-cinder-858370-2-iscsi neutron-server[106409]: DEBUG dbcounter [-] [106409] Writing DB stats neutron:SELECT=94,neutron:INSERT=2,neutron:DELETE=2,neutron:UPDATE=2 {{(pid=106409) stat_writer /usr/local/lib/python3.8/dist-packages/dbcounter.py:114}}
Sep 19 16:14:22.454108 dv-cinder-858370-2-iscsi neutron-server[106408]: DEBUG dbcounter [-] [106408] Writing DB stats neutron:SELECT=93,neutron:INSERT=6,neutron:DELETE=1 {{(pid=106408) stat_writer /usr/local/lib/python3.8/dist-packages/dbcounter.py:114}}
Sep 19 16:14:22.455243 dv-cinder-858370-2-iscsi neutron-server[106408]: DEBUG dbcounter [-] [106408] Writing DB stats neutron:SELECT=89,neutron:INSERT=5,neutron:UPDATE=3,neutron:DELETE=3 {{(pid=106408) stat_writer /usr/local/lib/python3.8/dist-packages/dbcounter.py:114}}
Sep 19 16:14:22.462916 dv-cinder-858370-2-iscsi neutron-server[106410]: DEBUG dbcounter [-] [106410] Writing DB stats neutron:SELECT=100 {{(pid=106410) stat_writer /usr/local/lib/python3.8/dist-packages/dbcounter.py:114}}
Sep 19 16:14:22.495625 dv-cinder-858370-2-iscsi neutron-server[106410]: DEBUG neutron.plugins.ml2.plugin [None req-33a1d2ab-9cd5-43c9-9c30-972ebc1388e7 None None] Port a106b202-dd25-4a35-83f5-ddb4ba4b8d10 cannot update to ACTIVE because it is not bound. {{(pid=106410) _port_provisioned /opt/stack/neutron/neutron/plugins/ml2/plugin.py:359}}
Sep 19 16:14:22.517325 dv-cinder-858370-2-iscsi neutron-server[106408]: DEBUG neutron.wsgi [-] (106408) accepted ('10.222.0.57', 34886) {{(pid=106408) server /usr/local/lib/python3.8/dist-packages/eventlet/wsgi.py:1004}}
Sep 19 16:14:22.573796 dv-cinder-858370-2-iscsi neutron-server[106408]: INFO neutron.wsgi [req-cf24f1fa-b0e4-4c5f-b35b-776d99e7bbbf req-005dc2ea-264a-41d5-8580-714728dade77 service neutron] 10.222.0.16 "GET /networking/v2.0/floatingips?fixed_ip_address=172.20.0.11&port_id=88a993b9-866a-428d-a980-4b36a142d1f5 HTTP/1.1" status: 200 len: 217 time: 0.2774713
Sep 19 16:14:22.586972 dv-cinder-858370-2-iscsi neutron-server[106409]: DEBUG neutron.pecan_wsgi.hooks.policy_enforcement [req-9523c56a-20c2-486f-ad79-6444b188c5e5 req-1c59c287-c3aa-47e3-9d2d-03da94f3705a service neutron] Attributes excluded by policy engine: ['standard_attr_id'] {{(pid=106409) _exclude_attributes_by_policy /opt/stack/neutron/neutron/pecan_wsgi/hooks/policy_enforcement.py:259}}
Sep 19 16:14:22.589648 dv-cinder-858370-2-iscsi neutron-server[106409]: INFO neutron.wsgi [req-9523c56a-20c2-486f-ad79-6444b188c5e5 req-1c59c287-c3aa-47e3-9d2d-03da94f3705a service neutron] 10.222.0.16 "GET /networking/v2.0/ports?tenant_id=a1842253d6634f1f8b93bfa5be2ddd5f&device_id=5d5cfe70-1a06-4c64-91bf-4681779bd260 HTTP/1.1" status: 200 len: 1127 time: 0.8610148
Sep 19 16:14:22.598027 dv-cinder-858370-2-iscsi neutron-server[106409]: DEBUG neutron.pecan_wsgi.hooks.policy_enforcement [req-e56b837c-7d76-4942-bd52-258d0f16b49e req-b2a5a4ed-1f03-48cb-aa85-da643c27f8b0 tempest-DeleteServersTestJSON-608573563 tempest-DeleteServersTestJSON-608573563-project] Attributes excluded by policy engine: ['standard_attr_id', 'binding:profile', 'binding:host_id', 'binding:vif_type', 'binding:vif_details'] {{(pid=106409) _exclude_attributes_by_policy /opt/stack/neutron/neutron/pecan_wsgi/hooks/policy_enforcement.py:259}}
Sep 19 16:14:22.608920 dv-cinder-858370-2-iscsi neutron-server[106409]: INFO neutron.wsgi [req-e56b837c-7d76-4942-bd52-258d0f16b49e req-b2a5a4ed-1f03-48cb-aa85-da643c27f8b0 tempest-DeleteServersTestJSON-608573563 tempest-DeleteServersTestJSON-608573563-project] 10.222.0.57 "GET /networking/v2.0/ports?device_id=0d7d2812-f954-45c7-9916-4bd9fcb96bcc HTTP/1.1" status: 200 len: 944 time: 0.3049343
Sep 19 16:14:22.665720 dv-cinder-858370-2-iscsi neutron-server[106409]: DEBUG neutron.pecan_wsgi.hooks.policy_enforcement [req-b2511bab-9cb4-4ffb-9f00-b96be364fee8 req-6fc7eea7-66a0-475a-9dc0-05978ad68a3c service neutron] Attributes excluded by policy engine: ['standard_attr_id'] {{(pid=106409) _exclude_attributes_by_policy /opt/stack/neutron/neutron/pecan_wsgi/hooks/policy_enforcement.py:259}}
Sep 19 16:14:22.668311 dv-cinder-858370-2-iscsi neutron-server[106409]: INFO neutron.wsgi [req-b2511bab-9cb4-4ffb-9f00-b96be364fee8 req-6fc7eea7-66a0-475a-9dc0-05978ad68a3c service neutron] 10.222.0.16 "GET /networking/v2.0/ports?tenant_id=23c705bc001e4228bdfcdfa916a368e9&device_id=bae51cb6-fc0c-4343-9cd7-c04ef65d6b93 HTTP/1.1" status: 200 len: 1127 time: 0.9504969
Sep 19 16:14:22.725424 dv-cinder-858370-2-iscsi neutron-server[106408]: INFO neutron.wsgi [req-4cfbd8e4-ebcc-4451-a25f-39697e6dd847 req-33a53002-f869-4585-b847-e872c68219c7 tempest-AttachVolumeNegativeTest-1544698964 tempest-AttachVolumeNegativeTest-1544698964-project] 10.222.0.57 "GET /networking/v2.0/security-groups?id=56ca6c62-fe95-4ebc-a874-ddb93a268c67&fields=id&fields=name HTTP/1.1" status: 200 len: 312 time: 0.4571686
Sep 19 16:14:22.737938 dv-cinder-858370-2-iscsi neutron-server[106408]: DEBUG neutron.pecan_wsgi.hooks.policy_enforcement [req-cf24f1fa-b0e4-4c5f-b35b-776d99e7bbbf req-2a8df2a0-be21-410d-b999-bda2c58e31ed service neutron] Attributes excluded by policy engine: ['standard_attr_id', 'shared'] {{(pid=106408) _exclude_attributes_by_policy /opt/stack/neutron/neutron/pecan_wsgi/hooks/policy_enforcement.py:259}}
Sep 19 16:14:22.753763 dv-cinder-858370-2-iscsi neutron-server[106408]: INFO neutron.wsgi [req-cf24f1fa-b0e4-4c5f-b35b-776d99e7bbbf req-2a8df2a0-be21-410d-b999-bda2c58e31ed service neutron] 10.222.0.16 "GET /networking/v2.0/subnets?id=dbf299c2-538c-4988-b6ca-486ab5302d99 HTTP/1.1" status: 200 len: 850 time: 0.1640098
Sep 19 16:14:22.956391 dv-cinder-858370-2-iscsi neutron-server[106409]: DEBUG dbcounter [-] [106409] Writing DB stats neutron:SELECT=100 {{(pid=106409) stat_writer /usr/local/lib/python3.8/dist-packages/dbcounter.py:114}}
Sep 19 16:14:22.957800 dv-cinder-858370-2-iscsi neutron-server[106408]: DEBUG neutron_lib.callbacks.manager [None req-d58a4eba-8b0d-460b-8cdf-05f97b3ab97f admin admin] Publish callbacks [] for security_group (None), before_create {{(pid=106408) _notify_loop /usr/local/lib/python3.8/dist-packages/neutron_lib/callbacks/manager.py:176}}
Sep 19 16:14:22.963098 dv-cinder-858370-2-iscsi neutron-server[106409]: INFO neutron.wsgi [req-e56b837c-7d76-4942-bd52-258d0f16b49e req-78b97292-010d-45d8-b810-10ece310b4f0 tempest-DeleteServersTestJSON-608573563 tempest-DeleteServersTestJSON-608573563-project] 10.222.0.57 "GET /networking/v2.0/security-groups?id=c1f12d9f-80f0-4b5e-84cb-ca56ab1f4431&fields=id&fields=name HTTP/1.1" status: 200 len: 286 time: 0.3529656
Sep 19 16:14:22.968063 dv-cinder-858370-2-iscsi neutron-server[106409]: INFO neutron.wsgi [req-603cf2fb-60ca-4737-a5b4-5aa8b3eb4bec req-3492b9a5-2660-43be-a24b-3c27256df9f6 service neutron] 10.222.0.16 "GET /networking/v2.0/networks/32b57894-920f-4402-a64b-7ff50db77230?fields=provider%3Aphysical_network&fields=provider%3Anetwork_type HTTP/1.1" status: 200 len: 281 time: 1.2704625
Sep 19 16:14:22.998979 dv-cinder-858370-2-iscsi neutron-server[106410]: INFO neutron.plugins.ml2.plugin [None req-33a1d2ab-9cd5-43c9-9c30-972ebc1388e7 None None] Attempt 5 to provision port a106b202-dd25-4a35-83f5-ddb4ba4b8d10
Sep 19 16:14:23.005903 dv-cinder-858370-2-iscsi neutron-server[106408]: DEBUG neutron.pecan_wsgi.hooks.policy_enforcement [req-cf24f1fa-b0e4-4c5f-b35b-776d99e7bbbf req-ae0a910c-7b2d-4b00-a741-f978b6e41bfc service neutron] Attributes excluded by policy engine: ['standard_attr_id'] {{(pid=106408) _exclude_attributes_by_policy /opt/stack/neutron/neutron/pecan_wsgi/hooks/policy_enforcement.py:259}}
Sep 19 16:14:23.008040 dv-cinder-858370-2-iscsi neutron-server[106408]: INFO neutron.wsgi [req-cf24f1fa-b0e4-4c5f-b35b-776d99e7bbbf req-ae0a910c-7b2d-4b00-a741-f978b6e41bfc service neutron] 10.222.0.16 "GET /networking/v2.0/ports?network_id=3d13a155-5005-43b7-ac5a-30d519aab3f9&device_owner=network%3Adhcp HTTP/1.1" status: 200 len: 1212 time: 0.1727114
Sep 19 16:14:23.058334 dv-cinder-858370-2-iscsi neutron-server[106408]: DEBUG neutron.pecan_wsgi.hooks.policy_enforcement [req-03025537-f356-4814-9ff5-ad1f4c6b7ae0 req-f80db3ce-ba21-4f6d-bbc7-fdcc6dfce35a tempest-AttachVolumeTestJSON-1157194210 tempest-AttachVolumeTestJSON-1157194210-project] Attributes excluded by policy engine: ['standard_attr_id', 'binding:profile', 'binding:host_id', 'binding:vif_type', 'binding:vif_details'] {{(pid=106408) _exclude_attributes_by_policy /opt/stack/neutron/neutron/pecan_wsgi/hooks/policy_enforcement.py:259}}
Sep 19 16:14:23.066004 dv-cinder-858370-2-iscsi neutron-server[106408]: INFO neutron.wsgi [req-03025537-f356-4814-9ff5-ad1f4c6b7ae0 req-f80db3ce-ba21-4f6d-bbc7-fdcc6dfce35a tempest-AttachVolumeTestJSON-1157194210 tempest-AttachVolumeTestJSON-1157194210-project] 10.222.0.57 "GET /networking/v2.0/ports?device_id=bae51cb6-fc0c-4343-9cd7-c04ef65d6b93 HTTP/1.1" status: 200 len: 943 time: 0.1667099
Sep 19 16:14:23.080404 dv-cinder-858370-2-iscsi neutron-server[106410]: DEBUG neutron.plugins.ml2.plugin [None req-33a1d2ab-9cd5-43c9-9c30-972ebc1388e7 None None] Port a106b202-dd25-4a35-83f5-ddb4ba4b8d10 cannot update to ACTIVE because it is not bound. {{(pid=106410) _port_provisioned /opt/stack/neutron/neutron/plugins/ml2/plugin.py:359}}
Sep 19 16:14:23.187882 dv-cinder-858370-2-iscsi neutron-server[106409]: INFO neutron.wsgi [req-c6a2ebc9-04c7-4008-893e-7bd551bfc573 req-a50f7efc-b068-47ad-bed2-9e709c17dda5 service neutron] 10.222.0.16 "GET /networking/v2.0/networks/32b57894-920f-4402-a64b-7ff50db77230?fields=segments HTTP/1.1" status: 200 len: 212 time: 1.4921758
Sep 19 16:14:23.202944 dv-cinder-858370-2-iscsi neutron-server[106408]: INFO neutron.wsgi [req-03025537-f356-4814-9ff5-ad1f4c6b7ae0 req-480c7d52-aba3-4bc8-8ef7-7d9c1da5d0f4 tempest-AttachVolumeTestJSON-1157194210 tempest-AttachVolumeTestJSON-1157194210-project] 10.222.0.57 "GET /networking/v2.0/security-groups?id=1858aa7d-9078-4d62-a22f-771623c531d9&fields=id&fields=name HTTP/1.1" status: 200 len: 313 time: 0.1359093
Sep 19 16:14:23.238091 dv-cinder-858370-2-iscsi neutron-server[106408]: DEBUG neutron.notifiers.nova [req-dc7af0d7-5a2a-44c7-8e12-f1d4e2e2eb12 req-7ae5fa94-6973-43c0-af00-b336298ffd54 service neutron] Ignoring state change previous_port_status: DOWN current_port_status: DOWN port_id a106b202-dd25-4a35-83f5-ddb4ba4b8d10 {{(pid=106408) record_port_status_changed /opt/stack/neutron/neutron/notifiers/nova.py:235}}
Sep 19 16:14:23.240561 dv-cinder-858370-2-iscsi neutron-server[106409]: DEBUG neutron.pecan_wsgi.hooks.policy_enforcement [req-247eeb5a-ac5f-4135-be0f-6fd0f0ced5aa req-e82f9569-4912-4b53-82a9-9c74dea7830f tempest-AttachVolumeShelveTestJSON-1025235815 tempest-AttachVolumeShelveTestJSON-1025235815-project] Attributes excluded by policy engine: ['standard_attr_id', 'binding:profile', 'binding:host_id', 'binding:vif_type', 'binding:vif_details'] {{(pid=106409) _exclude_attributes_by_policy /opt/stack/neutron/neutron/pecan_wsgi/hooks/policy_enforcement.py:259}}
Sep 19 16:14:23.243002 dv-cinder-858370-2-iscsi neutron-server[106409]: INFO neutron.wsgi [req-247eeb5a-ac5f-4135-be0f-6fd0f0ced5aa req-e82f9569-4912-4b53-82a9-9c74dea7830f tempest-AttachVolumeShelveTestJSON-1025235815 tempest-AttachVolumeShelveTestJSON-1025235815-project] 10.222.0.57 "GET /networking/v2.0/ports?device_id=9c25d5d7-a9bf-42f1-bda3-ebd93c1cb9c5 HTTP/1.1" status: 200 len: 931 time: 0.1771338
Sep 19 16:14:23.272730 dv-cinder-858370-2-iscsi neutron-server[106408]: DEBUG neutron_lib.callbacks.manager [req-dc7af0d7-5a2a-44c7-8e12-f1d4e2e2eb12 req-7ae5fa94-6973-43c0-af00-b336298ffd54 service neutron] Publish callbacks [] for port (a106b202-dd25-4a35-83f5-ddb4ba4b8d10), precommit_update {{(pid=106408) _notify_loop /usr/local/lib/python3.8/dist-packages/neutron_lib/callbacks/manager.py:176}}
Sep 19 16:14:23.283026 dv-cinder-858370-2-iscsi neutron-server[106409]: DEBUG neutron.pecan_wsgi.hooks.policy_enforcement [req-9523c56a-20c2-486f-ad79-6444b188c5e5 req-c57a10c5-6bad-4fbb-a909-bf965997c9ed service neutron] Attributes excluded by policy engine: ['standard_attr_id', 'vlan_transparent'] {{(pid=106409) _exclude_attributes_by_policy /opt/stack/neutron/neutron/pecan_wsgi/hooks/policy_enforcement.py:259}}
Sep 19 16:14:23.286786 dv-cinder-858370-2-iscsi neutron-server[106409]: INFO neutron.wsgi [req-9523c56a-20c2-486f-ad79-6444b188c5e5 req-c57a10c5-6bad-4fbb-a909-bf965997c9ed service neutron] 10.222.0.16 "GET /networking/v2.0/networks?tenant_id=a1842253d6634f1f8b93bfa5be2ddd5f&shared=False HTTP/1.1" status: 200 len: 915 time: 0.6378384
Sep 19 16:14:23.297671 dv-cinder-858370-2-iscsi neutron-server[106408]: DEBUG neutron_lib.callbacks.manager [None req-d58a4eba-8b0d-460b-8cdf-05f97b3ab97f admin admin] Publish callbacks [] for security_group (3a556153-15e3-40d9-9f5e-fb821cdc0bc2), precommit_create {{(pid=106408) _notify_loop /usr/local/lib/python3.8/dist-packages/neutron_lib/callbacks/manager.py:176}}
Sep 19 16:14:23.299982 dv-cinder-858370-2-iscsi neutron-server[106408]: DEBUG neutron.db.provisioning_blocks [req-dc7af0d7-5a2a-44c7-8e12-f1d4e2e2eb12 req-7ae5fa94-6973-43c0-af00-b336298ffd54 service neutron] Transition to ACTIVE for port object a106b202-dd25-4a35-83f5-ddb4ba4b8d10 will not be triggered until provisioned by entity L2. {{(pid=106408) add_provisioning_component /opt/stack/neutron/neutron/db/provisioning_blocks.py:74}}
Sep 19 16:14:23.340417 dv-cinder-858370-2-iscsi neutron-server[106408]: DEBUG neutron_lib.callbacks.manager [req-dc7af0d7-5a2a-44c7-8e12-f1d4e2e2eb12 req-7ae5fa94-6973-43c0-af00-b336298ffd54 service neutron] Publish callbacks ['neutron.plugins.ml2.plugin.SecurityGroupServerNotifierRpcMixin._notify_sg_on_port_change-757131', 'neutron.plugins.ml2.ovo_rpc._ObjectChangeHandler.handle_event-425971', 'neutron.api.rpc.agentnotifiers.dhcp_rpc_agent_api.DhcpAgentNotifyAPI._native_event_send_dhcp_notification-1596447', 'neutron.db.l3_db.L3RpcNotifierMixin._notify_gateway_port_ip_changed-8765819862694', 'neutron.db.l3_dvrscheduler_db._notify_l3_agent_port_update-8765819389669', 'neutron.db.l3_hascheduler_db._notify_l3_agent_ha_port_update-8765819389687'] for port (a106b202-dd25-4a35-83f5-ddb4ba4b8d10), after_update {{(pid=106408) _notify_loop /usr/local/lib/python3.8/dist-packages/neutron_lib/callbacks/manager.py:176}}
Sep 19 16:14:23.347470 dv-cinder-858370-2-iscsi neutron-server[106408]: DEBUG neutron_lib.callbacks.manager [None req-d58a4eba-8b0d-460b-8cdf-05f97b3ab97f admin admin] Publish callbacks ['neutron.plugins.ml2.ovo_rpc._ObjectChangeHandler.handle_event-1643258'] for security_group (3a556153-15e3-40d9-9f5e-fb821cdc0bc2), after_create {{(pid=106408) _notify_loop /usr/local/lib/python3.8/dist-packages/neutron_lib/callbacks/manager.py:176}}
Sep 19 16:14:23.366019 dv-cinder-858370-2-iscsi neutron-server[106409]: DEBUG neutron.pecan_wsgi.hooks.policy_enforcement [req-b2511bab-9cb4-4ffb-9f00-b96be364fee8 req-cdbb3bb2-dcae-4572-b76a-b68624ee4d5b service neutron] Attributes excluded by policy engine: ['standard_attr_id', 'vlan_transparent'] {{(pid=106409) _exclude_attributes_by_policy /opt/stack/neutron/neutron/pecan_wsgi/hooks/policy_enforcement.py:259}}
Sep 19 16:14:23.369121 dv-cinder-858370-2-iscsi neutron-server[106409]: INFO neutron.wsgi [req-b2511bab-9cb4-4ffb-9f00-b96be364fee8 req-cdbb3bb2-dcae-4572-b76a-b68624ee4d5b service neutron] 10.222.0.16 "GET /networking/v2.0/networks?tenant_id=23c705bc001e4228bdfcdfa916a368e9&shared=False HTTP/1.1" status: 200 len: 912 time: 0.6500869
Sep 19 16:14:23.508034 dv-cinder-858370-2-iscsi neutron-server[106408]: INFO neutron.wsgi [None req-d58a4eba-8b0d-460b-8cdf-05f97b3ab97f admin admin] 10.222.0.57 "GET /networking/v2.0/security-groups?tenant_id=39de8d6c344a4ef4a5dc66bbc070ca99&name=default HTTP/1.1" status: 200 len: 2996 time: 0.9861031
Sep 19 16:14:23.521130 dv-cinder-858370-2-iscsi neutron-server[106408]: DEBUG neutron.wsgi [-] (106408) accepted ('10.222.0.57', 34906) {{(pid=106408) server /usr/local/lib/python3.8/dist-packages/eventlet/wsgi.py:1004}}
Sep 19 16:14:23.540121 dv-cinder-858370-2-iscsi neutron-server[106408]: DEBUG neutron.pecan_wsgi.hooks.policy_enforcement [req-3fa16b13-bd8c-48b0-903c-d813fdedb400 req-e6e184ef-90da-4d3c-8860-c74ee4814730 tempest-ServerRescueNegativeTestJSON-304726397 tempest-ServerRescueNegativeTestJSON-304726397-project] Attributes excluded by policy engine: ['standard_attr_id', 'binding:profile', 'binding:host_id', 'binding:vif_type', 'binding:vif_details'] {{(pid=106408) _exclude_attributes_by_policy /opt/stack/neutron/neutron/pecan_wsgi/hooks/policy_enforcement.py:259}}
Sep 19 16:14:23.541802 dv-cinder-858370-2-iscsi neutron-server[106408]: INFO neutron.wsgi [req-3fa16b13-bd8c-48b0-903c-d813fdedb400 req-e6e184ef-90da-4d3c-8860-c74ee4814730 tempest-ServerRescueNegativeTestJSON-304726397 tempest-ServerRescueNegativeTestJSON-304726397-project] 10.222.0.57 "GET /networking/v2.0/ports?device_id=7163ee7c-30ec-4aff-b4c6-5fe173a3efe2 HTTP/1.1" status: 200 len: 943 time: 0.2036858
Sep 19 16:14:23.561494 dv-cinder-858370-2-iscsi neutron-server[106408]: DEBUG neutron.api.rpc.handlers.resources_rpc [None req-d58a4eba-8b0d-460b-8cdf-05f97b3ab97f admin admin] Pushing event updated for resources: {'SecurityGroup': ['ID=3a556153-15e3-40d9-9f5e-fb821cdc0bc2,revision_number=1']} {{(pid=106408) push /opt/stack/neutron/neutron/api/rpc/handlers/resources_rpc.py:237}}
Sep 19 16:14:23.577409 dv-cinder-858370-2-iscsi neutron-server[106408]: DEBUG neutron.api.rpc.handlers.resources_rpc [None req-7ae5fa94-6973-43c0-af00-b336298ffd54 service neutron] Pushing event updated for resources: {'Port': ['ID=a106b202-dd25-4a35-83f5-ddb4ba4b8d10,revision_number=2']} {{(pid=106408) push /opt/stack/neutron/neutron/api/rpc/handlers/resources_rpc.py:237}}
Sep 19 16:14:23.582982 dv-cinder-858370-2-iscsi neutron-server[106410]: INFO neutron.plugins.ml2.plugin [None req-33a1d2ab-9cd5-43c9-9c30-972ebc1388e7 None None] Attempt 6 to provision port a106b202-dd25-4a35-83f5-ddb4ba4b8d10
Sep 19 16:14:23.593547 dv-cinder-858370-2-iscsi neutron-server[106408]: DEBUG dbcounter [-] [106408] Writing DB stats neutron:SELECT=96,neutron:UPDATE=1,neutron:INSERT=3 {{(pid=106408) stat_writer /usr/local/lib/python3.8/dist-packages/dbcounter.py:114}}
Sep 19 16:14:23.622573 dv-cinder-858370-2-iscsi neutron-server[106408]: DEBUG dbcounter [-] [106408] Writing DB stats neutron:SELECT=88,neutron:INSERT=9,neutron:UPDATE=3 {{(pid=106408) stat_writer /usr/local/lib/python3.8/dist-packages/dbcounter.py:114}}
Sep 19 16:14:23.640066 dv-cinder-858370-2-iscsi neutron-server[106408]: DEBUG neutron.api.rpc.callbacks.version_manager [None req-d58a4eba-8b0d-460b-8cdf-05f97b3ab97f admin admin] Version for resource type AddressGroup changed None to 1.2 on consumer Open vSwitch agent@dv-cinder-858370-2-iscsi {{(pid=106408) _set_version /opt/stack/neutron/neutron/api/rpc/callbacks/version_manager.py:113}}
Sep 19 16:14:23.640774 dv-cinder-858370-2-iscsi neutron-server[106408]: DEBUG neutron.api.rpc.callbacks.version_manager [None req-d58a4eba-8b0d-460b-8cdf-05f97b3ab97f admin admin] Version for resource type Agent changed None to 1.1 on consumer Open vSwitch agent@dv-cinder-858370-2-iscsi {{(pid=106408) _set_version /opt/stack/neutron/neutron/api/rpc/callbacks/version_manager.py:113}}
Sep 19 16:14:23.641303 dv-cinder-858370-2-iscsi neutron-server[106408]: DEBUG neutron.api.rpc.callbacks.version_manager [None req-d58a4eba-8b0d-460b-8cdf-05f97b3ab97f admin admin] Version for resource type ConntrackHelper changed None to 1.0 on consumer Open vSwitch agent@dv-cinder-858370-2-iscsi {{(pid=106408) _set_version /opt/stack/neutron/neutron/api/rpc/callbacks/version_manager.py:113}}
Sep 19 16:14:23.641834 dv-cinder-858370-2-iscsi neutron-server[106408]: DEBUG neutron.api.rpc.callbacks.version_manager [None req-d58a4eba-8b0d-460b-8cdf-05f97b3ab97f admin admin] Version for resource type LocalIPAssociation changed None to 1.0 on consumer Open vSwitch agent@dv-cinder-858370-2-iscsi {{(pid=106408) _set_version /opt/stack/neutron/neutron/api/rpc/callbacks/version_manager.py:113}}
Sep 19 16:14:23.642355 dv-cinder-858370-2-iscsi neutron-server[106408]: DEBUG neutron.api.rpc.callbacks.version_manager [None req-d58a4eba-8b0d-460b-8cdf-05f97b3ab97f admin admin] Version for resource type Log changed None to 1.0 on consumer Open vSwitch agent@dv-cinder-858370-2-iscsi {{(pid=106408) _set_version /opt/stack/neutron/neutron/api/rpc/callbacks/version_manager.py:113}}
Sep 19 16:14:23.642984 dv-cinder-858370-2-iscsi neutron-server[106408]: DEBUG neutron.api.rpc.callbacks.version_manager [None req-d58a4eba-8b0d-460b-8cdf-05f97b3ab97f admin admin] Version for resource type NDPProxy changed None to 1.0 on consumer Open vSwitch agent@dv-cinder-858370-2-iscsi {{(pid=106408) _set_version /opt/stack/neutron/neutron/api/rpc/callbacks/version_manager.py:113}}
Sep 19 16:14:23.643554 dv-cinder-858370-2-iscsi neutron-server[106408]: DEBUG neutron.api.rpc.callbacks.version_manager [None req-d58a4eba-8b0d-460b-8cdf-05f97b3ab97f admin admin] Version for resource type Network changed None to 1.1 on consumer Open vSwitch agent@dv-cinder-858370-2-iscsi {{(pid=106408) _set_version /opt/stack/neutron/neutron/api/rpc/callbacks/version_manager.py:113}}
Sep 19 16:14:23.644057 dv-cinder-858370-2-iscsi neutron-server[106408]: DEBUG neutron.api.rpc.callbacks.version_manager [None req-d58a4eba-8b0d-460b-8cdf-05f97b3ab97f admin admin] Version for resource type Port changed None to 1.7 on consumer Open vSwitch agent@dv-cinder-858370-2-iscsi {{(pid=106408) _set_version /opt/stack/neutron/neutron/api/rpc/callbacks/version_manager.py:113}}
Sep 19 16:14:23.644569 dv-cinder-858370-2-iscsi neutron-server[106408]: DEBUG neutron.api.rpc.callbacks.version_manager [None req-d58a4eba-8b0d-460b-8cdf-05f97b3ab97f admin admin] Version for resource type PortForwarding changed None to 1.3 on consumer Open vSwitch agent@dv-cinder-858370-2-iscsi {{(pid=106408) _set_version /opt/stack/neutron/neutron/api/rpc/callbacks/version_manager.py:113}}
Sep 19 16:14:23.645149 dv-cinder-858370-2-iscsi neutron-server[106408]: DEBUG neutron.api.rpc.callbacks.version_manager [None req-d58a4eba-8b0d-460b-8cdf-05f97b3ab97f admin admin] Version for resource type QosPolicy changed None to 1.10 on consumer Open vSwitch agent@dv-cinder-858370-2-iscsi {{(pid=106408) _set_version /opt/stack/neutron/neutron/api/rpc/callbacks/version_manager.py:113}}
Sep 19 16:14:23.645688 dv-cinder-858370-2-iscsi neutron-server[106408]: DEBUG neutron.api.rpc.callbacks.version_manager [None req-d58a4eba-8b0d-460b-8cdf-05f97b3ab97f admin admin] Version for resource type SecurityGroup changed None to 1.5 on consumer Open vSwitch agent@dv-cinder-858370-2-iscsi {{(pid=106408) _set_version /opt/stack/neutron/neutron/api/rpc/callbacks/version_manager.py:113}}
Sep 19 16:14:23.646231 dv-cinder-858370-2-iscsi neutron-server[106408]: DEBUG neutron.api.rpc.callbacks.version_manager [None req-d58a4eba-8b0d-460b-8cdf-05f97b3ab97f admin admin] Version for resource type SecurityGroupRule changed None to 1.2 on consumer Open vSwitch agent@dv-cinder-858370-2-iscsi {{(pid=106408) _set_version /opt/stack/neutron/neutron/api/rpc/callbacks/version_manager.py:113}}
Sep 19 16:14:23.646703 dv-cinder-858370-2-iscsi neutron-server[106409]: INFO neutron.wsgi [req-247eeb5a-ac5f-4135-be0f-6fd0f0ced5aa req-aa6c8796-56f2-4892-9163-10f96376a06b tempest-AttachVolumeShelveTestJSON-1025235815 tempest-AttachVolumeShelveTestJSON-1025235815-project] 10.222.0.57 "GET /networking/v2.0/security-groups?id=e295d430-eafa-469f-8fec-516250bea068&fields=id&fields=name HTTP/1.1" status: 200 len: 313 time: 0.3790181
Sep 19 16:14:23.647444 dv-cinder-858370-2-iscsi neutron-server[106408]: DEBUG neutron.api.rpc.callbacks.version_manager [None req-d58a4eba-8b0d-460b-8cdf-05f97b3ab97f admin admin] Version for resource type SubPort changed None to 1.0 on consumer Open vSwitch agent@dv-cinder-858370-2-iscsi {{(pid=106408) _set_version /opt/stack/neutron/neutron/api/rpc/callbacks/version_manager.py:113}}
Sep 19 16:14:23.648487 dv-cinder-858370-2-iscsi neutron-server[106408]: DEBUG neutron.api.rpc.callbacks.version_manager [None req-d58a4eba-8b0d-460b-8cdf-05f97b3ab97f admin admin] Version for resource type Subnet changed None to 1.1 on consumer Open vSwitch agent@dv-cinder-858370-2-iscsi {{(pid=106408) _set_version /opt/stack/neutron/neutron/api/rpc/callbacks/version_manager.py:113}}
Sep 19 16:14:23.649033 dv-cinder-858370-2-iscsi neutron-server[106408]: DEBUG neutron.api.rpc.callbacks.version_manager [None req-d58a4eba-8b0d-460b-8cdf-05f97b3ab97f admin admin] Version for resource type Trunk changed None to 1.1 on consumer Open vSwitch agent@dv-cinder-858370-2-iscsi {{(pid=106408) _set_version /opt/stack/neutron/neutron/api/rpc/callbacks/version_manager.py:113}}
Sep 19 16:14:23.672022 dv-cinder-858370-2-iscsi neutron-server[106408]: DEBUG neutron.api.rpc.callbacks.version_manager [None req-7ae5fa94-6973-43c0-af00-b336298ffd54 service neutron] Version for resource type AddressGroup changed None to 1.2 on consumer Open vSwitch agent@dv-cinder-858370-2-iscsi {{(pid=106408) _set_version /opt/stack/neutron/neutron/api/rpc/callbacks/version_manager.py:113}}
Sep 19 16:14:23.672843 dv-cinder-858370-2-iscsi neutron-server[106408]: DEBUG neutron.api.rpc.callbacks.version_manager [None req-7ae5fa94-6973-43c0-af00-b336298ffd54 service neutron] Version for resource type Agent changed None to 1.1 on consumer Open vSwitch agent@dv-cinder-858370-2-iscsi {{(pid=106408) _set_version /opt/stack/neutron/neutron/api/rpc/callbacks/version_manager.py:113}}
Sep 19 16:14:23.673626 dv-cinder-858370-2-iscsi neutron-server[106408]: DEBUG neutron.api.rpc.callbacks.version_manager [None req-7ae5fa94-6973-43c0-af00-b336298ffd54 service neutron] Version for resource type ConntrackHelper changed None to 1.0 on consumer Open vSwitch agent@dv-cinder-858370-2-iscsi {{(pid=106408) _set_version /opt/stack/neutron/neutron/api/rpc/callbacks/version_manager.py:113}}
Sep 19 16:14:23.674273 dv-cinder-858370-2-iscsi neutron-server[106408]: DEBUG neutron.api.rpc.callbacks.version_manager [None req-7ae5fa94-6973-43c0-af00-b336298ffd54 service neutron] Version for resource type LocalIPAssociation changed None to 1.0 on consumer Open vSwitch agent@dv-cinder-858370-2-iscsi {{(pid=106408) _set_version /opt/stack/neutron/neutron/api/rpc/callbacks/version_manager.py:113}}
Sep 19 16:14:23.674840 dv-cinder-858370-2-iscsi neutron-server[106408]: DEBUG neutron.api.rpc.callbacks.version_manager [None req-7ae5fa94-6973-43c0-af00-b336298ffd54 service neutron] Version for resource type Log changed None to 1.0 on consumer Open vSwitch agent@dv-cinder-858370-2-iscsi {{(pid=106408) _set_version /opt/stack/neutron/neutron/api/rpc/callbacks/version_manager.py:113}}
Sep 19 16:14:23.675404 dv-cinder-858370-2-iscsi neutron-server[106408]: DEBUG neutron.api.rpc.callbacks.version_manager [None req-7ae5fa94-6973-43c0-af00-b336298ffd54 service neutron] Version for resource type NDPProxy changed None to 1.0 on consumer Open vSwitch agent@dv-cinder-858370-2-iscsi {{(pid=106408) _set_version /opt/stack/neutron/neutron/api/rpc/callbacks/version_manager.py:113}}
Sep 19 16:14:23.675977 dv-cinder-858370-2-iscsi neutron-server[106408]: DEBUG neutron.api.rpc.callbacks.version_manager [None req-7ae5fa94-6973-43c0-af00-b336298ffd54 service neutron] Version for resource type Network changed None to 1.1 on consumer Open vSwitch agent@dv-cinder-858370-2-iscsi {{(pid=106408) _set_version /opt/stack/neutron/neutron/api/rpc/callbacks/version_manager.py:113}}
Sep 19 16:14:23.676500 dv-cinder-858370-2-iscsi neutron-server[106408]: DEBUG neutron.api.rpc.callbacks.version_manager [None req-7ae5fa94-6973-43c0-af00-b336298ffd54 service neutron] Version for resource type Port changed None to 1.7 on consumer Open vSwitch agent@dv-cinder-858370-2-iscsi {{(pid=106408) _set_version /opt/stack/neutron/neutron/api/rpc/callbacks/version_manager.py:113}}
Sep 19 16:14:23.677050 dv-cinder-858370-2-iscsi neutron-server[106408]: DEBUG neutron.api.rpc.callbacks.version_manager [None req-7ae5fa94-6973-43c0-af00-b336298ffd54 service neutron] Version for resource type PortForwarding changed None to 1.3 on consumer Open vSwitch agent@dv-cinder-858370-2-iscsi {{(pid=106408) _set_version /opt/stack/neutron/neutron/api/rpc/callbacks/version_manager.py:113}}
Sep 19 16:14:23.677590 dv-cinder-858370-2-iscsi neutron-server[106408]: DEBUG neutron.api.rpc.callbacks.version_manager [None req-7ae5fa94-6973-43c0-af00-b336298ffd54 service neutron] Version for resource type QosPolicy changed None to 1.10 on consumer Open vSwitch agent@dv-cinder-858370-2-iscsi {{(pid=106408) _set_version /opt/stack/neutron/neutron/api/rpc/callbacks/version_manager.py:113}}
Sep 19 16:14:23.678152 dv-cinder-858370-2-iscsi neutron-server[106408]: DEBUG neutron.api.rpc.callbacks.version_manager [None req-7ae5fa94-6973-43c0-af00-b336298ffd54 service neutron] Version for resource type SecurityGroup changed None to 1.5 on consumer Open vSwitch agent@dv-cinder-858370-2-iscsi {{(pid=106408) _set_version /opt/stack/neutron/neutron/api/rpc/callbacks/version_manager.py:113}}
Sep 19 16:14:23.678855 dv-cinder-858370-2-iscsi neutron-server[106408]: DEBUG neutron.api.rpc.callbacks.version_manager [None req-7ae5fa94-6973-43c0-af00-b336298ffd54 service neutron] Version for resource type SecurityGroupRule changed None to 1.2 on consumer Open vSwitch agent@dv-cinder-858370-2-iscsi {{(pid=106408) _set_version /opt/stack/neutron/neutron/api/rpc/callbacks/version_manager.py:113}}
Sep 19 16:14:23.679619 dv-cinder-858370-2-iscsi neutron-server[106408]: DEBUG neutron.api.rpc.callbacks.version_manager [None req-7ae5fa94-6973-43c0-af00-b336298ffd54 service neutron] Version for resource type SubPort changed None to 1.0 on consumer Open vSwitch agent@dv-cinder-858370-2-iscsi {{(pid=106408) _set_version /opt/stack/neutron/neutron/api/rpc/callbacks/version_manager.py:113}}
Sep 19 16:14:23.680322 dv-cinder-858370-2-iscsi neutron-server[106408]: DEBUG neutron.api.rpc.callbacks.version_manager [None req-7ae5fa94-6973-43c0-af00-b336298ffd54 service neutron] Version for resource type Subnet changed None to 1.1 on consumer Open vSwitch agent@dv-cinder-858370-2-iscsi {{(pid=106408) _set_version /opt/stack/neutron/neutron/api/rpc/callbacks/version_manager.py:113}}
Sep 19 16:14:23.680834 dv-cinder-858370-2-iscsi neutron-server[106408]: DEBUG neutron.api.rpc.callbacks.version_manager [None req-7ae5fa94-6973-43c0-af00-b336298ffd54 service neutron] Version for resource type Trunk changed None to 1.1 on consumer Open vSwitch agent@dv-cinder-858370-2-iscsi {{(pid=106408) _set_version /opt/stack/neutron/neutron/api/rpc/callbacks/version_manager.py:113}}
Sep 19 16:14:23.703075 dv-cinder-858370-2-iscsi neutron-server[106408]: INFO neutron.wsgi [req-cf24f1fa-b0e4-4c5f-b35b-776d99e7bbbf req-277ee654-cf72-4f89-8e49-badd196044e0 service neutron] 10.222.0.16 "GET /networking/v2.0/networks/3d13a155-5005-43b7-ac5a-30d519aab3f9?fields=segments HTTP/1.1" status: 200 len: 212 time: 0.4017265
Sep 19 16:14:23.712003 dv-cinder-858370-2-iscsi neutron-server[106408]: DEBUG neutron.plugins.ml2.managers [req-dc7af0d7-5a2a-44c7-8e12-f1d4e2e2eb12 req-7ae5fa94-6973-43c0-af00-b336298ffd54 service neutron] Attempting to bind port a106b202-dd25-4a35-83f5-ddb4ba4b8d10 on host hv-cinder-85837 for vnic_type normal with profile {{(pid=106408) bind_port /opt/stack/neutron/neutron/plugins/ml2/managers.py:810}}
Sep 19 16:14:23.712648 dv-cinder-858370-2-iscsi neutron-server[106408]: DEBUG neutron.plugins.ml2.managers [req-dc7af0d7-5a2a-44c7-8e12-f1d4e2e2eb12 req-7ae5fa94-6973-43c0-af00-b336298ffd54 service neutron] Attempting to bind port a106b202-dd25-4a35-83f5-ddb4ba4b8d10 by drivers openvswitch,hyperv on host hv-cinder-85837 at level 0 using segments [{'id': 'a4dc428a-9a1b-441c-bc28-e2a7d6549311', 'network_type': 'vlan', 'physical_network': 'physnet1', 'segmentation_id': 186, 'network_id': '668f712a-f576-4558-aa5d-ef858ef28f5d'}] {{(pid=106408) _bind_port_level /opt/stack/neutron/neutron/plugins/ml2/managers.py:835}}
Sep 19 16:14:23.713191 dv-cinder-858370-2-iscsi neutron-server[106408]: DEBUG neutron.plugins.ml2.drivers.mech_agent [req-dc7af0d7-5a2a-44c7-8e12-f1d4e2e2eb12 req-7ae5fa94-6973-43c0-af00-b336298ffd54 service neutron] Attempting to bind port a106b202-dd25-4a35-83f5-ddb4ba4b8d10 on network 668f712a-f576-4558-aa5d-ef858ef28f5d {{(pid=106408) bind_port /opt/stack/neutron/neutron/plugins/ml2/drivers/mech_agent.py:91}}
Sep 19 16:14:23.735024 dv-cinder-858370-2-iscsi neutron-server[106409]: DEBUG neutron.pecan_wsgi.hooks.policy_enforcement [req-9523c56a-20c2-486f-ad79-6444b188c5e5 req-b3f786ca-3579-4df1-b5e7-65830c1c07ab service neutron] Attributes excluded by policy engine: ['standard_attr_id', 'vlan_transparent'] {{(pid=106409) _exclude_attributes_by_policy /opt/stack/neutron/neutron/pecan_wsgi/hooks/policy_enforcement.py:259}}
Sep 19 16:14:23.737255 dv-cinder-858370-2-iscsi neutron-server[106409]: INFO neutron.wsgi [req-9523c56a-20c2-486f-ad79-6444b188c5e5 req-b3f786ca-3579-4df1-b5e7-65830c1c07ab service neutron] 10.222.0.16 "GET /networking/v2.0/networks?shared=True HTTP/1.1" status: 200 len: 870 time: 0.3164489
Sep 19 16:14:23.739602 dv-cinder-858370-2-iscsi neutron-server[106409]: INFO neutron.wsgi [req-c6a2ebc9-04c7-4008-893e-7bd551bfc573 req-cfffddbf-836b-4b6c-b76d-52bd1173c9cc service neutron] 10.222.0.16 "GET /networking/v2.0/networks/32b57894-920f-4402-a64b-7ff50db77230?fields=provider%3Aphysical_network&fields=provider%3Anetwork_type HTTP/1.1" status: 200 len: 281 time: 0.4308143
Sep 19 16:14:23.744366 dv-cinder-858370-2-iscsi neutron-server[106409]: DEBUG neutron.pecan_wsgi.hooks.policy_enforcement [req-2dd127e5-7f72-45ce-9fb7-c0159471880f req-264f92d8-894c-471e-976b-e81cbdf98d63 service neutron] Attributes excluded by policy engine: ['standard_attr_id'] {{(pid=106409) _exclude_attributes_by_policy /opt/stack/neutron/neutron/pecan_wsgi/hooks/policy_enforcement.py:259}}
Sep 19 16:14:23.746264 dv-cinder-858370-2-iscsi neutron-server[106409]: INFO neutron.wsgi [req-2dd127e5-7f72-45ce-9fb7-c0159471880f req-264f92d8-894c-471e-976b-e81cbdf98d63 service neutron] 10.222.0.16 "GET /networking/v2.0/ports?tenant_id=0e35510b626e46aaae189f31b27ed663&device_id=7163ee7c-30ec-4aff-b4c6-5fe173a3efe2 HTTP/1.1" status: 200 len: 1127 time: 0.3203993
Sep 19 16:14:23.751369 dv-cinder-858370-2-iscsi neutron-server[106410]: DEBUG neutron.plugins.ml2.plugin [None req-33a1d2ab-9cd5-43c9-9c30-972ebc1388e7 None None] Port a106b202-dd25-4a35-83f5-ddb4ba4b8d10 cannot update to ACTIVE because it is not bound. {{(pid=106410) _port_provisioned /opt/stack/neutron/neutron/plugins/ml2/plugin.py:359}}
Sep 19 16:14:23.846817 dv-cinder-858370-2-iscsi neutron-server[106409]: DEBUG neutron.pecan_wsgi.hooks.policy_enforcement [req-b2511bab-9cb4-4ffb-9f00-b96be364fee8 req-b2d700f9-95ae-467a-9fd8-b4ebeb99045e service neutron] Attributes excluded by policy engine: ['standard_attr_id', 'vlan_transparent'] {{(pid=106409) _exclude_attributes_by_policy /opt/stack/neutron/neutron/pecan_wsgi/hooks/policy_enforcement.py:259}}
Sep 19 16:14:23.848382 dv-cinder-858370-2-iscsi neutron-server[106409]: INFO neutron.wsgi [req-b2511bab-9cb4-4ffb-9f00-b96be364fee8 req-b2d700f9-95ae-467a-9fd8-b4ebeb99045e service neutron] 10.222.0.16 "GET /networking/v2.0/networks?shared=True HTTP/1.1" status: 200 len: 870 time: 0.4263980
Sep 19 16:14:23.850133 dv-cinder-858370-2-iscsi neutron-server[106408]: INFO neutron.wsgi [req-3fa16b13-bd8c-48b0-903c-d813fdedb400 req-973f8f06-f313-4fa9-abe3-21e0ee19a4bd tempest-ServerRescueNegativeTestJSON-304726397 tempest-ServerRescueNegativeTestJSON-304726397-project] 10.222.0.57 "GET /networking/v2.0/security-groups?id=2d2e6bdb-01d3-4a00-95d7-3dd0fa07420d&fields=id&fields=name HTTP/1.1" status: 200 len: 286 time: 0.2609081
Sep 19 16:14:23.883109 dv-cinder-858370-2-iscsi neutron-server[106408]: DEBUG neutron_lib.callbacks.manager [None req-40c9ab96-9ae5-4da3-a33c-abe51af466c8 admin admin] Publish callbacks [] for security_group (3a556153-15e3-40d9-9f5e-fb821cdc0bc2), before_delete {{(pid=106408) _notify_loop /usr/local/lib/python3.8/dist-packages/neutron_lib/callbacks/manager.py:176}}
Sep 19 16:14:23.935456 dv-cinder-858370-2-iscsi neutron-server[106408]: DEBUG neutron.plugins.ml2.drivers.mech_agent [req-dc7af0d7-5a2a-44c7-8e12-f1d4e2e2eb12 req-7ae5fa94-6973-43c0-af00-b336298ffd54 service neutron] Port a106b202-dd25-4a35-83f5-ddb4ba4b8d10 on network 668f712a-f576-4558-aa5d-ef858ef28f5d not bound, no agent of type Open vSwitch agent registered on host hv-cinder-85837 {{(pid=106408) bind_port /opt/stack/neutron/neutron/plugins/ml2/drivers/mech_agent.py:120}}
Sep 19 16:14:23.936256 dv-cinder-858370-2-iscsi neutron-server[106408]: DEBUG neutron.plugins.ml2.drivers.mech_agent [req-dc7af0d7-5a2a-44c7-8e12-f1d4e2e2eb12 req-7ae5fa94-6973-43c0-af00-b336298ffd54 service neutron] Attempting to bind port a106b202-dd25-4a35-83f5-ddb4ba4b8d10 on network 668f712a-f576-4558-aa5d-ef858ef28f5d {{(pid=106408) bind_port /opt/stack/neutron/neutron/plugins/ml2/drivers/mech_agent.py:91}}
Sep 19 16:14:23.994671 dv-cinder-858370-2-iscsi neutron-server[106409]: DEBUG neutron.pecan_wsgi.hooks.policy_enforcement [req-4ceae0fb-7cd3-4a61-ac60-a161372f58f0 req-90054107-cf4d-4c0c-8e49-0181dec48c22 tempest-AttachVolumeNegativeTest-1544698964 tempest-AttachVolumeNegativeTest-1544698964-project] Attributes excluded by policy engine: ['standard_attr_id', 'binding:profile', 'binding:host_id', 'binding:vif_type', 'binding:vif_details'] {{(pid=106409) _exclude_attributes_by_policy /opt/stack/neutron/neutron/pecan_wsgi/hooks/policy_enforcement.py:259}}
Sep 19 16:14:24.008852 dv-cinder-858370-2-iscsi neutron-server[106409]: INFO neutron.wsgi [req-4ceae0fb-7cd3-4a61-ac60-a161372f58f0 req-90054107-cf4d-4c0c-8e49-0181dec48c22 tempest-AttachVolumeNegativeTest-1544698964 tempest-AttachVolumeNegativeTest-1544698964-project] 10.222.0.57 "GET /networking/v2.0/ports?device_id=5d5cfe70-1a06-4c64-91bf-4681779bd260 HTTP/1.1" status: 200 len: 943 time: 0.1089439
Sep 19 16:14:24.009372 dv-cinder-858370-2-iscsi neutron-server[106408]: DEBUG neutron_lib.callbacks.manager [None req-40c9ab96-9ae5-4da3-a33c-abe51af466c8 admin admin] Publish callbacks [] for security_group (3a556153-15e3-40d9-9f5e-fb821cdc0bc2), precommit_delete {{(pid=106408) _notify_loop /usr/local/lib/python3.8/dist-packages/neutron_lib/callbacks/manager.py:176}}
Sep 19 16:14:24.151510 dv-cinder-858370-2-iscsi neutron-server[106409]: INFO neutron.wsgi [req-4ceae0fb-7cd3-4a61-ac60-a161372f58f0 req-fcc006de-a445-4c0c-9f14-3658938a4081 tempest-AttachVolumeNegativeTest-1544698964 tempest-AttachVolumeNegativeTest-1544698964-project] 10.222.0.57 "GET /networking/v2.0/security-groups?id=56ca6c62-fe95-4ebc-a874-ddb93a268c67&fields=id&fields=name HTTP/1.1" status: 200 len: 312 time: 0.1341910
Sep 19 16:14:24.174153 dv-cinder-858370-2-iscsi neutron-server[106408]: DEBUG neutron.plugins.ml2.drivers.mech_agent [req-dc7af0d7-5a2a-44c7-8e12-f1d4e2e2eb12 req-7ae5fa94-6973-43c0-af00-b336298ffd54 service neutron] Checking agent: {'id': '3d057176-5997-41e3-8286-fbecd949454d', 'agent_type': 'HyperV agent', 'binary': 'neutron-hyperv-agent', 'topic': 'N/A', 'host': 'hv-cinder-85837', 'admin_state_up': True, 'created_at': datetime.datetime(2022, 9, 19, 16, 11, 32), 'started_at': datetime.datetime(2022, 9, 19, 16, 11, 32), 'heartbeat_timestamp': datetime.datetime(2022, 9, 19, 16, 14, 3), 'description': None, 'resources_synced': None, 'availability_zone': None, 'alive': True, 'configurations': {'vswitch_mappings': {'physnet1$': 'br-data'}}, 'resource_versions': {}} {{(pid=106408) bind_port /opt/stack/neutron/neutron/plugins/ml2/drivers/mech_agent.py:127}}
Sep 19 16:14:24.174891 dv-cinder-858370-2-iscsi neutron-server[106408]: DEBUG neutron.plugins.ml2.drivers.mech_agent [req-dc7af0d7-5a2a-44c7-8e12-f1d4e2e2eb12 req-7ae5fa94-6973-43c0-af00-b336298ffd54 service neutron] Checking segment: {'id': 'a4dc428a-9a1b-441c-bc28-e2a7d6549311', 'network_type': 'vlan', 'physical_network': 'physnet1', 'segmentation_id': 186, 'network_id': '668f712a-f576-4558-aa5d-ef858ef28f5d'} for mappings: {'physnet1$': 'br-data'} with network types: ['local', 'flat', 'vlan'] {{(pid=106408) check_segment_for_agent /opt/stack/neutron/neutron/plugins/ml2/drivers/mech_agent.py:399}}
