Sep 21 21:34:29.802116 dv-cinder-858344-1-iscsi neutron-server[104009]: DEBUG neutron_lib.callbacks.manager [None req-eaeaf602-4e71-48c0-905f-aab9ff9c5d11 admin admin] Publish callbacks ['neutron.api.rpc.agentnotifiers.dhcp_rpc_agent_api.DhcpAgentNotifyAPI._after_router_interface_created-7805124', 'neutron.services.l3_router.l3_router_plugin.DVRResourceOperationHandler._update_snat_v6_addrs_after_intf_update-7899695'] for router_interface (41d04b93-1041-4621-84dc-003ed06f6f9d), after_create {{(pid=104009) _notify_loop /usr/local/lib/python3.8/dist-packages/neutron_lib/callbacks/manager.py:176}}
Sep 21 21:34:29.886162 dv-cinder-858344-1-iscsi neutron-server[104011]: DEBUG neutron.db.provisioning_blocks [None req-d51e01d9-76ba-4397-b6a9-036c1ad42662 None None] Provisioning complete for port 588c7a10-1b90-4829-baa8-f0827d8501c4 triggered by entity L2. {{(pid=104011) provisioning_complete /opt/stack/neutron/neutron/db/provisioning_blocks.py:140}}
Sep 21 21:34:29.886585 dv-cinder-858344-1-iscsi neutron-server[104011]: DEBUG neutron_lib.callbacks.manager [None req-d51e01d9-76ba-4397-b6a9-036c1ad42662 None None] Publish callbacks ['neutron.plugins.ml2.plugin.Ml2Plugin._port_provisioned-1461827'] for port (588c7a10-1b90-4829-baa8-f0827d8501c4), provisioning_complete {{(pid=104011) _notify_loop /usr/local/lib/python3.8/dist-packages/neutron_lib/callbacks/manager.py:176}}
Sep 21 21:34:29.886944 dv-cinder-858344-1-iscsi neutron-server[104011]: INFO neutron.plugins.ml2.plugin [None req-d51e01d9-76ba-4397-b6a9-036c1ad42662 None None] Attempt 1 to provision port 588c7a10-1b90-4829-baa8-f0827d8501c4
Sep 21 21:34:29.891710 dv-cinder-858344-1-iscsi neutron-server[104009]: DEBUG neutron_lib.callbacks.manager [None req-fdc3a69d-58fa-487e-9878-8540fc49799d admin admin] Publish callbacks ['neutron.plugins.ml2.ovo_rpc._ObjectChangeHandler.handle_event-7881668'] for security_group (9a6fd909-8bb4-454f-bba9-d0739de267f1), after_delete {{(pid=104009) _notify_loop /usr/local/lib/python3.8/dist-packages/neutron_lib/callbacks/manager.py:176}}
Sep 21 21:34:29.903866 dv-cinder-858344-1-iscsi neutron-server[104009]: DEBUG neutron_lib.callbacks.manager [None req-fdc3a69d-58fa-487e-9878-8540fc49799d admin admin] Publish callbacks [] for security_group (None), before_response {{(pid=104009) _notify_loop /usr/local/lib/python3.8/dist-packages/neutron_lib/callbacks/manager.py:176}}
Sep 21 21:34:29.917096 dv-cinder-858344-1-iscsi neutron-server[104009]: INFO neutron.wsgi [None req-fdc3a69d-58fa-487e-9878-8540fc49799d admin admin] 10.222.0.18 "DELETE /v2.0/security-groups/9a6fd909-8bb4-454f-bba9-d0739de267f1 HTTP/1.1" status: 204 len: 168 time: 1.2583346
Sep 21 21:34:29.950207 dv-cinder-858344-1-iscsi neutron-server[104009]: DEBUG neutron.api.rpc.handlers.resources_rpc [None req-be37ff27-3ba6-49c7-9228-b621889f3ec0 admin admin] Pushing event updated for resources: {'Port': ['ID=8effd931-8c6d-4a2a-8ec6-b78ede1ccd91,revision_number=1']} {{(pid=104009) push /opt/stack/neutron/neutron/api/rpc/handlers/resources_rpc.py:237}}
Sep 21 21:34:29.959344 dv-cinder-858344-1-iscsi neutron-server[104010]: DEBUG neutron_lib.callbacks.manager [None req-3ce54111-216b-4cc9-97db-ba9892ee4c4d tempest-AttachVolumeNegativeTest-2085690663 tempest-AttachVolumeNegativeTest-2085690663-project] Publish callbacks [] for port (8c9469e2-b221-4530-9175-71fe9fa44e8d), precommit_update {{(pid=104010) _notify_loop /usr/local/lib/python3.8/dist-packages/neutron_lib/callbacks/manager.py:176}}
Sep 21 21:34:30.007124 dv-cinder-858344-1-iscsi neutron-server[104011]: DEBUG neutron.plugins.ml2.plugin [None req-6e4cd3f7-7ab7-443a-9474-64f9da527173 None None] Current status of the port c05d3281-00f6-4bc7-ac7e-dc5725a3e4cd is: ACTIVE; New status is: ACTIVE {{(pid=104011) _update_individual_port_db_status /opt/stack/neutron/neutron/plugins/ml2/plugin.py:2287}}
Sep 21 21:34:30.075472 dv-cinder-858344-1-iscsi neutron-server[104011]: DEBUG neutron.db.provisioning_blocks [None req-6e4cd3f7-7ab7-443a-9474-64f9da527173 None None] Provisioning complete for port 08481483-4cba-4412-ad5a-4c5d6df4830c triggered by entity DHCP. {{(pid=104011) provisioning_complete /opt/stack/neutron/neutron/db/provisioning_blocks.py:140}}
Sep 21 21:34:30.075862 dv-cinder-858344-1-iscsi neutron-server[104011]: DEBUG neutron_lib.callbacks.manager [None req-6e4cd3f7-7ab7-443a-9474-64f9da527173 None None] Publish callbacks ['neutron.plugins.ml2.plugin.Ml2Plugin._port_provisioned-1461827'] for port (08481483-4cba-4412-ad5a-4c5d6df4830c), provisioning_complete {{(pid=104011) _notify_loop /usr/local/lib/python3.8/dist-packages/neutron_lib/callbacks/manager.py:176}}
Sep 21 21:34:30.079728 dv-cinder-858344-1-iscsi neutron-server[104011]: INFO neutron.plugins.ml2.plugin [None req-6e4cd3f7-7ab7-443a-9474-64f9da527173 None None] Attempt 1 to provision port 08481483-4cba-4412-ad5a-4c5d6df4830c
Sep 21 21:34:30.100277 dv-cinder-858344-1-iscsi neutron-server[104009]: DEBUG neutron.api.rpc.handlers.resources_rpc [None req-eaeaf602-4e71-48c0-905f-aab9ff9c5d11 admin admin] Pushing event updated for resources: {'Port': ['ID=08481483-4cba-4412-ad5a-4c5d6df4830c,revision_number=2']} {{(pid=104009) push /opt/stack/neutron/neutron/api/rpc/handlers/resources_rpc.py:237}}
Sep 21 21:34:30.145810 dv-cinder-858344-1-iscsi neutron-server[104010]: DEBUG novaclient.v2.client [-] REQ: curl -g -i --cacert "/opt/stack/data/ca-bundle.pem" -X POST http://10.222.0.18/compute/v2.1/os-server-external-events -H "Accept: application/json" -H "Content-Type: application/json" -H "User-Agent: python-novaclient" -H "X-Auth-Token: {SHA256}7631c321512c413ef55d8135254343c0603fda48467e079411a4cd3e0386ed04" -H "X-OpenStack-Nova-API-Version: 2.1" -H "X-OpenStack-Request-ID: req-5b2cc769-d17d-4df3-a468-308ef19f4bcc" -d '{"events": [{"name": "network-changed", "server_uuid": "b57f6d21-288d-4d45-83d0-57efcaa6481f", "tag": "a4eac976-7d49-4518-81b9-6de0c3078354"}]}' {{(pid=104010) _http_log_request /usr/local/lib/python3.8/dist-packages/keystoneauth1/session.py:519}}
Sep 21 21:34:30.197313 dv-cinder-858344-1-iscsi neutron-server[104009]: DEBUG neutron.wsgi [req-44bc4c26-03f7-43b8-86ec-edfdf87e507f req-ebea59b0-1e94-4be3-8def-5697be759299 service neutron] http://10.222.0.18:9696/v2.0/extensions returned with HTTP 200 {{(pid=104009) __call__ /opt/stack/neutron/neutron/wsgi.py:730}}
Sep 21 21:34:30.214076 dv-cinder-858344-1-iscsi neutron-server[104009]: INFO neutron.wsgi [req-44bc4c26-03f7-43b8-86ec-edfdf87e507f req-ebea59b0-1e94-4be3-8def-5697be759299 service neutron] 10.222.0.18 "GET /v2.0/extensions HTTP/1.1" status: 200 len: 14082 time: 0.5123768
Sep 21 21:34:30.220693 dv-cinder-858344-1-iscsi neutron-server[104010]: DEBUG neutron_lib.callbacks.manager [None req-3ce54111-216b-4cc9-97db-ba9892ee4c4d tempest-AttachVolumeNegativeTest-2085690663 tempest-AttachVolumeNegativeTest-2085690663-project] Publish callbacks ['neutron.plugins.ml2.plugin.SecurityGroupServerNotifierRpcMixin._notify_sg_on_port_change-1511738', 'neutron.plugins.ml2.ovo_rpc._ObjectChangeHandler.handle_event-156631', 'neutron.api.rpc.agentnotifiers.dhcp_rpc_agent_api.DhcpAgentNotifyAPI._native_event_send_dhcp_notification-7805146', 'neutron.db.l3_db.L3RpcNotifierMixin._notify_gateway_port_ip_changed-8751864599143', 'neutron.db.l3_dvrscheduler_db._notify_l3_agent_port_update-8751864013770', 'neutron.db.l3_hascheduler_db._notify_l3_agent_ha_port_update-8751864013788', 'neutron.services.segments.plugin.NovaSegmentNotifier._notify_port_updated-5121958'] for port (8c9469e2-b221-4530-9175-71fe9fa44e8d), after_update {{(pid=104010) _notify_loop /usr/local/lib/python3.8/dist-packages/neutron_lib/callbacks/manager.py:176}}
Sep 21 21:34:30.226313 dv-cinder-858344-1-iscsi neutron-server[104010]: DEBUG neutron.api.rpc.handlers.resources_rpc [None req-1bf41213-9442-44a9-a335-5d978cb6dc9f service neutron] Pushing event updated for resources: {'Port': ['ID=a4eac976-7d49-4518-81b9-6de0c3078354,revision_number=3']} {{(pid=104010) push /opt/stack/neutron/neutron/api/rpc/handlers/resources_rpc.py:237}}
Sep 21 21:34:30.263000 dv-cinder-858344-1-iscsi neutron-server[104009]: DEBUG neutron_lib.callbacks.manager [None req-be37ff27-3ba6-49c7-9228-b621889f3ec0 admin admin] Publish callbacks ['neutron.plugins.ml2.plugin.SecurityGroupDbMixin._ensure_default_security_group_handler-1567914'] for port (8effd931-8c6d-4a2a-8ec6-b78ede1ccd91), before_update {{(pid=104009) _notify_loop /usr/local/lib/python3.8/dist-packages/neutron_lib/callbacks/manager.py:176}}
Sep 21 21:34:30.265672 dv-cinder-858344-1-iscsi neutron-server[104009]: DEBUG neutron.api.rpc.handlers.resources_rpc [None req-fdc3a69d-58fa-487e-9878-8540fc49799d admin admin] Pushing event deleted for resources: {'SecurityGroup': ['ID=9a6fd909-8bb4-454f-bba9-d0739de267f1,revision_number=None']} {{(pid=104009) push /opt/stack/neutron/neutron/api/rpc/handlers/resources_rpc.py:237}}
Sep 21 21:34:30.270107 dv-cinder-858344-1-iscsi neutron-server[104011]: DEBUG neutron.plugins.ml2.plugin [None req-d51e01d9-76ba-4397-b6a9-036c1ad42662 None None] Current status of the port 588c7a10-1b90-4829-baa8-f0827d8501c4 is: ACTIVE; New status is: ACTIVE {{(pid=104011) _update_individual_port_db_status /opt/stack/neutron/neutron/plugins/ml2/plugin.py:2287}}
Sep 21 21:34:30.272171 dv-cinder-858344-1-iscsi neutron-server[104011]: DEBUG neutron.plugins.ml2.rpc [None req-d51e01d9-76ba-4397-b6a9-036c1ad42662 None None] Device c05d3281-00f6-4bc7-ac7e-dc5725a3e4cd up at agent ovs-agent-dv-cinder-858344-1-iscsi {{(pid=104011) update_device_up /opt/stack/neutron/neutron/plugins/ml2/rpc.py:296}}
Sep 21 21:34:30.280435 dv-cinder-858344-1-iscsi neutron-server[104009]: DEBUG neutron_lib.callbacks.manager [None req-a8699ede-4826-4ebf-af36-d93b215160fc admin admin] Publish callbacks ['neutron.plugins.ml2.ovo_rpc._ObjectChangeHandler.handle_event-7881668'] for security_group (4f46d1cf-9da6-4d59-842f-01c5fc019bf6), after_delete {{(pid=104009) _notify_loop /usr/local/lib/python3.8/dist-packages/neutron_lib/callbacks/manager.py:176}}
Sep 21 21:34:30.283602 dv-cinder-858344-1-iscsi neutron-server[104009]: DEBUG neutron_lib.callbacks.manager [None req-a8699ede-4826-4ebf-af36-d93b215160fc admin admin] Publish callbacks [] for security_group (None), before_response {{(pid=104009) _notify_loop /usr/local/lib/python3.8/dist-packages/neutron_lib/callbacks/manager.py:176}}
Sep 21 21:34:30.288653 dv-cinder-858344-1-iscsi neutron-server[104009]: INFO neutron.wsgi [None req-a8699ede-4826-4ebf-af36-d93b215160fc admin admin] 10.222.0.18 "DELETE /v2.0/security-groups/4f46d1cf-9da6-4d59-842f-01c5fc019bf6 HTTP/1.1" status: 204 len: 168 time: 2.0347841
Sep 21 21:34:30.361662 dv-cinder-858344-1-iscsi neutron-server[104009]: DEBUG neutron.api.rpc.handlers.resources_rpc [None req-a8699ede-4826-4ebf-af36-d93b215160fc admin admin] Pushing event deleted for resources: {'SecurityGroup': ['ID=4f46d1cf-9da6-4d59-842f-01c5fc019bf6,revision_number=None']} {{(pid=104009) push /opt/stack/neutron/neutron/api/rpc/handlers/resources_rpc.py:237}}
Sep 21 21:34:30.414498 dv-cinder-858344-1-iscsi neutron-server[104011]: DEBUG neutron.plugins.ml2.plugin [None req-6e4cd3f7-7ab7-443a-9474-64f9da527173 None None] Port 08481483-4cba-4412-ad5a-4c5d6df4830c cannot update to ACTIVE because it is not bound. {{(pid=104011) _port_provisioned /opt/stack/neutron/neutron/plugins/ml2/plugin.py:356}}
Sep 21 21:34:30.449717 dv-cinder-858344-1-iscsi neutron-server[104011]: DEBUG neutron.db.provisioning_blocks [None req-d51e01d9-76ba-4397-b6a9-036c1ad42662 None None] Provisioning complete for port c05d3281-00f6-4bc7-ac7e-dc5725a3e4cd triggered by entity L2. {{(pid=104011) provisioning_complete /opt/stack/neutron/neutron/db/provisioning_blocks.py:140}}
Sep 21 21:34:30.450122 dv-cinder-858344-1-iscsi neutron-server[104011]: DEBUG neutron_lib.callbacks.manager [None req-d51e01d9-76ba-4397-b6a9-036c1ad42662 None None] Publish callbacks ['neutron.plugins.ml2.plugin.Ml2Plugin._port_provisioned-1461827'] for port (c05d3281-00f6-4bc7-ac7e-dc5725a3e4cd), provisioning_complete {{(pid=104011) _notify_loop /usr/local/lib/python3.8/dist-packages/neutron_lib/callbacks/manager.py:176}}
Sep 21 21:34:30.456294 dv-cinder-858344-1-iscsi neutron-server[104011]: INFO neutron.plugins.ml2.plugin [None req-d51e01d9-76ba-4397-b6a9-036c1ad42662 None None] Attempt 1 to provision port c05d3281-00f6-4bc7-ac7e-dc5725a3e4cd
Sep 21 21:34:30.520104 dv-cinder-858344-1-iscsi neutron-server[104010]: DEBUG neutron.api.rpc.handlers.resources_rpc [None req-3ce54111-216b-4cc9-97db-ba9892ee4c4d tempest-AttachVolumeNegativeTest-2085690663 tempest-AttachVolumeNegativeTest-2085690663-project] Pushing event updated for resources: {'Port': ['ID=8c9469e2-b221-4530-9175-71fe9fa44e8d,revision_number=2']} {{(pid=104010) push /opt/stack/neutron/neutron/api/rpc/handlers/resources_rpc.py:237}}
Sep 21 21:34:30.644505 dv-cinder-858344-1-iscsi neutron-server[104009]: INFO neutron.wsgi [req-44bc4c26-03f7-43b8-86ec-edfdf87e507f req-ca6257c0-5a7c-4e65-bcd1-162a45321678 service neutron] 10.222.0.18 "GET /v2.0/networks/63fcecc3-32c4-46d5-887e-4614c3e0a04e?fields=segments HTTP/1.1" status: 200 len: 212 time: 0.4274397
Sep 21 21:34:30.653609 dv-cinder-858344-1-iscsi neutron-server[104010]: DEBUG neutron.pecan_wsgi.hooks.policy_enforcement [req-292c500f-b8ac-4eaf-916d-66b9c3f183df req-10bdf96a-2df8-4586-9b87-fba6cf8ef2fc service neutron] Attributes excluded by policy engine: ['standard_attr_id'] {{(pid=104010) _exclude_attributes_by_policy /opt/stack/neutron/neutron/pecan_wsgi/hooks/policy_enforcement.py:259}}
Sep 21 21:34:30.655602 dv-cinder-858344-1-iscsi neutron-server[104010]: INFO neutron.wsgi [req-292c500f-b8ac-4eaf-916d-66b9c3f183df req-10bdf96a-2df8-4586-9b87-fba6cf8ef2fc service neutron] 10.222.0.20 "GET /v2.0/ports?tenant_id=527106f3b67041d18574b2321a1388df&device_id=b57f6d21-288d-4d45-83d0-57efcaa6481f HTTP/1.1" status: 200 len: 1127 time: 0.8518682
Sep 21 21:34:30.660750 dv-cinder-858344-1-iscsi neutron-server[104009]: DEBUG neutron.scheduler.dhcp_agent_scheduler [None req-eaeaf602-4e71-48c0-905f-aab9ff9c5d11 admin admin] Network ecad66f2-59b8-4516-8c0e-0febca011efd is already hosted by enough agents. {{(pid=104009) _get_dhcp_agents_hosting_network /opt/stack/neutron/neutron/scheduler/dhcp_agent_scheduler.py:275}}
Sep 21 21:34:30.663759 dv-cinder-858344-1-iscsi neutron-server[104010]: DEBUG neutron_lib.callbacks.manager [None req-3ce54111-216b-4cc9-97db-ba9892ee4c4d tempest-AttachVolumeNegativeTest-2085690663 tempest-AttachVolumeNegativeTest-2085690663-project] Publish callbacks ['neutron.services.l3_router.l3_router_plugin.DVRResourceOperationHandler._create_dvr_floating_gw_port-7899146'] for floatingip (ab097c2c-6f0c-44c2-9fb6-0100f5bab809), after_create {{(pid=104010) _notify_loop /usr/local/lib/python3.8/dist-packages/neutron_lib/callbacks/manager.py:176}}
Sep 21 21:34:30.673948 dv-cinder-858344-1-iscsi neutron-server[104009]: DEBUG neutron.scheduler.base_scheduler [None req-eaeaf602-4e71-48c0-905f-aab9ff9c5d11 admin admin] Resources bound (agent type, host, resource id): {{(pid=104009) schedule /opt/stack/neutron/neutron/scheduler/base_scheduler.py:57}}
Sep 21 21:34:30.716647 dv-cinder-858344-1-iscsi neutron-server[104010]: DEBUG neutron.pecan_wsgi.hooks.policy_enforcement [req-54d4d03e-01fd-49af-a51c-d8c2e006f29d req-799c30ef-8c57-4dba-8242-e68babbfa46e tempest-DeleteServersTestJSON-533906562 tempest-DeleteServersTestJSON-533906562-project] Attributes excluded by policy engine: ['standard_attr_id', 'binding:profile', 'binding:host_id', 'binding:vif_type', 'binding:vif_details'] {{(pid=104010) _exclude_attributes_by_policy /opt/stack/neutron/neutron/pecan_wsgi/hooks/policy_enforcement.py:259}}
Sep 21 21:34:30.719101 dv-cinder-858344-1-iscsi neutron-server[104010]: INFO neutron.wsgi [req-54d4d03e-01fd-49af-a51c-d8c2e006f29d req-799c30ef-8c57-4dba-8242-e68babbfa46e tempest-DeleteServersTestJSON-533906562 tempest-DeleteServersTestJSON-533906562-project] 10.222.0.18 "GET /v2.0/ports?device_id=b57f6d21-288d-4d45-83d0-57efcaa6481f HTTP/1.1" status: 200 len: 943 time: 0.4805918
Sep 21 21:34:30.795225 dv-cinder-858344-1-iscsi neutron-server[104010]: DEBUG neutron_lib.callbacks.manager [None req-3ce54111-216b-4cc9-97db-ba9892ee4c4d tempest-AttachVolumeNegativeTest-2085690663 tempest-AttachVolumeNegativeTest-2085690663-project] Publish callbacks ['neutron.notifiers.nova.Notifier._send_nova_notification-230604'] for floatingip (None), before_response {{(pid=104010) _notify_loop /usr/local/lib/python3.8/dist-packages/neutron_lib/callbacks/manager.py:176}}
Sep 21 21:34:30.809950 dv-cinder-858344-1-iscsi neutron-server[104010]: INFO neutron.wsgi [None req-3ce54111-216b-4cc9-97db-ba9892ee4c4d tempest-AttachVolumeNegativeTest-2085690663 tempest-AttachVolumeNegativeTest-2085690663-project] 10.222.0.18 "POST /v2.0/floatingips HTTP/1.1" status: 201 len: 693 time: 6.1797919
Sep 21 21:34:30.937561 dv-cinder-858344-1-iscsi neutron-server[104010]: INFO neutron.wsgi [req-292c500f-b8ac-4eaf-916d-66b9c3f183df req-9ac2d2f2-913e-4ef4-b598-d1e0e2bf1dc7 service neutron] 10.222.0.20 "GET /v2.0/floatingips?fixed_ip_address=172.20.0.4&port_id=a4eac976-7d49-4518-81b9-6de0c3078354 HTTP/1.1" status: 200 len: 217 time: 0.2476847
Sep 21 21:34:31.038956 dv-cinder-858344-1-iscsi neutron-server[104010]: DEBUG neutron.pecan_wsgi.hooks.policy_enforcement [req-292c500f-b8ac-4eaf-916d-66b9c3f183df req-3f393ace-79f3-4d0e-9d02-db78b2198c60 service neutron] Attributes excluded by policy engine: ['standard_attr_id', 'shared', 'segment_id'] {{(pid=104010) _exclude_attributes_by_policy /opt/stack/neutron/neutron/pecan_wsgi/hooks/policy_enforcement.py:259}}
Sep 21 21:34:31.040693 dv-cinder-858344-1-iscsi neutron-server[104010]: INFO neutron.wsgi [req-292c500f-b8ac-4eaf-916d-66b9c3f183df req-3f393ace-79f3-4d0e-9d02-db78b2198c60 service neutron] 10.222.0.20 "GET /v2.0/subnets?id=073a990b-3b8a-4dc4-9bac-8957e2505136 HTTP/1.1" status: 200 len: 850 time: 0.0882902
Sep 21 21:34:31.103491 dv-cinder-858344-1-iscsi neutron-server[104011]: INFO neutron.plugins.ml2.plugin [None req-6e4cd3f7-7ab7-443a-9474-64f9da527173 None None] Attempt 2 to provision port 08481483-4cba-4412-ad5a-4c5d6df4830c
Sep 21 21:34:31.195229 dv-cinder-858344-1-iscsi neutron-server[104010]: INFO neutron.wsgi [req-54d4d03e-01fd-49af-a51c-d8c2e006f29d req-f8792591-8912-4901-954e-7df11def0163 tempest-DeleteServersTestJSON-533906562 tempest-DeleteServersTestJSON-533906562-project] 10.222.0.18 "GET /v2.0/security-groups?id=89890d23-f0ae-49ea-9e45-b84eb4330feb&fields=id&fields=name HTTP/1.1" status: 200 len: 286 time: 0.4656684
Sep 21 21:34:31.242404 dv-cinder-858344-1-iscsi neutron-server[104011]: DEBUG neutron.plugins.ml2.plugin [None req-6e4cd3f7-7ab7-443a-9474-64f9da527173 None None] Port 08481483-4cba-4412-ad5a-4c5d6df4830c cannot update to ACTIVE because it is not bound. {{(pid=104011) _port_provisioned /opt/stack/neutron/neutron/plugins/ml2/plugin.py:356}}
Sep 21 21:34:31.262229 dv-cinder-858344-1-iscsi neutron-server[104010]: DEBUG neutron.pecan_wsgi.hooks.policy_enforcement [req-292c500f-b8ac-4eaf-916d-66b9c3f183df req-887f6169-aabd-49b0-abe6-a94e720dea4d service neutron] Attributes excluded by policy engine: ['standard_attr_id'] {{(pid=104010) _exclude_attributes_by_policy /opt/stack/neutron/neutron/pecan_wsgi/hooks/policy_enforcement.py:259}}
Sep 21 21:34:31.263788 dv-cinder-858344-1-iscsi neutron-server[104010]: INFO neutron.wsgi [req-292c500f-b8ac-4eaf-916d-66b9c3f183df req-887f6169-aabd-49b0-abe6-a94e720dea4d service neutron] 10.222.0.20 "GET /v2.0/ports?network_id=20307f56-a779-4e85-8f8d-92b249dce89b&device_owner=network%3Adhcp HTTP/1.1" status: 200 len: 1212 time: 0.2171597
Sep 21 21:34:31.278951 dv-cinder-858344-1-iscsi neutron-server[104010]: DEBUG neutron.wsgi [-] (104010) accepted ('10.222.0.18', 53798) {{(pid=104010) server /usr/local/lib/python3.8/dist-packages/eventlet/wsgi.py:1004}}
Sep 21 21:34:31.294501 dv-cinder-858344-1-iscsi neutron-server[104009]: INFO neutron.wsgi [req-44bc4c26-03f7-43b8-86ec-edfdf87e507f req-afbf5702-6dbb-4628-80f4-8cc8d617c427 service neutron] 10.222.0.18 "GET /v2.0/networks/63fcecc3-32c4-46d5-887e-4614c3e0a04e?fields=provider%3Aphysical_network&fields=provider%3Anetwork_type HTTP/1.1" status: 200 len: 281 time: 0.6359861
Sep 21 21:34:31.414263 dv-cinder-858344-1-iscsi neutron-server[104011]: DEBUG neutron.plugins.ml2.plugin [None req-d51e01d9-76ba-4397-b6a9-036c1ad42662 None None] Current status of the port c05d3281-00f6-4bc7-ac7e-dc5725a3e4cd is: ACTIVE; New status is: ACTIVE {{(pid=104011) _update_individual_port_db_status /opt/stack/neutron/neutron/plugins/ml2/plugin.py:2287}}
Sep 21 21:34:31.419253 dv-cinder-858344-1-iscsi neutron-server[104011]: DEBUG neutron.plugins.ml2.rpc [None req-d51e01d9-76ba-4397-b6a9-036c1ad42662 None None] Device 6efb8eed-d5d6-4538-a461-554504a87be8 up at agent ovs-agent-dv-cinder-858344-1-iscsi {{(pid=104011) update_device_up /opt/stack/neutron/neutron/plugins/ml2/rpc.py:296}}
Sep 21 21:34:31.421922 dv-cinder-858344-1-iscsi neutron-server[104009]: DEBUG neutron_lib.callbacks.manager [None req-be37ff27-3ba6-49c7-9228-b621889f3ec0 admin admin] Publish callbacks [] for port (8effd931-8c6d-4a2a-8ec6-b78ede1ccd91), precommit_update {{(pid=104009) _notify_loop /usr/local/lib/python3.8/dist-packages/neutron_lib/callbacks/manager.py:176}}
Sep 21 21:34:31.462887 dv-cinder-858344-1-iscsi neutron-server[104010]: DEBUG neutron_lib.callbacks.manager [None req-c019d1e8-ff3d-4bce-b87f-e94de4709531 admin admin] Publish callbacks [] for security_group (None), before_create {{(pid=104010) _notify_loop /usr/local/lib/python3.8/dist-packages/neutron_lib/callbacks/manager.py:176}}
Sep 21 21:34:31.491287 dv-cinder-858344-1-iscsi neutron-server[104009]: DEBUG neutron_lib.callbacks.manager [None req-be37ff27-3ba6-49c7-9228-b621889f3ec0 admin admin] Publish callbacks ['neutron.plugins.ml2.plugin.SecurityGroupServerNotifierRpcMixin._notify_sg_on_port_change-1511738', 'neutron.plugins.ml2.ovo_rpc._ObjectChangeHandler.handle_event-156631', 'neutron.api.rpc.agentnotifiers.dhcp_rpc_agent_api.DhcpAgentNotifyAPI._native_event_send_dhcp_notification-7805146', 'neutron.db.l3_db.L3RpcNotifierMixin._notify_gateway_port_ip_changed-8751864599143', 'neutron.db.l3_dvrscheduler_db._notify_l3_agent_port_update-8751864013770', 'neutron.db.l3_hascheduler_db._notify_l3_agent_ha_port_update-8751864013788'] for port (8effd931-8c6d-4a2a-8ec6-b78ede1ccd91), after_update {{(pid=104009) _notify_loop /usr/local/lib/python3.8/dist-packages/neutron_lib/callbacks/manager.py:176}}
Sep 21 21:34:31.491287 dv-cinder-858344-1-iscsi neutron-server[104009]: DEBUG neutron_lib.callbacks.manager [None req-be37ff27-3ba6-49c7-9228-b621889f3ec0 admin admin] Publish callbacks ['neutron.api.rpc.agentnotifiers.dhcp_rpc_agent_api.DhcpAgentNotifyAPI._after_router_interface_created-7805124', 'neutron.services.l3_router.l3_router_plugin.DVRResourceOperationHandler._update_snat_v6_addrs_after_intf_update-7899695'] for router_interface (ea086d62-de18-4ab1-a610-89ee478a723c), after_create {{(pid=104009) _notify_loop /usr/local/lib/python3.8/dist-packages/neutron_lib/callbacks/manager.py:176}}
Sep 21 21:34:31.579498 dv-cinder-858344-1-iscsi neutron-server[104011]: DEBUG neutron.db.provisioning_blocks [None req-d51e01d9-76ba-4397-b6a9-036c1ad42662 None None] Provisioning complete for port 6efb8eed-d5d6-4538-a461-554504a87be8 triggered by entity L2. {{(pid=104011) provisioning_complete /opt/stack/neutron/neutron/db/provisioning_blocks.py:140}}
Sep 21 21:34:31.587290 dv-cinder-858344-1-iscsi neutron-server[104011]: DEBUG neutron_lib.callbacks.manager [None req-d51e01d9-76ba-4397-b6a9-036c1ad42662 None None] Publish callbacks ['neutron.plugins.ml2.plugin.Ml2Plugin._port_provisioned-1461827'] for port (6efb8eed-d5d6-4538-a461-554504a87be8), provisioning_complete {{(pid=104011) _notify_loop /usr/local/lib/python3.8/dist-packages/neutron_lib/callbacks/manager.py:176}}
Sep 21 21:34:31.587651 dv-cinder-858344-1-iscsi neutron-server[104011]: INFO neutron.plugins.ml2.plugin [None req-d51e01d9-76ba-4397-b6a9-036c1ad42662 None None] Attempt 1 to provision port 6efb8eed-d5d6-4538-a461-554504a87be8
Sep 21 21:34:31.685087 dv-cinder-858344-1-iscsi neutron-server[104009]: DEBUG neutron.scheduler.l3_agent_scheduler [None req-eaeaf602-4e71-48c0-905f-aab9ff9c5d11 admin admin] Router 41d04b93-1041-4621-84dc-003ed06f6f9d has already been hosted by L3 agent 2cb3d7a2-ea90-4994-8a04-7e5adb155727 {{(pid=104009) _get_candidates /opt/stack/neutron/neutron/scheduler/l3_agent_scheduler.py:126}}
Sep 21 21:34:31.686024 dv-cinder-858344-1-iscsi neutron-server[104009]: DEBUG neutron.api.rpc.handlers.resources_rpc [None req-be37ff27-3ba6-49c7-9228-b621889f3ec0 admin admin] Pushing event updated for resources: {'Port': ['ID=8effd931-8c6d-4a2a-8ec6-b78ede1ccd91,revision_number=2']} {{(pid=104009) push /opt/stack/neutron/neutron/api/rpc/handlers/resources_rpc.py:237}}
Sep 21 21:34:31.746620 dv-cinder-858344-1-iscsi neutron-server[104011]: INFO neutron.plugins.ml2.plugin [None req-6e4cd3f7-7ab7-443a-9474-64f9da527173 None None] Attempt 3 to provision port 08481483-4cba-4412-ad5a-4c5d6df4830c
Sep 21 21:34:31.842530 dv-cinder-858344-1-iscsi neutron-server[104010]: DEBUG neutron_lib.callbacks.manager [None req-c019d1e8-ff3d-4bce-b87f-e94de4709531 admin admin] Publish callbacks [] for security_group (7f5533f9-a4c2-475f-961b-63af186e7e28), precommit_create {{(pid=104010) _notify_loop /usr/local/lib/python3.8/dist-packages/neutron_lib/callbacks/manager.py:176}}
Sep 21 21:34:31.854221 dv-cinder-858344-1-iscsi neutron-server[104010]: INFO neutron.wsgi [req-292c500f-b8ac-4eaf-916d-66b9c3f183df req-c6ed53db-fb16-4cca-ac8c-5bb45658375f service neutron] 10.222.0.20 "GET /v2.0/networks/20307f56-a779-4e85-8f8d-92b249dce89b?fields=segments HTTP/1.1" status: 200 len: 212 time: 0.5425262
Sep 21 21:34:31.858741 dv-cinder-858344-1-iscsi neutron-server[104010]: DEBUG neutron_lib.callbacks.manager [None req-c019d1e8-ff3d-4bce-b87f-e94de4709531 admin admin] Publish callbacks ['neutron.plugins.ml2.ovo_rpc._ObjectChangeHandler.handle_event-7881668'] for security_group (7f5533f9-a4c2-475f-961b-63af186e7e28), after_create {{(pid=104010) _notify_loop /usr/local/lib/python3.8/dist-packages/neutron_lib/callbacks/manager.py:176}}
Sep 21 21:34:31.988845 dv-cinder-858344-1-iscsi neutron-server[104010]: DEBUG neutron.api.rpc.handlers.resources_rpc [None req-c019d1e8-ff3d-4bce-b87f-e94de4709531 admin admin] Pushing event updated for resources: {'SecurityGroup': ['ID=7f5533f9-a4c2-475f-961b-63af186e7e28,revision_number=1']} {{(pid=104010) push /opt/stack/neutron/neutron/api/rpc/handlers/resources_rpc.py:237}}
Sep 21 21:34:32.088939 dv-cinder-858344-1-iscsi neutron-server[104011]: DEBUG neutron.plugins.ml2.plugin [None req-6e4cd3f7-7ab7-443a-9474-64f9da527173 None None] Port 08481483-4cba-4412-ad5a-4c5d6df4830c cannot update to ACTIVE because it is not bound. {{(pid=104011) _port_provisioned /opt/stack/neutron/neutron/plugins/ml2/plugin.py:356}}
Sep 21 21:34:32.209297 dv-cinder-858344-1-iscsi neutron-server[104011]: DEBUG neutron.plugins.ml2.plugin [None req-d51e01d9-76ba-4397-b6a9-036c1ad42662 None None] Current status of the port 6efb8eed-d5d6-4538-a461-554504a87be8 is: ACTIVE; New status is: ACTIVE {{(pid=104011) _update_individual_port_db_status /opt/stack/neutron/neutron/plugins/ml2/plugin.py:2287}}
Sep 21 21:34:32.217434 dv-cinder-858344-1-iscsi neutron-server[104011]: DEBUG neutron.plugins.ml2.rpc [None req-d51e01d9-76ba-4397-b6a9-036c1ad42662 None None] Device 6ea7abb4-1df2-41f5-a03d-5b4fb61109a7 up at agent ovs-agent-dv-cinder-858344-1-iscsi {{(pid=104011) update_device_up /opt/stack/neutron/neutron/plugins/ml2/rpc.py:296}}
Sep 21 21:34:32.274744 dv-cinder-858344-1-iscsi neutron-server[104010]: INFO neutron.wsgi [None req-c019d1e8-ff3d-4bce-b87f-e94de4709531 admin admin] 10.222.0.18 "GET /v2.0/security-groups?tenant_id=0a229beafe0947c58a59bf9bc628a9c1&name=default HTTP/1.1" status: 200 len: 2996 time: 0.9897404
Sep 21 21:34:32.274744 dv-cinder-858344-1-iscsi neutron-server[104010]: DEBUG neutron.wsgi [-] (104010) accepted ('10.222.0.18', 53826) {{(pid=104010) server /usr/local/lib/python3.8/dist-packages/eventlet/wsgi.py:1004}}
Sep 21 21:34:32.519860 dv-cinder-858344-1-iscsi neutron-server[104011]: DEBUG neutron.db.provisioning_blocks [None req-d51e01d9-76ba-4397-b6a9-036c1ad42662 None None] Provisioning complete for port 6ea7abb4-1df2-41f5-a03d-5b4fb61109a7 triggered by entity L2. {{(pid=104011) provisioning_complete /opt/stack/neutron/neutron/db/provisioning_blocks.py:140}}
Sep 21 21:34:32.529395 dv-cinder-858344-1-iscsi neutron-server[104011]: DEBUG neutron_lib.callbacks.manager [None req-d51e01d9-76ba-4397-b6a9-036c1ad42662 None None] Publish callbacks ['neutron.plugins.ml2.plugin.Ml2Plugin._port_provisioned-1461827'] for port (6ea7abb4-1df2-41f5-a03d-5b4fb61109a7), provisioning_complete {{(pid=104011) _notify_loop /usr/local/lib/python3.8/dist-packages/neutron_lib/callbacks/manager.py:176}}
Sep 21 21:34:32.529805 dv-cinder-858344-1-iscsi neutron-server[104011]: INFO neutron.plugins.ml2.plugin [None req-d51e01d9-76ba-4397-b6a9-036c1ad42662 None None] Attempt 1 to provision port 6ea7abb4-1df2-41f5-a03d-5b4fb61109a7
Sep 21 21:34:32.550467 dv-cinder-858344-1-iscsi neutron-server[104010]: DEBUG neutron_lib.callbacks.manager [None req-735d7250-6d83-41ed-a370-c1455423d05b admin admin] Publish callbacks [] for security_group (7f5533f9-a4c2-475f-961b-63af186e7e28), before_delete {{(pid=104010) _notify_loop /usr/local/lib/python3.8/dist-packages/neutron_lib/callbacks/manager.py:176}}
Sep 21 21:34:32.557211 dv-cinder-858344-1-iscsi neutron-server[104010]: INFO neutron.wsgi [req-292c500f-b8ac-4eaf-916d-66b9c3f183df req-347f2085-23bf-4f09-a40e-77ed0f1902b9 service neutron] 10.222.0.20 "GET /v2.0/networks/20307f56-a779-4e85-8f8d-92b249dce89b?fields=provider%3Aphysical_network&fields=provider%3Anetwork_type HTTP/1.1" status: 200 len: 281 time: 0.5692761
Sep 21 21:34:32.654641 dv-cinder-858344-1-iscsi neutron-server[104010]: DEBUG neutron_lib.callbacks.manager [None req-735d7250-6d83-41ed-a370-c1455423d05b admin admin] Publish callbacks [] for security_group (7f5533f9-a4c2-475f-961b-63af186e7e28), precommit_delete {{(pid=104010) _notify_loop /usr/local/lib/python3.8/dist-packages/neutron_lib/callbacks/manager.py:176}}
Sep 21 21:34:32.692953 dv-cinder-858344-1-iscsi neutron-server[104009]: DEBUG neutron.scheduler.dhcp_agent_scheduler [None req-be37ff27-3ba6-49c7-9228-b621889f3ec0 admin admin] Network 65d9514a-dc32-49ab-aab7-17b07b8921f1 is already hosted by enough agents. {{(pid=104009) _get_dhcp_agents_hosting_network /opt/stack/neutron/neutron/scheduler/dhcp_agent_scheduler.py:275}}
Sep 21 21:34:32.696321 dv-cinder-858344-1-iscsi neutron-server[104011]: INFO neutron.plugins.ml2.plugin [None req-6e4cd3f7-7ab7-443a-9474-64f9da527173 None None] Attempt 4 to provision port 08481483-4cba-4412-ad5a-4c5d6df4830c
Sep 21 21:34:32.704340 dv-cinder-858344-1-iscsi neutron-server[104010]: DEBUG novaclient.v2.client [-] RESP: [200] Connection: close Content-Length: 179 Content-Type: application/json Date: Wed, 21 Sep 2022 21:34:30 GMT OpenStack-API-Version: compute 2.1 Server: Apache/2.4.41 (Ubuntu) Vary: OpenStack-API-Version,X-OpenStack-Nova-API-Version X-OpenStack-Nova-API-Version: 2.1 x-compute-request-id: req-b7de6217-e404-4b03-928c-8f45b911ffe0 x-openstack-request-id: req-b7de6217-e404-4b03-928c-8f45b911ffe0 {{(pid=104010) _http_log_response /usr/local/lib/python3.8/dist-packages/keystoneauth1/session.py:550}}
Sep 21 21:34:32.704659 dv-cinder-858344-1-iscsi neutron-server[104010]: DEBUG novaclient.v2.client [-] RESP BODY: {"events": [{"name": "network-changed", "server_uuid": "b57f6d21-288d-4d45-83d0-57efcaa6481f", "tag": "a4eac976-7d49-4518-81b9-6de0c3078354", "status": "completed", "code": 200}]} {{(pid=104010) _http_log_response /usr/local/lib/python3.8/dist-packages/keystoneauth1/session.py:582}}
Sep 21 21:34:32.706336 dv-cinder-858344-1-iscsi neutron-server[104010]: DEBUG novaclient.v2.client [-] POST call to compute for http://10.222.0.18/compute/v2.1/os-server-external-events used request id req-b7de6217-e404-4b03-928c-8f45b911ffe0 {{(pid=104010) request /usr/local/lib/python3.8/dist-packages/keystoneauth1/session.py:954}}
Sep 21 21:34:32.706336 dv-cinder-858344-1-iscsi neutron-server[104010]: INFO neutron.notifiers.nova [-] Nova event matching ['req-b7de6217-e404-4b03-928c-8f45b911ffe0'] response: {'name': 'network-changed', 'server_uuid': 'b57f6d21-288d-4d45-83d0-57efcaa6481f', 'tag': 'a4eac976-7d49-4518-81b9-6de0c3078354', 'status': 'completed', 'code': 200}
Sep 21 21:34:32.849580 dv-cinder-858344-1-iscsi neutron-server[104009]: INFO neutron.wsgi [req-44d95a33-52e9-4917-94e4-c61867da2ce1 req-4970d863-6b18-4c9c-bb9d-c441268da0df tempest-AttachVolumeNegativeTest-2085690663 tempest-AttachVolumeNegativeTest-2085690663-project] 10.222.0.18 "GET /v2.0/security-groups?name=tempest-securitygroup--903155519&fields=id&tenant_id=b7fb1bbc7aaa444baa9049d200599d82 HTTP/1.1" status: 200 len: 267 time: 0.1635704
Sep 21 21:34:32.852730 dv-cinder-858344-1-iscsi neutron-server[104009]: DEBUG neutron.scheduler.base_scheduler [None req-be37ff27-3ba6-49c7-9228-b621889f3ec0 admin admin] Resources bound (agent type, host, resource id): {{(pid=104009) schedule /opt/stack/neutron/neutron/scheduler/base_scheduler.py:57}}
Sep 21 21:34:32.888285 dv-cinder-858344-1-iscsi neutron-server[104011]: DEBUG neutron.plugins.ml2.plugin [None req-6e4cd3f7-7ab7-443a-9474-64f9da527173 None None] Port 08481483-4cba-4412-ad5a-4c5d6df4830c cannot update to ACTIVE because it is not bound. {{(pid=104011) _port_provisioned /opt/stack/neutron/neutron/plugins/ml2/plugin.py:356}}
Sep 21 21:34:33.053243 dv-cinder-858344-1-iscsi neutron-server[104011]: DEBUG neutron.plugins.ml2.plugin [None req-d51e01d9-76ba-4397-b6a9-036c1ad42662 None None] Current status of the port 6ea7abb4-1df2-41f5-a03d-5b4fb61109a7 is: DOWN; New status is: ACTIVE {{(pid=104011) _update_individual_port_db_status /opt/stack/neutron/neutron/plugins/ml2/plugin.py:2287}}
Sep 21 21:34:33.053645 dv-cinder-858344-1-iscsi neutron-server[104011]: DEBUG neutron_lib.callbacks.manager [None req-d51e01d9-76ba-4397-b6a9-036c1ad42662 None None] Publish callbacks ['neutron.plugins.ml2.plugin.SecurityGroupDbMixin._ensure_default_security_group_handler-1567914'] for port (6ea7abb4-1df2-41f5-a03d-5b4fb61109a7), before_update {{(pid=104011) _notify_loop /usr/local/lib/python3.8/dist-packages/neutron_lib/callbacks/manager.py:176}}
Sep 21 21:34:33.131305 dv-cinder-858344-1-iscsi neutron-server[104011]: DEBUG neutron.plugins.ml2.db [None req-d51e01d9-76ba-4397-b6a9-036c1ad42662 None None] For port 6ea7abb4-1df2-41f5-a03d-5b4fb61109a7, host dv-cinder-858344-1-iscsi, got binding levels [PortBindingLevel(driver='openvswitch',host='dv-cinder-858344-1-iscsi',level=0,port_id=6ea7abb4-1df2-41f5-a03d-5b4fb61109a7,segment=NetworkSegment(bd8f720c-10a8-4417-be5b-5c9f29c2a712),segment_id=bd8f720c-10a8-4417-be5b-5c9f29c2a712)] {{(pid=104011) get_binding_level_objs /opt/stack/neutron/neutron/plugins/ml2/db.py:74}}
Sep 21 21:34:33.138948 dv-cinder-858344-1-iscsi neutron-server[104011]: DEBUG neutron_lib.callbacks.manager [None req-d51e01d9-76ba-4397-b6a9-036c1ad42662 None None] Publish callbacks ['neutron.plugins.ml2.plugin.SecurityGroupServerNotifierRpcMixin._notify_sg_on_port_change-1511738', 'neutron.plugins.ml2.ovo_rpc._ObjectChangeHandler.handle_event-156631', 'neutron.api.rpc.agentnotifiers.dhcp_rpc_agent_api.DhcpAgentNotifyAPI._native_event_send_dhcp_notification-7805146', 'neutron.db.l3_db.L3RpcNotifierMixin._notify_gateway_port_ip_changed-8751864599143', 'neutron.db.l3_dvrscheduler_db._notify_l3_agent_port_update-8751864013770', 'neutron.db.l3_hascheduler_db._notify_l3_agent_ha_port_update-8751864013788'] for port (6ea7abb4-1df2-41f5-a03d-5b4fb61109a7), after_update {{(pid=104011) _notify_loop /usr/local/lib/python3.8/dist-packages/neutron_lib/callbacks/manager.py:176}}
Sep 21 21:34:33.198711 dv-cinder-858344-1-iscsi neutron-server[104010]: DEBUG neutron_lib.callbacks.manager [None req-735d7250-6d83-41ed-a370-c1455423d05b admin admin] Publish callbacks ['neutron.plugins.ml2.ovo_rpc._ObjectChangeHandler.handle_event-7881668'] for security_group (7f5533f9-a4c2-475f-961b-63af186e7e28), after_delete {{(pid=104010) _notify_loop /usr/local/lib/python3.8/dist-packages/neutron_lib/callbacks/manager.py:176}}
Sep 21 21:34:33.202040 dv-cinder-858344-1-iscsi neutron-server[104010]: DEBUG neutron_lib.callbacks.manager [None req-735d7250-6d83-41ed-a370-c1455423d05b admin admin] Publish callbacks [] for security_group (None), before_response {{(pid=104010) _notify_loop /usr/local/lib/python3.8/dist-packages/neutron_lib/callbacks/manager.py:176}}
Sep 21 21:34:33.206732 dv-cinder-858344-1-iscsi neutron-server[104010]: INFO neutron.wsgi [None req-735d7250-6d83-41ed-a370-c1455423d05b admin admin] 10.222.0.18 "DELETE /v2.0/security-groups/7f5533f9-a4c2-475f-961b-63af186e7e28 HTTP/1.1" status: 204 len: 168 time: 0.9246006
Sep 21 21:34:33.229833 dv-cinder-858344-1-iscsi neutron-server[104010]: DEBUG neutron.pecan_wsgi.hooks.policy_enforcement [req-e2859c68-75f4-460e-9bff-b24615758f0d req-9d5da66f-940c-485b-813c-d0abe02152ed tempest-DeleteServersTestJSON-533906562 tempest-DeleteServersTestJSON-533906562-project] Attributes excluded by policy engine: ['standard_attr_id', 'binding:profile', 'binding:host_id', 'binding:vif_type', 'binding:vif_details'] {{(pid=104010) _exclude_attributes_by_policy /opt/stack/neutron/neutron/pecan_wsgi/hooks/policy_enforcement.py:259}}
Sep 21 21:34:33.243090 dv-cinder-858344-1-iscsi neutron-server[104010]: INFO neutron.wsgi [req-e2859c68-75f4-460e-9bff-b24615758f0d req-9d5da66f-940c-485b-813c-d0abe02152ed tempest-DeleteServersTestJSON-533906562 tempest-DeleteServersTestJSON-533906562-project] 10.222.0.18 "GET /v2.0/ports?device_id=b57f6d21-288d-4d45-83d0-57efcaa6481f HTTP/1.1" status: 200 len: 943 time: 0.3115542
Sep 21 21:34:33.259915 dv-cinder-858344-1-iscsi neutron-server[104010]: DEBUG neutron.api.rpc.handlers.resources_rpc [None req-735d7250-6d83-41ed-a370-c1455423d05b admin admin] Pushing event deleted for resources: {'SecurityGroup': ['ID=7f5533f9-a4c2-475f-961b-63af186e7e28,revision_number=None']} {{(pid=104010) push /opt/stack/neutron/neutron/api/rpc/handlers/resources_rpc.py:237}}
Sep 21 21:34:33.270917 dv-cinder-858344-1-iscsi neutron-server[104010]: DEBUG neutron.pecan_wsgi.hooks.policy_enforcement [req-5b2cc769-d17d-4df3-a468-308ef19f4bcc req-e87a5f5b-5c29-4706-8aa2-597d32e3ccf1 service neutron] Attributes excluded by policy engine: ['standard_attr_id'] {{(pid=104010) _exclude_attributes_by_policy /opt/stack/neutron/neutron/pecan_wsgi/hooks/policy_enforcement.py:259}}
Sep 21 21:34:33.276858 dv-cinder-858344-1-iscsi neutron-server[104010]: INFO neutron.wsgi [req-5b2cc769-d17d-4df3-a468-308ef19f4bcc req-e87a5f5b-5c29-4706-8aa2-597d32e3ccf1 service neutron] 10.222.0.20 "GET /v2.0/ports?tenant_id=527106f3b67041d18574b2321a1388df&device_id=b57f6d21-288d-4d45-83d0-57efcaa6481f HTTP/1.1" status: 200 len: 1127 time: 0.5046031
Sep 21 21:34:33.345346 dv-cinder-858344-1-iscsi neutron-server[104011]: DEBUG neutron.api.rpc.handlers.resources_rpc [None req-d51e01d9-76ba-4397-b6a9-036c1ad42662 None None] Pushing event updated for resources: {'Port': ['ID=6ea7abb4-1df2-41f5-a03d-5b4fb61109a7,revision_number=4']} {{(pid=104011) push /opt/stack/neutron/neutron/api/rpc/handlers/resources_rpc.py:237}}
Sep 21 21:34:33.381445 dv-cinder-858344-1-iscsi neutron-server[104009]: DEBUG neutron.pecan_wsgi.hooks.policy_enforcement [req-44d95a33-52e9-4917-94e4-c61867da2ce1 req-6760f869-753e-4339-9861-42858e9533b8 tempest-AttachVolumeNegativeTest-2085690663 tempest-AttachVolumeNegativeTest-2085690663-project] Attributes excluded by policy engine: ['standard_attr_id', 'vlan_transparent', 'provider:network_type', 'provider:physical_network', 'provider:segmentation_id'] {{(pid=104009) _exclude_attributes_by_policy /opt/stack/neutron/neutron/pecan_wsgi/hooks/policy_enforcement.py:259}}
Sep 21 21:34:33.389315 dv-cinder-858344-1-iscsi neutron-server[104011]: INFO neutron.plugins.ml2.plugin [None req-6e4cd3f7-7ab7-443a-9474-64f9da527173 None None] Attempt 5 to provision port 08481483-4cba-4412-ad5a-4c5d6df4830c
Sep 21 21:34:33.404110 dv-cinder-858344-1-iscsi neutron-server[104009]: INFO neutron.wsgi [req-44d95a33-52e9-4917-94e4-c61867da2ce1 req-6760f869-753e-4339-9861-42858e9533b8 tempest-AttachVolumeNegativeTest-2085690663 tempest-AttachVolumeNegativeTest-2085690663-project] 10.222.0.18 "GET /v2.0/networks?id=7d10a91e-15bf-442d-a91a-10015397d26e HTTP/1.1" status: 200 len: 815 time: 0.5522969
Sep 21 21:34:33.452596 dv-cinder-858344-1-iscsi neutron-server[104009]: DEBUG neutron.api.rpc.agentnotifiers.l3_rpc_agent_api [None req-eaeaf602-4e71-48c0-905f-aab9ff9c5d11 admin admin] Notify agent at l3_agent.dv-cinder-858344-1-iscsi the message routers_updated {{(pid=104009) _agent_notification /opt/stack/neutron/neutron/api/rpc/agentnotifiers/l3_rpc_agent_api.py:65}}
Sep 21 21:34:33.510360 dv-cinder-858344-1-iscsi neutron-server[104009]: INFO neutron.wsgi [None req-eaeaf602-4e71-48c0-905f-aab9ff9c5d11 admin admin] 10.222.0.18 "PUT /v2.0/routers/41d04b93-1041-4621-84dc-003ed06f6f9d/add_router_interface HTTP/1.1" status: 200 len: 503 time: 14.1292453
Sep 21 21:34:33.571332 dv-cinder-858344-1-iscsi neutron-server[104009]: INFO neutron.wsgi [req-44d95a33-52e9-4917-94e4-c61867da2ce1 req-4e6be31d-4eb4-4649-8183-2aabd73503ca tempest-AttachVolumeNegativeTest-2085690663 tempest-AttachVolumeNegativeTest-2085690663-project] 10.222.0.18 "GET /v2.0/quotas/b7fb1bbc7aaa444baa9049d200599d82 HTTP/1.1" status: 200 len: 375 time: 0.1653490
Sep 21 21:34:33.575326 dv-cinder-858344-1-iscsi neutron-server[104011]: DEBUG neutron.plugins.ml2.plugin [None req-6e4cd3f7-7ab7-443a-9474-64f9da527173 None None] Port 08481483-4cba-4412-ad5a-4c5d6df4830c cannot update to ACTIVE because it is not bound. {{(pid=104011) _port_provisioned /opt/stack/neutron/neutron/plugins/ml2/plugin.py:356}}
Sep 21 21:34:33.583855 dv-cinder-858344-1-iscsi neutron-server[104011]: DEBUG neutron.api.rpc.handlers.l3_rpc [None req-d0434a4c-348e-40af-8906-2cf6d888662b None None] Sync routers for ids ['41d04b93-1041-4621-84dc-003ed06f6f9d'] in dv-cinder-858344-1-iscsi {{(pid=104011) sync_routers /opt/stack/neutron/neutron/api/rpc/handlers/l3_rpc.py:125}}
Sep 21 21:34:33.662051 dv-cinder-858344-1-iscsi neutron-server[104011]: DEBUG neutron.db.l3_dvrscheduler_db [None req-d0434a4c-348e-40af-8906-2cf6d888662b None None] Routers {'41d04b93-1041-4621-84dc-003ed06f6f9d'} bound to L3 agent in host dv-cinder-858344-1-iscsi {{(pid=104011) _get_router_ids_for_agent /opt/stack/neutron/neutron/db/l3_dvrscheduler_db.py:417}}
Sep 21 21:34:33.669908 dv-cinder-858344-1-iscsi neutron-server[104011]: DEBUG neutron.db.l3_hamode_db [None req-d0434a4c-348e-40af-8906-2cf6d888662b None None] neutron.services.l3_router.l3_router_plugin.L3RouterPlugin method get_ha_sync_data_for_host called with arguments (, 'dv-cinder-858344-1-iscsi', Agent(admin_state_up=True,agent_type='L3 agent',availability_zone='nova',binary='neutron-l3-agent',configurations={"agent_mode": "legacy", "ex_gw_ports": 3, "extensions": [], "floating_ips": 0, "handle_internal_only_routers": true, "interface_driver": "openvswitch", "interfaces": 1, "log_agent_heartbeats": false, "routers": 3},created_at=2022-09-21T21:25:50Z,description=,heartbeat_timestamp=2022-09-21T21:34:20Z,host='dv-cinder-858344-1-iscsi',id=2cb3d7a2-ea90-4994-8a04-7e5adb155727,load=0,resource_versions=,resources_synced=,started_at=2022-09-21T21:25:50Z,topic='l3_agent')) {'router_ids': ['41d04b93-1041-4621-84dc-003ed06f6f9d'], 'active': True} {{(pid=104011) wrapper /usr/local/lib/python3.8/dist-packages/oslo_log/helpers.py:65}}
Sep 21 21:34:33.791486 dv-cinder-858344-1-iscsi neutron-server[104009]: INFO neutron.wsgi [req-44d95a33-52e9-4917-94e4-c61867da2ce1 req-0234a531-a4a0-47c1-8b3e-ff9e32e1b212 tempest-AttachVolumeNegativeTest-2085690663 tempest-AttachVolumeNegativeTest-2085690663-project] 10.222.0.18 "GET /v2.0/ports?tenant_id=b7fb1bbc7aaa444baa9049d200599d82&fields=id HTTP/1.1" status: 200 len: 302 time: 0.2168455
Sep 21 21:34:33.832881 dv-cinder-858344-1-iscsi neutron-server[104009]: DEBUG neutron.scheduler.l3_agent_scheduler [None req-be37ff27-3ba6-49c7-9228-b621889f3ec0 admin admin] Router ea086d62-de18-4ab1-a610-89ee478a723c has already been hosted by L3 agent 2cb3d7a2-ea90-4994-8a04-7e5adb155727 {{(pid=104009) _get_candidates /opt/stack/neutron/neutron/scheduler/l3_agent_scheduler.py:126}}
Sep 21 21:34:33.906127 dv-cinder-858344-1-iscsi neutron-server[104011]: DEBUG neutron.plugins.ml2.rpc [None req-d51e01d9-76ba-4397-b6a9-036c1ad42662 None None] Device 588c7a10-1b90-4829-baa8-f0827d8501c4 up at agent ovs-agent-dv-cinder-858344-1-iscsi {{(pid=104011) update_device_up /opt/stack/neutron/neutron/plugins/ml2/rpc.py:296}}
Sep 21 21:34:34.084265 dv-cinder-858344-1-iscsi neutron-server[104011]: INFO neutron.plugins.ml2.plugin [None req-6e4cd3f7-7ab7-443a-9474-64f9da527173 None None] Attempt 6 to provision port 08481483-4cba-4412-ad5a-4c5d6df4830c
Sep 21 21:34:34.112481 dv-cinder-858344-1-iscsi neutron-server[104010]: INFO neutron.wsgi [req-e2859c68-75f4-460e-9bff-b24615758f0d req-0295f985-a241-41c0-b6eb-7ac9f80fa9b4 tempest-DeleteServersTestJSON-533906562 tempest-DeleteServersTestJSON-533906562-project] 10.222.0.18 "GET /v2.0/security-groups?id=89890d23-f0ae-49ea-9e45-b84eb4330feb&fields=id&fields=name HTTP/1.1" status: 200 len: 286 time: 0.8683000
Sep 21 21:34:34.122946 dv-cinder-858344-1-iscsi neutron-server[104011]: DEBUG neutron.db.provisioning_blocks [None req-d51e01d9-76ba-4397-b6a9-036c1ad42662 None None] Provisioning complete for port 588c7a10-1b90-4829-baa8-f0827d8501c4 triggered by entity L2. {{(pid=104011) provisioning_complete /opt/stack/neutron/neutron/db/provisioning_blocks.py:140}}
Sep 21 21:34:34.123781 dv-cinder-858344-1-iscsi neutron-server[104011]: DEBUG neutron_lib.callbacks.manager [None req-d51e01d9-76ba-4397-b6a9-036c1ad42662 None None] Publish callbacks ['neutron.plugins.ml2.plugin.Ml2Plugin._port_provisioned-1461827'] for port (588c7a10-1b90-4829-baa8-f0827d8501c4), provisioning_complete {{(pid=104011) _notify_loop /usr/local/lib/python3.8/dist-packages/neutron_lib/callbacks/manager.py:176}}
Sep 21 21:34:34.124328 dv-cinder-858344-1-iscsi neutron-server[104011]: INFO neutron.plugins.ml2.plugin [None req-d51e01d9-76ba-4397-b6a9-036c1ad42662 None None] Attempt 1 to provision port 588c7a10-1b90-4829-baa8-f0827d8501c4
Sep 21 21:34:34.212680 dv-cinder-858344-1-iscsi neutron-server[104011]: DEBUG neutron.plugins.ml2.plugin [None req-6e4cd3f7-7ab7-443a-9474-64f9da527173 None None] Port 08481483-4cba-4412-ad5a-4c5d6df4830c cannot update to ACTIVE because it is not bound. {{(pid=104011) _port_provisioned /opt/stack/neutron/neutron/plugins/ml2/plugin.py:356}}
Sep 21 21:34:34.224300 dv-cinder-858344-1-iscsi neutron-server[104011]: DEBUG neutron.db.l3_dvr_db [None req-d0434a4c-348e-40af-8906-2cf6d888662b None None] Set router 41d04b93-1041-4621-84dc-003ed06f6f9d gateway port host: dv-cinder-858344-1-iscsi {{(pid=104011) _build_routers_list /opt/stack/neutron/neutron/db/l3_dvr_db.py:906}}
Sep 21 21:34:34.333582 dv-cinder-858344-1-iscsi neutron-server[104009]: INFO neutron.wsgi [req-44d95a33-52e9-4917-94e4-c61867da2ce1 req-a428cb16-5759-40dd-a53c-519c1efc1148 service neutron] 10.222.0.18 "GET /v2.0/networks/7d10a91e-15bf-442d-a91a-10015397d26e?fields=segments HTTP/1.1" status: 200 len: 212 time: 0.4964769
Sep 21 21:34:34.366441 dv-cinder-858344-1-iscsi neutron-server[104011]: DEBUG neutron.plugins.ml2.plugin [None req-d51e01d9-76ba-4397-b6a9-036c1ad42662 None None] Current status of the port 588c7a10-1b90-4829-baa8-f0827d8501c4 is: ACTIVE; New status is: ACTIVE {{(pid=104011) _update_individual_port_db_status /opt/stack/neutron/neutron/plugins/ml2/plugin.py:2287}}
Sep 21 21:34:34.368341 dv-cinder-858344-1-iscsi neutron-server[104011]: DEBUG neutron.plugins.ml2.rpc [None req-d51e01d9-76ba-4397-b6a9-036c1ad42662 None None] Device b616a12f-3533-410e-8d48-10fbb4a4eaab up at agent ovs-agent-dv-cinder-858344-1-iscsi {{(pid=104011) update_device_up /opt/stack/neutron/neutron/plugins/ml2/rpc.py:296}}
Sep 21 21:34:34.405980 dv-cinder-858344-1-iscsi neutron-server[104010]: INFO neutron.wsgi [req-f89319a6-4687-4301-a3ba-46764759a375 req-c500bb94-e7c4-46b4-9882-9e3b8479374a tempest-ServerRescueNegativeTestJSON-863161171 tempest-ServerRescueNegativeTestJSON-863161171-project] 10.222.0.18 "GET /v2.0/ports?device_id=19ff92c5-ecad-4be6-9864-aeedc87cd67b HTTP/1.1" status: 200 len: 210 time: 0.1395543
Sep 21 21:34:34.422367 dv-cinder-858344-1-iscsi neutron-server[104010]: DEBUG neutron.pecan_wsgi.hooks.policy_enforcement [req-5b2cc769-d17d-4df3-a468-308ef19f4bcc req-2b2caa24-faaf-4702-beed-493f31a99751 service neutron] Attributes excluded by policy engine: ['standard_attr_id', 'vlan_transparent'] {{(pid=104010) _exclude_attributes_by_policy /opt/stack/neutron/neutron/pecan_wsgi/hooks/policy_enforcement.py:259}}
Sep 21 21:34:34.434005 dv-cinder-858344-1-iscsi neutron-server[104010]: INFO neutron.wsgi [req-5b2cc769-d17d-4df3-a468-308ef19f4bcc req-2b2caa24-faaf-4702-beed-493f31a99751 service neutron] 10.222.0.20 "GET /v2.0/networks?id=20307f56-a779-4e85-8f8d-92b249dce89b HTTP/1.1" status: 200 len: 911 time: 1.1268404
Sep 21 21:34:34.506052 dv-cinder-858344-1-iscsi neutron-server[104010]: INFO neutron.wsgi [req-5b2cc769-d17d-4df3-a468-308ef19f4bcc req-b20ae60f-dd7d-471f-a13a-0ecfd4d7f73b service neutron] 10.222.0.20 "GET /v2.0/floatingips?fixed_ip_address=172.20.0.4&port_id=a4eac976-7d49-4518-81b9-6de0c3078354 HTTP/1.1" status: 200 len: 217 time: 0.0728047
