Sep 20 22:24:49.850055 dv-cinder-858276-1-smb devstack@c-api.service[113188]: WARNING cinder.quota [None req-17df9916-26e5-4bc2-8f3e-f39849cf3c26 tempest-VolumeSnapshotQuotasNegativeTestJSON-1350480936 tempest-VolumeSnapshotQuotasNegativeTestJSON-1350480936-project-admin] Deprecated: Default quota for resource: snapshots_tempest-VolumeTypesAccessTest-volume-type-1201610337 is set by the default quota flag: quota_snapshots_tempest-VolumeTypesAccessTest-volume-type-1201610337, it is now deprecated. Please use the default quota class for default quota.
Sep 20 22:24:49.851213 dv-cinder-858276-1-smb devstack@c-api.service[113187]: [pid: 113187|app: 0|req: 191/362] 10.222.0.33 () {58 vars in 1325 bytes} [Tue Sep 20 22:24:49 2022] GET /volume/v3/b63218033a734750b846281d0533cd9e/volumes/e6c58bdc-a576-4936-b501-f7f653e09289 => generated 930 bytes in 75 msecs (HTTP/1.1 200) 7 headers in 285 bytes (1 switches on core 0)
Sep 20 22:24:49.852787 dv-cinder-858276-1-smb devstack@c-api.service[113187]: DEBUG cinder.api.middleware.request_id [None req-74b6e146-02f8-4f1a-b7f2-094e9c08f3c5 None None] RequestId filter calling following filter/app {{(pid=113187) _context_setter /opt/stack/cinder/cinder/api/middleware/request_id.py:62}}
Sep 20 22:24:49.856526 dv-cinder-858276-1-smb devstack@c-api.service[113187]: INFO cinder.api.openstack.wsgi [None req-74b6e146-02f8-4f1a-b7f2-094e9c08f3c5 tempest-AbsoluteLimitsTests-62266488 tempest-AbsoluteLimitsTests-62266488-project] DELETE http://10.222.0.33/volume/v3/51ca212236254e828b1a59c98ed65314/volumes/1420c83e-0f9c-4c58-9a86-1e8d25adf99f
Sep 20 22:24:49.857092 dv-cinder-858276-1-smb devstack@c-api.service[113187]: DEBUG cinder.api.openstack.wsgi [None req-74b6e146-02f8-4f1a-b7f2-094e9c08f3c5 tempest-AbsoluteLimitsTests-62266488 tempest-AbsoluteLimitsTests-62266488-project] Empty body provided in request {{(pid=113187) get_body /opt/stack/cinder/cinder/api/openstack/wsgi.py:715}}
Sep 20 22:24:49.857660 dv-cinder-858276-1-smb devstack@c-api.service[113187]: DEBUG cinder.api.openstack.wsgi [None req-74b6e146-02f8-4f1a-b7f2-094e9c08f3c5 tempest-AbsoluteLimitsTests-62266488 tempest-AbsoluteLimitsTests-62266488-project] Calling method 'delete' {{(pid=113187) _process_stack /opt/stack/cinder/cinder/api/openstack/wsgi.py:868}}
Sep 20 22:24:49.858158 dv-cinder-858276-1-smb devstack@c-api.service[113187]: INFO cinder.api.v3.volumes [None req-74b6e146-02f8-4f1a-b7f2-094e9c08f3c5 tempest-AbsoluteLimitsTests-62266488 tempest-AbsoluteLimitsTests-62266488-project] Delete volume with id: 1420c83e-0f9c-4c58-9a86-1e8d25adf99f
Sep 20 22:24:49.872793 dv-cinder-858276-1-smb devstack@c-api.service[113187]: /usr/local/lib/python3.8/dist-packages/oslo_context/context.py:100: DeprecationWarning: Policy enforcement is depending on the value of is_admin. This key is deprecated. Please update your policy file to use the standard policy values.
Sep 20 22:24:49.872793 dv-cinder-858276-1-smb devstack@c-api.service[113187]: warnings.warn('Policy enforcement is depending on the value of '
Sep 20 22:24:49.873839 dv-cinder-858276-1-smb devstack@c-api.service[113187]: INFO cinder.volume.api [None req-74b6e146-02f8-4f1a-b7f2-094e9c08f3c5 tempest-AbsoluteLimitsTests-62266488 tempest-AbsoluteLimitsTests-62266488-project] Volume info retrieved successfully.
Sep 20 22:24:49.876661 dv-cinder-858276-1-smb devstack@c-api.service[113188]: INFO cinder.api.openstack.wsgi [None req-17df9916-26e5-4bc2-8f3e-f39849cf3c26 tempest-VolumeSnapshotQuotasNegativeTestJSON-1350480936 tempest-VolumeSnapshotQuotasNegativeTestJSON-1350480936-project-admin] http://10.222.0.33/volume/v3/29773d7f9614414a8a31a44a46079c9d/os-quota-sets/e96ba247ae904dfe942586e4b25fbbc9 returned with HTTP 200
Sep 20 22:24:49.877403 dv-cinder-858276-1-smb devstack@c-api.service[113188]: [pid: 113188|app: 0|req: 172/363] 10.222.0.33 () {58 vars in 1331 bytes} [Tue Sep 20 22:24:49 2022] GET /volume/v3/29773d7f9614414a8a31a44a46079c9d/os-quota-sets/e96ba247ae904dfe942586e4b25fbbc9 => generated 569 bytes in 222 msecs (HTTP/1.1 200) 7 headers in 285 bytes (1 switches on core 0)
Sep 20 22:24:49.879275 dv-cinder-858276-1-smb devstack@c-api.service[113188]: DEBUG cinder.api.middleware.request_id [None req-c7df66dc-77ec-4704-9012-9fdfc7d2956f None None] RequestId filter calling following filter/app {{(pid=113188) _context_setter /opt/stack/cinder/cinder/api/middleware/request_id.py:62}}
Sep 20 22:24:49.883517 dv-cinder-858276-1-smb devstack@c-api.service[113188]: INFO cinder.api.openstack.wsgi [None req-c7df66dc-77ec-4704-9012-9fdfc7d2956f tempest-VolumesSnapshotNegativeTestJSON-975822863 tempest-VolumesSnapshotNegativeTestJSON-975822863-project] GET http://10.222.0.33/volume/v3/d15db981cc674e74a19c63b4506b66c8/snapshots?limit=invalid
Sep 20 22:24:49.885136 dv-cinder-858276-1-smb devstack@c-api.service[113188]: DEBUG cinder.api.openstack.wsgi [None req-c7df66dc-77ec-4704-9012-9fdfc7d2956f tempest-VolumesSnapshotNegativeTestJSON-975822863 tempest-VolumesSnapshotNegativeTestJSON-975822863-project] Empty body provided in request {{(pid=113188) get_body /opt/stack/cinder/cinder/api/openstack/wsgi.py:715}}
Sep 20 22:24:49.885791 dv-cinder-858276-1-smb devstack@c-api.service[113188]: DEBUG cinder.api.openstack.wsgi [None req-c7df66dc-77ec-4704-9012-9fdfc7d2956f tempest-VolumesSnapshotNegativeTestJSON-975822863 tempest-VolumesSnapshotNegativeTestJSON-975822863-project] Calling method 'index' {{(pid=113188) _process_stack /opt/stack/cinder/cinder/api/openstack/wsgi.py:868}}
Sep 20 22:24:49.887175 dv-cinder-858276-1-smb devstack@c-api.service[113188]: INFO cinder.api.openstack.wsgi [None req-c7df66dc-77ec-4704-9012-9fdfc7d2956f tempest-VolumesSnapshotNegativeTestJSON-975822863 tempest-VolumesSnapshotNegativeTestJSON-975822863-project] HTTP exception thrown: limit param must be an integer
Sep 20 22:24:49.887690 dv-cinder-858276-1-smb devstack@c-api.service[113188]: INFO cinder.api.openstack.wsgi [None req-c7df66dc-77ec-4704-9012-9fdfc7d2956f tempest-VolumesSnapshotNegativeTestJSON-975822863 tempest-VolumesSnapshotNegativeTestJSON-975822863-project] http://10.222.0.33/volume/v3/d15db981cc674e74a19c63b4506b66c8/snapshots?limit=invalid returned with HTTP 400
Sep 20 22:24:49.888962 dv-cinder-858276-1-smb devstack@c-api.service[113188]: [pid: 113188|app: 0|req: 173/364] 10.222.0.33 () {58 vars in 1247 bytes} [Tue Sep 20 22:24:49 2022] GET /volume/v3/d15db981cc674e74a19c63b4506b66c8/snapshots?limit=invalid => generated 74 bytes in 11 msecs (HTTP/1.1 400) 7 headers in 293 bytes (1 switches on core 0)
Sep 20 22:24:49.890299 dv-cinder-858276-1-smb devstack@c-api.service[113188]: DEBUG cinder.api.middleware.request_id [None req-aa2d22d5-d020-42c8-9bce-6635e51725f5 None None] RequestId filter calling following filter/app {{(pid=113188) _context_setter /opt/stack/cinder/cinder/api/middleware/request_id.py:62}}
Sep 20 22:24:49.896364 dv-cinder-858276-1-smb devstack@c-api.service[113188]: INFO cinder.api.openstack.wsgi [None req-aa2d22d5-d020-42c8-9bce-6635e51725f5 tempest-VolumeSnapshotQuotasNegativeTestJSON-1350480936 tempest-VolumeSnapshotQuotasNegativeTestJSON-1350480936-project-admin] PUT http://10.222.0.33/volume/v3/29773d7f9614414a8a31a44a46079c9d/os-quota-sets/e96ba247ae904dfe942586e4b25fbbc9
Sep 20 22:24:49.897271 dv-cinder-858276-1-smb devstack@c-api.service[113188]: DEBUG cinder.api.openstack.wsgi [None req-aa2d22d5-d020-42c8-9bce-6635e51725f5 tempest-VolumeSnapshotQuotasNegativeTestJSON-1350480936 tempest-VolumeSnapshotQuotasNegativeTestJSON-1350480936-project-admin] Action: 'update', calling method: update, body: {"quota_set": {"gigabytes": 3, "volumes": 1, "snapshots": 1}} {{(pid=113188) _process_stack /opt/stack/cinder/cinder/api/openstack/wsgi.py:866}}
Sep 20 22:24:49.905698 dv-cinder-858276-1-smb devstack@c-api.service[113187]: INFO cinder.volume.api [None req-74b6e146-02f8-4f1a-b7f2-094e9c08f3c5 tempest-AbsoluteLimitsTests-62266488 tempest-AbsoluteLimitsTests-62266488-project] Delete volume request issued successfully.
Sep 20 22:24:49.906211 dv-cinder-858276-1-smb devstack@c-api.service[113187]: INFO cinder.api.openstack.wsgi [None req-74b6e146-02f8-4f1a-b7f2-094e9c08f3c5 tempest-AbsoluteLimitsTests-62266488 tempest-AbsoluteLimitsTests-62266488-project] http://10.222.0.33/volume/v3/51ca212236254e828b1a59c98ed65314/volumes/1420c83e-0f9c-4c58-9a86-1e8d25adf99f returned with HTTP 202
Sep 20 22:24:49.907542 dv-cinder-858276-1-smb devstack@c-api.service[113187]: [pid: 113187|app: 0|req: 192/365] 10.222.0.33 () {58 vars in 1328 bytes} [Tue Sep 20 22:24:49 2022] DELETE /volume/v3/51ca212236254e828b1a59c98ed65314/volumes/1420c83e-0f9c-4c58-9a86-1e8d25adf99f => generated 0 bytes in 56 msecs (HTTP/1.1 202) 6 headers in 233 bytes (1 switches on core 0)
Sep 20 22:24:49.909244 dv-cinder-858276-1-smb devstack@c-api.service[113187]: DEBUG cinder.api.middleware.request_id [None req-c721c9a1-7ef4-4209-a4e6-33355e1b0ef8 None None] RequestId filter calling following filter/app {{(pid=113187) _context_setter /opt/stack/cinder/cinder/api/middleware/request_id.py:62}}
Sep 20 22:24:49.913352 dv-cinder-858276-1-smb devstack@c-api.service[113187]: INFO cinder.api.openstack.wsgi [None req-c721c9a1-7ef4-4209-a4e6-33355e1b0ef8 tempest-VolumesSnapshotNegativeTestJSON-975822863 tempest-VolumesSnapshotNegativeTestJSON-975822863-project] GET http://10.222.0.33/volume/v3/d15db981cc674e74a19c63b4506b66c8/snapshots?marker=30eccf48-ac39-430d-95c0-94b61df97dfc
Sep 20 22:24:49.914007 dv-cinder-858276-1-smb devstack@c-api.service[113187]: DEBUG cinder.api.openstack.wsgi [None req-c721c9a1-7ef4-4209-a4e6-33355e1b0ef8 tempest-VolumesSnapshotNegativeTestJSON-975822863 tempest-VolumesSnapshotNegativeTestJSON-975822863-project] Empty body provided in request {{(pid=113187) get_body /opt/stack/cinder/cinder/api/openstack/wsgi.py:715}}
Sep 20 22:24:49.914495 dv-cinder-858276-1-smb devstack@c-api.service[113187]: DEBUG cinder.api.openstack.wsgi [None req-c721c9a1-7ef4-4209-a4e6-33355e1b0ef8 tempest-VolumesSnapshotNegativeTestJSON-975822863 tempest-VolumesSnapshotNegativeTestJSON-975822863-project] Calling method 'index' {{(pid=113187) _process_stack /opt/stack/cinder/cinder/api/openstack/wsgi.py:868}}
Sep 20 22:24:49.915274 dv-cinder-858276-1-smb devstack@c-api.service[113187]: DEBUG cinder.api.api_utils [None req-c721c9a1-7ef4-4209-a4e6-33355e1b0ef8 tempest-VolumesSnapshotNegativeTestJSON-975822863 tempest-VolumesSnapshotNegativeTestJSON-975822863-project] Removing options '' from query. {{(pid=113187) remove_invalid_filter_options /opt/stack/cinder/cinder/api/api_utils.py:83}}
Sep 20 22:24:49.917366 dv-cinder-858276-1-smb devstack@c-api.service[113187]: DEBUG cinder.db.sqlalchemy.api [None req-c721c9a1-7ef4-4209-a4e6-33355e1b0ef8 tempest-VolumesSnapshotNegativeTestJSON-975822863 tempest-VolumesSnapshotNegativeTestJSON-975822863-project] Building query based on filter {{(pid=113187) _process_snaps_filters /opt/stack/cinder/cinder/db/sqlalchemy/api.py:3885}}
Sep 20 22:24:49.925510 dv-cinder-858276-1-smb devstack@c-api.service[113187]: INFO cinder.api.openstack.wsgi [None req-c721c9a1-7ef4-4209-a4e6-33355e1b0ef8 tempest-VolumesSnapshotNegativeTestJSON-975822863 tempest-VolumesSnapshotNegativeTestJSON-975822863-project] http://10.222.0.33/volume/v3/d15db981cc674e74a19c63b4506b66c8/snapshots?marker=30eccf48-ac39-430d-95c0-94b61df97dfc returned with HTTP 404
Sep 20 22:24:49.926417 dv-cinder-858276-1-smb devstack@c-api.service[113187]: [pid: 113187|app: 0|req: 193/366] 10.222.0.33 () {58 vars in 1307 bytes} [Tue Sep 20 22:24:49 2022] GET /volume/v3/d15db981cc674e74a19c63b4506b66c8/snapshots?marker=30eccf48-ac39-430d-95c0-94b61df97dfc => generated 111 bytes in 18 msecs (HTTP/1.1 404) 7 headers in 292 bytes (1 switches on core 0)
Sep 20 22:24:49.927645 dv-cinder-858276-1-smb devstack@c-api.service[113187]: DEBUG cinder.api.middleware.request_id [None req-671bfe1c-39a5-41e4-875d-e87286ab95b0 None None] RequestId filter calling following filter/app {{(pid=113187) _context_setter /opt/stack/cinder/cinder/api/middleware/request_id.py:62}}
Sep 20 22:24:49.933371 dv-cinder-858276-1-smb devstack@c-api.service[113187]: INFO cinder.api.openstack.wsgi [None req-671bfe1c-39a5-41e4-875d-e87286ab95b0 tempest-AbsoluteLimitsTests-62266488 tempest-AbsoluteLimitsTests-62266488-project] GET http://10.222.0.33/volume/v3/51ca212236254e828b1a59c98ed65314/volumes/1420c83e-0f9c-4c58-9a86-1e8d25adf99f
Sep 20 22:24:49.934104 dv-cinder-858276-1-smb devstack@c-api.service[113187]: DEBUG cinder.api.openstack.wsgi [None req-671bfe1c-39a5-41e4-875d-e87286ab95b0 tempest-AbsoluteLimitsTests-62266488 tempest-AbsoluteLimitsTests-62266488-project] Empty body provided in request {{(pid=113187) get_body /opt/stack/cinder/cinder/api/openstack/wsgi.py:715}}
Sep 20 22:24:49.934786 dv-cinder-858276-1-smb devstack@c-api.service[113187]: DEBUG cinder.api.openstack.wsgi [None req-671bfe1c-39a5-41e4-875d-e87286ab95b0 tempest-AbsoluteLimitsTests-62266488 tempest-AbsoluteLimitsTests-62266488-project] Calling method 'show' {{(pid=113187) _process_stack /opt/stack/cinder/cinder/api/openstack/wsgi.py:868}}
Sep 20 22:24:49.949946 dv-cinder-858276-1-smb devstack@c-api.service[113187]: /usr/local/lib/python3.8/dist-packages/oslo_context/context.py:100: DeprecationWarning: Policy enforcement is depending on the value of is_admin. This key is deprecated. Please update your policy file to use the standard policy values.
Sep 20 22:24:49.949946 dv-cinder-858276-1-smb devstack@c-api.service[113187]: warnings.warn('Policy enforcement is depending on the value of '
Sep 20 22:24:49.956672 dv-cinder-858276-1-smb devstack@c-api.service[113187]: INFO cinder.volume.api [None req-671bfe1c-39a5-41e4-875d-e87286ab95b0 tempest-AbsoluteLimitsTests-62266488 tempest-AbsoluteLimitsTests-62266488-project] Volume info retrieved successfully.
Sep 20 22:24:49.966058 dv-cinder-858276-1-smb devstack@c-api.service[113187]: INFO cinder.api.openstack.wsgi [None req-671bfe1c-39a5-41e4-875d-e87286ab95b0 tempest-AbsoluteLimitsTests-62266488 tempest-AbsoluteLimitsTests-62266488-project] http://10.222.0.33/volume/v3/51ca212236254e828b1a59c98ed65314/volumes/1420c83e-0f9c-4c58-9a86-1e8d25adf99f returned with HTTP 200
Sep 20 22:24:49.966939 dv-cinder-858276-1-smb devstack@c-api.service[113187]: [pid: 113187|app: 0|req: 194/367] 10.222.0.33 () {58 vars in 1325 bytes} [Tue Sep 20 22:24:49 2022] GET /volume/v3/51ca212236254e828b1a59c98ed65314/volumes/1420c83e-0f9c-4c58-9a86-1e8d25adf99f => generated 911 bytes in 40 msecs (HTTP/1.1 200) 7 headers in 285 bytes (1 switches on core 0)
Sep 20 22:24:49.968206 dv-cinder-858276-1-smb devstack@c-api.service[113187]: DEBUG cinder.api.middleware.request_id [None req-f8a0d357-d877-4411-b02d-a1f1b49ffeb4 None None] RequestId filter calling following filter/app {{(pid=113187) _context_setter /opt/stack/cinder/cinder/api/middleware/request_id.py:62}}
Sep 20 22:24:49.972165 dv-cinder-858276-1-smb devstack@c-api.service[113187]: INFO cinder.api.openstack.wsgi [None req-f8a0d357-d877-4411-b02d-a1f1b49ffeb4 tempest-VolumesSnapshotNegativeTestJSON-975822863 tempest-VolumesSnapshotNegativeTestJSON-975822863-project] GET http://10.222.0.33/volume/v3/d15db981cc674e74a19c63b4506b66c8/snapshots?sort_key=invalid
Sep 20 22:24:49.972478 dv-cinder-858276-1-smb devstack@c-api.service[113188]: DEBUG dbcounter [-] [113188] Writing DB stats cinder:SELECT=78,cinder:INSERT=10,cinder:UPDATE=12 {{(pid=113188) stat_writer /usr/local/lib/python3.8/dist-packages/dbcounter.py:114}}
Sep 20 22:24:49.972995 dv-cinder-858276-1-smb devstack@c-api.service[113187]: DEBUG cinder.api.openstack.wsgi [None req-f8a0d357-d877-4411-b02d-a1f1b49ffeb4 tempest-VolumesSnapshotNegativeTestJSON-975822863 tempest-VolumesSnapshotNegativeTestJSON-975822863-project] Empty body provided in request {{(pid=113187) get_body /opt/stack/cinder/cinder/api/openstack/wsgi.py:715}}
Sep 20 22:24:49.973623 dv-cinder-858276-1-smb devstack@c-api.service[113187]: DEBUG cinder.api.openstack.wsgi [None req-f8a0d357-d877-4411-b02d-a1f1b49ffeb4 tempest-VolumesSnapshotNegativeTestJSON-975822863 tempest-VolumesSnapshotNegativeTestJSON-975822863-project] Calling method 'index' {{(pid=113187) _process_stack /opt/stack/cinder/cinder/api/openstack/wsgi.py:868}}
Sep 20 22:24:49.974670 dv-cinder-858276-1-smb devstack@c-api.service[113187]: DEBUG cinder.api.api_utils [None req-f8a0d357-d877-4411-b02d-a1f1b49ffeb4 tempest-VolumesSnapshotNegativeTestJSON-975822863 tempest-VolumesSnapshotNegativeTestJSON-975822863-project] Removing options '' from query. {{(pid=113187) remove_invalid_filter_options /opt/stack/cinder/cinder/api/api_utils.py:83}}
Sep 20 22:24:49.977043 dv-cinder-858276-1-smb devstack@c-api.service[113187]: DEBUG cinder.db.sqlalchemy.api [None req-f8a0d357-d877-4411-b02d-a1f1b49ffeb4 tempest-VolumesSnapshotNegativeTestJSON-975822863 tempest-VolumesSnapshotNegativeTestJSON-975822863-project] Building query based on filter {{(pid=113187) _process_snaps_filters /opt/stack/cinder/cinder/db/sqlalchemy/api.py:3885}}
Sep 20 22:24:49.977939 dv-cinder-858276-1-smb devstack@c-api.service[113187]: INFO cinder.api.openstack.wsgi [None req-f8a0d357-d877-4411-b02d-a1f1b49ffeb4 tempest-VolumesSnapshotNegativeTestJSON-975822863 tempest-VolumesSnapshotNegativeTestJSON-975822863-project] http://10.222.0.33/volume/v3/d15db981cc674e74a19c63b4506b66c8/snapshots?sort_key=invalid returned with HTTP 400
Sep 20 22:24:49.978889 dv-cinder-858276-1-smb devstack@c-api.service[113187]: [pid: 113187|app: 0|req: 195/368] 10.222.0.33 () {58 vars in 1253 bytes} [Tue Sep 20 22:24:49 2022] GET /volume/v3/d15db981cc674e74a19c63b4506b66c8/snapshots?sort_key=invalid => generated 84 bytes in 11 msecs (HTTP/1.1 400) 7 headers in 293 bytes (1 switches on core 0)
Sep 20 22:24:49.985516 dv-cinder-858276-1-smb devstack@c-api.service[113187]: DEBUG cinder.api.middleware.request_id [None req-e7b743f7-0386-450c-82e8-a990c112a4f6 None None] RequestId filter calling following filter/app {{(pid=113187) _context_setter /opt/stack/cinder/cinder/api/middleware/request_id.py:62}}
Sep 20 22:24:49.989147 dv-cinder-858276-1-smb devstack@c-api.service[113187]: INFO cinder.api.openstack.wsgi [None req-e7b743f7-0386-450c-82e8-a990c112a4f6 tempest-VolumesSnapshotNegativeTestJSON-975822863 tempest-VolumesSnapshotNegativeTestJSON-975822863-project] POST http://10.222.0.33/volume/v3/d15db981cc674e74a19c63b4506b66c8/volumes
Sep 20 22:24:49.989822 dv-cinder-858276-1-smb devstack@c-api.service[113187]: DEBUG cinder.api.openstack.wsgi [None req-e7b743f7-0386-450c-82e8-a990c112a4f6 tempest-VolumesSnapshotNegativeTestJSON-975822863 tempest-VolumesSnapshotNegativeTestJSON-975822863-project] Action: 'create', calling method: create, body: {"volume": {"size": 2, "name": "tempest-VolumesSnapshotNegativeTestJSON-Volume-1152748389"}} {{(pid=113187) _process_stack /opt/stack/cinder/cinder/api/openstack/wsgi.py:866}}
Sep 20 22:24:49.992044 dv-cinder-858276-1-smb devstack@c-api.service[113187]: DEBUG cinder.api.v3.volumes [None req-e7b743f7-0386-450c-82e8-a990c112a4f6 tempest-VolumesSnapshotNegativeTestJSON-975822863 tempest-VolumesSnapshotNegativeTestJSON-975822863-project] Create volume request body: {'volume': {'size': 2, 'name': 'tempest-VolumesSnapshotNegativeTestJSON-Volume-1152748389'}} {{(pid=113187) create /opt/stack/cinder/cinder/api/v3/volumes.py:298}}
Sep 20 22:24:49.992372 dv-cinder-858276-1-smb devstack@c-api.service[113187]: INFO cinder.api.v3.volumes [None req-e7b743f7-0386-450c-82e8-a990c112a4f6 tempest-VolumesSnapshotNegativeTestJSON-975822863 tempest-VolumesSnapshotNegativeTestJSON-975822863-project] Create volume of 2 GB
Sep 20 22:24:50.000527 dv-cinder-858276-1-smb devstack@c-api.service[113187]: INFO cinder.volume.api [None req-e7b743f7-0386-450c-82e8-a990c112a4f6 tempest-VolumesSnapshotNegativeTestJSON-975822863 tempest-VolumesSnapshotNegativeTestJSON-975822863-project] Availability Zones retrieved successfully.
Sep 20 22:24:50.016162 dv-cinder-858276-1-smb devstack@c-api.service[113187]: DEBUG cinder.volume.api [None req-e7b743f7-0386-450c-82e8-a990c112a4f6 tempest-VolumesSnapshotNegativeTestJSON-975822863 tempest-VolumesSnapshotNegativeTestJSON-975822863-project] Flow 'volume_create_api' (58f2d436-a14c-48e9-a041-35b08710518a) transitioned into state 'RUNNING' from state 'PENDING' {{(pid=113187) _flow_receiver /usr/local/lib/python3.8/dist-packages/taskflow/listeners/logging.py:141}}
Sep 20 22:24:50.018781 dv-cinder-858276-1-smb devstack@c-api.service[113187]: DEBUG cinder.volume.api [None req-e7b743f7-0386-450c-82e8-a990c112a4f6 tempest-VolumesSnapshotNegativeTestJSON-975822863 tempest-VolumesSnapshotNegativeTestJSON-975822863-project] Task 'cinder.volume.flows.api.create_volume.ExtractVolumeRequestTask;volume:create' (8426711e-ad2c-4795-bc11-17145b3d2e26) transitioned into state 'RUNNING' from state 'PENDING' {{(pid=113187) _task_receiver /usr/local/lib/python3.8/dist-packages/taskflow/listeners/logging.py:190}}
Sep 20 22:24:50.021137 dv-cinder-858276-1-smb devstack@c-api.service[113187]: DEBUG cinder.volume.flows.api.create_volume [None req-e7b743f7-0386-450c-82e8-a990c112a4f6 tempest-VolumesSnapshotNegativeTestJSON-975822863 tempest-VolumesSnapshotNegativeTestJSON-975822863-project] Validating volume size '2' using validate_int {{(pid=113187) _extract_size /opt/stack/cinder/cinder/volume/flows/api/create_volume.py:228}}
Sep 20 22:24:50.033189 dv-cinder-858276-1-smb devstack@c-api.service[113188]: INFO cinder.api.openstack.wsgi [None req-aa2d22d5-d020-42c8-9bce-6635e51725f5 tempest-VolumeSnapshotQuotasNegativeTestJSON-1350480936 tempest-VolumeSnapshotQuotasNegativeTestJSON-1350480936-project-admin] http://10.222.0.33/volume/v3/29773d7f9614414a8a31a44a46079c9d/os-quota-sets/e96ba247ae904dfe942586e4b25fbbc9 returned with HTTP 200
Sep 20 22:24:50.033952 dv-cinder-858276-1-smb devstack@c-api.service[113188]: [pid: 113188|app: 0|req: 174/369] 10.222.0.33 () {60 vars in 1351 bytes} [Tue Sep 20 22:24:49 2022] PUT /volume/v3/29773d7f9614414a8a31a44a46079c9d/os-quota-sets/e96ba247ae904dfe942586e4b25fbbc9 => generated 522 bytes in 145 msecs (HTTP/1.1 200) 7 headers in 285 bytes (1 switches on core 0)
Sep 20 22:24:50.041829 dv-cinder-858276-1-smb devstack@c-api.service[113188]: DEBUG cinder.api.middleware.request_id [None req-ba8debc1-5d49-4d37-98ba-1d91af8c1a3d None None] RequestId filter calling following filter/app {{(pid=113188) _context_setter /opt/stack/cinder/cinder/api/middleware/request_id.py:62}}
Sep 20 22:24:50.055327 dv-cinder-858276-1-smb devstack@c-api.service[113187]: DEBUG cinder.volume.api [None req-e7b743f7-0386-450c-82e8-a990c112a4f6 tempest-VolumesSnapshotNegativeTestJSON-975822863 tempest-VolumesSnapshotNegativeTestJSON-975822863-project] Task 'cinder.volume.flows.api.create_volume.ExtractVolumeRequestTask;volume:create' (8426711e-ad2c-4795-bc11-17145b3d2e26) transitioned into state 'SUCCESS' from state 'RUNNING' with result '{'size': 2, 'snapshot_id': None, 'source_volid': None, 'volume_type': VolumeType(created_at=2022-09-20T22:13:56Z,deleted=False,deleted_at=None,description='Default Volume Type',extra_specs={},id=5092b016-3b8b-418f-be5d-75b3cdebf02f,is_public=True,name='__DEFAULT__',projects=[],qos_specs=,qos_specs_id=None,updated_at=2022-09-20T22:13:56Z), 'volume_type_id': '5092b016-3b8b-418f-be5d-75b3cdebf02f', 'encryption_key_id': None, 'qos_specs': None, 'consistencygroup_id': None, 'cgsnapshot_id': None, 'group_id': None, 'replication_status': 'disabled', 'refresh_az': False, 'backup_id': None, 'multiattach': False, 'availability_zones': ['nova']}' {{(pid=113187) _task_receiver /usr/local/lib/python3.8/dist-packages/taskflow/listeners/logging.py:178}}
Sep 20 22:24:50.057828 dv-cinder-858276-1-smb devstack@c-api.service[113187]: DEBUG cinder.volume.api [None req-e7b743f7-0386-450c-82e8-a990c112a4f6 tempest-VolumesSnapshotNegativeTestJSON-975822863 tempest-VolumesSnapshotNegativeTestJSON-975822863-project] Task 'cinder.volume.flows.api.create_volume.QuotaReserveTask;volume:create' (c6d539ac-9246-45fe-9c7b-1993d062309c) transitioned into state 'RUNNING' from state 'PENDING' {{(pid=113187) _task_receiver /usr/local/lib/python3.8/dist-packages/taskflow/listeners/logging.py:190}}
Sep 20 22:24:50.167004 dv-cinder-858276-1-smb devstack@c-api.service[113187]: DEBUG cinder.quota [None req-e7b743f7-0386-450c-82e8-a990c112a4f6 tempest-VolumesSnapshotNegativeTestJSON-975822863 tempest-VolumesSnapshotNegativeTestJSON-975822863-project] Created reservations ['7f29c124-d387-4f59-b085-82a1d5b0a4eb', '40643e8a-651f-4133-9f6c-0939462b61e3', '378450f6-3f64-4287-b76e-c882f523fe6d', '930968be-6b9c-425c-b5d6-9ee325d7da83'] {{(pid=113187) reserve /opt/stack/cinder/cinder/quota.py:755}}
Sep 20 22:24:50.168785 dv-cinder-858276-1-smb devstack@c-api.service[113187]: DEBUG cinder.volume.api [None req-e7b743f7-0386-450c-82e8-a990c112a4f6 tempest-VolumesSnapshotNegativeTestJSON-975822863 tempest-VolumesSnapshotNegativeTestJSON-975822863-project] Task 'cinder.volume.flows.api.create_volume.QuotaReserveTask;volume:create' (c6d539ac-9246-45fe-9c7b-1993d062309c) transitioned into state 'SUCCESS' from state 'RUNNING' with result '{'reservations': ['7f29c124-d387-4f59-b085-82a1d5b0a4eb', '40643e8a-651f-4133-9f6c-0939462b61e3', '378450f6-3f64-4287-b76e-c882f523fe6d', '930968be-6b9c-425c-b5d6-9ee325d7da83']}' {{(pid=113187) _task_receiver /usr/local/lib/python3.8/dist-packages/taskflow/listeners/logging.py:178}}
Sep 20 22:24:50.171061 dv-cinder-858276-1-smb devstack@c-api.service[113187]: DEBUG cinder.volume.api [None req-e7b743f7-0386-450c-82e8-a990c112a4f6 tempest-VolumesSnapshotNegativeTestJSON-975822863 tempest-VolumesSnapshotNegativeTestJSON-975822863-project] Task 'cinder.volume.flows.api.create_volume.EntryCreateTask;volume:create' (aa186a5b-df67-450e-a51e-b3e1c5f5dda4) transitioned into state 'RUNNING' from state 'PENDING' {{(pid=113187) _task_receiver /usr/local/lib/python3.8/dist-packages/taskflow/listeners/logging.py:190}}
Sep 20 22:24:50.175316 dv-cinder-858276-1-smb devstack@c-api.service[113188]: INFO cinder.api.openstack.wsgi [None req-ba8debc1-5d49-4d37-98ba-1d91af8c1a3d tempest-VolumeSnapshotQuotasNegativeTestJSON-1045333305 tempest-VolumeSnapshotQuotasNegativeTestJSON-1045333305-project] POST http://10.222.0.33/volume/v3/e96ba247ae904dfe942586e4b25fbbc9/volumes
Sep 20 22:24:50.176108 dv-cinder-858276-1-smb devstack@c-api.service[113188]: DEBUG cinder.api.openstack.wsgi [None req-ba8debc1-5d49-4d37-98ba-1d91af8c1a3d tempest-VolumeSnapshotQuotasNegativeTestJSON-1045333305 tempest-VolumeSnapshotQuotasNegativeTestJSON-1045333305-project] Action: 'create', calling method: create, body: {"volume": {"size": 1, "name": "tempest-VolumeSnapshotQuotasNegativeTestJSON-Volume-1041501353"}} {{(pid=113188) _process_stack /opt/stack/cinder/cinder/api/openstack/wsgi.py:866}}
Sep 20 22:24:50.178665 dv-cinder-858276-1-smb devstack@c-api.service[113188]: DEBUG cinder.api.v3.volumes [None req-ba8debc1-5d49-4d37-98ba-1d91af8c1a3d tempest-VolumeSnapshotQuotasNegativeTestJSON-1045333305 tempest-VolumeSnapshotQuotasNegativeTestJSON-1045333305-project] Create volume request body: {'volume': {'size': 1, 'name': 'tempest-VolumeSnapshotQuotasNegativeTestJSON-Volume-1041501353'}} {{(pid=113188) create /opt/stack/cinder/cinder/api/v3/volumes.py:298}}
Sep 20 22:24:50.178977 dv-cinder-858276-1-smb devstack@c-api.service[113188]: INFO cinder.api.v3.volumes [None req-ba8debc1-5d49-4d37-98ba-1d91af8c1a3d tempest-VolumeSnapshotQuotasNegativeTestJSON-1045333305 tempest-VolumeSnapshotQuotasNegativeTestJSON-1045333305-project] Create volume of 1 GB
Sep 20 22:24:50.180812 dv-cinder-858276-1-smb devstack@c-api.service[113187]: DEBUG dbcounter [-] [113187] Writing DB stats cinder:SELECT=85,cinder:UPDATE=5,cinder:INSERT=10 {{(pid=113187) stat_writer /usr/local/lib/python3.8/dist-packages/dbcounter.py:114}}
Sep 20 22:24:50.188105 dv-cinder-858276-1-smb devstack@c-api.service[113188]: INFO cinder.volume.api [None req-ba8debc1-5d49-4d37-98ba-1d91af8c1a3d tempest-VolumeSnapshotQuotasNegativeTestJSON-1045333305 tempest-VolumeSnapshotQuotasNegativeTestJSON-1045333305-project] Availability Zones retrieved successfully.
Sep 20 22:24:50.207136 dv-cinder-858276-1-smb devstack@c-api.service[113188]: DEBUG cinder.volume.api [None req-ba8debc1-5d49-4d37-98ba-1d91af8c1a3d tempest-VolumeSnapshotQuotasNegativeTestJSON-1045333305 tempest-VolumeSnapshotQuotasNegativeTestJSON-1045333305-project] Flow 'volume_create_api' (c03840a6-3e87-445a-8b5d-9027580e05a3) transitioned into state 'RUNNING' from state 'PENDING' {{(pid=113188) _flow_receiver /usr/local/lib/python3.8/dist-packages/taskflow/listeners/logging.py:141}}
Sep 20 22:24:50.208977 dv-cinder-858276-1-smb devstack@c-api.service[113187]: DEBUG cinder.volume.api [None req-e7b743f7-0386-450c-82e8-a990c112a4f6 tempest-VolumesSnapshotNegativeTestJSON-975822863 tempest-VolumesSnapshotNegativeTestJSON-975822863-project] Task 'cinder.volume.flows.api.create_volume.EntryCreateTask;volume:create' (aa186a5b-df67-450e-a51e-b3e1c5f5dda4) transitioned into state 'SUCCESS' from state 'RUNNING' with result '{'volume_id': 'ee8c3ba3-a43b-4a0b-81e7-ac2a3f818b68', 'volume_properties': VolumeProperties(attach_status='detached',availability_zone='nova',cgsnapshot_id=None,consistencygroup_id=None,display_description=None,display_name='tempest-VolumesSnapshotNegativeTestJSON-Volume-1152748389',encryption_key_id=None,group_id=None,group_type_id=,metadata={},multiattach=False,project_id='d15db981cc674e74a19c63b4506b66c8',qos_specs=None,replication_status=,reservations=['7f29c124-d387-4f59-b085-82a1d5b0a4eb','40643e8a-651f-4133-9f6c-0939462b61e3','378450f6-3f64-4287-b76e-c882f523fe6d','930968be-6b9c-425c-b5d6-9ee325d7da83'],size=2,snapshot_id=None,source_replicaid=,source_volid=None,status='creating',user_id='dbc62ce3380448f3b5155e6b26a6dd43',volume_type_id=5092b016-3b8b-418f-be5d-75b3cdebf02f), 'volume': Volume(_name_id=None,admin_metadata=,attach_status='detached',availability_zone='nova',bootable=False,cluster=,cluster_name=None,consistencygroup=,consistencygroup_id=None,created_at=2022-09-20T22:24:50Z,deleted=False,deleted_at=None,display_description=None,display_name='tempest-VolumesSnapshotNegativeTestJSON-Volume-1152748389',ec2_id=None,encryption_key_id=None,glance_metadata=,group=,group_id=None,host=None,id=ee8c3ba3-a43b-4a0b-81e7-ac2a3f818b68,launched_at=None,metadata={},migration_status=None,multiattach=False,previous_status=None,project_id='d15db981cc674e74a19c63b4506b66c8',provider_auth=None,provider_geometry=None,provider_id=None,provider_location=None,replication_driver_data=None,replication_extended_status=None,replication_status=None,scheduled_at=None,service_uuid=None,shared_targets=True,size=2,snapshot_id=None,snapshots=,source_volid=None,status='creating',terminated_at=None,updated_at=None,use_quota=True,user_id='dbc62ce3380448f3b5155e6b26a6dd43',volume_attachment=VolumeAttachmentList,volume_type=VolumeType(5092b016-3b8b-418f-be5d-75b3cdebf02f),volume_type_id=5092b016-3b8b-418f-be5d-75b3cdebf02f)}' {{(pid=113187) _task_receiver /usr/local/lib/python3.8/dist-packages/taskflow/listeners/logging.py:178}}
Sep 20 22:24:50.209781 dv-cinder-858276-1-smb devstack@c-api.service[113188]: DEBUG cinder.volume.api [None req-ba8debc1-5d49-4d37-98ba-1d91af8c1a3d tempest-VolumeSnapshotQuotasNegativeTestJSON-1045333305 tempest-VolumeSnapshotQuotasNegativeTestJSON-1045333305-project] Task 'cinder.volume.flows.api.create_volume.ExtractVolumeRequestTask;volume:create' (be0e4cf0-da9b-449c-8675-378841fd8df3) transitioned into state 'RUNNING' from state 'PENDING' {{(pid=113188) _task_receiver /usr/local/lib/python3.8/dist-packages/taskflow/listeners/logging.py:190}}
Sep 20 22:24:50.212265 dv-cinder-858276-1-smb devstack@c-api.service[113188]: DEBUG cinder.volume.flows.api.create_volume [None req-ba8debc1-5d49-4d37-98ba-1d91af8c1a3d tempest-VolumeSnapshotQuotasNegativeTestJSON-1045333305 tempest-VolumeSnapshotQuotasNegativeTestJSON-1045333305-project] Validating volume size '1' using validate_int {{(pid=113188) _extract_size /opt/stack/cinder/cinder/volume/flows/api/create_volume.py:228}}
Sep 20 22:24:50.212892 dv-cinder-858276-1-smb devstack@c-api.service[113187]: DEBUG cinder.volume.api [None req-e7b743f7-0386-450c-82e8-a990c112a4f6 tempest-VolumesSnapshotNegativeTestJSON-975822863 tempest-VolumesSnapshotNegativeTestJSON-975822863-project] Task 'cinder.volume.flows.api.create_volume.QuotaCommitTask;volume:create' (09fec9a7-f820-4b97-8fd2-690e7583c057) transitioned into state 'RUNNING' from state 'PENDING' {{(pid=113187) _task_receiver /usr/local/lib/python3.8/dist-packages/taskflow/listeners/logging.py:190}}
Sep 20 22:24:50.254860 dv-cinder-858276-1-smb devstack@c-api.service[113187]: DEBUG cinder.volume.api [None req-e7b743f7-0386-450c-82e8-a990c112a4f6 tempest-VolumesSnapshotNegativeTestJSON-975822863 tempest-VolumesSnapshotNegativeTestJSON-975822863-project] Task 'cinder.volume.flows.api.create_volume.QuotaCommitTask;volume:create' (09fec9a7-f820-4b97-8fd2-690e7583c057) transitioned into state 'SUCCESS' from state 'RUNNING' with result '{'volume_properties': VolumeProperties(attach_status='detached',availability_zone='nova',cgsnapshot_id=None,consistencygroup_id=None,display_description=None,display_name='tempest-VolumesSnapshotNegativeTestJSON-Volume-1152748389',encryption_key_id=None,group_id=None,group_type_id=,metadata={},multiattach=False,project_id='d15db981cc674e74a19c63b4506b66c8',qos_specs=None,replication_status=,reservations=['7f29c124-d387-4f59-b085-82a1d5b0a4eb','40643e8a-651f-4133-9f6c-0939462b61e3','378450f6-3f64-4287-b76e-c882f523fe6d','930968be-6b9c-425c-b5d6-9ee325d7da83'],size=2,snapshot_id=None,source_replicaid=,source_volid=None,status='creating',user_id='dbc62ce3380448f3b5155e6b26a6dd43',volume_type_id=5092b016-3b8b-418f-be5d-75b3cdebf02f)}' {{(pid=113187) _task_receiver /usr/local/lib/python3.8/dist-packages/taskflow/listeners/logging.py:178}}
Sep 20 22:24:50.261995 dv-cinder-858276-1-smb devstack@c-api.service[113188]: DEBUG cinder.volume.api [None req-ba8debc1-5d49-4d37-98ba-1d91af8c1a3d tempest-VolumeSnapshotQuotasNegativeTestJSON-1045333305 tempest-VolumeSnapshotQuotasNegativeTestJSON-1045333305-project] Task 'cinder.volume.flows.api.create_volume.ExtractVolumeRequestTask;volume:create' (be0e4cf0-da9b-449c-8675-378841fd8df3) transitioned into state 'SUCCESS' from state 'RUNNING' with result '{'size': 1, 'snapshot_id': None, 'source_volid': None, 'volume_type': VolumeType(created_at=2022-09-20T22:13:56Z,deleted=False,deleted_at=None,description='Default Volume Type',extra_specs={},id=5092b016-3b8b-418f-be5d-75b3cdebf02f,is_public=True,name='__DEFAULT__',projects=[],qos_specs=,qos_specs_id=None,updated_at=2022-09-20T22:13:56Z), 'volume_type_id': '5092b016-3b8b-418f-be5d-75b3cdebf02f', 'encryption_key_id': None, 'qos_specs': None, 'consistencygroup_id': None, 'cgsnapshot_id': None, 'group_id': None, 'replication_status': 'disabled', 'refresh_az': False, 'backup_id': None, 'multiattach': False, 'availability_zones': ['nova']}' {{(pid=113188) _task_receiver /usr/local/lib/python3.8/dist-packages/taskflow/listeners/logging.py:178}}
Sep 20 22:24:50.263431 dv-cinder-858276-1-smb devstack@c-api.service[113187]: DEBUG cinder.volume.api [None req-e7b743f7-0386-450c-82e8-a990c112a4f6 tempest-VolumesSnapshotNegativeTestJSON-975822863 tempest-VolumesSnapshotNegativeTestJSON-975822863-project] Task 'cinder.volume.flows.api.create_volume.VolumeCastTask;volume:create' (e584f13f-2e5d-4245-ab30-8c49e0383e0b) transitioned into state 'RUNNING' from state 'PENDING' {{(pid=113187) _task_receiver /usr/local/lib/python3.8/dist-packages/taskflow/listeners/logging.py:190}}
Sep 20 22:24:50.264526 dv-cinder-858276-1-smb devstack@c-api.service[113188]: DEBUG cinder.volume.api [None req-ba8debc1-5d49-4d37-98ba-1d91af8c1a3d tempest-VolumeSnapshotQuotasNegativeTestJSON-1045333305 tempest-VolumeSnapshotQuotasNegativeTestJSON-1045333305-project] Task 'cinder.volume.flows.api.create_volume.QuotaReserveTask;volume:create' (fe844b9f-7ed2-4851-a21e-f79e22b4c8fe) transitioned into state 'RUNNING' from state 'PENDING' {{(pid=113188) _task_receiver /usr/local/lib/python3.8/dist-packages/taskflow/listeners/logging.py:190}}
Sep 20 22:24:50.311123 dv-cinder-858276-1-smb devstack@c-api.service[113187]: DEBUG cinder.volume.api [None req-e7b743f7-0386-450c-82e8-a990c112a4f6 tempest-VolumesSnapshotNegativeTestJSON-975822863 tempest-VolumesSnapshotNegativeTestJSON-975822863-project] Task 'cinder.volume.flows.api.create_volume.VolumeCastTask;volume:create' (e584f13f-2e5d-4245-ab30-8c49e0383e0b) transitioned into state 'SUCCESS' from state 'RUNNING' with result 'None' {{(pid=113187) _task_receiver /usr/local/lib/python3.8/dist-packages/taskflow/listeners/logging.py:178}}
Sep 20 22:24:50.314604 dv-cinder-858276-1-smb devstack@c-api.service[113187]: DEBUG cinder.volume.api [None req-e7b743f7-0386-450c-82e8-a990c112a4f6 tempest-VolumesSnapshotNegativeTestJSON-975822863 tempest-VolumesSnapshotNegativeTestJSON-975822863-project] Flow 'volume_create_api' (58f2d436-a14c-48e9-a041-35b08710518a) transitioned into state 'SUCCESS' from state 'RUNNING' {{(pid=113187) _flow_receiver /usr/local/lib/python3.8/dist-packages/taskflow/listeners/logging.py:141}}
Sep 20 22:24:50.319350 dv-cinder-858276-1-smb devstack@c-api.service[113187]: INFO cinder.volume.api [None req-e7b743f7-0386-450c-82e8-a990c112a4f6 tempest-VolumesSnapshotNegativeTestJSON-975822863 tempest-VolumesSnapshotNegativeTestJSON-975822863-project] Create volume request issued successfully.
Sep 20 22:24:50.323157 dv-cinder-858276-1-smb devstack@c-api.service[113187]: INFO cinder.api.openstack.wsgi [None req-e7b743f7-0386-450c-82e8-a990c112a4f6 tempest-VolumesSnapshotNegativeTestJSON-975822863 tempest-VolumesSnapshotNegativeTestJSON-975822863-project] http://10.222.0.33/volume/v3/d15db981cc674e74a19c63b4506b66c8/volumes returned with HTTP 202
Sep 20 22:24:50.328701 dv-cinder-858276-1-smb devstack@c-api.service[113187]: [pid: 113187|app: 0|req: 196/370] 10.222.0.33 () {60 vars in 1235 bytes} [Tue Sep 20 22:24:49 2022] POST /volume/v3/d15db981cc674e74a19c63b4506b66c8/volumes => generated 831 bytes in 344 msecs (HTTP/1.1 202) 7 headers in 291 bytes (1 switches on core 0)
Sep 20 22:24:50.340295 dv-cinder-858276-1-smb devstack@c-api.service[113187]: DEBUG cinder.api.middleware.request_id [None req-05ecf19e-a9a0-4613-98c6-b11b2bde4217 None None] RequestId filter calling following filter/app {{(pid=113187) _context_setter /opt/stack/cinder/cinder/api/middleware/request_id.py:62}}
Sep 20 22:24:50.345373 dv-cinder-858276-1-smb devstack@c-api.service[113187]: INFO cinder.api.openstack.wsgi [None req-05ecf19e-a9a0-4613-98c6-b11b2bde4217 tempest-VolumesSnapshotNegativeTestJSON-975822863 tempest-VolumesSnapshotNegativeTestJSON-975822863-project] GET http://10.222.0.33/volume/v3/d15db981cc674e74a19c63b4506b66c8/volumes/ee8c3ba3-a43b-4a0b-81e7-ac2a3f818b68
Sep 20 22:24:50.346295 dv-cinder-858276-1-smb devstack@c-api.service[113187]: DEBUG cinder.api.openstack.wsgi [None req-05ecf19e-a9a0-4613-98c6-b11b2bde4217 tempest-VolumesSnapshotNegativeTestJSON-975822863 tempest-VolumesSnapshotNegativeTestJSON-975822863-project] Empty body provided in request {{(pid=113187) get_body /opt/stack/cinder/cinder/api/openstack/wsgi.py:715}}
Sep 20 22:24:50.346997 dv-cinder-858276-1-smb devstack@c-api.service[113187]: DEBUG cinder.api.openstack.wsgi [None req-05ecf19e-a9a0-4613-98c6-b11b2bde4217 tempest-VolumesSnapshotNegativeTestJSON-975822863 tempest-VolumesSnapshotNegativeTestJSON-975822863-project] Calling method 'show' {{(pid=113187) _process_stack /opt/stack/cinder/cinder/api/openstack/wsgi.py:868}}
Sep 20 22:24:50.364683 dv-cinder-858276-1-smb devstack@c-api.service[113187]: /usr/local/lib/python3.8/dist-packages/oslo_context/context.py:100: DeprecationWarning: Policy enforcement is depending on the value of is_admin. This key is deprecated. Please update your policy file to use the standard policy values.
Sep 20 22:24:50.364683 dv-cinder-858276-1-smb devstack@c-api.service[113187]: warnings.warn('Policy enforcement is depending on the value of '
Sep 20 22:24:50.377349 dv-cinder-858276-1-smb devstack@c-api.service[113187]: INFO cinder.volume.api [None req-05ecf19e-a9a0-4613-98c6-b11b2bde4217 tempest-VolumesSnapshotNegativeTestJSON-975822863 tempest-VolumesSnapshotNegativeTestJSON-975822863-project] Volume info retrieved successfully.
Sep 20 22:24:50.415484 dv-cinder-858276-1-smb devstack@c-api.service[113187]: INFO cinder.api.openstack.wsgi [None req-05ecf19e-a9a0-4613-98c6-b11b2bde4217 tempest-VolumesSnapshotNegativeTestJSON-975822863 tempest-VolumesSnapshotNegativeTestJSON-975822863-project] http://10.222.0.33/volume/v3/d15db981cc674e74a19c63b4506b66c8/volumes/ee8c3ba3-a43b-4a0b-81e7-ac2a3f818b68 returned with HTTP 200
Sep 20 22:24:50.433909 dv-cinder-858276-1-smb devstack@c-api.service[113187]: [pid: 113187|app: 0|req: 197/371] 10.222.0.33 () {58 vars in 1325 bytes} [Tue Sep 20 22:24:50 2022] GET /volume/v3/d15db981cc674e74a19c63b4506b66c8/volumes/ee8c3ba3-a43b-4a0b-81e7-ac2a3f818b68 => generated 899 bytes in 95 msecs (HTTP/1.1 200) 7 headers in 285 bytes (2 switches on core 0)
Sep 20 22:24:50.497421 dv-cinder-858276-1-smb devstack@c-api.service[113188]: DEBUG cinder.quota [None req-ba8debc1-5d49-4d37-98ba-1d91af8c1a3d tempest-VolumeSnapshotQuotasNegativeTestJSON-1045333305 tempest-VolumeSnapshotQuotasNegativeTestJSON-1045333305-project] Created reservations ['877895dc-09ad-4025-99c6-fc8e39784cd5', '8798f9d3-6744-4698-98ba-4298d0e410f8', 'c6688af3-c353-428c-8c2b-ffdcfbace389', '5c916ee8-de1d-49c5-9023-c9d12d18cb7d'] {{(pid=113188) reserve /opt/stack/cinder/cinder/quota.py:755}}
Sep 20 22:24:50.499445 dv-cinder-858276-1-smb devstack@c-api.service[113188]: DEBUG cinder.volume.api [None req-ba8debc1-5d49-4d37-98ba-1d91af8c1a3d tempest-VolumeSnapshotQuotasNegativeTestJSON-1045333305 tempest-VolumeSnapshotQuotasNegativeTestJSON-1045333305-project] Task 'cinder.volume.flows.api.create_volume.QuotaReserveTask;volume:create' (fe844b9f-7ed2-4851-a21e-f79e22b4c8fe) transitioned into state 'SUCCESS' from state 'RUNNING' with result '{'reservations': ['877895dc-09ad-4025-99c6-fc8e39784cd5', '8798f9d3-6744-4698-98ba-4298d0e410f8', 'c6688af3-c353-428c-8c2b-ffdcfbace389', '5c916ee8-de1d-49c5-9023-c9d12d18cb7d']}' {{(pid=113188) _task_receiver /usr/local/lib/python3.8/dist-packages/taskflow/listeners/logging.py:178}}
Sep 20 22:24:50.501512 dv-cinder-858276-1-smb devstack@c-api.service[113188]: DEBUG cinder.volume.api [None req-ba8debc1-5d49-4d37-98ba-1d91af8c1a3d tempest-VolumeSnapshotQuotasNegativeTestJSON-1045333305 tempest-VolumeSnapshotQuotasNegativeTestJSON-1045333305-project] Task 'cinder.volume.flows.api.create_volume.EntryCreateTask;volume:create' (2d759e46-8c8b-403a-8bfc-df61796d604f) transitioned into state 'RUNNING' from state 'PENDING' {{(pid=113188) _task_receiver /usr/local/lib/python3.8/dist-packages/taskflow/listeners/logging.py:190}}
Sep 20 22:24:50.529559 dv-cinder-858276-1-smb devstack@c-api.service[113188]: DEBUG cinder.volume.api [None req-ba8debc1-5d49-4d37-98ba-1d91af8c1a3d tempest-VolumeSnapshotQuotasNegativeTestJSON-1045333305 tempest-VolumeSnapshotQuotasNegativeTestJSON-1045333305-project] Task 'cinder.volume.flows.api.create_volume.EntryCreateTask;volume:create' (2d759e46-8c8b-403a-8bfc-df61796d604f) transitioned into state 'SUCCESS' from state 'RUNNING' with result '{'volume_id': 'f8cf2371-9460-4c0c-9a61-f3e348440277', 'volume_properties': VolumeProperties(attach_status='detached',availability_zone='nova',cgsnapshot_id=None,consistencygroup_id=None,display_description=None,display_name='tempest-VolumeSnapshotQuotasNegativeTestJSON-Volume-1041501353',encryption_key_id=None,group_id=None,group_type_id=,metadata={},multiattach=False,project_id='e96ba247ae904dfe942586e4b25fbbc9',qos_specs=None,replication_status=,reservations=['877895dc-09ad-4025-99c6-fc8e39784cd5','8798f9d3-6744-4698-98ba-4298d0e410f8','c6688af3-c353-428c-8c2b-ffdcfbace389','5c916ee8-de1d-49c5-9023-c9d12d18cb7d'],size=1,snapshot_id=None,source_replicaid=,source_volid=None,status='creating',user_id='1656c253f74c4c598b23a0fdb826b27b',volume_type_id=5092b016-3b8b-418f-be5d-75b3cdebf02f), 'volume': Volume(_name_id=None,admin_metadata=,attach_status='detached',availability_zone='nova',bootable=False,cluster=,cluster_name=None,consistencygroup=,consistencygroup_id=None,created_at=2022-09-20T22:24:50Z,deleted=False,deleted_at=None,display_description=None,display_name='tempest-VolumeSnapshotQuotasNegativeTestJSON-Volume-1041501353',ec2_id=None,encryption_key_id=None,glance_metadata=,group=,group_id=None,host=None,id=f8cf2371-9460-4c0c-9a61-f3e348440277,launched_at=None,metadata={},migration_status=None,multiattach=False,previous_status=None,project_id='e96ba247ae904dfe942586e4b25fbbc9',provider_auth=None,provider_geometry=None,provider_id=None,provider_location=None,replication_driver_data=None,replication_extended_status=None,replication_status=None,scheduled_at=None,service_uuid=None,shared_targets=True,size=1,snapshot_id=None,snapshots=,source_volid=None,status='creating',terminated_at=None,updated_at=None,use_quota=True,user_id='1656c253f74c4c598b23a0fdb826b27b',volume_attachment=VolumeAttachmentList,volume_type=VolumeType(5092b016-3b8b-418f-be5d-75b3cdebf02f),volume_type_id=5092b016-3b8b-418f-be5d-75b3cdebf02f)}' {{(pid=113188) _task_receiver /usr/local/lib/python3.8/dist-packages/taskflow/listeners/logging.py:178}}
Sep 20 22:24:50.531494 dv-cinder-858276-1-smb devstack@c-api.service[113188]: DEBUG cinder.volume.api [None req-ba8debc1-5d49-4d37-98ba-1d91af8c1a3d tempest-VolumeSnapshotQuotasNegativeTestJSON-1045333305 tempest-VolumeSnapshotQuotasNegativeTestJSON-1045333305-project] Task 'cinder.volume.flows.api.create_volume.QuotaCommitTask;volume:create' (a36b2d80-a77c-4419-9b7b-97da627804ea) transitioned into state 'RUNNING' from state 'PENDING' {{(pid=113188) _task_receiver /usr/local/lib/python3.8/dist-packages/taskflow/listeners/logging.py:190}}
Sep 20 22:24:50.559076 dv-cinder-858276-1-smb devstack@c-api.service[113188]: DEBUG cinder.volume.api [None req-ba8debc1-5d49-4d37-98ba-1d91af8c1a3d tempest-VolumeSnapshotQuotasNegativeTestJSON-1045333305 tempest-VolumeSnapshotQuotasNegativeTestJSON-1045333305-project] Task 'cinder.volume.flows.api.create_volume.QuotaCommitTask;volume:create' (a36b2d80-a77c-4419-9b7b-97da627804ea) transitioned into state 'SUCCESS' from state 'RUNNING' with result '{'volume_properties': VolumeProperties(attach_status='detached',availability_zone='nova',cgsnapshot_id=None,consistencygroup_id=None,display_description=None,display_name='tempest-VolumeSnapshotQuotasNegativeTestJSON-Volume-1041501353',encryption_key_id=None,group_id=None,group_type_id=,metadata={},multiattach=False,project_id='e96ba247ae904dfe942586e4b25fbbc9',qos_specs=None,replication_status=,reservations=['877895dc-09ad-4025-99c6-fc8e39784cd5','8798f9d3-6744-4698-98ba-4298d0e410f8','c6688af3-c353-428c-8c2b-ffdcfbace389','5c916ee8-de1d-49c5-9023-c9d12d18cb7d'],size=1,snapshot_id=None,source_replicaid=,source_volid=None,status='creating',user_id='1656c253f74c4c598b23a0fdb826b27b',volume_type_id=5092b016-3b8b-418f-be5d-75b3cdebf02f)}' {{(pid=113188) _task_receiver /usr/local/lib/python3.8/dist-packages/taskflow/listeners/logging.py:178}}
Sep 20 22:24:50.561001 dv-cinder-858276-1-smb devstack@c-api.service[113188]: DEBUG cinder.volume.api [None req-ba8debc1-5d49-4d37-98ba-1d91af8c1a3d tempest-VolumeSnapshotQuotasNegativeTestJSON-1045333305 tempest-VolumeSnapshotQuotasNegativeTestJSON-1045333305-project] Task 'cinder.volume.flows.api.create_volume.VolumeCastTask;volume:create' (864ff0fb-0a5d-4c12-9dbd-2c70b06ea932) transitioned into state 'RUNNING' from state 'PENDING' {{(pid=113188) _task_receiver /usr/local/lib/python3.8/dist-packages/taskflow/listeners/logging.py:190}}
Sep 20 22:24:50.577764 dv-cinder-858276-1-smb devstack@c-api.service[113188]: DEBUG cinder.volume.api [None req-ba8debc1-5d49-4d37-98ba-1d91af8c1a3d tempest-VolumeSnapshotQuotasNegativeTestJSON-1045333305 tempest-VolumeSnapshotQuotasNegativeTestJSON-1045333305-project] Task 'cinder.volume.flows.api.create_volume.VolumeCastTask;volume:create' (864ff0fb-0a5d-4c12-9dbd-2c70b06ea932) transitioned into state 'SUCCESS' from state 'RUNNING' with result 'None' {{(pid=113188) _task_receiver /usr/local/lib/python3.8/dist-packages/taskflow/listeners/logging.py:178}}
Sep 20 22:24:50.580409 dv-cinder-858276-1-smb devstack@c-api.service[113188]: DEBUG cinder.volume.api [None req-ba8debc1-5d49-4d37-98ba-1d91af8c1a3d tempest-VolumeSnapshotQuotasNegativeTestJSON-1045333305 tempest-VolumeSnapshotQuotasNegativeTestJSON-1045333305-project] Flow 'volume_create_api' (c03840a6-3e87-445a-8b5d-9027580e05a3) transitioned into state 'SUCCESS' from state 'RUNNING' {{(pid=113188) _flow_receiver /usr/local/lib/python3.8/dist-packages/taskflow/listeners/logging.py:141}}
Sep 20 22:24:50.581093 dv-cinder-858276-1-smb devstack@c-api.service[113188]: INFO cinder.volume.api [None req-ba8debc1-5d49-4d37-98ba-1d91af8c1a3d tempest-VolumeSnapshotQuotasNegativeTestJSON-1045333305 tempest-VolumeSnapshotQuotasNegativeTestJSON-1045333305-project] Create volume request issued successfully.
Sep 20 22:24:50.582340 dv-cinder-858276-1-smb devstack@c-api.service[113188]: INFO cinder.api.openstack.wsgi [None req-ba8debc1-5d49-4d37-98ba-1d91af8c1a3d tempest-VolumeSnapshotQuotasNegativeTestJSON-1045333305 tempest-VolumeSnapshotQuotasNegativeTestJSON-1045333305-project] http://10.222.0.33/volume/v3/e96ba247ae904dfe942586e4b25fbbc9/volumes returned with HTTP 202
Sep 20 22:24:50.594531 dv-cinder-858276-1-smb devstack@c-api.service[113188]: [pid: 113188|app: 0|req: 175/372] 10.222.0.33 () {60 vars in 1235 bytes} [Tue Sep 20 22:24:50 2022] POST /volume/v3/e96ba247ae904dfe942586e4b25fbbc9/volumes => generated 836 bytes in 543 msecs (HTTP/1.1 202) 7 headers in 291 bytes (2 switches on core 0)
