Sep 19 10:12:59.199225 dv-cinder-858275-1-smb devstack@keystone.service[81351]: DEBUG dbcounter [-] [81351] Writing DB stats keystone:SELECT=100 {{(pid=81351) stat_writer /usr/local/lib/python3.8/dist-packages/dbcounter.py:114}}
Sep 19 10:12:59.249562 dv-cinder-858275-1-smb devstack@keystone.service[81352]: DEBUG dbcounter [-] [81352] Writing DB stats keystone:SELECT=100 {{(pid=81352) stat_writer /usr/local/lib/python3.8/dist-packages/dbcounter.py:114}}
Sep 19 10:12:59.257454 dv-cinder-858275-1-smb devstack@keystone.service[81352]: DEBUG keystone.server.flask.request_processing.middleware.auth_context [None req-347a4a43-cbc4-44a5-9b40-288a7115f219 None None] Validating token access rules against request {{(pid=81352) validate_allowed_request /usr/local/lib/python3.8/dist-packages/keystonemiddleware/auth_token/__init__.py:545}}
Sep 19 10:12:59.259219 dv-cinder-858275-1-smb devstack@keystone.service[81351]: DEBUG keystone.server.flask.request_processing.middleware.auth_context [None req-df8753c1-14a3-4510-bde3-e97c4800719e None admin] Validating token access rules against request {{(pid=81351) validate_allowed_request /usr/local/lib/python3.8/dist-packages/keystonemiddleware/auth_token/__init__.py:545}}
Sep 19 10:12:59.295817 dv-cinder-858275-1-smb devstack@keystone.service[81352]: DEBUG keystone.server.flask.request_processing.middleware.auth_context [None req-e01c37df-455f-49e3-b523-594cec5a2bc0 None admin] RBAC: auth_context: {'token': , 'domain_id': None, 'trust_id': None, 'trustor_id': None, 'trustee_id': None, 'domain_name': None, 'group_ids': [], 'user_id': 'a561b673cfae437daade9297a694cc7c', 'user_domain_id': 'default', 'system_scope': 'all', 'project_id': None, 'project_domain_id': None, 'roles': ['admin', 'member', 'reader'], 'is_admin_project': True, 'service_user_id': None, 'service_user_domain_id': None, 'service_project_id': None, 'service_project_domain_id': None, 'service_roles': []} {{(pid=81352) fill_context /opt/stack/keystone/keystone/server/flask/request_processing/middleware/auth_context.py:478}}
Sep 19 10:12:59.296484 dv-cinder-858275-1-smb devstack@keystone.service[81352]: DEBUG keystone.server.flask.request_processing.req_logging [None req-e01c37df-455f-49e3-b523-594cec5a2bc0 None admin] REQUEST_METHOD: `GET` {{(pid=81352) log_request_info /opt/stack/keystone/keystone/server/flask/request_processing/req_logging.py:27}}
Sep 19 10:12:59.296761 dv-cinder-858275-1-smb devstack@keystone.service[81352]: DEBUG keystone.server.flask.request_processing.req_logging [None req-e01c37df-455f-49e3-b523-594cec5a2bc0 None admin] SCRIPT_NAME: `/identity` {{(pid=81352) log_request_info /opt/stack/keystone/keystone/server/flask/request_processing/req_logging.py:28}}
Sep 19 10:12:59.297036 dv-cinder-858275-1-smb devstack@keystone.service[81352]: DEBUG keystone.server.flask.request_processing.req_logging [None req-e01c37df-455f-49e3-b523-594cec5a2bc0 None admin] PATH_INFO: `/v3/roles` {{(pid=81352) log_request_info /opt/stack/keystone/keystone/server/flask/request_processing/req_logging.py:29}}
Sep 19 10:12:59.297698 dv-cinder-858275-1-smb devstack@keystone.service[81352]: DEBUG keystone.common.rbac_enforcer.enforcer [None req-e01c37df-455f-49e3-b523-594cec5a2bc0 None admin] RBAC: Adding query filter params (name=member) {{(pid=81352) _extract_filter_values /opt/stack/keystone/keystone/common/rbac_enforcer/enforcer.py:167}}
Sep 19 10:12:59.298002 dv-cinder-858275-1-smb devstack@keystone.service[81352]: DEBUG keystone.common.rbac_enforcer.enforcer [None req-e01c37df-455f-49e3-b523-594cec5a2bc0 None admin] RBAC: Authorizing `identity:list_roles()` {{(pid=81352) enforce_call /opt/stack/keystone/keystone/common/rbac_enforcer/enforcer.py:449}}
Sep 19 10:12:59.299613 dv-cinder-858275-1-smb devstack@keystone.service[81352]: DEBUG keystone.common.rbac_enforcer.enforcer [None req-e01c37df-455f-49e3-b523-594cec5a2bc0 None admin] RBAC: Authorization granted {{(pid=81352) enforce_call /opt/stack/keystone/keystone/common/rbac_enforcer/enforcer.py:457}}
Sep 19 10:12:59.305355 dv-cinder-858275-1-smb devstack@keystone.service[81351]: DEBUG keystone.server.flask.request_processing.middleware.auth_context [None req-748f0d36-3fc6-4e45-aee5-b9f1adbaa3d5 None admin] RBAC: auth_context: {'token': , 'domain_id': None, 'trust_id': None, 'trustor_id': None, 'trustee_id': None, 'domain_name': None, 'group_ids': [], 'user_id': 'a561b673cfae437daade9297a694cc7c', 'user_domain_id': 'default', 'system_scope': 'all', 'project_id': None, 'project_domain_id': None, 'roles': ['admin', 'member', 'reader'], 'is_admin_project': True, 'service_user_id': None, 'service_user_domain_id': None, 'service_project_id': None, 'service_project_domain_id': None, 'service_roles': []} {{(pid=81351) fill_context /opt/stack/keystone/keystone/server/flask/request_processing/middleware/auth_context.py:478}}
Sep 19 10:12:59.306709 dv-cinder-858275-1-smb devstack@keystone.service[81351]: DEBUG keystone.server.flask.request_processing.req_logging [None req-748f0d36-3fc6-4e45-aee5-b9f1adbaa3d5 None admin] REQUEST_METHOD: `GET` {{(pid=81351) log_request_info /opt/stack/keystone/keystone/server/flask/request_processing/req_logging.py:27}}
Sep 19 10:12:59.307418 dv-cinder-858275-1-smb devstack@keystone.service[81351]: DEBUG keystone.server.flask.request_processing.req_logging [None req-748f0d36-3fc6-4e45-aee5-b9f1adbaa3d5 None admin] SCRIPT_NAME: `/identity` {{(pid=81351) log_request_info /opt/stack/keystone/keystone/server/flask/request_processing/req_logging.py:28}}
Sep 19 10:12:59.307862 dv-cinder-858275-1-smb devstack@keystone.service[81351]: DEBUG keystone.server.flask.request_processing.req_logging [None req-748f0d36-3fc6-4e45-aee5-b9f1adbaa3d5 None admin] PATH_INFO: `/v3/domains/default` {{(pid=81351) log_request_info /opt/stack/keystone/keystone/server/flask/request_processing/req_logging.py:29}}
Sep 19 10:12:59.309181 dv-cinder-858275-1-smb devstack@keystone.service[81351]: DEBUG keystone.common.rbac_enforcer.enforcer [None req-748f0d36-3fc6-4e45-aee5-b9f1adbaa3d5 None admin] RBAC: Authorizing `identity:get_domain(domain_id=default)` {{(pid=81351) enforce_call /opt/stack/keystone/keystone/common/rbac_enforcer/enforcer.py:449}}
Sep 19 10:12:59.314203 dv-cinder-858275-1-smb devstack@keystone.service[81352]: [pid: 81352|app: 0|req: 102/214] 10.222.0.66 () {56 vars in 1101 bytes} [Mon Sep 19 10:12:59 2022] GET /identity/v3/roles?name=member => generated 341 bytes in 181 msecs (HTTP/1.1 200) 5 headers in 177 bytes (1 switches on core 0)
Sep 19 10:12:59.314329 dv-cinder-858275-1-smb devstack@keystone.service[81351]: DEBUG keystone.common.rbac_enforcer.enforcer [None req-748f0d36-3fc6-4e45-aee5-b9f1adbaa3d5 None admin] RBAC: Authorization granted {{(pid=81351) enforce_call /opt/stack/keystone/keystone/common/rbac_enforcer/enforcer.py:457}}
Sep 19 10:12:59.315112 dv-cinder-858275-1-smb devstack@keystone.service[81351]: [pid: 81351|app: 0|req: 113/215] 10.222.0.66 () {56 vars in 1108 bytes} [Mon Sep 19 10:12:59 2022] GET /identity/v3/domains/default => generated 199 bytes in 173 msecs (HTTP/1.1 200) 5 headers in 177 bytes (2 switches on core 0)
Sep 19 10:12:59.315828 dv-cinder-858275-1-smb devstack@keystone.service[81352]: DEBUG keystone.server.flask.request_processing.middleware.auth_context [None req-e01c37df-455f-49e3-b523-594cec5a2bc0 None admin] Authenticating user token {{(pid=81352) process_request /usr/local/lib/python3.8/dist-packages/keystonemiddleware/auth_token/__init__.py:407}}
Sep 19 10:12:59.322063 dv-cinder-858275-1-smb devstack@keystone.service[81351]: DEBUG keystone.server.flask.request_processing.middleware.auth_context [None req-748f0d36-3fc6-4e45-aee5-b9f1adbaa3d5 None admin] Authenticating user token {{(pid=81351) process_request /usr/local/lib/python3.8/dist-packages/keystonemiddleware/auth_token/__init__.py:407}}
Sep 19 10:12:59.431332 dv-cinder-858275-1-smb devstack@keystone.service[81352]: DEBUG keystone.server.flask.request_processing.middleware.auth_context [None req-e01c37df-455f-49e3-b523-594cec5a2bc0 None admin] Validating token access rules against request {{(pid=81352) validate_allowed_request /usr/local/lib/python3.8/dist-packages/keystonemiddleware/auth_token/__init__.py:545}}
Sep 19 10:12:59.443449 dv-cinder-858275-1-smb devstack@keystone.service[81351]: DEBUG keystone.server.flask.request_processing.middleware.auth_context [None req-748f0d36-3fc6-4e45-aee5-b9f1adbaa3d5 None admin] Validating token access rules against request {{(pid=81351) validate_allowed_request /usr/local/lib/python3.8/dist-packages/keystonemiddleware/auth_token/__init__.py:545}}
Sep 19 10:12:59.464078 dv-cinder-858275-1-smb devstack@keystone.service[81351]: DEBUG dbcounter [-] [81351] Writing DB stats keystone:SELECT=100 {{(pid=81351) stat_writer /usr/local/lib/python3.8/dist-packages/dbcounter.py:114}}
Sep 19 10:12:59.470677 dv-cinder-858275-1-smb devstack@keystone.service[81352]: DEBUG keystone.server.flask.request_processing.middleware.auth_context [None req-18a0ce18-b6fb-4960-aeba-d9bd63bb7134 None admin] RBAC: auth_context: {'token': , 'domain_id': None, 'trust_id': None, 'trustor_id': None, 'trustee_id': None, 'domain_name': None, 'group_ids': [], 'user_id': 'a561b673cfae437daade9297a694cc7c', 'user_domain_id': 'default', 'system_scope': 'all', 'project_id': None, 'project_domain_id': None, 'roles': ['admin', 'member', 'reader'], 'is_admin_project': True, 'service_user_id': None, 'service_user_domain_id': None, 'service_project_id': None, 'service_project_domain_id': None, 'service_roles': []} {{(pid=81352) fill_context /opt/stack/keystone/keystone/server/flask/request_processing/middleware/auth_context.py:478}}
Sep 19 10:12:59.471371 dv-cinder-858275-1-smb devstack@keystone.service[81352]: DEBUG keystone.server.flask.request_processing.req_logging [None req-18a0ce18-b6fb-4960-aeba-d9bd63bb7134 None admin] REQUEST_METHOD: `GET` {{(pid=81352) log_request_info /opt/stack/keystone/keystone/server/flask/request_processing/req_logging.py:27}}
Sep 19 10:12:59.471722 dv-cinder-858275-1-smb devstack@keystone.service[81352]: DEBUG keystone.server.flask.request_processing.req_logging [None req-18a0ce18-b6fb-4960-aeba-d9bd63bb7134 None admin] SCRIPT_NAME: `/identity` {{(pid=81352) log_request_info /opt/stack/keystone/keystone/server/flask/request_processing/req_logging.py:28}}
Sep 19 10:12:59.472070 dv-cinder-858275-1-smb devstack@keystone.service[81352]: DEBUG keystone.server.flask.request_processing.req_logging [None req-18a0ce18-b6fb-4960-aeba-d9bd63bb7134 None admin] PATH_INFO: `/v3/users/9360b53adb4948f897840f4ee7d0144c` {{(pid=81352) log_request_info /opt/stack/keystone/keystone/server/flask/request_processing/req_logging.py:29}}
Sep 19 10:12:59.486256 dv-cinder-858275-1-smb devstack@keystone.service[81351]: DEBUG keystone.server.flask.request_processing.middleware.auth_context [None req-e5696bb0-9e5e-426c-8125-ce3eb1a3862b None admin] RBAC: auth_context: {'token': , 'domain_id': None, 'trust_id': None, 'trustor_id': None, 'trustee_id': None, 'domain_name': None, 'group_ids': [], 'user_id': 'a561b673cfae437daade9297a694cc7c', 'user_domain_id': 'default', 'system_scope': 'all', 'project_id': None, 'project_domain_id': None, 'roles': ['admin', 'member', 'reader'], 'is_admin_project': True, 'service_user_id': None, 'service_user_domain_id': None, 'service_project_id': None, 'service_project_domain_id': None, 'service_roles': []} {{(pid=81351) fill_context /opt/stack/keystone/keystone/server/flask/request_processing/middleware/auth_context.py:478}}
Sep 19 10:12:59.487111 dv-cinder-858275-1-smb devstack@keystone.service[81352]: DEBUG keystone.common.rbac_enforcer.enforcer [None req-18a0ce18-b6fb-4960-aeba-d9bd63bb7134 None admin] RBAC: Authorizing `identity:get_user(user_id=9360b53adb4948f897840f4ee7d0144c)` {{(pid=81352) enforce_call /opt/stack/keystone/keystone/common/rbac_enforcer/enforcer.py:449}}
Sep 19 10:12:59.487273 dv-cinder-858275-1-smb devstack@keystone.service[81351]: DEBUG keystone.server.flask.request_processing.req_logging [None req-e5696bb0-9e5e-426c-8125-ce3eb1a3862b None admin] REQUEST_METHOD: `POST` {{(pid=81351) log_request_info /opt/stack/keystone/keystone/server/flask/request_processing/req_logging.py:27}}
Sep 19 10:12:59.487730 dv-cinder-858275-1-smb devstack@keystone.service[81351]: DEBUG keystone.server.flask.request_processing.req_logging [None req-e5696bb0-9e5e-426c-8125-ce3eb1a3862b None admin] SCRIPT_NAME: `/identity` {{(pid=81351) log_request_info /opt/stack/keystone/keystone/server/flask/request_processing/req_logging.py:28}}
Sep 19 10:12:59.488140 dv-cinder-858275-1-smb devstack@keystone.service[81351]: DEBUG keystone.server.flask.request_processing.req_logging [None req-e5696bb0-9e5e-426c-8125-ce3eb1a3862b None admin] PATH_INFO: `/v3/users` {{(pid=81351) log_request_info /opt/stack/keystone/keystone/server/flask/request_processing/req_logging.py:29}}
Sep 19 10:12:59.488983 dv-cinder-858275-1-smb devstack@keystone.service[81352]: DEBUG keystone.common.rbac_enforcer.enforcer [None req-18a0ce18-b6fb-4960-aeba-d9bd63bb7134 None admin] RBAC: Authorization granted {{(pid=81352) enforce_call /opt/stack/keystone/keystone/common/rbac_enforcer/enforcer.py:457}}
Sep 19 10:12:59.489114 dv-cinder-858275-1-smb devstack@keystone.service[81351]: DEBUG keystone.common.rbac_enforcer.enforcer [None req-e5696bb0-9e5e-426c-8125-ce3eb1a3862b None admin] RBAC: Authorizing `identity:create_user()` {{(pid=81351) enforce_call /opt/stack/keystone/keystone/common/rbac_enforcer/enforcer.py:449}}
Sep 19 10:12:59.491213 dv-cinder-858275-1-smb devstack@keystone.service[81351]: DEBUG keystone.common.rbac_enforcer.enforcer [None req-e5696bb0-9e5e-426c-8125-ce3eb1a3862b None admin] RBAC: Authorization granted {{(pid=81351) enforce_call /opt/stack/keystone/keystone/common/rbac_enforcer/enforcer.py:457}}
Sep 19 10:12:59.491595 dv-cinder-858275-1-smb devstack@keystone.service[81352]: [pid: 81352|app: 0|req: 103/216] 10.222.0.66 () {56 vars in 1177 bytes} [Mon Sep 19 10:12:59 2022] GET /identity/v3/users/9360b53adb4948f897840f4ee7d0144c => generated 297 bytes in 176 msecs (HTTP/1.1 200) 5 headers in 177 bytes (1 switches on core 0)
Sep 19 10:12:59.496926 dv-cinder-858275-1-smb devstack@keystone.service[81352]: DEBUG keystone.server.flask.request_processing.middleware.auth_context [None req-18a0ce18-b6fb-4960-aeba-d9bd63bb7134 None admin] Authenticating user token {{(pid=81352) process_request /usr/local/lib/python3.8/dist-packages/keystonemiddleware/auth_token/__init__.py:407}}
Sep 19 10:12:59.519809 dv-cinder-858275-1-smb devstack@keystone.service[81352]: DEBUG dbcounter [-] [81352] Writing DB stats keystone:SELECT=100 {{(pid=81352) stat_writer /usr/local/lib/python3.8/dist-packages/dbcounter.py:114}}
Sep 19 10:12:59.522699 dv-cinder-858275-1-smb devstack@keystone.service[81351]: [pid: 81351|app: 0|req: 114/217] 10.222.0.66 () {60 vars in 1132 bytes} [Mon Sep 19 10:12:59 2022] POST /identity/v3/users => generated 297 bytes in 201 msecs (HTTP/1.1 201) 5 headers in 182 bytes (1 switches on core 0)
Sep 19 10:12:59.625390 dv-cinder-858275-1-smb devstack@keystone.service[81352]: DEBUG keystone.server.flask.request_processing.middleware.auth_context [None req-18a0ce18-b6fb-4960-aeba-d9bd63bb7134 None admin] Validating token access rules against request {{(pid=81352) validate_allowed_request /usr/local/lib/python3.8/dist-packages/keystonemiddleware/auth_token/__init__.py:545}}
Sep 19 10:12:59.663981 dv-cinder-858275-1-smb devstack@keystone.service[81352]: DEBUG keystone.server.flask.request_processing.middleware.auth_context [None req-254ae54a-dc14-4659-96bf-d1263ecb7927 None admin] RBAC: auth_context: {'token': , 'domain_id': None, 'trust_id': None, 'trustor_id': None, 'trustee_id': None, 'domain_name': None, 'group_ids': [], 'user_id': 'a561b673cfae437daade9297a694cc7c', 'user_domain_id': 'default', 'system_scope': 'all', 'project_id': None, 'project_domain_id': None, 'roles': ['admin', 'member', 'reader'], 'is_admin_project': True, 'service_user_id': None, 'service_user_domain_id': None, 'service_project_id': None, 'service_project_domain_id': None, 'service_roles': []} {{(pid=81352) fill_context /opt/stack/keystone/keystone/server/flask/request_processing/middleware/auth_context.py:478}}
Sep 19 10:12:59.664933 dv-cinder-858275-1-smb devstack@keystone.service[81352]: DEBUG keystone.server.flask.request_processing.req_logging [None req-254ae54a-dc14-4659-96bf-d1263ecb7927 None admin] REQUEST_METHOD: `GET` {{(pid=81352) log_request_info /opt/stack/keystone/keystone/server/flask/request_processing/req_logging.py:27}}
Sep 19 10:12:59.665378 dv-cinder-858275-1-smb devstack@keystone.service[81352]: DEBUG keystone.server.flask.request_processing.req_logging [None req-254ae54a-dc14-4659-96bf-d1263ecb7927 None admin] SCRIPT_NAME: `/identity` {{(pid=81352) log_request_info /opt/stack/keystone/keystone/server/flask/request_processing/req_logging.py:28}}
Sep 19 10:12:59.665794 dv-cinder-858275-1-smb devstack@keystone.service[81352]: DEBUG keystone.server.flask.request_processing.req_logging [None req-254ae54a-dc14-4659-96bf-d1263ecb7927 None admin] PATH_INFO: `/v3/auth/tokens` {{(pid=81352) log_request_info /opt/stack/keystone/keystone/server/flask/request_processing/req_logging.py:29}}
Sep 19 10:12:59.743474 dv-cinder-858275-1-smb devstack@keystone.service[81352]: DEBUG keystone.common.rbac_enforcer.enforcer [None req-254ae54a-dc14-4659-96bf-d1263ecb7927 None admin] RBAC: Authorizing `identity:validate_token()` {{(pid=81352) enforce_call /opt/stack/keystone/keystone/common/rbac_enforcer/enforcer.py:449}}
Sep 19 10:12:59.744983 dv-cinder-858275-1-smb devstack@keystone.service[81352]: DEBUG keystone.common.rbac_enforcer.enforcer [None req-254ae54a-dc14-4659-96bf-d1263ecb7927 None admin] RBAC: Authorization granted {{(pid=81352) enforce_call /opt/stack/keystone/keystone/common/rbac_enforcer/enforcer.py:457}}
Sep 19 10:12:59.763137 dv-cinder-858275-1-smb devstack@keystone.service[81352]: DEBUG dbcounter [-] [81352] Writing DB stats keystone:SELECT=100 {{(pid=81352) stat_writer /usr/local/lib/python3.8/dist-packages/dbcounter.py:114}}
Sep 19 10:12:59.857080 dv-cinder-858275-1-smb devstack@keystone.service[81352]: [pid: 81352|app: 0|req: 104/218] 10.222.0.66 () {58 vars in 1282 bytes} [Mon Sep 19 10:12:59 2022] GET /identity/v3/auth/tokens => generated 799 bytes in 360 msecs (HTTP/1.1 200) 6 headers in 358 bytes (2 switches on core 0)
Sep 19 10:12:59.862481 dv-cinder-858275-1-smb devstack@keystone.service[81351]: DEBUG keystone.server.flask.request_processing.middleware.auth_context [None req-e5696bb0-9e5e-426c-8125-ce3eb1a3862b None admin] Authenticating user token {{(pid=81351) process_request /usr/local/lib/python3.8/dist-packages/keystonemiddleware/auth_token/__init__.py:407}}
Sep 19 10:12:59.944795 dv-cinder-858275-1-smb devstack@keystone.service[81352]: DEBUG keystone.server.flask.request_processing.req_logging [None req-63e51e72-3bbc-4493-b7e5-12331e2feb21 None None] REQUEST_METHOD: `GET` {{(pid=81352) log_request_info /opt/stack/keystone/keystone/server/flask/request_processing/req_logging.py:27}}
Sep 19 10:12:59.945026 dv-cinder-858275-1-smb devstack@keystone.service[81352]: DEBUG keystone.server.flask.request_processing.req_logging [None req-63e51e72-3bbc-4493-b7e5-12331e2feb21 None None] SCRIPT_NAME: `/identity` {{(pid=81352) log_request_info /opt/stack/keystone/keystone/server/flask/request_processing/req_logging.py:28}}
Sep 19 10:12:59.945291 dv-cinder-858275-1-smb devstack@keystone.service[81352]: DEBUG keystone.server.flask.request_processing.req_logging [None req-63e51e72-3bbc-4493-b7e5-12331e2feb21 None None] PATH_INFO: `/` {{(pid=81352) log_request_info /opt/stack/keystone/keystone/server/flask/request_processing/req_logging.py:29}}
Sep 19 10:12:59.946887 dv-cinder-858275-1-smb devstack@keystone.service[81352]: [pid: 81352|app: 0|req: 105/219] 10.222.0.66 () {54 vars in 927 bytes} [Mon Sep 19 10:12:59 2022] GET /identity => generated 270 bytes in 3 msecs (HTTP/1.1 300) 6 headers in 234 bytes (2 switches on core 0)
Sep 19 10:12:59.952796 dv-cinder-858275-1-smb devstack@keystone.service[81352]: DEBUG keystone.server.flask.request_processing.req_logging [None req-e8ad150b-679e-49ea-890f-4d41b4fe4aec None None] REQUEST_METHOD: `POST` {{(pid=81352) log_request_info /opt/stack/keystone/keystone/server/flask/request_processing/req_logging.py:27}}
Sep 19 10:12:59.953120 dv-cinder-858275-1-smb devstack@keystone.service[81352]: DEBUG keystone.server.flask.request_processing.req_logging [None req-e8ad150b-679e-49ea-890f-4d41b4fe4aec None None] SCRIPT_NAME: `/identity` {{(pid=81352) log_request_info /opt/stack/keystone/keystone/server/flask/request_processing/req_logging.py:28}}
Sep 19 10:12:59.953351 dv-cinder-858275-1-smb devstack@keystone.service[81352]: DEBUG keystone.server.flask.request_processing.req_logging [None req-e8ad150b-679e-49ea-890f-4d41b4fe4aec None None] PATH_INFO: `/v3/auth/tokens` {{(pid=81352) log_request_info /opt/stack/keystone/keystone/server/flask/request_processing/req_logging.py:29}}
Sep 19 10:12:59.978335 dv-cinder-858275-1-smb devstack@keystone.service[81352]: DEBUG keystone.auth.core [None req-e8ad150b-679e-49ea-890f-4d41b4fe4aec None None] MFA Rules not processed for user `a561b673cfae437daade9297a694cc7c`. Rule list: `[]` (Enabled: `True`). {{(pid=81352) check_auth_methods_against_rules /opt/stack/keystone/keystone/auth/core.py:438}}
Sep 19 10:12:59.979582 dv-cinder-858275-1-smb devstack@keystone.service[81352]: DEBUG keystone.common.fernet_utils [None req-e8ad150b-679e-49ea-890f-4d41b4fe4aec None None] Loaded 2 Fernet keys from /etc/keystone/fernet-keys/, but `[fernet_tokens] max_active_keys = 3`; perhaps there have not been enough key rotations to reach `max_active_keys` yet? {{(pid=81352) load_keys /opt/stack/keystone/keystone/common/fernet_utils.py:286}}
Sep 19 10:12:59.989511 dv-cinder-858275-1-smb devstack@keystone.service[81351]: DEBUG keystone.server.flask.request_processing.middleware.auth_context [None req-e5696bb0-9e5e-426c-8125-ce3eb1a3862b None admin] Validating token access rules against request {{(pid=81351) validate_allowed_request /usr/local/lib/python3.8/dist-packages/keystonemiddleware/auth_token/__init__.py:545}}
Sep 19 10:13:00.041750 dv-cinder-858275-1-smb devstack@keystone.service[81351]: DEBUG keystone.server.flask.request_processing.middleware.auth_context [None req-7b67d8d9-301d-46ac-8a6c-5b73c0bc064b None admin] RBAC: auth_context: {'token': , 'domain_id': None, 'trust_id': None, 'trustor_id': None, 'trustee_id': None, 'domain_name': None, 'group_ids': [], 'user_id': 'a561b673cfae437daade9297a694cc7c', 'user_domain_id': 'default', 'system_scope': 'all', 'project_id': None, 'project_domain_id': None, 'roles': ['admin', 'member', 'reader'], 'is_admin_project': True, 'service_user_id': None, 'service_user_domain_id': None, 'service_project_id': None, 'service_project_domain_id': None, 'service_roles': []} {{(pid=81351) fill_context /opt/stack/keystone/keystone/server/flask/request_processing/middleware/auth_context.py:478}}
Sep 19 10:13:00.042440 dv-cinder-858275-1-smb devstack@keystone.service[81351]: DEBUG keystone.server.flask.request_processing.req_logging [None req-7b67d8d9-301d-46ac-8a6c-5b73c0bc064b None admin] REQUEST_METHOD: `GET` {{(pid=81351) log_request_info /opt/stack/keystone/keystone/server/flask/request_processing/req_logging.py:27}}
Sep 19 10:13:00.042724 dv-cinder-858275-1-smb devstack@keystone.service[81351]: DEBUG keystone.server.flask.request_processing.req_logging [None req-7b67d8d9-301d-46ac-8a6c-5b73c0bc064b None admin] SCRIPT_NAME: `/identity` {{(pid=81351) log_request_info /opt/stack/keystone/keystone/server/flask/request_processing/req_logging.py:28}}
Sep 19 10:13:00.043010 dv-cinder-858275-1-smb devstack@keystone.service[81351]: DEBUG keystone.server.flask.request_processing.req_logging [None req-7b67d8d9-301d-46ac-8a6c-5b73c0bc064b None admin] PATH_INFO: `/v3/projects/42b2443f228149a79b5bc408193a96bb` {{(pid=81351) log_request_info /opt/stack/keystone/keystone/server/flask/request_processing/req_logging.py:29}}
Sep 19 10:13:00.044980 dv-cinder-858275-1-smb devstack@keystone.service[81351]: DEBUG keystone.common.rbac_enforcer.enforcer [None req-7b67d8d9-301d-46ac-8a6c-5b73c0bc064b None admin] RBAC: Authorizing `identity:get_project(project_id=42b2443f228149a79b5bc408193a96bb)` {{(pid=81351) enforce_call /opt/stack/keystone/keystone/common/rbac_enforcer/enforcer.py:449}}
Sep 19 10:13:00.046858 dv-cinder-858275-1-smb devstack@keystone.service[81351]: DEBUG keystone.common.rbac_enforcer.enforcer [None req-7b67d8d9-301d-46ac-8a6c-5b73c0bc064b None admin] RBAC: Authorization granted {{(pid=81351) enforce_call /opt/stack/keystone/keystone/common/rbac_enforcer/enforcer.py:457}}
Sep 19 10:13:00.049379 dv-cinder-858275-1-smb devstack@keystone.service[81351]: [pid: 81351|app: 0|req: 115/220] 10.222.0.66 () {56 vars in 1186 bytes} [Mon Sep 19 10:12:59 2022] GET /identity/v3/projects/42b2443f228149a79b5bc408193a96bb => generated 302 bytes in 187 msecs (HTTP/1.1 200) 5 headers in 177 bytes (2 switches on core 0)
Sep 19 10:13:00.055641 dv-cinder-858275-1-smb devstack@keystone.service[81351]: DEBUG keystone.server.flask.request_processing.middleware.auth_context [None req-7b67d8d9-301d-46ac-8a6c-5b73c0bc064b None admin] Authenticating user token {{(pid=81351) process_request /usr/local/lib/python3.8/dist-packages/keystonemiddleware/auth_token/__init__.py:407}}
Sep 19 10:13:00.077698 dv-cinder-858275-1-smb devstack@keystone.service[81352]: [pid: 81352|app: 0|req: 106/221] 10.222.0.66 () {58 vars in 1024 bytes} [Mon Sep 19 10:12:59 2022] POST /identity/v3/auth/tokens => generated 799 bytes in 126 msecs (HTTP/1.1 201) 6 headers in 363 bytes (1 switches on core 0)
Sep 19 10:13:00.105895 dv-cinder-858275-1-smb devstack@keystone.service[81351]: DEBUG dbcounter [-] [81351] Writing DB stats keystone:SELECT=97,keystone:INSERT=3 {{(pid=81351) stat_writer /usr/local/lib/python3.8/dist-packages/dbcounter.py:114}}
Sep 19 10:13:00.123312 dv-cinder-858275-1-smb devstack@keystone.service[81352]: DEBUG keystone.server.flask.request_processing.req_logging [None req-f13a0a5e-cd19-4c97-a85c-58cf250576e7 None None] REQUEST_METHOD: `GET` {{(pid=81352) log_request_info /opt/stack/keystone/keystone/server/flask/request_processing/req_logging.py:27}}
Sep 19 10:13:00.123597 dv-cinder-858275-1-smb devstack@keystone.service[81352]: DEBUG keystone.server.flask.request_processing.req_logging [None req-f13a0a5e-cd19-4c97-a85c-58cf250576e7 None None] SCRIPT_NAME: `/identity` {{(pid=81352) log_request_info /opt/stack/keystone/keystone/server/flask/request_processing/req_logging.py:28}}
Sep 19 10:13:00.123867 dv-cinder-858275-1-smb devstack@keystone.service[81352]: DEBUG keystone.server.flask.request_processing.req_logging [None req-f13a0a5e-cd19-4c97-a85c-58cf250576e7 None None] PATH_INFO: `/` {{(pid=81352) log_request_info /opt/stack/keystone/keystone/server/flask/request_processing/req_logging.py:29}}
Sep 19 10:13:00.125257 dv-cinder-858275-1-smb devstack@keystone.service[81352]: [pid: 81352|app: 0|req: 107/222] 10.222.0.66 () {54 vars in 927 bytes} [Mon Sep 19 10:13:00 2022] GET /identity => generated 270 bytes in 3 msecs (HTTP/1.1 300) 6 headers in 234 bytes (2 switches on core 0)
Sep 19 10:13:00.131916 dv-cinder-858275-1-smb devstack@keystone.service[81352]: DEBUG keystone.server.flask.request_processing.req_logging [None req-5eb77ae5-0e17-4d8b-ab73-fd2179ed6d24 None None] REQUEST_METHOD: `POST` {{(pid=81352) log_request_info /opt/stack/keystone/keystone/server/flask/request_processing/req_logging.py:27}}
Sep 19 10:13:00.132236 dv-cinder-858275-1-smb devstack@keystone.service[81352]: DEBUG keystone.server.flask.request_processing.req_logging [None req-5eb77ae5-0e17-4d8b-ab73-fd2179ed6d24 None None] SCRIPT_NAME: `/identity` {{(pid=81352) log_request_info /opt/stack/keystone/keystone/server/flask/request_processing/req_logging.py:28}}
Sep 19 10:13:00.132691 dv-cinder-858275-1-smb devstack@keystone.service[81352]: DEBUG keystone.server.flask.request_processing.req_logging [None req-5eb77ae5-0e17-4d8b-ab73-fd2179ed6d24 None None] PATH_INFO: `/v3/auth/tokens` {{(pid=81352) log_request_info /opt/stack/keystone/keystone/server/flask/request_processing/req_logging.py:29}}
Sep 19 10:13:00.156318 dv-cinder-858275-1-smb devstack@keystone.service[81352]: DEBUG keystone.auth.core [None req-5eb77ae5-0e17-4d8b-ab73-fd2179ed6d24 None None] MFA Rules not processed for user `a561b673cfae437daade9297a694cc7c`. Rule list: `[]` (Enabled: `True`). {{(pid=81352) check_auth_methods_against_rules /opt/stack/keystone/keystone/auth/core.py:438}}
Sep 19 10:13:00.157739 dv-cinder-858275-1-smb devstack@keystone.service[81352]: DEBUG keystone.common.fernet_utils [None req-5eb77ae5-0e17-4d8b-ab73-fd2179ed6d24 None None] Loaded 2 Fernet keys from /etc/keystone/fernet-keys/, but `[fernet_tokens] max_active_keys = 3`; perhaps there have not been enough key rotations to reach `max_active_keys` yet? {{(pid=81352) load_keys /opt/stack/keystone/keystone/common/fernet_utils.py:286}}
Sep 19 10:13:00.195841 dv-cinder-858275-1-smb devstack@keystone.service[81351]: DEBUG keystone.server.flask.request_processing.middleware.auth_context [None req-7b67d8d9-301d-46ac-8a6c-5b73c0bc064b None admin] Validating token access rules against request {{(pid=81351) validate_allowed_request /usr/local/lib/python3.8/dist-packages/keystonemiddleware/auth_token/__init__.py:545}}
Sep 19 10:13:00.245683 dv-cinder-858275-1-smb devstack@keystone.service[81352]: DEBUG dbcounter [-] [81352] Writing DB stats keystone:SELECT=100 {{(pid=81352) stat_writer /usr/local/lib/python3.8/dist-packages/dbcounter.py:114}}
Sep 19 10:13:00.251145 dv-cinder-858275-1-smb devstack@keystone.service[81351]: DEBUG keystone.server.flask.request_processing.middleware.auth_context [None req-c2f313a3-04d9-491f-9ded-ac9e7d956623 None admin] RBAC: auth_context: {'token': , 'domain_id': None, 'trust_id': None, 'trustor_id': None, 'trustee_id': None, 'domain_name': None, 'group_ids': [], 'user_id': 'a561b673cfae437daade9297a694cc7c', 'user_domain_id': 'default', 'system_scope': 'all', 'project_id': None, 'project_domain_id': None, 'roles': ['admin', 'member', 'reader'], 'is_admin_project': True, 'service_user_id': None, 'service_user_domain_id': None, 'service_project_id': None, 'service_project_domain_id': None, 'service_roles': []} {{(pid=81351) fill_context /opt/stack/keystone/keystone/server/flask/request_processing/middleware/auth_context.py:478}}
Sep 19 10:13:00.251777 dv-cinder-858275-1-smb devstack@keystone.service[81351]: DEBUG keystone.server.flask.request_processing.req_logging [None req-c2f313a3-04d9-491f-9ded-ac9e7d956623 None admin] REQUEST_METHOD: `GET` {{(pid=81351) log_request_info /opt/stack/keystone/keystone/server/flask/request_processing/req_logging.py:27}}
Sep 19 10:13:00.252032 dv-cinder-858275-1-smb devstack@keystone.service[81351]: DEBUG keystone.server.flask.request_processing.req_logging [None req-c2f313a3-04d9-491f-9ded-ac9e7d956623 None admin] SCRIPT_NAME: `/identity` {{(pid=81351) log_request_info /opt/stack/keystone/keystone/server/flask/request_processing/req_logging.py:28}}
Sep 19 10:13:00.252405 dv-cinder-858275-1-smb devstack@keystone.service[81351]: DEBUG keystone.server.flask.request_processing.req_logging [None req-c2f313a3-04d9-491f-9ded-ac9e7d956623 None admin] PATH_INFO: `/v3/role_assignments` {{(pid=81351) log_request_info /opt/stack/keystone/keystone/server/flask/request_processing/req_logging.py:29}}
Sep 19 10:13:00.254710 dv-cinder-858275-1-smb devstack@keystone.service[81351]: DEBUG keystone.common.rbac_enforcer.enforcer [None req-c2f313a3-04d9-491f-9ded-ac9e7d956623 None admin] RBAC: Adding query filter params (role.id=cd5b42ed3b754b58817a62bbe74651b4, scope.project.id=42b2443f228149a79b5bc408193a96bb, user.id=9360b53adb4948f897840f4ee7d0144c) {{(pid=81351) _extract_filter_values /opt/stack/keystone/keystone/common/rbac_enforcer/enforcer.py:167}}
Sep 19 10:13:00.255031 dv-cinder-858275-1-smb devstack@keystone.service[81351]: DEBUG keystone.common.rbac_enforcer.enforcer [None req-c2f313a3-04d9-491f-9ded-ac9e7d956623 None admin] RBAC: Authorizing `identity:list_role_assignments()` {{(pid=81351) enforce_call /opt/stack/keystone/keystone/common/rbac_enforcer/enforcer.py:449}}
Sep 19 10:13:00.257935 dv-cinder-858275-1-smb devstack@keystone.service[81351]: DEBUG keystone.common.rbac_enforcer.enforcer [None req-c2f313a3-04d9-491f-9ded-ac9e7d956623 None admin] RBAC: Authorization granted {{(pid=81351) enforce_call /opt/stack/keystone/keystone/common/rbac_enforcer/enforcer.py:457}}
Sep 19 10:13:00.266651 dv-cinder-858275-1-smb devstack@keystone.service[81351]: [pid: 81351|app: 0|req: 116/223] 10.222.0.66 () {56 vars in 1374 bytes} [Mon Sep 19 10:13:00 2022] GET /identity/v3/role_assignments?user.id=9360b53adb4948f897840f4ee7d0144c&scope.project.id=42b2443f228149a79b5bc408193a96bb&role.id=cd5b42ed3b754b58817a62bbe74651b4 => generated 259 bytes in 211 msecs (HTTP/1.1 200) 5 headers in 177 bytes (1 switches on core 0)
Sep 19 10:13:00.292481 dv-cinder-858275-1-smb devstack@keystone.service[81352]: [pid: 81352|app: 0|req: 108/224] 10.222.0.66 () {58 vars in 1024 bytes} [Mon Sep 19 10:13:00 2022] POST /identity/v3/auth/tokens => generated 799 bytes in 162 msecs (HTTP/1.1 201) 6 headers in 363 bytes (2 switches on core 0)
Sep 19 10:13:00.405485 dv-cinder-858275-1-smb devstack@keystone.service[81351]: DEBUG keystone.server.flask.request_processing.middleware.auth_context [None req-c2f313a3-04d9-491f-9ded-ac9e7d956623 None admin] Authenticating user token {{(pid=81351) process_request /usr/local/lib/python3.8/dist-packages/keystonemiddleware/auth_token/__init__.py:407}}
Sep 19 10:13:00.523883 dv-cinder-858275-1-smb devstack@keystone.service[81351]: DEBUG keystone.server.flask.request_processing.middleware.auth_context [None req-c2f313a3-04d9-491f-9ded-ac9e7d956623 None admin] Validating token access rules against request {{(pid=81351) validate_allowed_request /usr/local/lib/python3.8/dist-packages/keystonemiddleware/auth_token/__init__.py:545}}
Sep 19 10:13:00.531246 dv-cinder-858275-1-smb devstack@keystone.service[81351]: DEBUG dbcounter [-] [81351] Writing DB stats keystone:SELECT=100 {{(pid=81351) stat_writer /usr/local/lib/python3.8/dist-packages/dbcounter.py:114}}
Sep 19 10:13:00.560762 dv-cinder-858275-1-smb devstack@keystone.service[81351]: DEBUG keystone.server.flask.request_processing.middleware.auth_context [None req-796d4246-b293-4ca0-b856-efd6f1962b80 None admin] RBAC: auth_context: {'token': , 'domain_id': None, 'trust_id': None, 'trustor_id': None, 'trustee_id': None, 'domain_name': None, 'group_ids': [], 'user_id': 'a561b673cfae437daade9297a694cc7c', 'user_domain_id': 'default', 'system_scope': 'all', 'project_id': None, 'project_domain_id': None, 'roles': ['admin', 'member', 'reader'], 'is_admin_project': True, 'service_user_id': None, 'service_user_domain_id': None, 'service_project_id': None, 'service_project_domain_id': None, 'service_roles': []} {{(pid=81351) fill_context /opt/stack/keystone/keystone/server/flask/request_processing/middleware/auth_context.py:478}}
Sep 19 10:13:00.561456 dv-cinder-858275-1-smb devstack@keystone.service[81351]: DEBUG keystone.server.flask.request_processing.req_logging [None req-796d4246-b293-4ca0-b856-efd6f1962b80 None admin] REQUEST_METHOD: `GET` {{(pid=81351) log_request_info /opt/stack/keystone/keystone/server/flask/request_processing/req_logging.py:27}}
Sep 19 10:13:00.561743 dv-cinder-858275-1-smb devstack@keystone.service[81351]: DEBUG keystone.server.flask.request_processing.req_logging [None req-796d4246-b293-4ca0-b856-efd6f1962b80 None admin] SCRIPT_NAME: `/identity` {{(pid=81351) log_request_info /opt/stack/keystone/keystone/server/flask/request_processing/req_logging.py:28}}
Sep 19 10:13:00.562020 dv-cinder-858275-1-smb devstack@keystone.service[81351]: DEBUG keystone.server.flask.request_processing.req_logging [None req-796d4246-b293-4ca0-b856-efd6f1962b80 None admin] PATH_INFO: `/v3/roles/anotherrole` {{(pid=81351) log_request_info /opt/stack/keystone/keystone/server/flask/request_processing/req_logging.py:29}}
Sep 19 10:13:00.572737 dv-cinder-858275-1-smb devstack@keystone.service[81351]: DEBUG keystone.common.rbac_enforcer.enforcer [None req-796d4246-b293-4ca0-b856-efd6f1962b80 None admin] Extracting inferred target data resulted in "NOT FOUND (404)". {{(pid=81351) enforce_call /opt/stack/keystone/keystone/common/rbac_enforcer/enforcer.py:409}}
Sep 19 10:13:00.578151 dv-cinder-858275-1-smb devstack@keystone.service[81351]: ERROR keystone.server.flask.application [None req-796d4246-b293-4ca0-b856-efd6f1962b80 None admin] Could not find role: anotherrole.: keystone.exception.RoleNotFound: Could not find role: anotherrole.
Sep 19 10:13:00.578151 dv-cinder-858275-1-smb devstack@keystone.service[81351]: ERROR keystone.server.flask.application
Traceback (most recent call last):
Sep 19 10:13:00.578151 dv-cinder-858275-1-smb devstack@keystone.service[81351]: ERROR keystone.server.flask.application
File "/usr/local/lib/python3.8/dist-packages/flask/app.py", line 1820, in full_dispatch_request
Sep 19 10:13:00.578151 dv-cinder-858275-1-smb devstack@keystone.service[81351]: ERROR keystone.server.flask.application rv = self.dispatch_request()
Sep 19 10:13:00.578151 dv-cinder-858275-1-smb devstack@keystone.service[81351]: ERROR keystone.server.flask.application
File "/usr/local/lib/python3.8/dist-packages/flask/app.py", line 1796, in dispatch_request
Sep 19 10:13:00.578151 dv-cinder-858275-1-smb devstack@keystone.service[81351]: ERROR keystone.server.flask.application return self.ensure_sync(self.view_functions[rule.endpoint])(**view_args)
Sep 19 10:13:00.578151 dv-cinder-858275-1-smb devstack@keystone.service[81351]: ERROR keystone.server.flask.application
File "/usr/local/lib/python3.8/dist-packages/flask_restful/__init__.py", line 467, in wrapper
Sep 19 10:13:00.578151 dv-cinder-858275-1-smb devstack@keystone.service[81351]: ERROR keystone.server.flask.application resp = resource(*args, **kwargs)
Sep 19 10:13:00.578151 dv-cinder-858275-1-smb devstack@keystone.service[81351]: ERROR keystone.server.flask.application
File "/usr/local/lib/python3.8/dist-packages/flask/views.py", line 107, in view
Sep 19 10:13:00.578151 dv-cinder-858275-1-smb devstack@keystone.service[81351]: ERROR keystone.server.flask.application return current_app.ensure_sync(self.dispatch_request)(**kwargs)
Sep 19 10:13:00.578151 dv-cinder-858275-1-smb devstack@keystone.service[81351]: ERROR keystone.server.flask.application
File "/usr/local/lib/python3.8/dist-packages/flask_restful/__init__.py", line 582, in dispatch_request
Sep 19 10:13:00.578151 dv-cinder-858275-1-smb devstack@keystone.service[81351]: ERROR keystone.server.flask.application resp = meth(*args, **kwargs)
Sep 19 10:13:00.578151 dv-cinder-858275-1-smb devstack@keystone.service[81351]: ERROR keystone.server.flask.application
File "/opt/stack/keystone/keystone/api/roles.py", line 50, in get
Sep 19 10:13:00.578151 dv-cinder-858275-1-smb devstack@keystone.service[81351]: ERROR keystone.server.flask.application return self._get_role(role_id)
Sep 19 10:13:00.578151 dv-cinder-858275-1-smb devstack@keystone.service[81351]: ERROR keystone.server.flask.application
File "/opt/stack/keystone/keystone/api/roles.py", line 70, in _get_role
Sep 19 10:13:00.578151 dv-cinder-858275-1-smb devstack@keystone.service[81351]: ERROR keystone.server.flask.application ENFORCER.enforce_call(action='identity:get_role')
Sep 19 10:13:00.579005 dv-cinder-858275-1-smb devstack@keystone.service[81351]: ERROR keystone.server.flask.application
File "/opt/stack/keystone/keystone/common/rbac_enforcer/enforcer.py", line 402, in enforce_call
Sep 19 10:13:00.579005 dv-cinder-858275-1-smb devstack@keystone.service[81351]: ERROR keystone.server.flask.application policy_dict.update(cls._extract_member_target_data(
Sep 19 10:13:00.579005 dv-cinder-858275-1-smb devstack@keystone.service[81351]: ERROR keystone.server.flask.application
File "/opt/stack/keystone/keystone/common/rbac_enforcer/enforcer.py", line 234, in _extract_member_target_data
Sep 19 10:13:00.579005 dv-cinder-858275-1-smb devstack@keystone.service[81351]: ERROR keystone.server.flask.application member_name: func(flask.request.view_args[key])
Sep 19 10:13:00.579005 dv-cinder-858275-1-smb devstack@keystone.service[81351]: ERROR keystone.server.flask.application
File "/opt/stack/keystone/keystone/common/manager.py", line 115, in wrapped
Sep 19 10:13:00.579005 dv-cinder-858275-1-smb devstack@keystone.service[81351]: ERROR keystone.server.flask.application __ret_val = __f(*args, **kwargs)
Sep 19 10:13:00.579005 dv-cinder-858275-1-smb devstack@keystone.service[81351]: ERROR keystone.server.flask.application
File "/usr/local/lib/python3.8/dist-packages/decorator.py", line 232, in fun
Sep 19 10:13:00.579005 dv-cinder-858275-1-smb devstack@keystone.service[81351]: ERROR keystone.server.flask.application return caller(func, *(extras + args), **kw)
Sep 19 10:13:00.579005 dv-cinder-858275-1-smb devstack@keystone.service[81351]: ERROR keystone.server.flask.application
File "/usr/local/lib/python3.8/dist-packages/dogpile/cache/region.py", line 1577, in get_or_create_for_user_func
Sep 19 10:13:00.579005 dv-cinder-858275-1-smb devstack@keystone.service[81351]: ERROR keystone.server.flask.application return self.get_or_create(
Sep 19 10:13:00.579005 dv-cinder-858275-1-smb devstack@keystone.service[81351]: ERROR keystone.server.flask.application
File "/usr/local/lib/python3.8/dist-packages/dogpile/cache/region.py", line 1042, in get_or_create
Sep 19 10:13:00.579005 dv-cinder-858275-1-smb devstack@keystone.service[81351]: ERROR keystone.server.flask.application with Lock(
Sep 19 10:13:00.579005 dv-cinder-858275-1-smb devstack@keystone.service[81351]: ERROR keystone.server.flask.application
File "/usr/local/lib/python3.8/dist-packages/dogpile/lock.py", line 185, in __enter__
Sep 19 10:13:00.579005 dv-cinder-858275-1-smb devstack@keystone.service[81351]: ERROR keystone.server.flask.application return self._enter()
Sep 19 10:13:00.579005 dv-cinder-858275-1-smb devstack@keystone.service[81351]: ERROR keystone.server.flask.application
File "/usr/local/lib/python3.8/dist-packages/dogpile/lock.py", line 94, in _enter
Sep 19 10:13:00.579005 dv-cinder-858275-1-smb devstack@keystone.service[81351]: ERROR keystone.server.flask.application generated = self._enter_create(value, createdtime)
Sep 19 10:13:00.579797 dv-cinder-858275-1-smb devstack@keystone.service[81351]: ERROR keystone.server.flask.application
File "/usr/local/lib/python3.8/dist-packages/dogpile/lock.py", line 178, in _enter_create
Sep 19 10:13:00.579797 dv-cinder-858275-1-smb devstack@keystone.service[81351]: ERROR keystone.server.flask.application return self.creator()
Sep 19 10:13:00.579797 dv-cinder-858275-1-smb devstack@keystone.service[81351]: ERROR keystone.server.flask.application
File "/usr/local/lib/python3.8/dist-packages/dogpile/cache/region.py", line 995, in gen_value
Sep 19 10:13:00.579797 dv-cinder-858275-1-smb devstack@keystone.service[81351]: ERROR keystone.server.flask.application created_value = creator(
Sep 19 10:13:00.579797 dv-cinder-858275-1-smb devstack@keystone.service[81351]: ERROR keystone.server.flask.application
File "/opt/stack/keystone/keystone/assignment/core.py", line 1276, in get_role
Sep 19 10:13:00.579797 dv-cinder-858275-1-smb devstack@keystone.service[81351]: ERROR keystone.server.flask.application return self.driver.get_role(role_id)
Sep 19 10:13:00.579797 dv-cinder-858275-1-smb devstack@keystone.service[81351]: ERROR keystone.server.flask.application
File "/opt/stack/keystone/keystone/assignment/role_backends/sql.py", line 70, in get_role
Sep 19 10:13:00.579797 dv-cinder-858275-1-smb devstack@keystone.service[81351]: ERROR keystone.server.flask.application return self._get_role(session, role_id).to_dict()
Sep 19 10:13:00.579797 dv-cinder-858275-1-smb devstack@keystone.service[81351]: ERROR keystone.server.flask.application
File "/opt/stack/keystone/keystone/assignment/role_backends/sql.py", line 65, in _get_role
Sep 19 10:13:00.579797 dv-cinder-858275-1-smb devstack@keystone.service[81351]: ERROR keystone.server.flask.application raise exception.RoleNotFound(role_id=role_id)
Sep 19 10:13:00.579797 dv-cinder-858275-1-smb devstack@keystone.service[81351]: ERROR keystone.server.flask.application keystone.exception.RoleNotFound: Could not find role: anotherrole.
Sep 19 10:13:00.579797 dv-cinder-858275-1-smb devstack@keystone.service[81351]: ERROR keystone.server.flask.application
Sep 19 10:13:00.579797 dv-cinder-858275-1-smb devstack@keystone.service[81351]: [pid: 81351|app: 0|req: 117/225] 10.222.0.66 () {56 vars in 1114 bytes} [Mon Sep 19 10:13:00 2022] GET /identity/v3/roles/anotherrole => generated 89 bytes in 174 msecs (HTTP/1.1 404) 5 headers in 183 bytes (1 switches on core 0)
Sep 19 10:13:00.586548 dv-cinder-858275-1-smb devstack@keystone.service[81352]: DEBUG keystone.server.flask.request_processing.middleware.auth_context [None req-5eb77ae5-0e17-4d8b-ab73-fd2179ed6d24 None None] Authenticating user token {{(pid=81352) process_request /usr/local/lib/python3.8/dist-packages/keystonemiddleware/auth_token/__init__.py:407}}
Sep 19 10:13:00.751282 dv-cinder-858275-1-smb devstack@keystone.service[81352]: DEBUG keystone.server.flask.request_processing.middleware.auth_context [None req-5eb77ae5-0e17-4d8b-ab73-fd2179ed6d24 None None] Validating token access rules against request {{(pid=81352) validate_allowed_request /usr/local/lib/python3.8/dist-packages/keystonemiddleware/auth_token/__init__.py:545}}
Sep 19 10:13:00.800873 dv-cinder-858275-1-smb devstack@keystone.service[81351]: DEBUG keystone.server.flask.request_processing.middleware.auth_context [None req-796d4246-b293-4ca0-b856-efd6f1962b80 None admin] Authenticating user token {{(pid=81351) process_request /usr/local/lib/python3.8/dist-packages/keystonemiddleware/auth_token/__init__.py:407}}
Sep 19 10:13:00.809836 dv-cinder-858275-1-smb devstack@keystone.service[81352]: DEBUG keystone.server.flask.request_processing.middleware.auth_context [None req-b4dd5f73-d141-4eb1-8969-130c759fc048 None admin] RBAC: auth_context: {'token': , 'domain_id': None, 'trust_id': None, 'trustor_id': None, 'trustee_id': None, 'domain_name': None, 'group_ids': [], 'user_id': 'a561b673cfae437daade9297a694cc7c', 'user_domain_id': 'default', 'system_scope': 'all', 'project_id': None, 'project_domain_id': None, 'roles': ['admin', 'member', 'reader'], 'is_admin_project': True, 'service_user_id': None, 'service_user_domain_id': None, 'service_project_id': None, 'service_project_domain_id': None, 'service_roles': []} {{(pid=81352) fill_context /opt/stack/keystone/keystone/server/flask/request_processing/middleware/auth_context.py:478}}
Sep 19 10:13:00.811122 dv-cinder-858275-1-smb devstack@keystone.service[81352]: DEBUG keystone.server.flask.request_processing.req_logging [None req-b4dd5f73-d141-4eb1-8969-130c759fc048 None admin] REQUEST_METHOD: `GET` {{(pid=81352) log_request_info /opt/stack/keystone/keystone/server/flask/request_processing/req_logging.py:27}}
Sep 19 10:13:00.811596 dv-cinder-858275-1-smb devstack@keystone.service[81352]: DEBUG keystone.server.flask.request_processing.req_logging [None req-b4dd5f73-d141-4eb1-8969-130c759fc048 None admin] SCRIPT_NAME: `/identity` {{(pid=81352) log_request_info /opt/stack/keystone/keystone/server/flask/request_processing/req_logging.py:28}}
Sep 19 10:13:00.812080 dv-cinder-858275-1-smb devstack@keystone.service[81352]: DEBUG keystone.server.flask.request_processing.req_logging [None req-b4dd5f73-d141-4eb1-8969-130c759fc048 None admin] PATH_INFO: `/v3/roles` {{(pid=81352) log_request_info /opt/stack/keystone/keystone/server/flask/request_processing/req_logging.py:29}}
Sep 19 10:13:00.812968 dv-cinder-858275-1-smb devstack@keystone.service[81352]: DEBUG keystone.common.rbac_enforcer.enforcer [None req-b4dd5f73-d141-4eb1-8969-130c759fc048 None admin] RBAC: Adding query filter params (name=anotherrole) {{(pid=81352) _extract_filter_values /opt/stack/keystone/keystone/common/rbac_enforcer/enforcer.py:167}}
Sep 19 10:13:00.813470 dv-cinder-858275-1-smb devstack@keystone.service[81352]: DEBUG keystone.common.rbac_enforcer.enforcer [None req-b4dd5f73-d141-4eb1-8969-130c759fc048 None admin] RBAC: Authorizing `identity:list_roles()` {{(pid=81352) enforce_call /opt/stack/keystone/keystone/common/rbac_enforcer/enforcer.py:449}}
Sep 19 10:13:00.815090 dv-cinder-858275-1-smb devstack@keystone.service[81352]: DEBUG keystone.common.rbac_enforcer.enforcer [None req-b4dd5f73-d141-4eb1-8969-130c759fc048 None admin] RBAC: Authorization granted {{(pid=81352) enforce_call /opt/stack/keystone/keystone/common/rbac_enforcer/enforcer.py:457}}
Sep 19 10:13:00.827471 dv-cinder-858275-1-smb devstack@keystone.service[81352]: [pid: 81352|app: 0|req: 109/226] 10.222.0.66 () {56 vars in 1111 bytes} [Mon Sep 19 10:13:00 2022] GET /identity/v3/roles?name=anotherrole => generated 334 bytes in 241 msecs (HTTP/1.1 200) 5 headers in 177 bytes (1 switches on core 0)
Sep 19 10:13:00.841726 dv-cinder-858275-1-smb devstack@keystone.service[81352]: DEBUG keystone.server.flask.request_processing.middleware.auth_context [None req-b4dd5f73-d141-4eb1-8969-130c759fc048 None admin] Authenticating user token {{(pid=81352) process_request /usr/local/lib/python3.8/dist-packages/keystonemiddleware/auth_token/__init__.py:407}}
Sep 19 10:13:00.911044 dv-cinder-858275-1-smb devstack@keystone.service[81352]: DEBUG dbcounter [-] [81352] Writing DB stats keystone:SELECT=100 {{(pid=81352) stat_writer /usr/local/lib/python3.8/dist-packages/dbcounter.py:114}}
