Sep 17 04:28:25.798946 dv-cinder-857993-2-iscsi devstack@c-api.service[113269]: INFO cinder.api.openstack.wsgi [None req-ed20832a-e874-46f4-ac14-d52b8c73cd7d tempest-QosSpecsTestJSON-334120634 tempest-QosSpecsTestJSON-334120634-project-admin] DELETE http://10.222.0.60/volume/v3/edad36b182f9411084b55f288aa6afa1/qos-specs/15522dd9-2e57-4418-b8c7-6d773182d3f8?force=False
Sep 17 04:28:25.799429 dv-cinder-857993-2-iscsi devstack@c-api.service[113269]: DEBUG cinder.api.openstack.wsgi [None req-ed20832a-e874-46f4-ac14-d52b8c73cd7d tempest-QosSpecsTestJSON-334120634 tempest-QosSpecsTestJSON-334120634-project-admin] Empty body provided in request {{(pid=113269) get_body /opt/stack/cinder/cinder/api/openstack/wsgi.py:715}}
Sep 17 04:28:25.799899 dv-cinder-857993-2-iscsi devstack@c-api.service[113269]: DEBUG cinder.api.openstack.wsgi [None req-ed20832a-e874-46f4-ac14-d52b8c73cd7d tempest-QosSpecsTestJSON-334120634 tempest-QosSpecsTestJSON-334120634-project-admin] Calling method 'delete' {{(pid=113269) _process_stack /opt/stack/cinder/cinder/api/openstack/wsgi.py:868}}
Sep 17 04:28:25.801604 dv-cinder-857993-2-iscsi devstack@c-api.service[113269]: DEBUG cinder.api.contrib.qos_specs_manage [None req-ed20832a-e874-46f4-ac14-d52b8c73cd7d tempest-QosSpecsTestJSON-334120634 tempest-QosSpecsTestJSON-334120634-project-admin] Delete qos_spec: 15522dd9-2e57-4418-b8c7-6d773182d3f8, force: False {{(pid=113269) delete /opt/stack/cinder/cinder/api/contrib/qos_specs_manage.py:168}}
Sep 17 04:28:25.816933 dv-cinder-857993-2-iscsi devstack@c-api.service[113269]: INFO cinder.api.openstack.wsgi [None req-ed20832a-e874-46f4-ac14-d52b8c73cd7d tempest-QosSpecsTestJSON-334120634 tempest-QosSpecsTestJSON-334120634-project-admin] http://10.222.0.60/volume/v3/edad36b182f9411084b55f288aa6afa1/qos-specs/15522dd9-2e57-4418-b8c7-6d773182d3f8?force=False returned with HTTP 404
Sep 17 04:28:25.822478 dv-cinder-857993-2-iscsi devstack@c-api.service[113269]: [pid: 113269|app: 0|req: 41/70] 10.222.0.60 () {58 vars in 1357 bytes} [Sat Sep 17 04:28:25 2022] DELETE /volume/v3/edad36b182f9411084b55f288aa6afa1/qos-specs/15522dd9-2e57-4418-b8c7-6d773182d3f8?force=False => generated 100 bytes in 40 msecs (HTTP/1.1 404) 7 headers in 292 bytes (1 switches on core 0)
Sep 17 04:28:25.823968 dv-cinder-857993-2-iscsi devstack@c-api.service[113269]: DEBUG cinder.api.middleware.request_id [None req-632a3f91-1a61-4263-b1c5-4bd1d4e32c05 None None] RequestId filter calling following filter/app {{(pid=113269) _context_setter /opt/stack/cinder/cinder/api/middleware/request_id.py:62}}
Sep 17 04:28:25.828388 dv-cinder-857993-2-iscsi devstack@c-api.service[113268]: DEBUG cinder.volume.api [None req-24ec209b-4aaa-4717-bd8c-e49d0e27eb25 tempest-VolumesTestJSON-1202786737 tempest-VolumesTestJSON-1202786737-project] Task 'cinder.volume.flows.api.create_volume.VolumeCastTask;volume:create' (3697cabf-138f-4a95-8a30-0c85b982b526) transitioned into state 'SUCCESS' from state 'RUNNING' with result 'None' {{(pid=113268) _task_receiver /usr/local/lib/python3.8/dist-packages/taskflow/listeners/logging.py:178}}
Sep 17 04:28:25.832326 dv-cinder-857993-2-iscsi devstack@c-api.service[113269]: INFO cinder.api.openstack.wsgi [None req-632a3f91-1a61-4263-b1c5-4bd1d4e32c05 tempest-QosSpecsTestJSON-334120634 tempest-QosSpecsTestJSON-334120634-project-admin] GET http://10.222.0.60/volume/v3/edad36b182f9411084b55f288aa6afa1/qos-specs/15522dd9-2e57-4418-b8c7-6d773182d3f8
Sep 17 04:28:25.832797 dv-cinder-857993-2-iscsi devstack@c-api.service[113269]: DEBUG cinder.api.openstack.wsgi [None req-632a3f91-1a61-4263-b1c5-4bd1d4e32c05 tempest-QosSpecsTestJSON-334120634 tempest-QosSpecsTestJSON-334120634-project-admin] Empty body provided in request {{(pid=113269) get_body /opt/stack/cinder/cinder/api/openstack/wsgi.py:715}}
Sep 17 04:28:25.833282 dv-cinder-857993-2-iscsi devstack@c-api.service[113269]: DEBUG cinder.api.openstack.wsgi [None req-632a3f91-1a61-4263-b1c5-4bd1d4e32c05 tempest-QosSpecsTestJSON-334120634 tempest-QosSpecsTestJSON-334120634-project-admin] Calling method 'show' {{(pid=113269) _process_stack /opt/stack/cinder/cinder/api/openstack/wsgi.py:868}}
Sep 17 04:28:25.838880 dv-cinder-857993-2-iscsi devstack@c-api.service[113268]: DEBUG cinder.volume.api [None req-24ec209b-4aaa-4717-bd8c-e49d0e27eb25 tempest-VolumesTestJSON-1202786737 tempest-VolumesTestJSON-1202786737-project] Flow 'volume_create_api' (af8947a3-ce77-4d91-87d5-df5a06ba5d8c) transitioned into state 'SUCCESS' from state 'RUNNING' {{(pid=113268) _flow_receiver /usr/local/lib/python3.8/dist-packages/taskflow/listeners/logging.py:141}}
Sep 17 04:28:25.839828 dv-cinder-857993-2-iscsi devstack@c-api.service[113268]: INFO cinder.volume.api [None req-24ec209b-4aaa-4717-bd8c-e49d0e27eb25 tempest-VolumesTestJSON-1202786737 tempest-VolumesTestJSON-1202786737-project] Create volume request issued successfully.
Sep 17 04:28:25.849182 dv-cinder-857993-2-iscsi devstack@c-api.service[113268]: INFO cinder.api.openstack.wsgi [None req-24ec209b-4aaa-4717-bd8c-e49d0e27eb25 tempest-VolumesTestJSON-1202786737 tempest-VolumesTestJSON-1202786737-project] http://10.222.0.60/volume/v3/f9a4026cd378405d9320d9d4dae775ac/volumes returned with HTTP 202
Sep 17 04:28:25.851177 dv-cinder-857993-2-iscsi devstack@c-api.service[113269]: INFO cinder.api.openstack.wsgi [None req-632a3f91-1a61-4263-b1c5-4bd1d4e32c05 tempest-QosSpecsTestJSON-334120634 tempest-QosSpecsTestJSON-334120634-project-admin] http://10.222.0.60/volume/v3/edad36b182f9411084b55f288aa6afa1/qos-specs/15522dd9-2e57-4418-b8c7-6d773182d3f8 returned with HTTP 404
Sep 17 04:28:25.852158 dv-cinder-857993-2-iscsi devstack@c-api.service[113269]: [pid: 113269|app: 0|req: 42/71] 10.222.0.60 () {58 vars in 1331 bytes} [Sat Sep 17 04:28:25 2022] GET /volume/v3/edad36b182f9411084b55f288aa6afa1/qos-specs/15522dd9-2e57-4418-b8c7-6d773182d3f8 => generated 100 bytes in 29 msecs (HTTP/1.1 404) 7 headers in 292 bytes (1 switches on core 0)
Sep 17 04:28:25.863947 dv-cinder-857993-2-iscsi devstack@c-api.service[113268]: [pid: 113268|app: 0|req: 30/72] 10.222.0.60 () {60 vars in 1236 bytes} [Sat Sep 17 04:28:25 2022] POST /volume/v3/f9a4026cd378405d9320d9d4dae775ac/volumes => generated 828 bytes in 622 msecs (HTTP/1.1 202) 7 headers in 291 bytes (1 switches on core 0)
Sep 17 04:28:25.867783 dv-cinder-857993-2-iscsi devstack@c-api.service[113269]: DEBUG cinder.api.middleware.request_id [None req-e43f3ebd-3e1e-4208-808b-2252b409465c None None] RequestId filter calling following filter/app {{(pid=113269) _context_setter /opt/stack/cinder/cinder/api/middleware/request_id.py:62}}
Sep 17 04:28:25.883084 dv-cinder-857993-2-iscsi devstack@c-api.service[113268]: DEBUG cinder.api.middleware.request_id [None req-8b537a59-4adf-4df5-a826-3edb6f3cf06d None None] RequestId filter calling following filter/app {{(pid=113268) _context_setter /opt/stack/cinder/cinder/api/middleware/request_id.py:62}}
Sep 17 04:28:25.887170 dv-cinder-857993-2-iscsi devstack@c-api.service[113269]: INFO cinder.api.openstack.wsgi [None req-e43f3ebd-3e1e-4208-808b-2252b409465c tempest-QosSpecsTestJSON-334120634 tempest-QosSpecsTestJSON-334120634-project-admin] DELETE http://10.222.0.60/volume/v3/edad36b182f9411084b55f288aa6afa1/types/edf4d98b-a4aa-47bb-96e2-91bb9048e65c
Sep 17 04:28:25.887697 dv-cinder-857993-2-iscsi devstack@c-api.service[113269]: DEBUG cinder.api.openstack.wsgi [None req-e43f3ebd-3e1e-4208-808b-2252b409465c tempest-QosSpecsTestJSON-334120634 tempest-QosSpecsTestJSON-334120634-project-admin] Empty body provided in request {{(pid=113269) get_body /opt/stack/cinder/cinder/api/openstack/wsgi.py:715}}
Sep 17 04:28:25.893468 dv-cinder-857993-2-iscsi devstack@c-api.service[113269]: DEBUG cinder.api.openstack.wsgi [None req-e43f3ebd-3e1e-4208-808b-2252b409465c tempest-QosSpecsTestJSON-334120634 tempest-QosSpecsTestJSON-334120634-project-admin] Calling method '_delete' {{(pid=113269) _process_stack /opt/stack/cinder/cinder/api/openstack/wsgi.py:868}}
Sep 17 04:28:25.899876 dv-cinder-857993-2-iscsi devstack@c-api.service[113268]: INFO cinder.api.openstack.wsgi [None req-8b537a59-4adf-4df5-a826-3edb6f3cf06d tempest-VolumesTestJSON-1202786737 tempest-VolumesTestJSON-1202786737-project] GET http://10.222.0.60/volume/v3/f9a4026cd378405d9320d9d4dae775ac/volumes/db27665e-f863-40b4-ba39-7c25d7dfb809
Sep 17 04:28:25.903140 dv-cinder-857993-2-iscsi devstack@c-api.service[113268]: DEBUG cinder.api.openstack.wsgi [None req-8b537a59-4adf-4df5-a826-3edb6f3cf06d tempest-VolumesTestJSON-1202786737 tempest-VolumesTestJSON-1202786737-project] Empty body provided in request {{(pid=113268) get_body /opt/stack/cinder/cinder/api/openstack/wsgi.py:715}}
Sep 17 04:28:25.905548 dv-cinder-857993-2-iscsi devstack@c-api.service[113268]: DEBUG cinder.api.openstack.wsgi [None req-8b537a59-4adf-4df5-a826-3edb6f3cf06d tempest-VolumesTestJSON-1202786737 tempest-VolumesTestJSON-1202786737-project] Calling method 'show' {{(pid=113268) _process_stack /opt/stack/cinder/cinder/api/openstack/wsgi.py:868}}
Sep 17 04:28:25.941661 dv-cinder-857993-2-iscsi devstack@c-api.service[113268]: /usr/local/lib/python3.8/dist-packages/oslo_context/context.py:100: DeprecationWarning: Policy enforcement is depending on the value of is_admin. This key is deprecated. Please update your policy file to use the standard policy values.
Sep 17 04:28:25.941661 dv-cinder-857993-2-iscsi devstack@c-api.service[113268]: warnings.warn('Policy enforcement is depending on the value of '
Sep 17 04:28:25.962732 dv-cinder-857993-2-iscsi devstack@c-api.service[113268]: INFO cinder.volume.api [None req-8b537a59-4adf-4df5-a826-3edb6f3cf06d tempest-VolumesTestJSON-1202786737 tempest-VolumesTestJSON-1202786737-project] Volume info retrieved successfully.
Sep 17 04:28:25.991774 dv-cinder-857993-2-iscsi devstack@c-api.service[113268]: INFO cinder.api.openstack.wsgi [None req-8b537a59-4adf-4df5-a826-3edb6f3cf06d tempest-VolumesTestJSON-1202786737 tempest-VolumesTestJSON-1202786737-project] http://10.222.0.60/volume/v3/f9a4026cd378405d9320d9d4dae775ac/volumes/db27665e-f863-40b4-ba39-7c25d7dfb809 returned with HTTP 200
Sep 17 04:28:26.012405 dv-cinder-857993-2-iscsi devstack@c-api.service[113268]: [pid: 113268|app: 0|req: 31/73] 10.222.0.60 () {58 vars in 1325 bytes} [Sat Sep 17 04:28:25 2022] GET /volume/v3/f9a4026cd378405d9320d9d4dae775ac/volumes/db27665e-f863-40b4-ba39-7c25d7dfb809 => generated 896 bytes in 139 msecs (HTTP/1.1 200) 7 headers in 285 bytes (1 switches on core 0)
Sep 17 04:28:26.026593 dv-cinder-857993-2-iscsi devstack@c-api.service[113269]: INFO cinder.api.openstack.wsgi [None req-e43f3ebd-3e1e-4208-808b-2252b409465c tempest-QosSpecsTestJSON-334120634 tempest-QosSpecsTestJSON-334120634-project-admin] http://10.222.0.60/volume/v3/edad36b182f9411084b55f288aa6afa1/types/edf4d98b-a4aa-47bb-96e2-91bb9048e65c returned with HTTP 202
Sep 17 04:28:26.030704 dv-cinder-857993-2-iscsi devstack@c-api.service[113269]: [pid: 113269|app: 0|req: 43/74] 10.222.0.60 () {58 vars in 1322 bytes} [Sat Sep 17 04:28:25 2022] DELETE /volume/v3/edad36b182f9411084b55f288aa6afa1/types/edf4d98b-a4aa-47bb-96e2-91bb9048e65c => generated 0 bytes in 161 msecs (HTTP/1.1 202) 6 headers in 233 bytes (1 switches on core 0)
Sep 17 04:28:26.032673 dv-cinder-857993-2-iscsi devstack@c-api.service[113268]: DEBUG cinder.api.middleware.request_id [None req-05c00e4e-8525-4ff7-928f-b3ba695a392b None None] RequestId filter calling following filter/app {{(pid=113268) _context_setter /opt/stack/cinder/cinder/api/middleware/request_id.py:62}}
Sep 17 04:28:26.039212 dv-cinder-857993-2-iscsi devstack@c-api.service[113268]: INFO cinder.api.openstack.wsgi [None req-05c00e4e-8525-4ff7-928f-b3ba695a392b tempest-QosSpecsTestJSON-334120634 tempest-QosSpecsTestJSON-334120634-project-admin] GET http://10.222.0.60/volume/v3/edad36b182f9411084b55f288aa6afa1/types/edf4d98b-a4aa-47bb-96e2-91bb9048e65c
Sep 17 04:28:26.039983 dv-cinder-857993-2-iscsi devstack@c-api.service[113268]: DEBUG cinder.api.openstack.wsgi [None req-05c00e4e-8525-4ff7-928f-b3ba695a392b tempest-QosSpecsTestJSON-334120634 tempest-QosSpecsTestJSON-334120634-project-admin] Empty body provided in request {{(pid=113268) get_body /opt/stack/cinder/cinder/api/openstack/wsgi.py:715}}
Sep 17 04:28:26.041114 dv-cinder-857993-2-iscsi devstack@c-api.service[113268]: DEBUG cinder.api.openstack.wsgi [None req-05c00e4e-8525-4ff7-928f-b3ba695a392b tempest-QosSpecsTestJSON-334120634 tempest-QosSpecsTestJSON-334120634-project-admin] Calling method 'show' {{(pid=113268) _process_stack /opt/stack/cinder/cinder/api/openstack/wsgi.py:868}}
Sep 17 04:28:26.054861 dv-cinder-857993-2-iscsi devstack@c-api.service[113268]: INFO cinder.api.openstack.wsgi [None req-05c00e4e-8525-4ff7-928f-b3ba695a392b tempest-QosSpecsTestJSON-334120634 tempest-QosSpecsTestJSON-334120634-project-admin] http://10.222.0.60/volume/v3/edad36b182f9411084b55f288aa6afa1/types/edf4d98b-a4aa-47bb-96e2-91bb9048e65c returned with HTTP 404
Sep 17 04:28:26.062004 dv-cinder-857993-2-iscsi devstack@c-api.service[113269]: DEBUG cinder.api.middleware.request_id [None req-4c4f6792-a68f-434d-893b-f03810532863 None None] RequestId filter calling following filter/app {{(pid=113269) _context_setter /opt/stack/cinder/cinder/api/middleware/request_id.py:62}}
Sep 17 04:28:26.065932 dv-cinder-857993-2-iscsi devstack@c-api.service[113269]: INFO cinder.api.openstack.wsgi [None req-4c4f6792-a68f-434d-893b-f03810532863 tempest-QosSpecsTestJSON-334120634 tempest-QosSpecsTestJSON-334120634-project-admin] DELETE http://10.222.0.60/volume/v3/edad36b182f9411084b55f288aa6afa1/types/b15642e4-64e0-4fb9-a937-7891aa3ca20a
Sep 17 04:28:26.066560 dv-cinder-857993-2-iscsi devstack@c-api.service[113269]: DEBUG cinder.api.openstack.wsgi [None req-4c4f6792-a68f-434d-893b-f03810532863 tempest-QosSpecsTestJSON-334120634 tempest-QosSpecsTestJSON-334120634-project-admin] Empty body provided in request {{(pid=113269) get_body /opt/stack/cinder/cinder/api/openstack/wsgi.py:715}}
Sep 17 04:28:26.067436 dv-cinder-857993-2-iscsi devstack@c-api.service[113269]: DEBUG cinder.api.openstack.wsgi [None req-4c4f6792-a68f-434d-893b-f03810532863 tempest-QosSpecsTestJSON-334120634 tempest-QosSpecsTestJSON-334120634-project-admin] Calling method '_delete' {{(pid=113269) _process_stack /opt/stack/cinder/cinder/api/openstack/wsgi.py:868}}
Sep 17 04:28:26.067537 dv-cinder-857993-2-iscsi devstack@c-api.service[113268]: [pid: 113268|app: 0|req: 32/75] 10.222.0.60 () {58 vars in 1319 bytes} [Sat Sep 17 04:28:26 2022] GET /volume/v3/edad36b182f9411084b55f288aa6afa1/types/edf4d98b-a4aa-47bb-96e2-91bb9048e65c => generated 114 bytes in 36 msecs (HTTP/1.1 404) 7 headers in 292 bytes (1 switches on core 0)
Sep 17 04:28:26.170195 dv-cinder-857993-2-iscsi devstack@c-api.service[113269]: INFO cinder.api.openstack.wsgi [None req-4c4f6792-a68f-434d-893b-f03810532863 tempest-QosSpecsTestJSON-334120634 tempest-QosSpecsTestJSON-334120634-project-admin] http://10.222.0.60/volume/v3/edad36b182f9411084b55f288aa6afa1/types/b15642e4-64e0-4fb9-a937-7891aa3ca20a returned with HTTP 202
Sep 17 04:28:26.172886 dv-cinder-857993-2-iscsi devstack@c-api.service[113269]: [pid: 113269|app: 0|req: 44/76] 10.222.0.60 () {58 vars in 1322 bytes} [Sat Sep 17 04:28:26 2022] DELETE /volume/v3/edad36b182f9411084b55f288aa6afa1/types/b15642e4-64e0-4fb9-a937-7891aa3ca20a => generated 0 bytes in 112 msecs (HTTP/1.1 202) 6 headers in 233 bytes (2 switches on core 0)
Sep 17 04:28:26.178159 dv-cinder-857993-2-iscsi devstack@c-api.service[113268]: DEBUG cinder.api.middleware.request_id [None req-8ec7a1d3-d67e-4700-bff2-5a53cacede89 None None] RequestId filter calling following filter/app {{(pid=113268) _context_setter /opt/stack/cinder/cinder/api/middleware/request_id.py:62}}
Sep 17 04:28:26.184122 dv-cinder-857993-2-iscsi devstack@c-api.service[113268]: INFO cinder.api.openstack.wsgi [None req-8ec7a1d3-d67e-4700-bff2-5a53cacede89 tempest-QosSpecsTestJSON-334120634 tempest-QosSpecsTestJSON-334120634-project-admin] GET http://10.222.0.60/volume/v3/edad36b182f9411084b55f288aa6afa1/types/b15642e4-64e0-4fb9-a937-7891aa3ca20a
Sep 17 04:28:26.184579 dv-cinder-857993-2-iscsi devstack@c-api.service[113268]: DEBUG cinder.api.openstack.wsgi [None req-8ec7a1d3-d67e-4700-bff2-5a53cacede89 tempest-QosSpecsTestJSON-334120634 tempest-QosSpecsTestJSON-334120634-project-admin] Empty body provided in request {{(pid=113268) get_body /opt/stack/cinder/cinder/api/openstack/wsgi.py:715}}
Sep 17 04:28:26.185043 dv-cinder-857993-2-iscsi devstack@c-api.service[113268]: DEBUG cinder.api.openstack.wsgi [None req-8ec7a1d3-d67e-4700-bff2-5a53cacede89 tempest-QosSpecsTestJSON-334120634 tempest-QosSpecsTestJSON-334120634-project-admin] Calling method 'show' {{(pid=113268) _process_stack /opt/stack/cinder/cinder/api/openstack/wsgi.py:868}}
Sep 17 04:28:26.202001 dv-cinder-857993-2-iscsi devstack@c-api.service[113268]: INFO cinder.api.openstack.wsgi [None req-8ec7a1d3-d67e-4700-bff2-5a53cacede89 tempest-QosSpecsTestJSON-334120634 tempest-QosSpecsTestJSON-334120634-project-admin] http://10.222.0.60/volume/v3/edad36b182f9411084b55f288aa6afa1/types/b15642e4-64e0-4fb9-a937-7891aa3ca20a returned with HTTP 404
Sep 17 04:28:26.203190 dv-cinder-857993-2-iscsi devstack@c-api.service[113268]: [pid: 113268|app: 0|req: 33/77] 10.222.0.60 () {58 vars in 1319 bytes} [Sat Sep 17 04:28:26 2022] GET /volume/v3/edad36b182f9411084b55f288aa6afa1/types/b15642e4-64e0-4fb9-a937-7891aa3ca20a => generated 114 bytes in 27 msecs (HTTP/1.1 404) 7 headers in 292 bytes (1 switches on core 0)
Sep 17 04:28:26.209946 dv-cinder-857993-2-iscsi devstack@c-api.service[113269]: DEBUG cinder.api.middleware.request_id [None req-0aa3c1ae-7b9b-43a9-b4dd-e8c50ac769c9 None None] RequestId filter calling following filter/app {{(pid=113269) _context_setter /opt/stack/cinder/cinder/api/middleware/request_id.py:62}}
Sep 17 04:28:26.221038 dv-cinder-857993-2-iscsi devstack@c-api.service[113269]: INFO cinder.api.openstack.wsgi [None req-0aa3c1ae-7b9b-43a9-b4dd-e8c50ac769c9 tempest-QosSpecsTestJSON-334120634 tempest-QosSpecsTestJSON-334120634-project-admin] DELETE http://10.222.0.60/volume/v3/edad36b182f9411084b55f288aa6afa1/types/8a047544-a386-48d0-93e2-37b4305d1fc3
Sep 17 04:28:26.222694 dv-cinder-857993-2-iscsi devstack@c-api.service[113269]: DEBUG cinder.api.openstack.wsgi [None req-0aa3c1ae-7b9b-43a9-b4dd-e8c50ac769c9 tempest-QosSpecsTestJSON-334120634 tempest-QosSpecsTestJSON-334120634-project-admin] Empty body provided in request {{(pid=113269) get_body /opt/stack/cinder/cinder/api/openstack/wsgi.py:715}}
Sep 17 04:28:26.223210 dv-cinder-857993-2-iscsi devstack@c-api.service[113269]: DEBUG cinder.api.openstack.wsgi [None req-0aa3c1ae-7b9b-43a9-b4dd-e8c50ac769c9 tempest-QosSpecsTestJSON-334120634 tempest-QosSpecsTestJSON-334120634-project-admin] Calling method '_delete' {{(pid=113269) _process_stack /opt/stack/cinder/cinder/api/openstack/wsgi.py:868}}
Sep 17 04:28:26.264647 dv-cinder-857993-2-iscsi devstack@c-api.service[113268]: DEBUG cinder.api.middleware.request_id [None req-85e0ed40-663e-489c-9a74-93383e48f3b5 None None] RequestId filter calling following filter/app {{(pid=113268) _context_setter /opt/stack/cinder/cinder/api/middleware/request_id.py:62}}
Sep 17 04:28:26.269417 dv-cinder-857993-2-iscsi devstack@c-api.service[113268]: INFO cinder.api.openstack.wsgi [None req-85e0ed40-663e-489c-9a74-93383e48f3b5 tempest-GroupSnapshotsV319Test-1443075012 tempest-GroupSnapshotsV319Test-1443075012-project] GET http://10.222.0.60/volume/v3/5af63acf1c584cb4a4a55e9e53f05068/volumes/0cad6d57-fad7-4301-b8a0-d4e9f9609d36
Sep 17 04:28:26.269558 dv-cinder-857993-2-iscsi devstack@c-api.service[113268]: DEBUG cinder.api.openstack.wsgi [None req-85e0ed40-663e-489c-9a74-93383e48f3b5 tempest-GroupSnapshotsV319Test-1443075012 tempest-GroupSnapshotsV319Test-1443075012-project] Empty body provided in request {{(pid=113268) get_body /opt/stack/cinder/cinder/api/openstack/wsgi.py:715}}
Sep 17 04:28:26.270007 dv-cinder-857993-2-iscsi devstack@c-api.service[113268]: DEBUG cinder.api.openstack.wsgi [None req-85e0ed40-663e-489c-9a74-93383e48f3b5 tempest-GroupSnapshotsV319Test-1443075012 tempest-GroupSnapshotsV319Test-1443075012-project] Calling method 'show' {{(pid=113268) _process_stack /opt/stack/cinder/cinder/api/openstack/wsgi.py:868}}
Sep 17 04:28:26.311038 dv-cinder-857993-2-iscsi devstack@c-api.service[113268]: /usr/local/lib/python3.8/dist-packages/oslo_context/context.py:100: DeprecationWarning: Policy enforcement is depending on the value of is_admin. This key is deprecated. Please update your policy file to use the standard policy values.
Sep 17 04:28:26.311038 dv-cinder-857993-2-iscsi devstack@c-api.service[113268]: warnings.warn('Policy enforcement is depending on the value of '
Sep 17 04:28:26.333251 dv-cinder-857993-2-iscsi devstack@c-api.service[113268]: INFO cinder.volume.api [None req-85e0ed40-663e-489c-9a74-93383e48f3b5 tempest-GroupSnapshotsV319Test-1443075012 tempest-GroupSnapshotsV319Test-1443075012-project] Volume info retrieved successfully.
Sep 17 04:28:26.334690 dv-cinder-857993-2-iscsi devstack@c-api.service[113268]: WARNING stevedore.named [None req-85e0ed40-663e-489c-9a74-93383e48f3b5 tempest-GroupSnapshotsV319Test-1443075012 tempest-GroupSnapshotsV319Test-1443075012-project] Could not load cinder.keymgr.conf_key_mgr.ConfKeyManager
Sep 17 04:28:26.335079 dv-cinder-857993-2-iscsi devstack@c-api.service[113268]: WARNING castellan.key_manager [None req-85e0ed40-663e-489c-9a74-93383e48f3b5 tempest-GroupSnapshotsV319Test-1443075012 tempest-GroupSnapshotsV319Test-1443075012-project] Deprecation Warning : cinder.keymgr.conf_key_mgr.ConfKeyManager is not a stevedore based driver, trying to load it as a class: stevedore.exception.NoMatches: No 'castellan.drivers' driver found, looking for 'cinder.keymgr.conf_key_mgr.ConfKeyManager'
Sep 17 04:28:26.361985 dv-cinder-857993-2-iscsi devstack@c-api.service[113268]: DEBUG oslo_db.sqlalchemy.engines [None req-85e0ed40-663e-489c-9a74-93383e48f3b5 tempest-GroupSnapshotsV319Test-1443075012 tempest-GroupSnapshotsV319Test-1443075012-project] MySQL server mode set to STRICT_TRANS_TABLES,STRICT_ALL_TABLES,NO_ZERO_IN_DATE,NO_ZERO_DATE,ERROR_FOR_DIVISION_BY_ZERO,TRADITIONAL,NO_ENGINE_SUBSTITUTION {{(pid=113268) _check_effective_sql_mode /usr/local/lib/python3.8/dist-packages/oslo_db/sqlalchemy/engines.py:314}}
Sep 17 04:28:26.364455 dv-cinder-857993-2-iscsi devstack@c-api.service[113269]: INFO cinder.api.openstack.wsgi [None req-0aa3c1ae-7b9b-43a9-b4dd-e8c50ac769c9 tempest-QosSpecsTestJSON-334120634 tempest-QosSpecsTestJSON-334120634-project-admin] http://10.222.0.60/volume/v3/edad36b182f9411084b55f288aa6afa1/types/8a047544-a386-48d0-93e2-37b4305d1fc3 returned with HTTP 202
Sep 17 04:28:26.365805 dv-cinder-857993-2-iscsi devstack@c-api.service[113269]: [pid: 113269|app: 0|req: 45/78] 10.222.0.60 () {58 vars in 1322 bytes} [Sat Sep 17 04:28:26 2022] DELETE /volume/v3/edad36b182f9411084b55f288aa6afa1/types/8a047544-a386-48d0-93e2-37b4305d1fc3 => generated 0 bytes in 159 msecs (HTTP/1.1 202) 6 headers in 233 bytes (1 switches on core 0)
Sep 17 04:28:26.370125 dv-cinder-857993-2-iscsi devstack@c-api.service[113269]: DEBUG cinder.api.middleware.request_id [None req-99f65629-28f5-42bc-9948-ece6e5d08731 None None] RequestId filter calling following filter/app {{(pid=113269) _context_setter /opt/stack/cinder/cinder/api/middleware/request_id.py:62}}
Sep 17 04:28:26.375011 dv-cinder-857993-2-iscsi devstack@c-api.service[113269]: INFO cinder.api.openstack.wsgi [None req-99f65629-28f5-42bc-9948-ece6e5d08731 tempest-QosSpecsTestJSON-334120634 tempest-QosSpecsTestJSON-334120634-project-admin] GET http://10.222.0.60/volume/v3/edad36b182f9411084b55f288aa6afa1/types/8a047544-a386-48d0-93e2-37b4305d1fc3
Sep 17 04:28:26.375430 dv-cinder-857993-2-iscsi devstack@c-api.service[113269]: DEBUG cinder.api.openstack.wsgi [None req-99f65629-28f5-42bc-9948-ece6e5d08731 tempest-QosSpecsTestJSON-334120634 tempest-QosSpecsTestJSON-334120634-project-admin] Empty body provided in request {{(pid=113269) get_body /opt/stack/cinder/cinder/api/openstack/wsgi.py:715}}
Sep 17 04:28:26.376545 dv-cinder-857993-2-iscsi devstack@c-api.service[113269]: DEBUG cinder.api.openstack.wsgi [None req-99f65629-28f5-42bc-9948-ece6e5d08731 tempest-QosSpecsTestJSON-334120634 tempest-QosSpecsTestJSON-334120634-project-admin] Calling method 'show' {{(pid=113269) _process_stack /opt/stack/cinder/cinder/api/openstack/wsgi.py:868}}
Sep 17 04:28:26.391361 dv-cinder-857993-2-iscsi devstack@c-api.service[113268]: /usr/local/lib/python3.8/dist-packages/oslo_context/context.py:100: DeprecationWarning: Policy enforcement is depending on the value of is_admin. This key is deprecated. Please update your policy file to use the standard policy values.
Sep 17 04:28:26.391361 dv-cinder-857993-2-iscsi devstack@c-api.service[113268]: warnings.warn('Policy enforcement is depending on the value of '
Sep 17 04:28:26.392004 dv-cinder-857993-2-iscsi devstack@c-api.service[113269]: INFO cinder.api.openstack.wsgi [None req-99f65629-28f5-42bc-9948-ece6e5d08731 tempest-QosSpecsTestJSON-334120634 tempest-QosSpecsTestJSON-334120634-project-admin] http://10.222.0.60/volume/v3/edad36b182f9411084b55f288aa6afa1/types/8a047544-a386-48d0-93e2-37b4305d1fc3 returned with HTTP 404
Sep 17 04:28:26.395139 dv-cinder-857993-2-iscsi devstack@c-api.service[113269]: [pid: 113269|app: 0|req: 46/79] 10.222.0.60 () {58 vars in 1319 bytes} [Sat Sep 17 04:28:26 2022] GET /volume/v3/edad36b182f9411084b55f288aa6afa1/types/8a047544-a386-48d0-93e2-37b4305d1fc3 => generated 114 bytes in 25 msecs (HTTP/1.1 404) 7 headers in 292 bytes (1 switches on core 0)
Sep 17 04:28:26.398966 dv-cinder-857993-2-iscsi devstack@c-api.service[113269]: DEBUG cinder.api.middleware.request_id [None req-a67885a8-4c82-4695-b668-5b52e62d181a None None] RequestId filter calling following filter/app {{(pid=113269) _context_setter /opt/stack/cinder/cinder/api/middleware/request_id.py:62}}
Sep 17 04:28:26.411016 dv-cinder-857993-2-iscsi devstack@c-api.service[113269]: INFO cinder.api.openstack.wsgi [None req-a67885a8-4c82-4695-b668-5b52e62d181a tempest-QosSpecsTestJSON-334120634 tempest-QosSpecsTestJSON-334120634-project-admin] DELETE http://10.222.0.60/volume/v3/edad36b182f9411084b55f288aa6afa1/qos-specs/54a7727c-ea12-4402-85b2-086b4145ce98?force=False
Sep 17 04:28:26.411671 dv-cinder-857993-2-iscsi devstack@c-api.service[113269]: DEBUG cinder.api.openstack.wsgi [None req-a67885a8-4c82-4695-b668-5b52e62d181a tempest-QosSpecsTestJSON-334120634 tempest-QosSpecsTestJSON-334120634-project-admin] Empty body provided in request {{(pid=113269) get_body /opt/stack/cinder/cinder/api/openstack/wsgi.py:715}}
Sep 17 04:28:26.412138 dv-cinder-857993-2-iscsi devstack@c-api.service[113269]: DEBUG cinder.api.openstack.wsgi [None req-a67885a8-4c82-4695-b668-5b52e62d181a tempest-QosSpecsTestJSON-334120634 tempest-QosSpecsTestJSON-334120634-project-admin] Calling method 'delete' {{(pid=113269) _process_stack /opt/stack/cinder/cinder/api/openstack/wsgi.py:868}}
Sep 17 04:28:26.417939 dv-cinder-857993-2-iscsi devstack@c-api.service[113269]: DEBUG cinder.api.contrib.qos_specs_manage [None req-a67885a8-4c82-4695-b668-5b52e62d181a tempest-QosSpecsTestJSON-334120634 tempest-QosSpecsTestJSON-334120634-project-admin] Delete qos_spec: 54a7727c-ea12-4402-85b2-086b4145ce98, force: False {{(pid=113269) delete /opt/stack/cinder/cinder/api/contrib/qos_specs_manage.py:168}}
Sep 17 04:28:26.435629 dv-cinder-857993-2-iscsi devstack@c-api.service[113268]: INFO cinder.api.openstack.wsgi [None req-85e0ed40-663e-489c-9a74-93383e48f3b5 tempest-GroupSnapshotsV319Test-1443075012 tempest-GroupSnapshotsV319Test-1443075012-project] http://10.222.0.60/volume/v3/5af63acf1c584cb4a4a55e9e53f05068/volumes/0cad6d57-fad7-4301-b8a0-d4e9f9609d36 returned with HTTP 200
Sep 17 04:28:26.437714 dv-cinder-857993-2-iscsi devstack@c-api.service[113269]: DEBUG dbcounter [-] [113269] Writing DB stats cinder:SELECT=86,cinder:INSERT=1,cinder:UPDATE=13 {{(pid=113269) stat_writer /usr/local/lib/python3.8/dist-packages/dbcounter.py:114}}
Sep 17 04:28:26.450095 dv-cinder-857993-2-iscsi devstack@c-api.service[113268]: [pid: 113268|app: 0|req: 34/80] 10.222.0.60 () {60 vars in 1366 bytes} [Sat Sep 17 04:28:26 2022] GET /volume/v3/5af63acf1c584cb4a4a55e9e53f05068/volumes/0cad6d57-fad7-4301-b8a0-d4e9f9609d36 => generated 1007 bytes in 187 msecs (HTTP/1.1 200) 7 headers in 287 bytes (1 switches on core 0)
Sep 17 04:28:26.459533 dv-cinder-857993-2-iscsi devstack@c-api.service[113268]: DEBUG cinder.api.middleware.request_id [None req-aa086f89-1334-4125-984f-04451cffbb83 None None] RequestId filter calling following filter/app {{(pid=113268) _context_setter /opt/stack/cinder/cinder/api/middleware/request_id.py:62}}
Sep 17 04:28:26.466145 dv-cinder-857993-2-iscsi devstack@c-api.service[113268]: INFO cinder.api.openstack.wsgi [None req-aa086f89-1334-4125-984f-04451cffbb83 tempest-GroupSnapshotsV319Test-1443075012 tempest-GroupSnapshotsV319Test-1443075012-project] POST http://10.222.0.60/volume/v3/5af63acf1c584cb4a4a55e9e53f05068/group_snapshots
Sep 17 04:28:26.471869 dv-cinder-857993-2-iscsi devstack@c-api.service[113268]: DEBUG cinder.api.openstack.wsgi [None req-aa086f89-1334-4125-984f-04451cffbb83 tempest-GroupSnapshotsV319Test-1443075012 tempest-GroupSnapshotsV319Test-1443075012-project] Action: 'create', calling method: version_select, body: {"group_snapshot": {"group_id": "695e8d43-542f-44a5-9a80-d37b14640330", "name": "tempest-GroupSnapshotsV319Test-Group_Snapshot-127630098"}} {{(pid=113268) _process_stack /opt/stack/cinder/cinder/api/openstack/wsgi.py:866}}
Sep 17 04:28:26.478304 dv-cinder-857993-2-iscsi devstack@c-api.service[113268]: DEBUG cinder.api.v3.group_snapshots [None req-aa086f89-1334-4125-984f-04451cffbb83 tempest-GroupSnapshotsV319Test-1443075012 tempest-GroupSnapshotsV319Test-1443075012-project] Creating new group_snapshot {'group_snapshot': {'group_id': '695e8d43-542f-44a5-9a80-d37b14640330', 'name': 'tempest-GroupSnapshotsV319Test-Group_Snapshot-127630098'}} {{(pid=113268) create /opt/stack/cinder/cinder/api/v3/group_snapshots.py:154}}
Sep 17 04:28:26.478468 dv-cinder-857993-2-iscsi devstack@c-api.service[113269]: INFO cinder.api.openstack.wsgi [None req-a67885a8-4c82-4695-b668-5b52e62d181a tempest-QosSpecsTestJSON-334120634 tempest-QosSpecsTestJSON-334120634-project-admin] http://10.222.0.60/volume/v3/edad36b182f9411084b55f288aa6afa1/qos-specs/54a7727c-ea12-4402-85b2-086b4145ce98?force=False returned with HTTP 202
Sep 17 04:28:26.483091 dv-cinder-857993-2-iscsi devstack@c-api.service[113269]: [pid: 113269|app: 0|req: 47/81] 10.222.0.60 () {58 vars in 1357 bytes} [Sat Sep 17 04:28:26 2022] DELETE /volume/v3/edad36b182f9411084b55f288aa6afa1/qos-specs/54a7727c-ea12-4402-85b2-086b4145ce98?force=False => generated 0 bytes in 83 msecs (HTTP/1.1 202) 6 headers in 233 bytes (1 switches on core 0)
Sep 17 04:28:26.486676 dv-cinder-857993-2-iscsi devstack@c-api.service[113269]: DEBUG cinder.api.middleware.request_id [None req-49cf3c74-b8db-40c6-b9d6-8e5abbe534e0 None None] RequestId filter calling following filter/app {{(pid=113269) _context_setter /opt/stack/cinder/cinder/api/middleware/request_id.py:62}}
Sep 17 04:28:26.500195 dv-cinder-857993-2-iscsi devstack@c-api.service[113269]: INFO cinder.api.openstack.wsgi [None req-49cf3c74-b8db-40c6-b9d6-8e5abbe534e0 tempest-QosSpecsTestJSON-334120634 tempest-QosSpecsTestJSON-334120634-project-admin] GET http://10.222.0.60/volume/v3/edad36b182f9411084b55f288aa6afa1/qos-specs/54a7727c-ea12-4402-85b2-086b4145ce98
Sep 17 04:28:26.501998 dv-cinder-857993-2-iscsi devstack@c-api.service[113269]: DEBUG cinder.api.openstack.wsgi [None req-49cf3c74-b8db-40c6-b9d6-8e5abbe534e0 tempest-QosSpecsTestJSON-334120634 tempest-QosSpecsTestJSON-334120634-project-admin] Empty body provided in request {{(pid=113269) get_body /opt/stack/cinder/cinder/api/openstack/wsgi.py:715}}
Sep 17 04:28:26.503104 dv-cinder-857993-2-iscsi devstack@c-api.service[113269]: DEBUG cinder.api.openstack.wsgi [None req-49cf3c74-b8db-40c6-b9d6-8e5abbe534e0 tempest-QosSpecsTestJSON-334120634 tempest-QosSpecsTestJSON-334120634-project-admin] Calling method 'show' {{(pid=113269) _process_stack /opt/stack/cinder/cinder/api/openstack/wsgi.py:868}}
Sep 17 04:28:26.504426 dv-cinder-857993-2-iscsi devstack@c-api.service[113269]: /usr/local/lib/python3.8/dist-packages/oslo_context/context.py:100: DeprecationWarning: Policy enforcement is depending on the value of is_admin. This key is deprecated. Please update your policy file to use the standard policy values.
Sep 17 04:28:26.504426 dv-cinder-857993-2-iscsi devstack@c-api.service[113269]: warnings.warn('Policy enforcement is depending on the value of '
Sep 17 04:28:26.514575 dv-cinder-857993-2-iscsi devstack@c-api.service[113268]: /usr/local/lib/python3.8/dist-packages/oslo_context/context.py:100: DeprecationWarning: Policy enforcement is depending on the value of is_admin. This key is deprecated. Please update your policy file to use the standard policy values.
Sep 17 04:28:26.514575 dv-cinder-857993-2-iscsi devstack@c-api.service[113268]: warnings.warn('Policy enforcement is depending on the value of '
Sep 17 04:28:26.521181 dv-cinder-857993-2-iscsi devstack@c-api.service[113269]: INFO cinder.api.openstack.wsgi [None req-49cf3c74-b8db-40c6-b9d6-8e5abbe534e0 tempest-QosSpecsTestJSON-334120634 tempest-QosSpecsTestJSON-334120634-project-admin] http://10.222.0.60/volume/v3/edad36b182f9411084b55f288aa6afa1/qos-specs/54a7727c-ea12-4402-85b2-086b4145ce98 returned with HTTP 404
Sep 17 04:28:26.531953 dv-cinder-857993-2-iscsi devstack@c-api.service[113269]: [pid: 113269|app: 0|req: 48/82] 10.222.0.60 () {58 vars in 1331 bytes} [Sat Sep 17 04:28:26 2022] GET /volume/v3/edad36b182f9411084b55f288aa6afa1/qos-specs/54a7727c-ea12-4402-85b2-086b4145ce98 => generated 100 bytes in 48 msecs (HTTP/1.1 404) 7 headers in 292 bytes (1 switches on core 0)
Sep 17 04:28:26.538279 dv-cinder-857993-2-iscsi devstack@c-api.service[113268]: INFO cinder.api.v3.group_snapshots [None req-aa086f89-1334-4125-984f-04451cffbb83 tempest-GroupSnapshotsV319Test-1443075012 tempest-GroupSnapshotsV319Test-1443075012-project] Creating group_snapshot tempest-GroupSnapshotsV319Test-Group_Snapshot-127630098.
Sep 17 04:28:26.650649 dv-cinder-857993-2-iscsi devstack@c-api.service[113268]: DEBUG dbcounter [-] [113268] Writing DB stats cinder:SELECT=80,cinder:INSERT=8,cinder:UPDATE=12 {{(pid=113268) stat_writer /usr/local/lib/python3.8/dist-packages/dbcounter.py:114}}
Sep 17 04:28:26.710266 dv-cinder-857993-2-iscsi devstack@c-api.service[113268]: /usr/local/lib/python3.8/dist-packages/oslo_context/context.py:100: DeprecationWarning: Policy enforcement is depending on the value of is_admin. This key is deprecated. Please update your policy file to use the standard policy values.
Sep 17 04:28:26.710266 dv-cinder-857993-2-iscsi devstack@c-api.service[113268]: warnings.warn('Policy enforcement is depending on the value of '
Sep 17 04:28:26.836645 dv-cinder-857993-2-iscsi devstack@c-api.service[113268]: DEBUG cinder.quota [None req-aa086f89-1334-4125-984f-04451cffbb83 tempest-GroupSnapshotsV319Test-1443075012 tempest-GroupSnapshotsV319Test-1443075012-project] Created reservations ['1ef4a874-c8af-4ad0-b844-156c9754a931', 'eab58329-bf05-4779-a592-d244d2a33332', '30ef890b-cc47-4a36-b2d4-d17b365fdb7d', '758059aa-5e50-4a47-a9f5-ec4d1c4952f1'] {{(pid=113268) reserve /opt/stack/cinder/cinder/quota.py:755}}
Sep 17 04:28:27.016742 dv-cinder-857993-2-iscsi devstack@c-api.service[113269]: DEBUG cinder.api.middleware.request_id [None req-407e4299-9f6d-4f40-b178-d299b874e754 None None] RequestId filter calling following filter/app {{(pid=113269) _context_setter /opt/stack/cinder/cinder/api/middleware/request_id.py:62}}
Sep 17 04:28:27.020583 dv-cinder-857993-2-iscsi devstack@c-api.service[113269]: INFO cinder.api.openstack.wsgi [None req-407e4299-9f6d-4f40-b178-d299b874e754 tempest-VolumesTestJSON-1202786737 tempest-VolumesTestJSON-1202786737-project] GET http://10.222.0.60/volume/v3/f9a4026cd378405d9320d9d4dae775ac/volumes/db27665e-f863-40b4-ba39-7c25d7dfb809
Sep 17 04:28:27.021255 dv-cinder-857993-2-iscsi devstack@c-api.service[113269]: DEBUG cinder.api.openstack.wsgi [None req-407e4299-9f6d-4f40-b178-d299b874e754 tempest-VolumesTestJSON-1202786737 tempest-VolumesTestJSON-1202786737-project] Empty body provided in request {{(pid=113269) get_body /opt/stack/cinder/cinder/api/openstack/wsgi.py:715}}
Sep 17 04:28:27.021767 dv-cinder-857993-2-iscsi devstack@c-api.service[113269]: DEBUG cinder.api.openstack.wsgi [None req-407e4299-9f6d-4f40-b178-d299b874e754 tempest-VolumesTestJSON-1202786737 tempest-VolumesTestJSON-1202786737-project] Calling method 'show' {{(pid=113269) _process_stack /opt/stack/cinder/cinder/api/openstack/wsgi.py:868}}
Sep 17 04:28:27.083397 dv-cinder-857993-2-iscsi devstack@c-api.service[113269]: /usr/local/lib/python3.8/dist-packages/oslo_context/context.py:100: DeprecationWarning: Policy enforcement is depending on the value of is_admin. This key is deprecated. Please update your policy file to use the standard policy values.
Sep 17 04:28:27.083397 dv-cinder-857993-2-iscsi devstack@c-api.service[113269]: warnings.warn('Policy enforcement is depending on the value of '
Sep 17 04:28:27.120688 dv-cinder-857993-2-iscsi devstack@c-api.service[113269]: INFO cinder.volume.api [None req-407e4299-9f6d-4f40-b178-d299b874e754 tempest-VolumesTestJSON-1202786737 tempest-VolumesTestJSON-1202786737-project] Volume info retrieved successfully.
Sep 17 04:28:27.172810 dv-cinder-857993-2-iscsi devstack@c-api.service[113268]: INFO cinder.api.openstack.wsgi [None req-aa086f89-1334-4125-984f-04451cffbb83 tempest-GroupSnapshotsV319Test-1443075012 tempest-GroupSnapshotsV319Test-1443075012-project] http://10.222.0.60/volume/v3/5af63acf1c584cb4a4a55e9e53f05068/group_snapshots returned with HTTP 202
Sep 17 04:28:27.182292 dv-cinder-857993-2-iscsi devstack@c-api.service[113268]: [pid: 113268|app: 0|req: 35/83] 10.222.0.60 () {62 vars in 1301 bytes} [Sat Sep 17 04:28:26 2022] POST /volume/v3/5af63acf1c584cb4a4a55e9e53f05068/group_snapshots => generated 190 bytes in 724 msecs (HTTP/1.1 202) 7 headers in 292 bytes (1 switches on core 0)
Sep 17 04:28:27.184885 dv-cinder-857993-2-iscsi devstack@c-api.service[113269]: INFO cinder.api.openstack.wsgi [None req-407e4299-9f6d-4f40-b178-d299b874e754 tempest-VolumesTestJSON-1202786737 tempest-VolumesTestJSON-1202786737-project] http://10.222.0.60/volume/v3/f9a4026cd378405d9320d9d4dae775ac/volumes/db27665e-f863-40b4-ba39-7c25d7dfb809 returned with HTTP 200
Sep 17 04:28:27.185634 dv-cinder-857993-2-iscsi devstack@c-api.service[113268]: DEBUG cinder.api.middleware.request_id [None req-44cb95b5-130f-4bdd-82cc-2d1bc81db4a8 None None] RequestId filter calling following filter/app {{(pid=113268) _context_setter /opt/stack/cinder/cinder/api/middleware/request_id.py:62}}
Sep 17 04:28:27.199812 dv-cinder-857993-2-iscsi devstack@c-api.service[113269]: [pid: 113269|app: 0|req: 49/84] 10.222.0.60 () {58 vars in 1325 bytes} [Sat Sep 17 04:28:27 2022] GET /volume/v3/f9a4026cd378405d9320d9d4dae775ac/volumes/db27665e-f863-40b4-ba39-7c25d7dfb809 => generated 921 bytes in 177 msecs (HTTP/1.1 200) 7 headers in 285 bytes (1 switches on core 0)
Sep 17 04:28:27.199913 dv-cinder-857993-2-iscsi devstack@c-api.service[113268]: INFO cinder.api.openstack.wsgi [None req-44cb95b5-130f-4bdd-82cc-2d1bc81db4a8 tempest-GroupSnapshotsV319Test-1443075012 tempest-GroupSnapshotsV319Test-1443075012-project] GET http://10.222.0.60/volume/v3/5af63acf1c584cb4a4a55e9e53f05068/group_snapshots/2a3f7cef-1e6a-4dbc-acdb-2e8b67c1fe93
Sep 17 04:28:27.205359 dv-cinder-857993-2-iscsi devstack@c-api.service[113268]: DEBUG cinder.api.openstack.wsgi [None req-44cb95b5-130f-4bdd-82cc-2d1bc81db4a8 tempest-GroupSnapshotsV319Test-1443075012 tempest-GroupSnapshotsV319Test-1443075012-project] Empty body provided in request {{(pid=113268) get_body /opt/stack/cinder/cinder/api/openstack/wsgi.py:715}}
Sep 17 04:28:27.205359 dv-cinder-857993-2-iscsi devstack@c-api.service[113268]: DEBUG cinder.api.openstack.wsgi [None req-44cb95b5-130f-4bdd-82cc-2d1bc81db4a8 tempest-GroupSnapshotsV319Test-1443075012 tempest-GroupSnapshotsV319Test-1443075012-project] Calling method 'version_select' {{(pid=113268) _process_stack /opt/stack/cinder/cinder/api/openstack/wsgi.py:868}}
Sep 17 04:28:27.205571 dv-cinder-857993-2-iscsi devstack@c-api.service[113268]: DEBUG cinder.api.v3.group_snapshots [None req-44cb95b5-130f-4bdd-82cc-2d1bc81db4a8 tempest-GroupSnapshotsV319Test-1443075012 tempest-GroupSnapshotsV319Test-1443075012-project] show called for member 2a3f7cef-1e6a-4dbc-acdb-2e8b67c1fe93 {{(pid=113268) show /opt/stack/cinder/cinder/api/v3/group_snapshots.py:58}}
Sep 17 04:28:27.237900 dv-cinder-857993-2-iscsi devstack@c-api.service[113269]: DEBUG cinder.api.middleware.request_id [req-216a6d76-ce90-404f-a8f0-1088366fe356 req-0b35c433-596d-4c5c-bee5-29989457839e None None] RequestId filter calling following filter/app {{(pid=113269) _context_setter /opt/stack/cinder/cinder/api/middleware/request_id.py:62}}
Sep 17 04:28:27.243527 dv-cinder-857993-2-iscsi devstack@c-api.service[113269]: INFO cinder.api.openstack.wsgi [req-216a6d76-ce90-404f-a8f0-1088366fe356 req-0b35c433-596d-4c5c-bee5-29989457839e tempest-VolumesTestJSON-1202786737 tempest-VolumesTestJSON-1202786737-project] GET http://10.222.0.60/volume/v3/f9a4026cd378405d9320d9d4dae775ac/volumes/db27665e-f863-40b4-ba39-7c25d7dfb809
Sep 17 04:28:27.244548 dv-cinder-857993-2-iscsi devstack@c-api.service[113269]: DEBUG cinder.api.openstack.wsgi [req-216a6d76-ce90-404f-a8f0-1088366fe356 req-0b35c433-596d-4c5c-bee5-29989457839e tempest-VolumesTestJSON-1202786737 tempest-VolumesTestJSON-1202786737-project] Empty body provided in request {{(pid=113269) get_body /opt/stack/cinder/cinder/api/openstack/wsgi.py:715}}
Sep 17 04:28:27.245027 dv-cinder-857993-2-iscsi devstack@c-api.service[113269]: DEBUG cinder.api.openstack.wsgi [req-216a6d76-ce90-404f-a8f0-1088366fe356 req-0b35c433-596d-4c5c-bee5-29989457839e tempest-VolumesTestJSON-1202786737 tempest-VolumesTestJSON-1202786737-project] Calling method 'show' {{(pid=113269) _process_stack /opt/stack/cinder/cinder/api/openstack/wsgi.py:868}}
Sep 17 04:28:27.249429 dv-cinder-857993-2-iscsi devstack@c-api.service[113268]: /usr/local/lib/python3.8/dist-packages/oslo_context/context.py:100: DeprecationWarning: Policy enforcement is depending on the value of is_admin. This key is deprecated. Please update your policy file to use the standard policy values.
Sep 17 04:28:27.249429 dv-cinder-857993-2-iscsi devstack@c-api.service[113268]: warnings.warn('Policy enforcement is depending on the value of '
Sep 17 04:28:27.269731 dv-cinder-857993-2-iscsi devstack@c-api.service[113268]: INFO cinder.api.openstack.wsgi [None req-44cb95b5-130f-4bdd-82cc-2d1bc81db4a8 tempest-GroupSnapshotsV319Test-1443075012 tempest-GroupSnapshotsV319Test-1443075012-project] http://10.222.0.60/volume/v3/5af63acf1c584cb4a4a55e9e53f05068/group_snapshots/2a3f7cef-1e6a-4dbc-acdb-2e8b67c1fe93 returned with HTTP 200
Sep 17 04:28:27.279324 dv-cinder-857993-2-iscsi devstack@c-api.service[113268]: [pid: 113268|app: 0|req: 36/85] 10.222.0.60 () {60 vars in 1390 bytes} [Sat Sep 17 04:28:27 2022] GET /volume/v3/5af63acf1c584cb4a4a55e9e53f05068/group_snapshots/2a3f7cef-1e6a-4dbc-acdb-2e8b67c1fe93 => generated 329 bytes in 96 msecs (HTTP/1.1 200) 7 headers in 286 bytes (1 switches on core 0)
Sep 17 04:28:27.299205 dv-cinder-857993-2-iscsi devstack@c-api.service[113269]: /usr/local/lib/python3.8/dist-packages/oslo_context/context.py:100: DeprecationWarning: Policy enforcement is depending on the value of is_admin. This key is deprecated. Please update your policy file to use the standard policy values.
Sep 17 04:28:27.299205 dv-cinder-857993-2-iscsi devstack@c-api.service[113269]: warnings.warn('Policy enforcement is depending on the value of '
Sep 17 04:28:27.329347 dv-cinder-857993-2-iscsi devstack@c-api.service[113269]: INFO cinder.volume.api [req-216a6d76-ce90-404f-a8f0-1088366fe356 req-0b35c433-596d-4c5c-bee5-29989457839e tempest-VolumesTestJSON-1202786737 tempest-VolumesTestJSON-1202786737-project] Volume info retrieved successfully.
Sep 17 04:28:27.361294 dv-cinder-857993-2-iscsi devstack@c-api.service[113269]: INFO cinder.api.openstack.wsgi [req-216a6d76-ce90-404f-a8f0-1088366fe356 req-0b35c433-596d-4c5c-bee5-29989457839e tempest-VolumesTestJSON-1202786737 tempest-VolumesTestJSON-1202786737-project] http://10.222.0.60/volume/v3/f9a4026cd378405d9320d9d4dae775ac/volumes/db27665e-f863-40b4-ba39-7c25d7dfb809 returned with HTTP 200
Sep 17 04:28:27.368937 dv-cinder-857993-2-iscsi devstack@c-api.service[113269]: [pid: 113269|app: 0|req: 50/86] 10.222.0.60 () {60 vars in 1578 bytes} [Sat Sep 17 04:28:27 2022] GET /volume/v3/f9a4026cd378405d9320d9d4dae775ac/volumes/db27665e-f863-40b4-ba39-7c25d7dfb809 => generated 921 bytes in 132 msecs (HTTP/1.1 200) 7 headers in 285 bytes (1 switches on core 0)
Sep 17 04:28:27.415428 dv-cinder-857993-2-iscsi devstack@c-api.service[113268]: DEBUG cinder.api.middleware.request_id [req-706eaad4-1fb3-493b-aa16-6d289e0f7a20 req-290f22b3-08bd-45b8-972d-ad88db669a4f None None] RequestId filter calling following filter/app {{(pid=113268) _context_setter /opt/stack/cinder/cinder/api/middleware/request_id.py:62}}
Sep 17 04:28:27.420091 dv-cinder-857993-2-iscsi devstack@c-api.service[113268]: INFO cinder.api.openstack.wsgi [req-706eaad4-1fb3-493b-aa16-6d289e0f7a20 req-290f22b3-08bd-45b8-972d-ad88db669a4f tempest-VolumesTestJSON-1202786737 tempest-VolumesTestJSON-1202786737-project] GET http://10.222.0.60/volume/v3/f9a4026cd378405d9320d9d4dae775ac/volumes/detail
Sep 17 04:28:27.420785 dv-cinder-857993-2-iscsi devstack@c-api.service[113268]: DEBUG cinder.api.openstack.wsgi [req-706eaad4-1fb3-493b-aa16-6d289e0f7a20 req-290f22b3-08bd-45b8-972d-ad88db669a4f tempest-VolumesTestJSON-1202786737 tempest-VolumesTestJSON-1202786737-project] Empty body provided in request {{(pid=113268) get_body /opt/stack/cinder/cinder/api/openstack/wsgi.py:715}}
Sep 17 04:28:27.421521 dv-cinder-857993-2-iscsi devstack@c-api.service[113268]: DEBUG cinder.api.openstack.wsgi [req-706eaad4-1fb3-493b-aa16-6d289e0f7a20 req-290f22b3-08bd-45b8-972d-ad88db669a4f tempest-VolumesTestJSON-1202786737 tempest-VolumesTestJSON-1202786737-project] Calling method 'detail' {{(pid=113268) _process_stack /opt/stack/cinder/cinder/api/openstack/wsgi.py:868}}
Sep 17 04:28:27.422762 dv-cinder-857993-2-iscsi devstack@c-api.service[113268]: DEBUG cinder.api.api_utils [req-706eaad4-1fb3-493b-aa16-6d289e0f7a20 req-290f22b3-08bd-45b8-972d-ad88db669a4f tempest-VolumesTestJSON-1202786737 tempest-VolumesTestJSON-1202786737-project] Removing options '' from query. {{(pid=113268) remove_invalid_filter_options /opt/stack/cinder/cinder/api/api_utils.py:83}}
Sep 17 04:28:27.426675 dv-cinder-857993-2-iscsi devstack@c-api.service[113268]: DEBUG cinder.volume.api [req-706eaad4-1fb3-493b-aa16-6d289e0f7a20 req-290f22b3-08bd-45b8-972d-ad88db669a4f tempest-VolumesTestJSON-1202786737 tempest-VolumesTestJSON-1202786737-project] Searching by: MultiDict([('no_migration_targets', True)]). {{(pid=113268) get_all /opt/stack/cinder/cinder/volume/api.py:664}}
Sep 17 04:28:27.562000 dv-cinder-857993-2-iscsi devstack@c-api.service[113268]: INFO cinder.volume.api [req-706eaad4-1fb3-493b-aa16-6d289e0f7a20 req-290f22b3-08bd-45b8-972d-ad88db669a4f tempest-VolumesTestJSON-1202786737 tempest-VolumesTestJSON-1202786737-project] Get all volumes completed successfully.
Sep 17 04:28:27.568471 dv-cinder-857993-2-iscsi devstack@c-api.service[113268]: /usr/local/lib/python3.8/dist-packages/oslo_context/context.py:100: DeprecationWarning: Policy enforcement is depending on the value of is_admin. This key is deprecated. Please update your policy file to use the standard policy values.
Sep 17 04:28:27.568471 dv-cinder-857993-2-iscsi devstack@c-api.service[113268]: warnings.warn('Policy enforcement is depending on the value of '
Sep 17 04:28:27.587857 dv-cinder-857993-2-iscsi devstack@c-api.service[113268]: INFO cinder.api.openstack.wsgi [req-706eaad4-1fb3-493b-aa16-6d289e0f7a20 req-290f22b3-08bd-45b8-972d-ad88db669a4f tempest-VolumesTestJSON-1202786737 tempest-VolumesTestJSON-1202786737-project] http://10.222.0.60/volume/v3/f9a4026cd378405d9320d9d4dae775ac/volumes/detail returned with HTTP 200
Sep 17 04:28:27.594460 dv-cinder-857993-2-iscsi devstack@c-api.service[113268]: [pid: 113268|app: 0|req: 37/87] 10.222.0.60 () {60 vars in 1488 bytes} [Sat Sep 17 04:28:27 2022] GET /volume/v3/f9a4026cd378405d9320d9d4dae775ac/volumes/detail => generated 2748 bytes in 180 msecs (HTTP/1.1 200) 7 headers in 286 bytes (1 switches on core 0)
Sep 17 04:28:27.651835 dv-cinder-857993-2-iscsi devstack@c-api.service[113269]: DEBUG cinder.api.middleware.request_id [req-9a8d725c-8011-423b-8c40-11728768214d req-6da78b8e-dca0-4467-9361-7e652c675af7 None None] RequestId filter calling following filter/app {{(pid=113269) _context_setter /opt/stack/cinder/cinder/api/middleware/request_id.py:62}}
Sep 17 04:28:27.658194 dv-cinder-857993-2-iscsi devstack@c-api.service[113269]: INFO cinder.api.openstack.wsgi [req-9a8d725c-8011-423b-8c40-11728768214d req-6da78b8e-dca0-4467-9361-7e652c675af7 tempest-VolumesTestJSON-1202786737 tempest-VolumesTestJSON-1202786737-project] GET http://10.222.0.60/volume/v3/f9a4026cd378405d9320d9d4dae775ac/volumes/detail
Sep 17 04:28:27.658914 dv-cinder-857993-2-iscsi devstack@c-api.service[113269]: DEBUG cinder.api.openstack.wsgi [req-9a8d725c-8011-423b-8c40-11728768214d req-6da78b8e-dca0-4467-9361-7e652c675af7 tempest-VolumesTestJSON-1202786737 tempest-VolumesTestJSON-1202786737-project] Empty body provided in request {{(pid=113269) get_body /opt/stack/cinder/cinder/api/openstack/wsgi.py:715}}
