Sep 16 05:24:00.389164 dv-cinder-857528-3-iscsi devstack@keystone.service[81557]: DEBUG keystone.server.flask.request_processing.middleware.auth_context [None req-9622c241-7cae-4c2a-b96f-0b0688cb0291 None admin] RBAC: auth_context: {'token': , 'domain_id': None, 'trust_id': None, 'trustor_id': None, 'trustee_id': None, 'domain_name': None, 'group_ids': [], 'user_id': '2ebd28e621914177981b750fe6a7566b', 'user_domain_id': 'default', 'system_scope': 'all', 'project_id': None, 'project_domain_id': None, 'roles': ['admin', 'member', 'reader'], 'is_admin_project': True, 'service_user_id': None, 'service_user_domain_id': None, 'service_project_id': None, 'service_project_domain_id': None, 'service_roles': []} {{(pid=81557) fill_context /opt/stack/keystone/keystone/server/flask/request_processing/middleware/auth_context.py:478}}
Sep 16 05:24:00.389859 dv-cinder-857528-3-iscsi devstack@keystone.service[81557]: DEBUG keystone.server.flask.request_processing.req_logging [None req-9622c241-7cae-4c2a-b96f-0b0688cb0291 None admin] REQUEST_METHOD: `GET` {{(pid=81557) log_request_info /opt/stack/keystone/keystone/server/flask/request_processing/req_logging.py:27}}
Sep 16 05:24:00.390214 dv-cinder-857528-3-iscsi devstack@keystone.service[81557]: DEBUG keystone.server.flask.request_processing.req_logging [None req-9622c241-7cae-4c2a-b96f-0b0688cb0291 None admin] SCRIPT_NAME: `/identity` {{(pid=81557) log_request_info /opt/stack/keystone/keystone/server/flask/request_processing/req_logging.py:28}}
Sep 16 05:24:00.390480 dv-cinder-857528-3-iscsi devstack@keystone.service[81557]: DEBUG keystone.server.flask.request_processing.req_logging [None req-9622c241-7cae-4c2a-b96f-0b0688cb0291 None admin] PATH_INFO: `/v3/roles` {{(pid=81557) log_request_info /opt/stack/keystone/keystone/server/flask/request_processing/req_logging.py:29}}
Sep 16 05:24:00.392055 dv-cinder-857528-3-iscsi devstack@keystone.service[81557]: DEBUG keystone.common.rbac_enforcer.enforcer [None req-9622c241-7cae-4c2a-b96f-0b0688cb0291 None admin] RBAC: Adding query filter params (name=admin) {{(pid=81557) _extract_filter_values /opt/stack/keystone/keystone/common/rbac_enforcer/enforcer.py:167}}
Sep 16 05:24:00.392354 dv-cinder-857528-3-iscsi devstack@keystone.service[81557]: DEBUG keystone.common.rbac_enforcer.enforcer [None req-9622c241-7cae-4c2a-b96f-0b0688cb0291 None admin] RBAC: Authorizing `identity:list_roles()` {{(pid=81557) enforce_call /opt/stack/keystone/keystone/common/rbac_enforcer/enforcer.py:449}}
Sep 16 05:24:00.393731 dv-cinder-857528-3-iscsi devstack@keystone.service[81557]: DEBUG keystone.common.rbac_enforcer.enforcer [None req-9622c241-7cae-4c2a-b96f-0b0688cb0291 None admin] RBAC: Authorization granted {{(pid=81557) enforce_call /opt/stack/keystone/keystone/common/rbac_enforcer/enforcer.py:457}}
Sep 16 05:24:00.406235 dv-cinder-857528-3-iscsi devstack@keystone.service[81556]: DEBUG keystone.server.flask.request_processing.middleware.auth_context [None req-e9bc737e-5a2a-427a-b6d0-f29f16ce9c61 None admin] RBAC: auth_context: {'token': , 'domain_id': None, 'trust_id': None, 'trustor_id': None, 'trustee_id': None, 'domain_name': None, 'group_ids': [], 'user_id': '2ebd28e621914177981b750fe6a7566b', 'user_domain_id': 'default', 'system_scope': 'all', 'project_id': None, 'project_domain_id': None, 'roles': ['admin', 'member', 'reader'], 'is_admin_project': True, 'service_user_id': None, 'service_user_domain_id': None, 'service_project_id': None, 'service_project_domain_id': None, 'service_roles': []} {{(pid=81556) fill_context /opt/stack/keystone/keystone/server/flask/request_processing/middleware/auth_context.py:478}}
Sep 16 05:24:00.407798 dv-cinder-857528-3-iscsi devstack@keystone.service[81556]: DEBUG keystone.server.flask.request_processing.req_logging [None req-e9bc737e-5a2a-427a-b6d0-f29f16ce9c61 None admin] REQUEST_METHOD: `PUT` {{(pid=81556) log_request_info /opt/stack/keystone/keystone/server/flask/request_processing/req_logging.py:27}}
Sep 16 05:24:00.408254 dv-cinder-857528-3-iscsi devstack@keystone.service[81556]: DEBUG keystone.server.flask.request_processing.req_logging [None req-e9bc737e-5a2a-427a-b6d0-f29f16ce9c61 None admin] SCRIPT_NAME: `/identity` {{(pid=81556) log_request_info /opt/stack/keystone/keystone/server/flask/request_processing/req_logging.py:28}}
Sep 16 05:24:00.408697 dv-cinder-857528-3-iscsi devstack@keystone.service[81556]: DEBUG keystone.server.flask.request_processing.req_logging [None req-e9bc737e-5a2a-427a-b6d0-f29f16ce9c61 None admin] PATH_INFO: `/v3/projects/082a3596b7724c4f8f59b2687c2ca0fe/groups/b8324c97af7b4541b768ec0f4a9ae903/roles/93f699f03f0f41498415ab9533bdfcb4` {{(pid=81556) log_request_info /opt/stack/keystone/keystone/server/flask/request_processing/req_logging.py:29}}
Sep 16 05:24:00.411055 dv-cinder-857528-3-iscsi devstack@keystone.service[81556]: DEBUG keystone.common.rbac_enforcer.enforcer [None req-e9bc737e-5a2a-427a-b6d0-f29f16ce9c61 None admin] RBAC: Authorizing `identity:create_grant(project_id=082a3596b7724c4f8f59b2687c2ca0fe, group_id=b8324c97af7b4541b768ec0f4a9ae903, role_id=93f699f03f0f41498415ab9533bdfcb4)` {{(pid=81556) enforce_call /opt/stack/keystone/keystone/common/rbac_enforcer/enforcer.py:449}}
Sep 16 05:24:00.411605 dv-cinder-857528-3-iscsi devstack@keystone.service[81557]: [pid: 81557|app: 0|req: 211/411] 10.222.0.49 () {56 vars in 1099 bytes} [Fri Sep 16 05:24:00 2022] GET /identity/v3/roles?name=admin => generated 339 bytes in 242 msecs (HTTP/1.1 200) 5 headers in 177 bytes (2 switches on core 0)
Sep 16 05:24:00.412918 dv-cinder-857528-3-iscsi devstack@keystone.service[81556]: DEBUG keystone.common.rbac_enforcer.enforcer [None req-e9bc737e-5a2a-427a-b6d0-f29f16ce9c61 None admin] RBAC: Authorization granted {{(pid=81556) enforce_call /opt/stack/keystone/keystone/common/rbac_enforcer/enforcer.py:457}}
Sep 16 05:24:00.416958 dv-cinder-857528-3-iscsi devstack@keystone.service[81557]: DEBUG keystone.server.flask.request_processing.middleware.auth_context [None req-9622c241-7cae-4c2a-b96f-0b0688cb0291 None admin] Authenticating user token {{(pid=81557) process_request /usr/local/lib/python3.8/dist-packages/keystonemiddleware/auth_token/__init__.py:407}}
Sep 16 05:24:00.485695 dv-cinder-857528-3-iscsi devstack@keystone.service[81556]: [pid: 81556|app: 0|req: 201/412] 10.222.0.49 () {58 vars in 1442 bytes} [Fri Sep 16 05:24:00 2022] PUT /identity/v3/projects/082a3596b7724c4f8f59b2687c2ca0fe/groups/b8324c97af7b4541b768ec0f4a9ae903/roles/93f699f03f0f41498415ab9533bdfcb4 => generated 0 bytes in 345 msecs (HTTP/1.1 204) 3 headers in 132 bytes (0 switches on core 0)
Sep 16 05:24:00.539247 dv-cinder-857528-3-iscsi devstack@keystone.service[81557]: DEBUG keystone.server.flask.request_processing.middleware.auth_context [None req-9622c241-7cae-4c2a-b96f-0b0688cb0291 None admin] Validating token access rules against request {{(pid=81557) validate_allowed_request /usr/local/lib/python3.8/dist-packages/keystonemiddleware/auth_token/__init__.py:545}}
Sep 16 05:24:00.587642 dv-cinder-857528-3-iscsi devstack@keystone.service[81557]: DEBUG keystone.server.flask.request_processing.middleware.auth_context [None req-83ff65e3-7665-46d0-9be3-cfc4afd45ea5 None admin] RBAC: auth_context: {'token': , 'domain_id': None, 'trust_id': None, 'trustor_id': None, 'trustee_id': None, 'domain_name': None, 'group_ids': [], 'user_id': '2ebd28e621914177981b750fe6a7566b', 'user_domain_id': 'default', 'system_scope': 'all', 'project_id': None, 'project_domain_id': None, 'roles': ['admin', 'member', 'reader'], 'is_admin_project': True, 'service_user_id': None, 'service_user_domain_id': None, 'service_project_id': None, 'service_project_domain_id': None, 'service_roles': []} {{(pid=81557) fill_context /opt/stack/keystone/keystone/server/flask/request_processing/middleware/auth_context.py:478}}
Sep 16 05:24:00.588677 dv-cinder-857528-3-iscsi devstack@keystone.service[81557]: DEBUG keystone.server.flask.request_processing.req_logging [None req-83ff65e3-7665-46d0-9be3-cfc4afd45ea5 None admin] REQUEST_METHOD: `GET` {{(pid=81557) log_request_info /opt/stack/keystone/keystone/server/flask/request_processing/req_logging.py:27}}
Sep 16 05:24:00.589133 dv-cinder-857528-3-iscsi devstack@keystone.service[81557]: DEBUG keystone.server.flask.request_processing.req_logging [None req-83ff65e3-7665-46d0-9be3-cfc4afd45ea5 None admin] SCRIPT_NAME: `/identity` {{(pid=81557) log_request_info /opt/stack/keystone/keystone/server/flask/request_processing/req_logging.py:28}}
Sep 16 05:24:00.589609 dv-cinder-857528-3-iscsi devstack@keystone.service[81557]: DEBUG keystone.server.flask.request_processing.req_logging [None req-83ff65e3-7665-46d0-9be3-cfc4afd45ea5 None admin] PATH_INFO: `/v3/groups/d6bee4d7fb124734a8168a39e29d938d` {{(pid=81557) log_request_info /opt/stack/keystone/keystone/server/flask/request_processing/req_logging.py:29}}
Sep 16 05:24:00.595421 dv-cinder-857528-3-iscsi devstack@keystone.service[81557]: DEBUG keystone.common.rbac_enforcer.enforcer [None req-83ff65e3-7665-46d0-9be3-cfc4afd45ea5 None admin] RBAC: Authorizing `identity:get_group(group_id=d6bee4d7fb124734a8168a39e29d938d)` {{(pid=81557) enforce_call /opt/stack/keystone/keystone/common/rbac_enforcer/enforcer.py:449}}
Sep 16 05:24:00.601705 dv-cinder-857528-3-iscsi devstack@keystone.service[81557]: DEBUG keystone.common.rbac_enforcer.enforcer [None req-83ff65e3-7665-46d0-9be3-cfc4afd45ea5 None admin] RBAC: Authorization granted {{(pid=81557) enforce_call /opt/stack/keystone/keystone/common/rbac_enforcer/enforcer.py:457}}
Sep 16 05:24:00.601705 dv-cinder-857528-3-iscsi devstack@keystone.service[81557]: [pid: 81557|app: 0|req: 212/413] 10.222.0.49 () {56 vars in 1180 bytes} [Fri Sep 16 05:24:00 2022] GET /identity/v3/groups/d6bee4d7fb124734a8168a39e29d938d => generated 229 bytes in 183 msecs (HTTP/1.1 200) 5 headers in 177 bytes (2 switches on core 0)
Sep 16 05:24:00.605006 dv-cinder-857528-3-iscsi devstack@keystone.service[81556]: DEBUG keystone.server.flask.request_processing.middleware.auth_context [None req-e9bc737e-5a2a-427a-b6d0-f29f16ce9c61 None admin] Authenticating user token {{(pid=81556) process_request /usr/local/lib/python3.8/dist-packages/keystonemiddleware/auth_token/__init__.py:407}}
Sep 16 05:24:00.730555 dv-cinder-857528-3-iscsi devstack@keystone.service[81556]: DEBUG keystone.server.flask.request_processing.middleware.auth_context [None req-e9bc737e-5a2a-427a-b6d0-f29f16ce9c61 None admin] Validating token access rules against request {{(pid=81556) validate_allowed_request /usr/local/lib/python3.8/dist-packages/keystonemiddleware/auth_token/__init__.py:545}}
Sep 16 05:24:00.755231 dv-cinder-857528-3-iscsi devstack@keystone.service[81556]: DEBUG dbcounter [-] [81556] Writing DB stats keystone:SELECT=99,keystone:INSERT=1 {{(pid=81556) stat_writer /usr/local/lib/python3.8/dist-packages/dbcounter.py:114}}
Sep 16 05:24:00.777419 dv-cinder-857528-3-iscsi devstack@keystone.service[81556]: DEBUG keystone.server.flask.request_processing.middleware.auth_context [None req-97cffcbe-db52-465a-99fe-55113153f84c None admin] RBAC: auth_context: {'token': , 'domain_id': None, 'trust_id': None, 'trustor_id': None, 'trustee_id': None, 'domain_name': None, 'group_ids': [], 'user_id': '2ebd28e621914177981b750fe6a7566b', 'user_domain_id': 'default', 'system_scope': 'all', 'project_id': None, 'project_domain_id': None, 'roles': ['admin', 'member', 'reader'], 'is_admin_project': True, 'service_user_id': None, 'service_user_domain_id': None, 'service_project_id': None, 'service_project_domain_id': None, 'service_roles': []} {{(pid=81556) fill_context /opt/stack/keystone/keystone/server/flask/request_processing/middleware/auth_context.py:478}}
Sep 16 05:24:00.778079 dv-cinder-857528-3-iscsi devstack@keystone.service[81556]: DEBUG keystone.server.flask.request_processing.req_logging [None req-97cffcbe-db52-465a-99fe-55113153f84c None admin] REQUEST_METHOD: `GET` {{(pid=81556) log_request_info /opt/stack/keystone/keystone/server/flask/request_processing/req_logging.py:27}}
Sep 16 05:24:00.778355 dv-cinder-857528-3-iscsi devstack@keystone.service[81556]: DEBUG keystone.server.flask.request_processing.req_logging [None req-97cffcbe-db52-465a-99fe-55113153f84c None admin] SCRIPT_NAME: `/identity` {{(pid=81556) log_request_info /opt/stack/keystone/keystone/server/flask/request_processing/req_logging.py:28}}
Sep 16 05:24:00.778616 dv-cinder-857528-3-iscsi devstack@keystone.service[81556]: DEBUG keystone.server.flask.request_processing.req_logging [None req-97cffcbe-db52-465a-99fe-55113153f84c None admin] PATH_INFO: `/v3/projects/2c317c5acb304c5d983c73b9ed1b6802` {{(pid=81556) log_request_info /opt/stack/keystone/keystone/server/flask/request_processing/req_logging.py:29}}
Sep 16 05:24:00.779745 dv-cinder-857528-3-iscsi devstack@keystone.service[81556]: DEBUG keystone.common.rbac_enforcer.enforcer [None req-97cffcbe-db52-465a-99fe-55113153f84c None admin] RBAC: Authorizing `identity:get_project(project_id=2c317c5acb304c5d983c73b9ed1b6802)` {{(pid=81556) enforce_call /opt/stack/keystone/keystone/common/rbac_enforcer/enforcer.py:449}}
Sep 16 05:24:00.781167 dv-cinder-857528-3-iscsi devstack@keystone.service[81556]: DEBUG keystone.common.rbac_enforcer.enforcer [None req-97cffcbe-db52-465a-99fe-55113153f84c None admin] RBAC: Authorization granted {{(pid=81556) enforce_call /opt/stack/keystone/keystone/common/rbac_enforcer/enforcer.py:457}}
Sep 16 05:24:00.784401 dv-cinder-857528-3-iscsi devstack@keystone.service[81556]: [pid: 81556|app: 0|req: 202/414] 10.222.0.49 () {56 vars in 1186 bytes} [Fri Sep 16 05:24:00 2022] GET /identity/v3/projects/2c317c5acb304c5d983c73b9ed1b6802 => generated 344 bytes in 180 msecs (HTTP/1.1 200) 5 headers in 177 bytes (1 switches on core 0)
Sep 16 05:24:00.789931 dv-cinder-857528-3-iscsi devstack@keystone.service[81557]: DEBUG keystone.server.flask.request_processing.middleware.auth_context [None req-83ff65e3-7665-46d0-9be3-cfc4afd45ea5 None admin] Authenticating user token {{(pid=81557) process_request /usr/local/lib/python3.8/dist-packages/keystonemiddleware/auth_token/__init__.py:407}}
Sep 16 05:24:00.800315 dv-cinder-857528-3-iscsi devstack@keystone.service[81557]: DEBUG dbcounter [-] [81557] Writing DB stats keystone:SELECT=100 {{(pid=81557) stat_writer /usr/local/lib/python3.8/dist-packages/dbcounter.py:114}}
Sep 16 05:24:00.953803 dv-cinder-857528-3-iscsi devstack@keystone.service[81557]: DEBUG keystone.server.flask.request_processing.middleware.auth_context [None req-83ff65e3-7665-46d0-9be3-cfc4afd45ea5 None admin] Validating token access rules against request {{(pid=81557) validate_allowed_request /usr/local/lib/python3.8/dist-packages/keystonemiddleware/auth_token/__init__.py:545}}
Sep 16 05:24:01.000408 dv-cinder-857528-3-iscsi devstack@keystone.service[81557]: DEBUG keystone.server.flask.request_processing.middleware.auth_context [None req-38a56dd3-673f-40ac-a4ed-031df5c4cbf2 None admin] RBAC: auth_context: {'token': , 'domain_id': None, 'trust_id': None, 'trustor_id': None, 'trustee_id': None, 'domain_name': None, 'group_ids': [], 'user_id': '2ebd28e621914177981b750fe6a7566b', 'user_domain_id': 'default', 'system_scope': 'all', 'project_id': None, 'project_domain_id': None, 'roles': ['admin', 'member', 'reader'], 'is_admin_project': True, 'service_user_id': None, 'service_user_domain_id': None, 'service_project_id': None, 'service_project_domain_id': None, 'service_roles': []} {{(pid=81557) fill_context /opt/stack/keystone/keystone/server/flask/request_processing/middleware/auth_context.py:478}}
Sep 16 05:24:01.001139 dv-cinder-857528-3-iscsi devstack@keystone.service[81557]: DEBUG keystone.server.flask.request_processing.req_logging [None req-38a56dd3-673f-40ac-a4ed-031df5c4cbf2 None admin] REQUEST_METHOD: `PUT` {{(pid=81557) log_request_info /opt/stack/keystone/keystone/server/flask/request_processing/req_logging.py:27}}
Sep 16 05:24:01.001410 dv-cinder-857528-3-iscsi devstack@keystone.service[81557]: DEBUG keystone.server.flask.request_processing.req_logging [None req-38a56dd3-673f-40ac-a4ed-031df5c4cbf2 None admin] SCRIPT_NAME: `/identity` {{(pid=81557) log_request_info /opt/stack/keystone/keystone/server/flask/request_processing/req_logging.py:28}}
Sep 16 05:24:01.001676 dv-cinder-857528-3-iscsi devstack@keystone.service[81557]: DEBUG keystone.server.flask.request_processing.req_logging [None req-38a56dd3-673f-40ac-a4ed-031df5c4cbf2 None admin] PATH_INFO: `/v3/projects/2c317c5acb304c5d983c73b9ed1b6802/groups/d6bee4d7fb124734a8168a39e29d938d/roles/9c3e3861a9ce4828829f793b31a275f0` {{(pid=81557) log_request_info /opt/stack/keystone/keystone/server/flask/request_processing/req_logging.py:29}}
Sep 16 05:24:01.003581 dv-cinder-857528-3-iscsi devstack@keystone.service[81557]: DEBUG keystone.common.rbac_enforcer.enforcer [None req-38a56dd3-673f-40ac-a4ed-031df5c4cbf2 None admin] RBAC: Authorizing `identity:create_grant(project_id=2c317c5acb304c5d983c73b9ed1b6802, group_id=d6bee4d7fb124734a8168a39e29d938d, role_id=9c3e3861a9ce4828829f793b31a275f0)` {{(pid=81557) enforce_call /opt/stack/keystone/keystone/common/rbac_enforcer/enforcer.py:449}}
Sep 16 05:24:01.005009 dv-cinder-857528-3-iscsi devstack@keystone.service[81557]: DEBUG keystone.common.rbac_enforcer.enforcer [None req-38a56dd3-673f-40ac-a4ed-031df5c4cbf2 None admin] RBAC: Authorization granted {{(pid=81557) enforce_call /opt/stack/keystone/keystone/common/rbac_enforcer/enforcer.py:457}}
Sep 16 05:24:01.085731 dv-cinder-857528-3-iscsi devstack@keystone.service[81557]: [pid: 81557|app: 0|req: 213/415] 10.222.0.49 () {58 vars in 1442 bytes} [Fri Sep 16 05:24:00 2022] PUT /identity/v3/projects/2c317c5acb304c5d983c73b9ed1b6802/groups/d6bee4d7fb124734a8168a39e29d938d/roles/9c3e3861a9ce4828829f793b31a275f0 => generated 0 bytes in 296 msecs (HTTP/1.1 204) 3 headers in 132 bytes (0 switches on core 0)
Sep 16 05:24:01.240192 dv-cinder-857528-3-iscsi devstack@keystone.service[81556]: DEBUG keystone.server.flask.request_processing.req_logging [None req-f10b4f03-ef44-4c8c-845e-c0aacc40fb71 None None] REQUEST_METHOD: `GET` {{(pid=81556) log_request_info /opt/stack/keystone/keystone/server/flask/request_processing/req_logging.py:27}}
Sep 16 05:24:01.240843 dv-cinder-857528-3-iscsi devstack@keystone.service[81556]: DEBUG keystone.server.flask.request_processing.req_logging [None req-f10b4f03-ef44-4c8c-845e-c0aacc40fb71 None None] SCRIPT_NAME: `/identity` {{(pid=81556) log_request_info /opt/stack/keystone/keystone/server/flask/request_processing/req_logging.py:28}}
Sep 16 05:24:01.241418 dv-cinder-857528-3-iscsi devstack@keystone.service[81556]: DEBUG keystone.server.flask.request_processing.req_logging [None req-f10b4f03-ef44-4c8c-845e-c0aacc40fb71 None None] PATH_INFO: `/` {{(pid=81556) log_request_info /opt/stack/keystone/keystone/server/flask/request_processing/req_logging.py:29}}
Sep 16 05:24:01.243037 dv-cinder-857528-3-iscsi devstack@keystone.service[81556]: [pid: 81556|app: 0|req: 203/416] 10.222.0.49 () {54 vars in 927 bytes} [Fri Sep 16 05:24:01 2022] GET /identity => generated 270 bytes in 4 msecs (HTTP/1.1 300) 6 headers in 234 bytes (1 switches on core 0)
Sep 16 05:24:01.249090 dv-cinder-857528-3-iscsi devstack@keystone.service[81557]: DEBUG keystone.server.flask.request_processing.req_logging [None req-b027ced0-d42c-414f-9df8-8d5d05fe4c0f None None] REQUEST_METHOD: `POST` {{(pid=81557) log_request_info /opt/stack/keystone/keystone/server/flask/request_processing/req_logging.py:27}}
Sep 16 05:24:01.249701 dv-cinder-857528-3-iscsi devstack@keystone.service[81557]: DEBUG keystone.server.flask.request_processing.req_logging [None req-b027ced0-d42c-414f-9df8-8d5d05fe4c0f None None] SCRIPT_NAME: `/identity` {{(pid=81557) log_request_info /opt/stack/keystone/keystone/server/flask/request_processing/req_logging.py:28}}
Sep 16 05:24:01.250296 dv-cinder-857528-3-iscsi devstack@keystone.service[81557]: DEBUG keystone.server.flask.request_processing.req_logging [None req-b027ced0-d42c-414f-9df8-8d5d05fe4c0f None None] PATH_INFO: `/v3/auth/tokens` {{(pid=81557) log_request_info /opt/stack/keystone/keystone/server/flask/request_processing/req_logging.py:29}}
Sep 16 05:24:01.278478 dv-cinder-857528-3-iscsi devstack@keystone.service[81557]: DEBUG keystone.auth.core [None req-b027ced0-d42c-414f-9df8-8d5d05fe4c0f None None] MFA Rules not processed for user `2ebd28e621914177981b750fe6a7566b`. Rule list: `[]` (Enabled: `True`). {{(pid=81557) check_auth_methods_against_rules /opt/stack/keystone/keystone/auth/core.py:438}}
Sep 16 05:24:01.280089 dv-cinder-857528-3-iscsi devstack@keystone.service[81557]: DEBUG keystone.common.fernet_utils [None req-b027ced0-d42c-414f-9df8-8d5d05fe4c0f None None] Loaded 2 Fernet keys from /etc/keystone/fernet-keys/, but `[fernet_tokens] max_active_keys = 3`; perhaps there have not been enough key rotations to reach `max_active_keys` yet? {{(pid=81557) load_keys /opt/stack/keystone/keystone/common/fernet_utils.py:286}}
Sep 16 05:24:01.351811 dv-cinder-857528-3-iscsi devstack@keystone.service[81557]: DEBUG dbcounter [-] [81557] Writing DB stats keystone:SELECT=99,keystone:INSERT=1 {{(pid=81557) stat_writer /usr/local/lib/python3.8/dist-packages/dbcounter.py:114}}
Sep 16 05:24:01.359336 dv-cinder-857528-3-iscsi devstack@keystone.service[81557]: [pid: 81557|app: 0|req: 214/417] 10.222.0.49 () {58 vars in 1024 bytes} [Fri Sep 16 05:24:01 2022] POST /identity/v3/auth/tokens => generated 799 bytes in 111 msecs (HTTP/1.1 201) 6 headers in 363 bytes (1 switches on core 0)
Sep 16 05:24:01.727969 dv-cinder-857528-3-iscsi devstack@keystone.service[81556]: DEBUG keystone.server.flask.request_processing.middleware.auth_context [None req-f10b4f03-ef44-4c8c-845e-c0aacc40fb71 None None] Authenticating user token {{(pid=81556) process_request /usr/local/lib/python3.8/dist-packages/keystonemiddleware/auth_token/__init__.py:407}}
Sep 16 05:24:01.851112 dv-cinder-857528-3-iscsi devstack@keystone.service[81556]: DEBUG keystone.server.flask.request_processing.middleware.auth_context [None req-f10b4f03-ef44-4c8c-845e-c0aacc40fb71 None None] Validating token access rules against request {{(pid=81556) validate_allowed_request /usr/local/lib/python3.8/dist-packages/keystonemiddleware/auth_token/__init__.py:545}}
Sep 16 05:24:01.890570 dv-cinder-857528-3-iscsi devstack@keystone.service[81556]: DEBUG keystone.server.flask.request_processing.middleware.auth_context [None req-e96ac634-8ece-4493-9046-efa8148f888f None admin] RBAC: auth_context: {'token': , 'domain_id': None, 'trust_id': None, 'trustor_id': None, 'trustee_id': None, 'domain_name': None, 'group_ids': [], 'user_id': '2ebd28e621914177981b750fe6a7566b', 'user_domain_id': 'default', 'system_scope': 'all', 'project_id': None, 'project_domain_id': None, 'roles': ['admin', 'member', 'reader'], 'is_admin_project': True, 'service_user_id': None, 'service_user_domain_id': None, 'service_project_id': None, 'service_project_domain_id': None, 'service_roles': []} {{(pid=81556) fill_context /opt/stack/keystone/keystone/server/flask/request_processing/middleware/auth_context.py:478}}
Sep 16 05:24:01.892309 dv-cinder-857528-3-iscsi devstack@keystone.service[81556]: DEBUG keystone.server.flask.request_processing.req_logging [None req-e96ac634-8ece-4493-9046-efa8148f888f None admin] REQUEST_METHOD: `GET` {{(pid=81556) log_request_info /opt/stack/keystone/keystone/server/flask/request_processing/req_logging.py:27}}
Sep 16 05:24:01.892309 dv-cinder-857528-3-iscsi devstack@keystone.service[81556]: DEBUG keystone.server.flask.request_processing.req_logging [None req-e96ac634-8ece-4493-9046-efa8148f888f None admin] SCRIPT_NAME: `/identity` {{(pid=81556) log_request_info /opt/stack/keystone/keystone/server/flask/request_processing/req_logging.py:28}}
Sep 16 05:24:01.892615 dv-cinder-857528-3-iscsi devstack@keystone.service[81556]: DEBUG keystone.server.flask.request_processing.req_logging [None req-e96ac634-8ece-4493-9046-efa8148f888f None admin] PATH_INFO: `/v3/roles/anotherrole` {{(pid=81556) log_request_info /opt/stack/keystone/keystone/server/flask/request_processing/req_logging.py:29}}
Sep 16 05:24:01.907496 dv-cinder-857528-3-iscsi devstack@keystone.service[81556]: DEBUG keystone.common.rbac_enforcer.enforcer [None req-e96ac634-8ece-4493-9046-efa8148f888f None admin] Extracting inferred target data resulted in "NOT FOUND (404)". {{(pid=81556) enforce_call /opt/stack/keystone/keystone/common/rbac_enforcer/enforcer.py:409}}
Sep 16 05:24:01.912244 dv-cinder-857528-3-iscsi devstack@keystone.service[81556]: ERROR keystone.server.flask.application [None req-e96ac634-8ece-4493-9046-efa8148f888f None admin] Could not find role: anotherrole.: keystone.exception.RoleNotFound: Could not find role: anotherrole.
Sep 16 05:24:01.912244 dv-cinder-857528-3-iscsi devstack@keystone.service[81556]: ERROR keystone.server.flask.application
Traceback (most recent call last):
Sep 16 05:24:01.912244 dv-cinder-857528-3-iscsi devstack@keystone.service[81556]: ERROR keystone.server.flask.application
File "/usr/local/lib/python3.8/dist-packages/flask/app.py", line 1820, in full_dispatch_request
Sep 16 05:24:01.912244 dv-cinder-857528-3-iscsi devstack@keystone.service[81556]: ERROR keystone.server.flask.application rv = self.dispatch_request()
Sep 16 05:24:01.912244 dv-cinder-857528-3-iscsi devstack@keystone.service[81556]: ERROR keystone.server.flask.application
File "/usr/local/lib/python3.8/dist-packages/flask/app.py", line 1796, in dispatch_request
Sep 16 05:24:01.912244 dv-cinder-857528-3-iscsi devstack@keystone.service[81556]: ERROR keystone.server.flask.application return self.ensure_sync(self.view_functions[rule.endpoint])(**view_args)
Sep 16 05:24:01.912244 dv-cinder-857528-3-iscsi devstack@keystone.service[81556]: ERROR keystone.server.flask.application
File "/usr/local/lib/python3.8/dist-packages/flask_restful/__init__.py", line 467, in wrapper
Sep 16 05:24:01.912244 dv-cinder-857528-3-iscsi devstack@keystone.service[81556]: ERROR keystone.server.flask.application resp = resource(*args, **kwargs)
Sep 16 05:24:01.912244 dv-cinder-857528-3-iscsi devstack@keystone.service[81556]: ERROR keystone.server.flask.application
File "/usr/local/lib/python3.8/dist-packages/flask/views.py", line 107, in view
Sep 16 05:24:01.912244 dv-cinder-857528-3-iscsi devstack@keystone.service[81556]: ERROR keystone.server.flask.application return current_app.ensure_sync(self.dispatch_request)(**kwargs)
Sep 16 05:24:01.912244 dv-cinder-857528-3-iscsi devstack@keystone.service[81556]: ERROR keystone.server.flask.application
File "/usr/local/lib/python3.8/dist-packages/flask_restful/__init__.py", line 582, in dispatch_request
Sep 16 05:24:01.912244 dv-cinder-857528-3-iscsi devstack@keystone.service[81556]: ERROR keystone.server.flask.application resp = meth(*args, **kwargs)
Sep 16 05:24:01.912244 dv-cinder-857528-3-iscsi devstack@keystone.service[81556]: ERROR keystone.server.flask.application
File "/opt/stack/keystone/keystone/api/roles.py", line 50, in get
Sep 16 05:24:01.912244 dv-cinder-857528-3-iscsi devstack@keystone.service[81556]: ERROR keystone.server.flask.application return self._get_role(role_id)
Sep 16 05:24:01.912244 dv-cinder-857528-3-iscsi devstack@keystone.service[81556]: ERROR keystone.server.flask.application
File "/opt/stack/keystone/keystone/api/roles.py", line 70, in _get_role
Sep 16 05:24:01.912244 dv-cinder-857528-3-iscsi devstack@keystone.service[81556]: ERROR keystone.server.flask.application ENFORCER.enforce_call(action='identity:get_role')
Sep 16 05:24:01.913112 dv-cinder-857528-3-iscsi devstack@keystone.service[81556]: ERROR keystone.server.flask.application
File "/opt/stack/keystone/keystone/common/rbac_enforcer/enforcer.py", line 402, in enforce_call
Sep 16 05:24:01.913112 dv-cinder-857528-3-iscsi devstack@keystone.service[81556]: ERROR keystone.server.flask.application policy_dict.update(cls._extract_member_target_data(
Sep 16 05:24:01.913112 dv-cinder-857528-3-iscsi devstack@keystone.service[81556]: ERROR keystone.server.flask.application
File "/opt/stack/keystone/keystone/common/rbac_enforcer/enforcer.py", line 234, in _extract_member_target_data
Sep 16 05:24:01.913112 dv-cinder-857528-3-iscsi devstack@keystone.service[81556]: ERROR keystone.server.flask.application member_name: func(flask.request.view_args[key])
Sep 16 05:24:01.913112 dv-cinder-857528-3-iscsi devstack@keystone.service[81556]: ERROR keystone.server.flask.application
File "/opt/stack/keystone/keystone/common/manager.py", line 115, in wrapped
Sep 16 05:24:01.913112 dv-cinder-857528-3-iscsi devstack@keystone.service[81556]: ERROR keystone.server.flask.application __ret_val = __f(*args, **kwargs)
Sep 16 05:24:01.913112 dv-cinder-857528-3-iscsi devstack@keystone.service[81556]: ERROR keystone.server.flask.application
File "/usr/local/lib/python3.8/dist-packages/decorator.py", line 232, in fun
Sep 16 05:24:01.913112 dv-cinder-857528-3-iscsi devstack@keystone.service[81556]: ERROR keystone.server.flask.application return caller(func, *(extras + args), **kw)
Sep 16 05:24:01.913112 dv-cinder-857528-3-iscsi devstack@keystone.service[81556]: ERROR keystone.server.flask.application
File "/usr/local/lib/python3.8/dist-packages/dogpile/cache/region.py", line 1577, in get_or_create_for_user_func
Sep 16 05:24:01.913112 dv-cinder-857528-3-iscsi devstack@keystone.service[81556]: ERROR keystone.server.flask.application return self.get_or_create(
Sep 16 05:24:01.913112 dv-cinder-857528-3-iscsi devstack@keystone.service[81556]: ERROR keystone.server.flask.application
File "/usr/local/lib/python3.8/dist-packages/dogpile/cache/region.py", line 1042, in get_or_create
Sep 16 05:24:01.913112 dv-cinder-857528-3-iscsi devstack@keystone.service[81556]: ERROR keystone.server.flask.application with Lock(
Sep 16 05:24:01.913112 dv-cinder-857528-3-iscsi devstack@keystone.service[81556]: ERROR keystone.server.flask.application
File "/usr/local/lib/python3.8/dist-packages/dogpile/lock.py", line 185, in __enter__
Sep 16 05:24:01.913112 dv-cinder-857528-3-iscsi devstack@keystone.service[81556]: ERROR keystone.server.flask.application return self._enter()
Sep 16 05:24:01.913112 dv-cinder-857528-3-iscsi devstack@keystone.service[81556]: ERROR keystone.server.flask.application
File "/usr/local/lib/python3.8/dist-packages/dogpile/lock.py", line 94, in _enter
Sep 16 05:24:01.913112 dv-cinder-857528-3-iscsi devstack@keystone.service[81556]: ERROR keystone.server.flask.application generated = self._enter_create(value, createdtime)
Sep 16 05:24:01.913951 dv-cinder-857528-3-iscsi devstack@keystone.service[81556]: ERROR keystone.server.flask.application
File "/usr/local/lib/python3.8/dist-packages/dogpile/lock.py", line 178, in _enter_create
Sep 16 05:24:01.913951 dv-cinder-857528-3-iscsi devstack@keystone.service[81556]: ERROR keystone.server.flask.application return self.creator()
Sep 16 05:24:01.913951 dv-cinder-857528-3-iscsi devstack@keystone.service[81556]: ERROR keystone.server.flask.application
File "/usr/local/lib/python3.8/dist-packages/dogpile/cache/region.py", line 995, in gen_value
Sep 16 05:24:01.913951 dv-cinder-857528-3-iscsi devstack@keystone.service[81556]: ERROR keystone.server.flask.application created_value = creator(
Sep 16 05:24:01.913951 dv-cinder-857528-3-iscsi devstack@keystone.service[81556]: ERROR keystone.server.flask.application
File "/opt/stack/keystone/keystone/assignment/core.py", line 1276, in get_role
Sep 16 05:24:01.913951 dv-cinder-857528-3-iscsi devstack@keystone.service[81556]: ERROR keystone.server.flask.application return self.driver.get_role(role_id)
Sep 16 05:24:01.913951 dv-cinder-857528-3-iscsi devstack@keystone.service[81556]: ERROR keystone.server.flask.application
File "/opt/stack/keystone/keystone/assignment/role_backends/sql.py", line 70, in get_role
Sep 16 05:24:01.913951 dv-cinder-857528-3-iscsi devstack@keystone.service[81556]: ERROR keystone.server.flask.application return self._get_role(session, role_id).to_dict()
Sep 16 05:24:01.913951 dv-cinder-857528-3-iscsi devstack@keystone.service[81556]: ERROR keystone.server.flask.application
File "/opt/stack/keystone/keystone/assignment/role_backends/sql.py", line 65, in _get_role
Sep 16 05:24:01.913951 dv-cinder-857528-3-iscsi devstack@keystone.service[81556]: ERROR keystone.server.flask.application raise exception.RoleNotFound(role_id=role_id)
Sep 16 05:24:01.913951 dv-cinder-857528-3-iscsi devstack@keystone.service[81556]: ERROR keystone.server.flask.application keystone.exception.RoleNotFound: Could not find role: anotherrole.
Sep 16 05:24:01.913951 dv-cinder-857528-3-iscsi devstack@keystone.service[81556]: ERROR keystone.server.flask.application
Sep 16 05:24:01.913951 dv-cinder-857528-3-iscsi devstack@keystone.service[81556]: [pid: 81556|app: 0|req: 204/418] 10.222.0.49 () {56 vars in 1114 bytes} [Fri Sep 16 05:24:01 2022] GET /identity/v3/roles/anotherrole => generated 89 bytes in 186 msecs (HTTP/1.1 404) 5 headers in 183 bytes (1 switches on core 0)
Sep 16 05:24:01.923482 dv-cinder-857528-3-iscsi devstack@keystone.service[81557]: DEBUG keystone.server.flask.request_processing.middleware.auth_context [None req-b027ced0-d42c-414f-9df8-8d5d05fe4c0f None None] Authenticating user token {{(pid=81557) process_request /usr/local/lib/python3.8/dist-packages/keystonemiddleware/auth_token/__init__.py:407}}
Sep 16 05:24:02.046280 dv-cinder-857528-3-iscsi devstack@keystone.service[81556]: DEBUG keystone.server.flask.request_processing.req_logging [None req-e5cee97f-c2f4-424e-ba4f-8b12bab8775e None None] REQUEST_METHOD: `GET` {{(pid=81556) log_request_info /opt/stack/keystone/keystone/server/flask/request_processing/req_logging.py:27}}
Sep 16 05:24:02.046465 dv-cinder-857528-3-iscsi devstack@keystone.service[81556]: DEBUG keystone.server.flask.request_processing.req_logging [None req-e5cee97f-c2f4-424e-ba4f-8b12bab8775e None None] SCRIPT_NAME: `/identity` {{(pid=81556) log_request_info /opt/stack/keystone/keystone/server/flask/request_processing/req_logging.py:28}}
Sep 16 05:24:02.046731 dv-cinder-857528-3-iscsi devstack@keystone.service[81556]: DEBUG keystone.server.flask.request_processing.req_logging [None req-e5cee97f-c2f4-424e-ba4f-8b12bab8775e None None] PATH_INFO: `/` {{(pid=81556) log_request_info /opt/stack/keystone/keystone/server/flask/request_processing/req_logging.py:29}}
Sep 16 05:24:02.049306 dv-cinder-857528-3-iscsi devstack@keystone.service[81556]: [pid: 81556|app: 0|req: 205/419] 10.222.0.49 () {54 vars in 927 bytes} [Fri Sep 16 05:24:02 2022] GET /identity => generated 270 bytes in 4 msecs (HTTP/1.1 300) 6 headers in 234 bytes (2 switches on core 0)
Sep 16 05:24:02.061616 dv-cinder-857528-3-iscsi devstack@keystone.service[81556]: DEBUG keystone.server.flask.request_processing.req_logging [None req-f05b20d8-6095-41fc-922e-48ac6d71af6d None None] REQUEST_METHOD: `POST` {{(pid=81556) log_request_info /opt/stack/keystone/keystone/server/flask/request_processing/req_logging.py:27}}
Sep 16 05:24:02.061944 dv-cinder-857528-3-iscsi devstack@keystone.service[81556]: DEBUG keystone.server.flask.request_processing.req_logging [None req-f05b20d8-6095-41fc-922e-48ac6d71af6d None None] SCRIPT_NAME: `/identity` {{(pid=81556) log_request_info /opt/stack/keystone/keystone/server/flask/request_processing/req_logging.py:28}}
Sep 16 05:24:02.062216 dv-cinder-857528-3-iscsi devstack@keystone.service[81556]: DEBUG keystone.server.flask.request_processing.req_logging [None req-f05b20d8-6095-41fc-922e-48ac6d71af6d None None] PATH_INFO: `/v3/auth/tokens` {{(pid=81556) log_request_info /opt/stack/keystone/keystone/server/flask/request_processing/req_logging.py:29}}
Sep 16 05:24:02.080390 dv-cinder-857528-3-iscsi devstack@keystone.service[81557]: DEBUG keystone.server.flask.request_processing.middleware.auth_context [None req-b027ced0-d42c-414f-9df8-8d5d05fe4c0f None None] Validating token access rules against request {{(pid=81557) validate_allowed_request /usr/local/lib/python3.8/dist-packages/keystonemiddleware/auth_token/__init__.py:545}}
Sep 16 05:24:02.100638 dv-cinder-857528-3-iscsi devstack@keystone.service[81556]: DEBUG keystone.auth.core [None req-f05b20d8-6095-41fc-922e-48ac6d71af6d None None] MFA Rules not processed for user `2ebd28e621914177981b750fe6a7566b`. Rule list: `[]` (Enabled: `True`). {{(pid=81556) check_auth_methods_against_rules /opt/stack/keystone/keystone/auth/core.py:438}}
Sep 16 05:24:02.102878 dv-cinder-857528-3-iscsi devstack@keystone.service[81556]: DEBUG keystone.common.fernet_utils [None req-f05b20d8-6095-41fc-922e-48ac6d71af6d None None] Loaded 2 Fernet keys from /etc/keystone/fernet-keys/, but `[fernet_tokens] max_active_keys = 3`; perhaps there have not been enough key rotations to reach `max_active_keys` yet? {{(pid=81556) load_keys /opt/stack/keystone/keystone/common/fernet_utils.py:286}}
Sep 16 05:24:02.139086 dv-cinder-857528-3-iscsi devstack@keystone.service[81557]: DEBUG keystone.server.flask.request_processing.middleware.auth_context [None req-e9a1e97c-6741-4db0-afa9-05791a647809 None admin] RBAC: auth_context: {'token': , 'domain_id': None, 'trust_id': None, 'trustor_id': None, 'trustee_id': None, 'domain_name': None, 'group_ids': [], 'user_id': '2ebd28e621914177981b750fe6a7566b', 'user_domain_id': 'default', 'system_scope': 'all', 'project_id': None, 'project_domain_id': None, 'roles': ['admin', 'member', 'reader'], 'is_admin_project': True, 'service_user_id': None, 'service_user_domain_id': None, 'service_project_id': None, 'service_project_domain_id': None, 'service_roles': []} {{(pid=81557) fill_context /opt/stack/keystone/keystone/server/flask/request_processing/middleware/auth_context.py:478}}
Sep 16 05:24:02.140042 dv-cinder-857528-3-iscsi devstack@keystone.service[81557]: DEBUG keystone.server.flask.request_processing.req_logging [None req-e9a1e97c-6741-4db0-afa9-05791a647809 None admin] REQUEST_METHOD: `GET` {{(pid=81557) log_request_info /opt/stack/keystone/keystone/server/flask/request_processing/req_logging.py:27}}
Sep 16 05:24:02.140497 dv-cinder-857528-3-iscsi devstack@keystone.service[81557]: DEBUG keystone.server.flask.request_processing.req_logging [None req-e9a1e97c-6741-4db0-afa9-05791a647809 None admin] SCRIPT_NAME: `/identity` {{(pid=81557) log_request_info /opt/stack/keystone/keystone/server/flask/request_processing/req_logging.py:28}}
Sep 16 05:24:02.141777 dv-cinder-857528-3-iscsi devstack@keystone.service[81557]: DEBUG keystone.server.flask.request_processing.req_logging [None req-e9a1e97c-6741-4db0-afa9-05791a647809 None admin] PATH_INFO: `/v3/roles` {{(pid=81557) log_request_info /opt/stack/keystone/keystone/server/flask/request_processing/req_logging.py:29}}
Sep 16 05:24:02.142742 dv-cinder-857528-3-iscsi devstack@keystone.service[81557]: DEBUG keystone.common.rbac_enforcer.enforcer [None req-e9a1e97c-6741-4db0-afa9-05791a647809 None admin] RBAC: Adding query filter params (name=anotherrole) {{(pid=81557) _extract_filter_values /opt/stack/keystone/keystone/common/rbac_enforcer/enforcer.py:167}}
Sep 16 05:24:02.143240 dv-cinder-857528-3-iscsi devstack@keystone.service[81557]: DEBUG keystone.common.rbac_enforcer.enforcer [None req-e9a1e97c-6741-4db0-afa9-05791a647809 None admin] RBAC: Authorizing `identity:list_roles()` {{(pid=81557) enforce_call /opt/stack/keystone/keystone/common/rbac_enforcer/enforcer.py:449}}
Sep 16 05:24:02.144797 dv-cinder-857528-3-iscsi devstack@keystone.service[81557]: DEBUG keystone.common.rbac_enforcer.enforcer [None req-e9a1e97c-6741-4db0-afa9-05791a647809 None admin] RBAC: Authorization granted {{(pid=81557) enforce_call /opt/stack/keystone/keystone/common/rbac_enforcer/enforcer.py:457}}
Sep 16 05:24:02.153664 dv-cinder-857528-3-iscsi devstack@keystone.service[81557]: [pid: 81557|app: 0|req: 215/420] 10.222.0.49 () {56 vars in 1111 bytes} [Fri Sep 16 05:24:01 2022] GET /identity/v3/roles?name=anotherrole => generated 334 bytes in 231 msecs (HTTP/1.1 200) 5 headers in 177 bytes (1 switches on core 0)
Sep 16 05:24:02.159786 dv-cinder-857528-3-iscsi devstack@keystone.service[81557]: DEBUG keystone.server.flask.request_processing.middleware.auth_context [None req-e9a1e97c-6741-4db0-afa9-05791a647809 None admin] Authenticating user token {{(pid=81557) process_request /usr/local/lib/python3.8/dist-packages/keystonemiddleware/auth_token/__init__.py:407}}
Sep 16 05:24:02.202775 dv-cinder-857528-3-iscsi devstack@keystone.service[81556]: DEBUG dbcounter [-] [81556] Writing DB stats keystone:SELECT=100 {{(pid=81556) stat_writer /usr/local/lib/python3.8/dist-packages/dbcounter.py:114}}
Sep 16 05:24:02.228783 dv-cinder-857528-3-iscsi devstack@keystone.service[81557]: DEBUG dbcounter [-] [81557] Writing DB stats keystone:SELECT=100 {{(pid=81557) stat_writer /usr/local/lib/python3.8/dist-packages/dbcounter.py:114}}
Sep 16 05:24:02.270604 dv-cinder-857528-3-iscsi devstack@keystone.service[81556]: [pid: 81556|app: 0|req: 206/421] 10.222.0.49 () {58 vars in 1024 bytes} [Fri Sep 16 05:24:02 2022] POST /identity/v3/auth/tokens => generated 799 bytes in 209 msecs (HTTP/1.1 201) 6 headers in 363 bytes (1 switches on core 0)
Sep 16 05:24:02.305656 dv-cinder-857528-3-iscsi devstack@keystone.service[81557]: DEBUG keystone.server.flask.request_processing.middleware.auth_context [None req-e9a1e97c-6741-4db0-afa9-05791a647809 None admin] Validating token access rules against request {{(pid=81557) validate_allowed_request /usr/local/lib/python3.8/dist-packages/keystonemiddleware/auth_token/__init__.py:545}}
Sep 16 05:24:02.366725 dv-cinder-857528-3-iscsi devstack@keystone.service[81557]: DEBUG keystone.server.flask.request_processing.middleware.auth_context [None req-04a4e52e-03fb-47a0-99d8-1cd8f1bbed9c None admin] RBAC: auth_context: {'token': , 'domain_id': None, 'trust_id': None, 'trustor_id': None, 'trustee_id': None, 'domain_name': None, 'group_ids': [], 'user_id': '2ebd28e621914177981b750fe6a7566b', 'user_domain_id': 'default', 'system_scope': 'all', 'project_id': None, 'project_domain_id': None, 'roles': ['admin', 'member', 'reader'], 'is_admin_project': True, 'service_user_id': None, 'service_user_domain_id': None, 'service_project_id': None, 'service_project_domain_id': None, 'service_roles': []} {{(pid=81557) fill_context /opt/stack/keystone/keystone/server/flask/request_processing/middleware/auth_context.py:478}}
Sep 16 05:24:02.367334 dv-cinder-857528-3-iscsi devstack@keystone.service[81557]: DEBUG keystone.server.flask.request_processing.req_logging [None req-04a4e52e-03fb-47a0-99d8-1cd8f1bbed9c None admin] REQUEST_METHOD: `GET` {{(pid=81557) log_request_info /opt/stack/keystone/keystone/server/flask/request_processing/req_logging.py:27}}
Sep 16 05:24:02.367607 dv-cinder-857528-3-iscsi devstack@keystone.service[81557]: DEBUG keystone.server.flask.request_processing.req_logging [None req-04a4e52e-03fb-47a0-99d8-1cd8f1bbed9c None admin] SCRIPT_NAME: `/identity` {{(pid=81557) log_request_info /opt/stack/keystone/keystone/server/flask/request_processing/req_logging.py:28}}
Sep 16 05:24:02.367871 dv-cinder-857528-3-iscsi devstack@keystone.service[81557]: DEBUG keystone.server.flask.request_processing.req_logging [None req-04a4e52e-03fb-47a0-99d8-1cd8f1bbed9c None admin] PATH_INFO: `/v3/auth/tokens` {{(pid=81557) log_request_info /opt/stack/keystone/keystone/server/flask/request_processing/req_logging.py:29}}
Sep 16 05:24:02.454887 dv-cinder-857528-3-iscsi devstack@keystone.service[81557]: DEBUG keystone.common.rbac_enforcer.enforcer [None req-04a4e52e-03fb-47a0-99d8-1cd8f1bbed9c None admin] RBAC: Authorizing `identity:validate_token()` {{(pid=81557) enforce_call /opt/stack/keystone/keystone/common/rbac_enforcer/enforcer.py:449}}
Sep 16 05:24:02.456699 dv-cinder-857528-3-iscsi devstack@keystone.service[81557]: DEBUG keystone.common.rbac_enforcer.enforcer [None req-04a4e52e-03fb-47a0-99d8-1cd8f1bbed9c None admin] RBAC: Authorization granted {{(pid=81557) enforce_call /opt/stack/keystone/keystone/common/rbac_enforcer/enforcer.py:457}}
Sep 16 05:24:02.465267 dv-cinder-857528-3-iscsi devstack@keystone.service[81556]: DEBUG keystone.server.flask.request_processing.req_logging [None req-fbe55c03-9c5f-4c6d-855b-01d1d6205277 None None] REQUEST_METHOD: `GET` {{(pid=81556) log_request_info /opt/stack/keystone/keystone/server/flask/request_processing/req_logging.py:27}}
Sep 16 05:24:02.465547 dv-cinder-857528-3-iscsi devstack@keystone.service[81556]: DEBUG keystone.server.flask.request_processing.req_logging [None req-fbe55c03-9c5f-4c6d-855b-01d1d6205277 None None] SCRIPT_NAME: `/identity` {{(pid=81556) log_request_info /opt/stack/keystone/keystone/server/flask/request_processing/req_logging.py:28}}
Sep 16 05:24:02.465815 dv-cinder-857528-3-iscsi devstack@keystone.service[81556]: DEBUG keystone.server.flask.request_processing.req_logging [None req-fbe55c03-9c5f-4c6d-855b-01d1d6205277 None None] PATH_INFO: `/` {{(pid=81556) log_request_info /opt/stack/keystone/keystone/server/flask/request_processing/req_logging.py:29}}
Sep 16 05:24:02.467157 dv-cinder-857528-3-iscsi devstack@keystone.service[81556]: [pid: 81556|app: 0|req: 207/422] 10.222.0.49 () {54 vars in 927 bytes} [Fri Sep 16 05:24:02 2022] GET /identity => generated 270 bytes in 3 msecs (HTTP/1.1 300) 6 headers in 234 bytes (2 switches on core 0)
Sep 16 05:24:02.473457 dv-cinder-857528-3-iscsi devstack@keystone.service[81556]: DEBUG keystone.server.flask.request_processing.req_logging [None req-9a994ffa-d479-429f-9911-0d04773aede8 None None] REQUEST_METHOD: `POST` {{(pid=81556) log_request_info /opt/stack/keystone/keystone/server/flask/request_processing/req_logging.py:27}}
Sep 16 05:24:02.473729 dv-cinder-857528-3-iscsi devstack@keystone.service[81556]: DEBUG keystone.server.flask.request_processing.req_logging [None req-9a994ffa-d479-429f-9911-0d04773aede8 None None] SCRIPT_NAME: `/identity` {{(pid=81556) log_request_info /opt/stack/keystone/keystone/server/flask/request_processing/req_logging.py:28}}
Sep 16 05:24:02.474027 dv-cinder-857528-3-iscsi devstack@keystone.service[81556]: DEBUG keystone.server.flask.request_processing.req_logging [None req-9a994ffa-d479-429f-9911-0d04773aede8 None None] PATH_INFO: `/v3/auth/tokens` {{(pid=81556) log_request_info /opt/stack/keystone/keystone/server/flask/request_processing/req_logging.py:29}}
Sep 16 05:24:02.494219 dv-cinder-857528-3-iscsi devstack@keystone.service[81556]: DEBUG keystone.auth.core [None req-9a994ffa-d479-429f-9911-0d04773aede8 None None] MFA Rules not processed for user `2ebd28e621914177981b750fe6a7566b`. Rule list: `[]` (Enabled: `True`). {{(pid=81556) check_auth_methods_against_rules /opt/stack/keystone/keystone/auth/core.py:438}}
Sep 16 05:24:02.495624 dv-cinder-857528-3-iscsi devstack@keystone.service[81556]: DEBUG keystone.common.fernet_utils [None req-9a994ffa-d479-429f-9911-0d04773aede8 None None] Loaded 2 Fernet keys from /etc/keystone/fernet-keys/, but `[fernet_tokens] max_active_keys = 3`; perhaps there have not been enough key rotations to reach `max_active_keys` yet? {{(pid=81556) load_keys /opt/stack/keystone/keystone/common/fernet_utils.py:286}}
Sep 16 05:24:02.554428 dv-cinder-857528-3-iscsi devstack@keystone.service[81557]: DEBUG dbcounter [-] [81557] Writing DB stats keystone:SELECT=100 {{(pid=81557) stat_writer /usr/local/lib/python3.8/dist-packages/dbcounter.py:114}}
Sep 16 05:24:02.586086 dv-cinder-857528-3-iscsi devstack@keystone.service[81556]: [pid: 81556|app: 0|req: 208/423] 10.222.0.49 () {58 vars in 1024 bytes} [Fri Sep 16 05:24:02 2022] POST /identity/v3/auth/tokens => generated 799 bytes in 110 msecs (HTTP/1.1 201) 6 headers in 363 bytes (2 switches on core 0)
Sep 16 05:24:02.599481 dv-cinder-857528-3-iscsi devstack@keystone.service[81556]: DEBUG keystone.server.flask.request_processing.middleware.auth_context [None req-9a994ffa-d479-429f-9911-0d04773aede8 None None] Authenticating user token {{(pid=81556) process_request /usr/local/lib/python3.8/dist-packages/keystonemiddleware/auth_token/__init__.py:407}}
Sep 16 05:24:02.639856 dv-cinder-857528-3-iscsi devstack@keystone.service[81557]: [pid: 81557|app: 0|req: 216/424] 10.222.0.49 () {58 vars in 1282 bytes} [Fri Sep 16 05:24:02 2022] GET /identity/v3/auth/tokens => generated 799 bytes in 480 msecs (HTTP/1.1 200) 6 headers in 358 bytes (2 switches on core 0)
Sep 16 05:24:02.648217 dv-cinder-857528-3-iscsi devstack@keystone.service[81557]: DEBUG keystone.server.flask.request_processing.middleware.auth_context [None req-04a4e52e-03fb-47a0-99d8-1cd8f1bbed9c None admin] Authenticating user token {{(pid=81557) process_request /usr/local/lib/python3.8/dist-packages/keystonemiddleware/auth_token/__init__.py:407}}
Sep 16 05:24:02.769998 dv-cinder-857528-3-iscsi devstack@keystone.service[81556]: DEBUG keystone.server.flask.request_processing.middleware.auth_context [None req-9a994ffa-d479-429f-9911-0d04773aede8 None None] Validating token access rules against request {{(pid=81556) validate_allowed_request /usr/local/lib/python3.8/dist-packages/keystonemiddleware/auth_token/__init__.py:545}}
Sep 16 05:24:02.774126 dv-cinder-857528-3-iscsi devstack@keystone.service[81556]: DEBUG dbcounter [-] [81556] Writing DB stats keystone:SELECT=100 {{(pid=81556) stat_writer /usr/local/lib/python3.8/dist-packages/dbcounter.py:114}}
Sep 16 05:24:02.818325 dv-cinder-857528-3-iscsi devstack@keystone.service[81557]: DEBUG keystone.server.flask.request_processing.middleware.auth_context [None req-04a4e52e-03fb-47a0-99d8-1cd8f1bbed9c None admin] Validating token access rules against request {{(pid=81557) validate_allowed_request /usr/local/lib/python3.8/dist-packages/keystonemiddleware/auth_token/__init__.py:545}}
