Sep 15 00:44:50.832358 dv-cinder-857528-2-iscsi neutron-server[112954]: DEBUG neutron_lib.callbacks.manager [None req-9cbcb120-cc86-4ab6-8326-c0fb915bea93 None None] Publish callbacks ['neutron.plugins.ml2.plugin.SecurityGroupDbMixin._ensure_default_security_group_handler-690346'] for port (81f812e7-122a-4317-b94c-c23caf3c215d), before_update {{(pid=112954) _notify_loop /usr/local/lib/python3.8/dist-packages/neutron_lib/callbacks/manager.py:176}}
Sep 15 00:44:50.966038 dv-cinder-857528-2-iscsi neutron-server[112952]: INFO neutron.wsgi [req-405275cf-85bc-487c-b365-ea2a68ba2412 req-15ac4015-7d9d-4eb9-bc60-374ce5bda554 tempest-ServerRescueNegativeTestJSON-482363131 tempest-ServerRescueNegativeTestJSON-482363131-project] 10.222.0.15 "GET /networking/v2.0/ports?device_id=3368c45f-e52e-42fd-8f8c-43e3aeb5aeef HTTP/1.1" status: 200 len: 210 time: 0.4345419
Sep 15 00:44:51.007732 dv-cinder-857528-2-iscsi neutron-server[112952]: DEBUG neutron.pecan_wsgi.hooks.policy_enforcement [req-68fdba3b-6d3c-4215-a719-4afd554b2e1e req-25beaa2b-1486-4a68-9c9a-dfde605fc8f7 tempest-DeleteServersTestJSON-1901845882 tempest-DeleteServersTestJSON-1901845882-project] Attributes excluded by policy engine: ['standard_attr_id', 'vlan_transparent', 'provider:network_type', 'provider:physical_network', 'provider:segmentation_id'] {{(pid=112952) _exclude_attributes_by_policy /opt/stack/neutron/neutron/pecan_wsgi/hooks/policy_enforcement.py:259}}
Sep 15 00:44:51.013738 dv-cinder-857528-2-iscsi neutron-server[112952]: INFO neutron.wsgi [req-68fdba3b-6d3c-4215-a719-4afd554b2e1e req-25beaa2b-1486-4a68-9c9a-dfde605fc8f7 tempest-DeleteServersTestJSON-1901845882 tempest-DeleteServersTestJSON-1901845882-project] 10.222.0.18 "GET /networking/v2.0/networks?id=af1ef824-3295-4205-b148-29e927c60665 HTTP/1.1" status: 200 len: 812 time: 0.5531056
Sep 15 00:44:51.155974 dv-cinder-857528-2-iscsi neutron-server[112953]: DEBUG neutron_lib.callbacks.manager [None req-406160fc-d2db-4355-980a-d64f50c78915 admin admin] Publish callbacks [] for security_group (None), before_create {{(pid=112953) _notify_loop /usr/local/lib/python3.8/dist-packages/neutron_lib/callbacks/manager.py:176}}
Sep 15 00:44:51.231275 dv-cinder-857528-2-iscsi neutron-server[112952]: DEBUG neutron.api.v2.base [req-68fdba3b-6d3c-4215-a719-4afd554b2e1e req-e6680e09-5721-4cbf-99b4-323857dedddf tempest-DeleteServersTestJSON-1901845882 tempest-DeleteServersTestJSON-1901845882-project] Request body: {'port': {'device_id': '6db3aac8-68f8-4028-8905-acb495f6ab89', 'network_id': 'af1ef824-3295-4205-b148-29e927c60665', 'admin_state_up': True, 'tenant_id': 'bc126ea1c77342d091a96baf33bedf6e'}} {{(pid=112952) prepare_request_body /opt/stack/neutron/neutron/api/v2/base.py:730}}
Sep 15 00:44:51.327657 dv-cinder-857528-2-iscsi neutron-server[112954]: DEBUG neutron.plugins.ml2.db [None req-9cbcb120-cc86-4ab6-8326-c0fb915bea93 None None] For port 81f812e7-122a-4317-b94c-c23caf3c215d, host dv-cinder-857528-2-iscsi, got binding levels [PortBindingLevel(driver='openvswitch',host='dv-cinder-857528-2-iscsi',level=0,port_id=81f812e7-122a-4317-b94c-c23caf3c215d,segment=NetworkSegment(32209802-0ee2-4fe1-a177-50b35ffec28b),segment_id=32209802-0ee2-4fe1-a177-50b35ffec28b)] {{(pid=112954) get_binding_level_objs /opt/stack/neutron/neutron/plugins/ml2/db.py:74}}
Sep 15 00:44:51.409095 dv-cinder-857528-2-iscsi neutron-server[112954]: DEBUG neutron_lib.callbacks.manager [None req-9cbcb120-cc86-4ab6-8326-c0fb915bea93 None None] Publish callbacks ['neutron.plugins.ml2.plugin.SecurityGroupServerNotifierRpcMixin._notify_sg_on_port_change-688751', 'neutron.plugins.ml2.ovo_rpc._ObjectChangeHandler.handle_event-482812', 'neutron.api.rpc.agentnotifiers.dhcp_rpc_agent_api.DhcpAgentNotifyAPI._native_event_send_dhcp_notification-1585177', 'neutron.db.l3_db.L3RpcNotifierMixin._notify_gateway_port_ip_changed-8740354132134', 'neutron.db.l3_dvrscheduler_db._notify_l3_agent_port_update-8740353694181', 'neutron.db.l3_hascheduler_db._notify_l3_agent_ha_port_update-8740353694199'] for port (81f812e7-122a-4317-b94c-c23caf3c215d), after_update {{(pid=112954) _notify_loop /usr/local/lib/python3.8/dist-packages/neutron_lib/callbacks/manager.py:176}}
Sep 15 00:44:51.525227 dv-cinder-857528-2-iscsi neutron-server[112953]: DEBUG neutron.wsgi [-] (112953) accepted ('10.222.0.18', 59159) {{(pid=112953) server /usr/local/lib/python3.8/dist-packages/eventlet/wsgi.py:1004}}
Sep 15 00:44:51.558828 dv-cinder-857528-2-iscsi neutron-server[112952]: INFO neutron.wsgi [req-314b88b2-6175-4182-99e4-87cb927db0ed req-44aa825f-d8ec-4aab-ac35-d77e7090ecac tempest-DeleteServersTestJSON-1901845882 tempest-DeleteServersTestJSON-1901845882-project] 10.222.0.15 "GET /networking/v2.0/ports?device_id=6db3aac8-68f8-4028-8905-acb495f6ab89 HTTP/1.1" status: 200 len: 210 time: 0.1321561
Sep 15 00:44:51.571228 dv-cinder-857528-2-iscsi neutron-server[112954]: DEBUG neutron.db.provisioning_blocks [None req-9cbcb120-cc86-4ab6-8326-c0fb915bea93 None None] Provisioning complete for port 762a7dec-a419-43c7-b90a-ff586fd3ebf7 triggered by entity DHCP. {{(pid=112954) provisioning_complete /opt/stack/neutron/neutron/db/provisioning_blocks.py:144}}
Sep 15 00:44:51.571884 dv-cinder-857528-2-iscsi neutron-server[112954]: DEBUG neutron_lib.callbacks.manager [None req-9cbcb120-cc86-4ab6-8326-c0fb915bea93 None None] Publish callbacks ['neutron.plugins.ml2.plugin.Ml2Plugin._port_provisioned-866106'] for port (762a7dec-a419-43c7-b90a-ff586fd3ebf7), provisioning_complete {{(pid=112954) _notify_loop /usr/local/lib/python3.8/dist-packages/neutron_lib/callbacks/manager.py:176}}
Sep 15 00:44:51.572323 dv-cinder-857528-2-iscsi neutron-server[112954]: INFO neutron.plugins.ml2.plugin [None req-9cbcb120-cc86-4ab6-8326-c0fb915bea93 None None] Attempt 1 to provision port 762a7dec-a419-43c7-b90a-ff586fd3ebf7
Sep 15 00:44:51.609674 dv-cinder-857528-2-iscsi neutron-server[112954]: DEBUG neutron.db.provisioning_blocks [None req-83c0e869-9e23-4241-96e7-c4ada550f7a6 None None] Provisioning complete for port f59f707d-9659-4eed-a94e-885d49304822 triggered by entity L2. {{(pid=112954) provisioning_complete /opt/stack/neutron/neutron/db/provisioning_blocks.py:144}}
Sep 15 00:44:51.611470 dv-cinder-857528-2-iscsi neutron-server[112954]: DEBUG neutron_lib.callbacks.manager [None req-83c0e869-9e23-4241-96e7-c4ada550f7a6 None None] Publish callbacks ['neutron.plugins.ml2.plugin.Ml2Plugin._port_provisioned-866106'] for port (f59f707d-9659-4eed-a94e-885d49304822), provisioning_complete {{(pid=112954) _notify_loop /usr/local/lib/python3.8/dist-packages/neutron_lib/callbacks/manager.py:176}}
Sep 15 00:44:51.612930 dv-cinder-857528-2-iscsi neutron-server[112954]: INFO neutron.plugins.ml2.plugin [None req-83c0e869-9e23-4241-96e7-c4ada550f7a6 None None] Attempt 1 to provision port f59f707d-9659-4eed-a94e-885d49304822
Sep 15 00:44:51.619505 dv-cinder-857528-2-iscsi neutron-server[112954]: DEBUG neutron_lib.callbacks.manager [None req-95adbbff-6895-48c0-bf7b-800344abb436 None None] Publish callbacks ['neutron.services.segments.db._update_segment_host_mapping_for_agent-8740354160303', 'neutron.plugins.ml2.plugin.Ml2Plugin._retry_binding_revived_agents-866276'] for agent (1910fe3d-a45e-4328-b167-582c750e5ccc), after_update {{(pid=112954) _notify_loop /usr/local/lib/python3.8/dist-packages/neutron_lib/callbacks/manager.py:176}}
Sep 15 00:44:51.724582 dv-cinder-857528-2-iscsi neutron-server[112952]: DEBUG neutron.pecan_wsgi.hooks.quota_enforcement [req-68fdba3b-6d3c-4215-a719-4afd554b2e1e req-e6680e09-5721-4cbf-99b4-323857dedddf tempest-DeleteServersTestJSON-1901845882 tempest-DeleteServersTestJSON-1901845882-project] Made reservation on behalf of bc126ea1c77342d091a96baf33bedf6e for: {'port': 1} {{(pid=112952) before /opt/stack/neutron/neutron/pecan_wsgi/hooks/quota_enforcement.py:53}}
Sep 15 00:44:51.730336 dv-cinder-857528-2-iscsi neutron-server[112952]: DEBUG neutron_lib.callbacks.manager [req-68fdba3b-6d3c-4215-a719-4afd554b2e1e req-e6680e09-5721-4cbf-99b4-323857dedddf tempest-DeleteServersTestJSON-1901845882 tempest-DeleteServersTestJSON-1901845882-project] Publish callbacks ['neutron.plugins.ml2.plugin.SecurityGroupDbMixin._ensure_default_security_group_handler-690346'] for port (None), before_create {{(pid=112952) _notify_loop /usr/local/lib/python3.8/dist-packages/neutron_lib/callbacks/manager.py:176}}
Sep 15 00:44:51.735567 dv-cinder-857528-2-iscsi neutron-server[112954]: DEBUG dbcounter [-] [112954] Writing DB stats neutron:SELECT=98,neutron:INSERT=1,neutron:UPDATE=1 {{(pid=112954) stat_writer /usr/local/lib/python3.8/dist-packages/dbcounter.py:114}}
Sep 15 00:44:51.761216 dv-cinder-857528-2-iscsi neutron-server[112953]: INFO neutron.wsgi [req-58edc0ef-ed68-46ef-a2f6-3d7e606c8119 req-198d019c-4e20-4cab-9926-f3e50e83cdb7 tempest-AttachVolumeTestJSON-1714807484 tempest-AttachVolumeTestJSON-1714807484-project] 10.222.0.15 "GET /networking/v2.0/ports?device_id=c1d301ea-7505-4d72-8061-827894477da0 HTTP/1.1" status: 200 len: 210 time: 0.2346985
Sep 15 00:44:51.834618 dv-cinder-857528-2-iscsi neutron-server[112953]: DEBUG neutron_lib.callbacks.manager [None req-406160fc-d2db-4355-980a-d64f50c78915 admin admin] Publish callbacks [] for security_group (47c2dfad-8b66-48bf-acf1-bc7a9de23245), precommit_create {{(pid=112953) _notify_loop /usr/local/lib/python3.8/dist-packages/neutron_lib/callbacks/manager.py:176}}
Sep 15 00:44:51.847508 dv-cinder-857528-2-iscsi neutron-server[112953]: DEBUG neutron.db.db_base_plugin_common [req-d7da2bc8-a2f9-4e6d-8df9-07191e34e5ba req-9e634daf-7af4-4261-95ff-db9b0ba57f91 tempest-ServerRescueNegativeTestJSON-482363131 tempest-ServerRescueNegativeTestJSON-482363131-project] Allocated IP 172.20.0.10 (534fcea4-462b-402d-9da6-e7cef4200229/756b70e8-4098-4f30-99b0-99c64c94809f/3231acc1-76a4-4c22-96c0-9edb4cf1f79e) {{(pid=112953) _store_ip_allocation /opt/stack/neutron/neutron/db/db_base_plugin_common.py:131}}
Sep 15 00:44:51.855155 dv-cinder-857528-2-iscsi neutron-server[112953]: DEBUG neutron_lib.callbacks.manager [None req-406160fc-d2db-4355-980a-d64f50c78915 admin admin] Publish callbacks ['neutron.plugins.ml2.ovo_rpc._ObjectChangeHandler.handle_event-1645564'] for security_group (47c2dfad-8b66-48bf-acf1-bc7a9de23245), after_create {{(pid=112953) _notify_loop /usr/local/lib/python3.8/dist-packages/neutron_lib/callbacks/manager.py:176}}
Sep 15 00:44:51.866403 dv-cinder-857528-2-iscsi neutron-server[112954]: DEBUG neutron.api.rpc.handlers.resources_rpc [None req-9cbcb120-cc86-4ab6-8326-c0fb915bea93 None None] Pushing event updated for resources: {'Port': ['ID=81f812e7-122a-4317-b94c-c23caf3c215d,revision_number=5']} {{(pid=112954) push /opt/stack/neutron/neutron/api/rpc/handlers/resources_rpc.py:237}}
Sep 15 00:44:51.888192 dv-cinder-857528-2-iscsi neutron-server[112953]: INFO neutron.wsgi [None req-406160fc-d2db-4355-980a-d64f50c78915 admin admin] 10.222.0.15 "GET /networking/v2.0/security-groups?tenant_id=83747b69e79d43eca9616f0c2661d016&name=default HTTP/1.1" status: 200 len: 2996 time: 1.2142968
Sep 15 00:44:51.900641 dv-cinder-857528-2-iscsi neutron-server[112953]: DEBUG neutron.wsgi [-] (112953) accepted ('10.222.0.15', 51158) {{(pid=112953) server /usr/local/lib/python3.8/dist-packages/eventlet/wsgi.py:1004}}
Sep 15 00:44:51.983431 dv-cinder-857528-2-iscsi neutron-server[112954]: DEBUG neutron.db.l3_hamode_db [None req-2977a918-f735-494e-82b8-14ec282afe21 None None] neutron.services.l3_router.l3_router_plugin.L3RouterPlugin method _process_sync_ha_data called with arguments (, [{'id': '18de74f2-4e6c-457b-949b-77537408e408', 'name': 'tempest-DeleteServersTestJSON-1433079652-router', 'tenant_id': 'bc126ea1c77342d091a96baf33bedf6e', 'admin_state_up': True, 'status': 'ACTIVE', 'external_gateway_info': {'network_id': '53046852-16e9-4bc6-a26e-a34c1d2139e6', 'external_fixed_ips': [{'subnet_id': '8f0c0330-11bc-44ed-a1b6-6f3c15aee393', 'ip_address': '172.27.1.131'}], 'enable_snat': True}, 'gw_port_id': 'aece7b6c-9147-48eb-b1b7-e5edfa96f5ec', 'description': '', 'availability_zones': ['nova'], 'distributed': False, 'ha': False, 'ha_vr_id': 0, 'availability_zone_hints': [], 'routes': [], 'flavor_id': None, 'tags': [], 'created_at': '2022-09-15T00:44:32Z', 'updated_at': '2022-09-15T00:44:40Z', 'revision_number': 4, 'project_id': 'bc126ea1c77342d091a96baf33bedf6e', 'gw_port': {'id': 'aece7b6c-9147-48eb-b1b7-e5edfa96f5ec', 'name': '', 'network_id': '53046852-16e9-4bc6-a26e-a34c1d2139e6', 'tenant_id': '', 'mac_address': 'fa:16:3e:51:44:55', 'admin_state_up': True, 'status': 'ACTIVE', 'device_id': '18de74f2-4e6c-457b-949b-77537408e408', 'device_owner': 'network:router_gateway', 'standard_attr_id': 68, 'fixed_ips': [{'subnet_id': '8f0c0330-11bc-44ed-a1b6-6f3c15aee393', 'ip_address': '172.27.1.131', 'prefixlen': 24}], 'allowed_address_pairs': [], 'extra_dhcp_opts': [], 'security_groups': [], 'description': '', 'binding:vnic_type': 'normal', 'binding:profile': {}, 'binding:host_id': 'dv-cinder-857528-2-iscsi', 'binding:vif_type': 'ovs', 'binding:vif_details': {'connectivity': 'l2', 'port_filter': True, 'ovs_hybrid_plug': False, 'datapath_type': 'system', 'bridge_name': 'br-int', 'bound_drivers': {'0': 'openvswitch'}}, 'port_security_enabled': False, 'tags': [], 'created_at': '2022-09-15T00:44:33Z', 'updated_at': '2022-09-15T00:44:43Z', 'revision_number': 4, 'project_id': '', 'subnets': [{'id': '8f0c0330-11bc-44ed-a1b6-6f3c15aee393', 'cidr': '172.27.1.0/24', 'gateway_ip': '172.27.1.1', 'dns_nameservers': [], 'ipv6_ra_mode': None, 'subnetpool_id': None}], 'extra_subnets': [], 'address_scopes': {4: None, 6: None}, 'mtu': 1500}, 'enable_snat': True, 'gw_port_host': 'dv-cinder-857528-2-iscsi', '_interfaces': [{'id': '81f812e7-122a-4317-b94c-c23caf3c215d', 'name': '', 'network_id': 'af1ef824-3295-4205-b148-29e927c60665', 'tenant_id': 'bc126ea1c77342d091a96baf33bedf6e', 'mac_address': 'fa:16:3e:02:93:3b', 'admin_state_up': True, 'status': 'DOWN', 'device_id': '18de74f2-4e6c-457b-949b-77537408e408', 'device_owner': 'network:router_interface', 'standard_attr_id': 81, 'fixed_ips': [{'subnet_id': 'c0996a3a-9136-46be-a223-d4a25daf4874', 'ip_address': '172.20.0.1', 'prefixlen': 28}], 'allowed_address_pairs': [], 'extra_dhcp_opts': [], 'security_groups': [], 'description': '', 'binding:vnic_type': 'normal', 'binding:profile': {}, 'binding:host_id': 'dv-cinder-857528-2-iscsi', 'binding:vif_type': 'ovs', 'binding:vif_details': {'connectivity': 'l2', 'port_filter': True, 'ovs_hybrid_plug': False, 'datapath_type': 'system', 'bridge_name': 'br-int', 'bound_drivers': {'0': 'openvswitch'}}, 'port_security_enabled': False, 'tags': [], 'created_at': '2022-09-15T00:44:39Z', 'updated_at': '2022-09-15T00:44:49Z', 'revision_number': 4, 'project_id': 'bc126ea1c77342d091a96baf33bedf6e', 'subnets': [{'id': 'c0996a3a-9136-46be-a223-d4a25daf4874', 'cidr': '172.20.0.0/28', 'gateway_ip': '172.20.0.1', 'dns_nameservers': [], 'ipv6_ra_mode': None, 'subnetpool_id': None}], 'extra_subnets': [], 'address_scopes': {4: None, 6: None}, 'mtu': 1500}]}], 'dv-cinder-857528-2-iscsi', False) {} {{(pid=112954) wrapper /usr/local/lib/python3.8/dist-packages/oslo_log/helpers.py:65}}
Sep 15 00:44:51.985482 dv-cinder-857528-2-iscsi neutron-server[112954]: DEBUG dbcounter [-] [112954] Writing DB stats neutron:SELECT=97,neutron:UPDATE=3 {{(pid=112954) stat_writer /usr/local/lib/python3.8/dist-packages/dbcounter.py:114}}
Sep 15 00:44:52.015724 dv-cinder-857528-2-iscsi neutron-server[112952]: DEBUG dbcounter [-] [112952] Writing DB stats neutron:SELECT=94,neutron:DELETE=2,neutron:INSERT=4 {{(pid=112952) stat_writer /usr/local/lib/python3.8/dist-packages/dbcounter.py:114}}
Sep 15 00:44:52.030608 dv-cinder-857528-2-iscsi neutron-server[112954]: DEBUG neutron.api.rpc.handlers.l3_rpc [None req-2977a918-f735-494e-82b8-14ec282afe21 None None] The sync data for ids ['18de74f2-4e6c-457b-949b-77537408e408'] in dv-cinder-857528-2-iscsi is: [{'id': '18de74f2-4e6c-457b-949b-77537408e408', 'name': 'tempest-DeleteServersTestJSON-1433079652-router', 'tenant_id': 'bc126ea1c77342d091a96baf33bedf6e', 'admin_state_up': True, 'status': 'ACTIVE', 'external_gateway_info': {'network_id': '53046852-16e9-4bc6-a26e-a34c1d2139e6', 'external_fixed_ips': [{'subnet_id': '8f0c0330-11bc-44ed-a1b6-6f3c15aee393', 'ip_address': '172.27.1.131'}], 'enable_snat': True}, 'gw_port_id': 'aece7b6c-9147-48eb-b1b7-e5edfa96f5ec', 'description': '', 'availability_zones': ['nova'], 'distributed': False, 'ha': False, 'ha_vr_id': 0, 'availability_zone_hints': [], 'routes': [], 'flavor_id': None, 'tags': [], 'created_at': '2022-09-15T00:44:32Z', 'updated_at': '2022-09-15T00:44:40Z', 'revision_number': 4, 'project_id': 'bc126ea1c77342d091a96baf33bedf6e', 'gw_port': {'id': 'aece7b6c-9147-48eb-b1b7-e5edfa96f5ec', 'name': '', 'network_id': '53046852-16e9-4bc6-a26e-a34c1d2139e6', 'tenant_id': '', 'mac_address': 'fa:16:3e:51:44:55', 'admin_state_up': True, 'status': 'ACTIVE', 'device_id': '18de74f2-4e6c-457b-949b-77537408e408', 'device_owner': 'network:router_gateway', 'standard_attr_id': 68, 'fixed_ips': [{'subnet_id': '8f0c0330-11bc-44ed-a1b6-6f3c15aee393', 'ip_address': '172.27.1.131', 'prefixlen': 24}], 'allowed_address_pairs': [], 'extra_dhcp_opts': [], 'security_groups': [], 'description': '', 'binding:vnic_type': 'normal', 'binding:profile': {}, 'binding:host_id': 'dv-cinder-857528-2-iscsi', 'binding:vif_type': 'ovs', 'binding:vif_details': {'connectivity': 'l2', 'port_filter': True, 'ovs_hybrid_plug': False, 'datapath_type': 'system', 'bridge_name': 'br-int', 'bound_drivers': {'0': 'openvswitch'}}, 'port_security_enabled': False, 'tags': [], 'created_at': '2022-09-15T00:44:33Z', 'updated_at': '2022-09-15T00:44:43Z', 'revision_number': 4, 'project_id': '', 'subnets': [{'id': '8f0c0330-11bc-44ed-a1b6-6f3c15aee393', 'cidr': '172.27.1.0/24', 'gateway_ip': '172.27.1.1', 'dns_nameservers': [], 'ipv6_ra_mode': None, 'subnetpool_id': None}], 'extra_subnets': [], 'address_scopes': {4: None, 6: None}, 'mtu': 1500}, 'enable_snat': True, 'gw_port_host': 'dv-cinder-857528-2-iscsi', '_interfaces': [{'id': '81f812e7-122a-4317-b94c-c23caf3c215d', 'name': '', 'network_id': 'af1ef824-3295-4205-b148-29e927c60665', 'tenant_id': 'bc126ea1c77342d091a96baf33bedf6e', 'mac_address': 'fa:16:3e:02:93:3b', 'admin_state_up': True, 'status': 'DOWN', 'device_id': '18de74f2-4e6c-457b-949b-77537408e408', 'device_owner': 'network:router_interface', 'standard_attr_id': 81, 'fixed_ips': [{'subnet_id': 'c0996a3a-9136-46be-a223-d4a25daf4874', 'ip_address': '172.20.0.1', 'prefixlen': 28}], 'allowed_address_pairs': [], 'extra_dhcp_opts': [], 'security_groups': [], 'description': '', 'binding:vnic_type': 'normal', 'binding:profile': {}, 'binding:host_id': 'dv-cinder-857528-2-iscsi', 'binding:vif_type': 'ovs', 'binding:vif_details': {'connectivity': 'l2', 'port_filter': True, 'ovs_hybrid_plug': False, 'datapath_type': 'system', 'bridge_name': 'br-int', 'bound_drivers': {'0': 'openvswitch'}}, 'port_security_enabled': False, 'tags': [], 'created_at': '2022-09-15T00:44:39Z', 'updated_at': '2022-09-15T00:44:49Z', 'revision_number': 4, 'project_id': 'bc126ea1c77342d091a96baf33bedf6e', 'subnets': [{'id': 'c0996a3a-9136-46be-a223-d4a25daf4874', 'cidr': '172.20.0.0/28', 'gateway_ip': '172.20.0.1', 'dns_nameservers': [], 'ipv6_ra_mode': None, 'subnetpool_id': None}], 'extra_subnets': [], 'address_scopes': {4: None, 6: None}, 'mtu': 1500}]}] {{(pid=112954) sync_routers /opt/stack/neutron/neutron/api/rpc/handlers/l3_rpc.py:137}}
Sep 15 00:44:52.035585 dv-cinder-857528-2-iscsi neutron-server[112954]: DEBUG neutron.plugins.ml2.plugin [None req-9cbcb120-cc86-4ab6-8326-c0fb915bea93 None None] Current status of the port 762a7dec-a419-43c7-b90a-ff586fd3ebf7 is: DOWN; New status is: ACTIVE {{(pid=112954) _update_individual_port_db_status /opt/stack/neutron/neutron/plugins/ml2/plugin.py:2321}}
Sep 15 00:44:52.036270 dv-cinder-857528-2-iscsi neutron-server[112954]: DEBUG neutron_lib.callbacks.manager [None req-9cbcb120-cc86-4ab6-8326-c0fb915bea93 None None] Publish callbacks ['neutron.plugins.ml2.plugin.SecurityGroupDbMixin._ensure_default_security_group_handler-690346'] for port (762a7dec-a419-43c7-b90a-ff586fd3ebf7), before_update {{(pid=112954) _notify_loop /usr/local/lib/python3.8/dist-packages/neutron_lib/callbacks/manager.py:176}}
Sep 15 00:44:52.038541 dv-cinder-857528-2-iscsi neutron-server[112954]: DEBUG neutron.plugins.ml2.plugin [None req-83c0e869-9e23-4241-96e7-c4ada550f7a6 None None] Current status of the port f59f707d-9659-4eed-a94e-885d49304822 is: ACTIVE; New status is: ACTIVE {{(pid=112954) _update_individual_port_db_status /opt/stack/neutron/neutron/plugins/ml2/plugin.py:2321}}
Sep 15 00:44:52.039662 dv-cinder-857528-2-iscsi neutron-server[112954]: DEBUG neutron.plugins.ml2.rpc [None req-83c0e869-9e23-4241-96e7-c4ada550f7a6 None None] Device 762a7dec-a419-43c7-b90a-ff586fd3ebf7 up at agent ovs-agent-dv-cinder-857528-2-iscsi {{(pid=112954) update_device_up /opt/stack/neutron/neutron/plugins/ml2/rpc.py:296}}
Sep 15 00:44:52.171118 dv-cinder-857528-2-iscsi neutron-server[112954]: DEBUG neutron.plugins.ml2.db [None req-9cbcb120-cc86-4ab6-8326-c0fb915bea93 None None] For port 762a7dec-a419-43c7-b90a-ff586fd3ebf7, host dv-cinder-857528-2-iscsi, got binding levels [PortBindingLevel(driver='openvswitch',host='dv-cinder-857528-2-iscsi',level=0,port_id=762a7dec-a419-43c7-b90a-ff586fd3ebf7,segment=NetworkSegment(2b35b24d-afbb-49ac-9c71-14d53de30327),segment_id=2b35b24d-afbb-49ac-9c71-14d53de30327)] {{(pid=112954) get_binding_level_objs /opt/stack/neutron/neutron/plugins/ml2/db.py:74}}
Sep 15 00:44:52.181865 dv-cinder-857528-2-iscsi neutron-server[112954]: DEBUG neutron_lib.callbacks.manager [None req-9cbcb120-cc86-4ab6-8326-c0fb915bea93 None None] Publish callbacks ['neutron.plugins.ml2.plugin.SecurityGroupServerNotifierRpcMixin._notify_sg_on_port_change-688751', 'neutron.plugins.ml2.ovo_rpc._ObjectChangeHandler.handle_event-482812', 'neutron.api.rpc.agentnotifiers.dhcp_rpc_agent_api.DhcpAgentNotifyAPI._native_event_send_dhcp_notification-1585177', 'neutron.db.l3_db.L3RpcNotifierMixin._notify_gateway_port_ip_changed-8740354132134', 'neutron.db.l3_dvrscheduler_db._notify_l3_agent_port_update-8740353694181', 'neutron.db.l3_hascheduler_db._notify_l3_agent_ha_port_update-8740353694199'] for port (762a7dec-a419-43c7-b90a-ff586fd3ebf7), after_update {{(pid=112954) _notify_loop /usr/local/lib/python3.8/dist-packages/neutron_lib/callbacks/manager.py:176}}
Sep 15 00:44:52.216923 dv-cinder-857528-2-iscsi neutron-server[112954]: DEBUG neutron.db.provisioning_blocks [None req-83c0e869-9e23-4241-96e7-c4ada550f7a6 None None] Provisioning complete for port 762a7dec-a419-43c7-b90a-ff586fd3ebf7 triggered by entity L2. {{(pid=112954) provisioning_complete /opt/stack/neutron/neutron/db/provisioning_blocks.py:144}}
Sep 15 00:44:52.217604 dv-cinder-857528-2-iscsi neutron-server[112954]: DEBUG neutron_lib.callbacks.manager [None req-83c0e869-9e23-4241-96e7-c4ada550f7a6 None None] Publish callbacks ['neutron.plugins.ml2.plugin.Ml2Plugin._port_provisioned-866106'] for port (762a7dec-a419-43c7-b90a-ff586fd3ebf7), provisioning_complete {{(pid=112954) _notify_loop /usr/local/lib/python3.8/dist-packages/neutron_lib/callbacks/manager.py:176}}
Sep 15 00:44:52.218325 dv-cinder-857528-2-iscsi neutron-server[112954]: INFO neutron.plugins.ml2.plugin [None req-83c0e869-9e23-4241-96e7-c4ada550f7a6 None None] Attempt 1 to provision port 762a7dec-a419-43c7-b90a-ff586fd3ebf7
Sep 15 00:44:52.262680 dv-cinder-857528-2-iscsi neutron-server[112952]: DEBUG dbcounter [-] [112952] Writing DB stats neutron:SELECT=97,neutron:DELETE=2,neutron:UPDATE=1 {{(pid=112952) stat_writer /usr/local/lib/python3.8/dist-packages/dbcounter.py:114}}
Sep 15 00:44:52.278722 dv-cinder-857528-2-iscsi neutron-server[112952]: INFO neutron.wsgi [req-708f07e8-2719-437a-bd71-8fb1ba65eef2 req-b1ec62e4-deea-4ae4-8eae-4707aa8d9b38 tempest-ServerRescueNegativeTestJSON-482363131 tempest-ServerRescueNegativeTestJSON-482363131-project] 10.222.0.15 "GET /networking/v2.0/ports?device_id=3368c45f-e52e-42fd-8f8c-43e3aeb5aeef HTTP/1.1" status: 200 len: 210 time: 0.0645931
Sep 15 00:44:52.331348 dv-cinder-857528-2-iscsi neutron-server[112952]: DEBUG neutron.wsgi [-] (112952) accepted ('10.222.0.15', 51170) {{(pid=112952) server /usr/local/lib/python3.8/dist-packages/eventlet/wsgi.py:1004}}
Sep 15 00:44:52.337765 dv-cinder-857528-2-iscsi neutron-server[112954]: DEBUG neutron.db.provisioning_blocks [None req-9cbcb120-cc86-4ab6-8326-c0fb915bea93 None None] Provisioning complete for port 2f2734e5-9a5b-4aa1-a373-61da50428191 triggered by entity DHCP. {{(pid=112954) provisioning_complete /opt/stack/neutron/neutron/db/provisioning_blocks.py:144}}
Sep 15 00:44:52.338362 dv-cinder-857528-2-iscsi neutron-server[112954]: DEBUG neutron_lib.callbacks.manager [None req-9cbcb120-cc86-4ab6-8326-c0fb915bea93 None None] Publish callbacks ['neutron.plugins.ml2.plugin.Ml2Plugin._port_provisioned-866106'] for port (2f2734e5-9a5b-4aa1-a373-61da50428191), provisioning_complete {{(pid=112954) _notify_loop /usr/local/lib/python3.8/dist-packages/neutron_lib/callbacks/manager.py:176}}
Sep 15 00:44:52.338506 dv-cinder-857528-2-iscsi neutron-server[112954]: INFO neutron.plugins.ml2.plugin [None req-9cbcb120-cc86-4ab6-8326-c0fb915bea93 None None] Attempt 1 to provision port 2f2734e5-9a5b-4aa1-a373-61da50428191
Sep 15 00:44:52.383805 dv-cinder-857528-2-iscsi neutron-server[112952]: DEBUG neutron.wsgi [-] (112952) accepted ('10.222.0.18', 59167) {{(pid=112952) server /usr/local/lib/python3.8/dist-packages/eventlet/wsgi.py:1004}}
Sep 15 00:44:52.499610 dv-cinder-857528-2-iscsi neutron-server[112952]: DEBUG neutron.db.db_base_plugin_common [req-68fdba3b-6d3c-4215-a719-4afd554b2e1e req-e6680e09-5721-4cbf-99b4-323857dedddf tempest-DeleteServersTestJSON-1901845882 tempest-DeleteServersTestJSON-1901845882-project] Allocated IP 172.20.0.4 (af1ef824-3295-4205-b148-29e927c60665/c0996a3a-9136-46be-a223-d4a25daf4874/60e67ba0-1a38-4c2c-8f3b-75d937cf69ec) {{(pid=112952) _store_ip_allocation /opt/stack/neutron/neutron/db/db_base_plugin_common.py:131}}
Sep 15 00:44:52.693566 dv-cinder-857528-2-iscsi neutron-server[112953]: DEBUG neutron_lib.callbacks.manager [req-d7da2bc8-a2f9-4e6d-8df9-07191e34e5ba req-9e634daf-7af4-4261-95ff-db9b0ba57f91 tempest-ServerRescueNegativeTestJSON-482363131 tempest-ServerRescueNegativeTestJSON-482363131-project] Publish callbacks [] for port (3231acc1-76a4-4c22-96c0-9edb4cf1f79e), precommit_create {{(pid=112953) _notify_loop /usr/local/lib/python3.8/dist-packages/neutron_lib/callbacks/manager.py:176}}
Sep 15 00:44:52.820340 dv-cinder-857528-2-iscsi neutron-server[112953]: DEBUG dbcounter [-] [112953] Writing DB stats neutron:SELECT=82,neutron:INSERT=17,neutron:UPDATE=1 {{(pid=112953) stat_writer /usr/local/lib/python3.8/dist-packages/dbcounter.py:114}}
Sep 15 00:44:52.841668 dv-cinder-857528-2-iscsi neutron-server[112952]: DEBUG neutron.pecan_wsgi.hooks.policy_enforcement [req-c74c890c-8b91-467e-b9c5-64e57bece0c7 req-dae22b42-3179-41dc-be7c-6f6ba30a5f0b tempest-ServerRescueNegativeTestJSON-482363131 tempest-ServerRescueNegativeTestJSON-482363131-project] Attributes excluded by policy engine: ['standard_attr_id', 'vlan_transparent', 'provider:network_type', 'provider:physical_network', 'provider:segmentation_id'] {{(pid=112952) _exclude_attributes_by_policy /opt/stack/neutron/neutron/pecan_wsgi/hooks/policy_enforcement.py:259}}
Sep 15 00:44:52.844590 dv-cinder-857528-2-iscsi neutron-server[112952]: INFO neutron.wsgi [req-c74c890c-8b91-467e-b9c5-64e57bece0c7 req-dae22b42-3179-41dc-be7c-6f6ba30a5f0b tempest-ServerRescueNegativeTestJSON-482363131 tempest-ServerRescueNegativeTestJSON-482363131-project] 10.222.0.18 "GET /networking/v2.0/networks?id=534fcea4-462b-402d-9da6-e7cef4200229 HTTP/1.1" status: 200 len: 818 time: 0.4280014
Sep 15 00:44:52.870114 dv-cinder-857528-2-iscsi neutron-server[112952]: DEBUG neutron_lib.callbacks.manager [None req-ae495d3b-54c4-4a83-8987-87595800a5b3 admin admin] Publish callbacks [] for security_group (None), before_create {{(pid=112952) _notify_loop /usr/local/lib/python3.8/dist-packages/neutron_lib/callbacks/manager.py:176}}
Sep 15 00:44:52.897189 dv-cinder-857528-2-iscsi neutron-server[112952]: DEBUG neutron.api.v2.base [req-c74c890c-8b91-467e-b9c5-64e57bece0c7 req-e5a9f072-4f92-4232-8b07-e18f4d7d2f85 tempest-ServerRescueNegativeTestJSON-482363131 tempest-ServerRescueNegativeTestJSON-482363131-project] Request body: {'port': {'device_id': '3368c45f-e52e-42fd-8f8c-43e3aeb5aeef', 'network_id': '534fcea4-462b-402d-9da6-e7cef4200229', 'admin_state_up': True, 'tenant_id': '7090f91f78534107ba4b5ccd7f80e145'}} {{(pid=112952) prepare_request_body /opt/stack/neutron/neutron/api/v2/base.py:730}}
Sep 15 00:44:52.914449 dv-cinder-857528-2-iscsi neutron-server[112953]: DEBUG neutron_lib.callbacks.manager [req-d7da2bc8-a2f9-4e6d-8df9-07191e34e5ba req-9e634daf-7af4-4261-95ff-db9b0ba57f91 tempest-ServerRescueNegativeTestJSON-482363131 tempest-ServerRescueNegativeTestJSON-482363131-project] Publish callbacks ['neutron.plugins.ml2.plugin.SecurityGroupServerNotifierRpcMixin._notify_sg_on_port_change-688751', 'neutron.plugins.ml2.ovo_rpc._ObjectChangeHandler.handle_event-482812', 'neutron.api.rpc.agentnotifiers.dhcp_rpc_agent_api.DhcpAgentNotifyAPI._native_event_send_dhcp_notification-1585177', 'neutron.db.l3_dvrscheduler_db._notify_l3_agent_new_port-8740353694163'] for port (3231acc1-76a4-4c22-96c0-9edb4cf1f79e), after_create {{(pid=112953) _notify_loop /usr/local/lib/python3.8/dist-packages/neutron_lib/callbacks/manager.py:176}}
Sep 15 00:44:52.984150 dv-cinder-857528-2-iscsi neutron-server[112954]: DEBUG neutron_lib.callbacks.manager [None req-200c41dd-3b8e-43a0-89b4-3b11d11910cc None None] Publish callbacks ['neutron.services.segments.db._update_segment_host_mapping_for_agent-8740354160303', 'neutron.plugins.ml2.plugin.Ml2Plugin._retry_binding_revived_agents-866276'] for agent (ff17a010-8f9a-443b-8069-f9726ec23de4), after_update {{(pid=112954) _notify_loop /usr/local/lib/python3.8/dist-packages/neutron_lib/callbacks/manager.py:176}}
Sep 15 00:44:53.014931 dv-cinder-857528-2-iscsi neutron-server[112953]: DEBUG neutron.scheduler.dhcp_agent_scheduler [req-d7da2bc8-a2f9-4e6d-8df9-07191e34e5ba req-9e634daf-7af4-4261-95ff-db9b0ba57f91 tempest-ServerRescueNegativeTestJSON-482363131 tempest-ServerRescueNegativeTestJSON-482363131-project] Network 534fcea4-462b-402d-9da6-e7cef4200229 is already hosted by enough agents. {{(pid=112953) _get_dhcp_agents_hosting_network /opt/stack/neutron/neutron/scheduler/dhcp_agent_scheduler.py:275}}
Sep 15 00:44:53.035097 dv-cinder-857528-2-iscsi neutron-server[112954]: DEBUG neutron.api.rpc.handlers.resources_rpc [None req-9cbcb120-cc86-4ab6-8326-c0fb915bea93 None None] Pushing event updated for resources: {'Port': ['ID=762a7dec-a419-43c7-b90a-ff586fd3ebf7,revision_number=5']} {{(pid=112954) push /opt/stack/neutron/neutron/api/rpc/handlers/resources_rpc.py:237}}
Sep 15 00:44:53.109494 dv-cinder-857528-2-iscsi neutron-server[112953]: DEBUG neutron.scheduler.base_scheduler [req-d7da2bc8-a2f9-4e6d-8df9-07191e34e5ba req-9e634daf-7af4-4261-95ff-db9b0ba57f91 tempest-ServerRescueNegativeTestJSON-482363131 tempest-ServerRescueNegativeTestJSON-482363131-project] Resources bound (agent type, host, resource id): {{(pid=112953) schedule /opt/stack/neutron/neutron/scheduler/base_scheduler.py:57}}
Sep 15 00:44:53.200922 dv-cinder-857528-2-iscsi neutron-server[112953]: DEBUG neutron.db.l3_dvrscheduler_db [req-d7da2bc8-a2f9-4e6d-8df9-07191e34e5ba req-9e634daf-7af4-4261-95ff-db9b0ba57f91 tempest-ServerRescueNegativeTestJSON-482363131 tempest-ServerRescueNegativeTestJSON-482363131-project] Received port after_create {{(pid=112953) _notify_l3_agent_new_port /opt/stack/neutron/neutron/db/l3_dvrscheduler_db.py:538}}
Sep 15 00:44:53.214489 dv-cinder-857528-2-iscsi neutron-server[112952]: DEBUG neutron_lib.callbacks.manager [None req-ae495d3b-54c4-4a83-8987-87595800a5b3 admin admin] Publish callbacks [] for security_group (094a0d83-455e-42a6-a437-1eb429cb3184), precommit_create {{(pid=112952) _notify_loop /usr/local/lib/python3.8/dist-packages/neutron_lib/callbacks/manager.py:176}}
Sep 15 00:44:53.224209 dv-cinder-857528-2-iscsi neutron-server[112953]: DEBUG neutron.pecan_wsgi.hooks.policy_enforcement [req-d7da2bc8-a2f9-4e6d-8df9-07191e34e5ba req-9e634daf-7af4-4261-95ff-db9b0ba57f91 tempest-ServerRescueNegativeTestJSON-482363131 tempest-ServerRescueNegativeTestJSON-482363131-project] Attributes excluded by policy engine: ['standard_attr_id', 'binding:profile', 'binding:host_id', 'binding:vif_type', 'binding:vif_details', 'network'] {{(pid=112953) _exclude_attributes_by_policy /opt/stack/neutron/neutron/pecan_wsgi/hooks/policy_enforcement.py:259}}
Sep 15 00:44:53.225188 dv-cinder-857528-2-iscsi neutron-server[112953]: DEBUG neutron_lib.callbacks.manager [req-d7da2bc8-a2f9-4e6d-8df9-07191e34e5ba req-9e634daf-7af4-4261-95ff-db9b0ba57f91 tempest-ServerRescueNegativeTestJSON-482363131 tempest-ServerRescueNegativeTestJSON-482363131-project] Publish callbacks ['neutron.notifiers.nova.Notifier._send_nova_notification-480581', 'neutron.api.rpc.agentnotifiers.dhcp_rpc_agent_api.DhcpAgentNotifyAPI._send_dhcp_notification-1585163'] for port (None), before_response {{(pid=112953) _notify_loop /usr/local/lib/python3.8/dist-packages/neutron_lib/callbacks/manager.py:176}}
Sep 15 00:44:53.229367 dv-cinder-857528-2-iscsi neutron-server[112954]: DEBUG neutron.plugins.ml2.plugin [None req-9cbcb120-cc86-4ab6-8326-c0fb915bea93 None None] Current status of the port 2f2734e5-9a5b-4aa1-a373-61da50428191 is: ACTIVE; New status is: ACTIVE {{(pid=112954) _update_individual_port_db_status /opt/stack/neutron/neutron/plugins/ml2/plugin.py:2321}}
Sep 15 00:44:53.236737 dv-cinder-857528-2-iscsi neutron-server[112954]: DEBUG neutron.plugins.ml2.plugin [None req-83c0e869-9e23-4241-96e7-c4ada550f7a6 None None] Current status of the port 762a7dec-a419-43c7-b90a-ff586fd3ebf7 is: ACTIVE; New status is: ACTIVE {{(pid=112954) _update_individual_port_db_status /opt/stack/neutron/neutron/plugins/ml2/plugin.py:2321}}
Sep 15 00:44:53.243012 dv-cinder-857528-2-iscsi neutron-server[112954]: DEBUG neutron_lib.callbacks.manager [None req-83c0e869-9e23-4241-96e7-c4ada550f7a6 None None] Publish callbacks ['neutron.services.segments.db._update_segment_host_mapping_for_agent-8740354160303', 'neutron.plugins.ml2.plugin.Ml2Plugin._retry_binding_revived_agents-866276'] for agent (f85e816c-fb48-4744-a66a-e79ceb68e67e), after_update {{(pid=112954) _notify_loop /usr/local/lib/python3.8/dist-packages/neutron_lib/callbacks/manager.py:176}}
Sep 15 00:44:53.268608 dv-cinder-857528-2-iscsi neutron-server[112953]: DEBUG neutron.api.rpc.handlers.resources_rpc [None req-406160fc-d2db-4355-980a-d64f50c78915 admin admin] Pushing event updated for resources: {'SecurityGroup': ['ID=47c2dfad-8b66-48bf-acf1-bc7a9de23245,revision_number=1']} {{(pid=112953) push /opt/stack/neutron/neutron/api/rpc/handlers/resources_rpc.py:237}}
Sep 15 00:44:53.282460 dv-cinder-857528-2-iscsi neutron-server[112952]: DEBUG neutron_lib.callbacks.manager [None req-ae495d3b-54c4-4a83-8987-87595800a5b3 admin admin] Publish callbacks ['neutron.plugins.ml2.ovo_rpc._ObjectChangeHandler.handle_event-1645564'] for security_group (094a0d83-455e-42a6-a437-1eb429cb3184), after_create {{(pid=112952) _notify_loop /usr/local/lib/python3.8/dist-packages/neutron_lib/callbacks/manager.py:176}}
Sep 15 00:44:53.318125 dv-cinder-857528-2-iscsi neutron-server[112953]: DEBUG neutron.pecan_wsgi.hooks.policy_enforcement [req-b6a9b144-00d1-4a1f-9da9-e55de964f4b2 req-c53b9314-ed22-4b6a-b22b-5e3fd66fa239 tempest-AttachVolumeTestJSON-1714807484 tempest-AttachVolumeTestJSON-1714807484-project] Attributes excluded by policy engine: ['standard_attr_id', 'vlan_transparent', 'provider:network_type', 'provider:physical_network', 'provider:segmentation_id'] {{(pid=112953) _exclude_attributes_by_policy /opt/stack/neutron/neutron/pecan_wsgi/hooks/policy_enforcement.py:259}}
Sep 15 00:44:53.335193 dv-cinder-857528-2-iscsi neutron-server[112953]: INFO neutron.wsgi [req-b6a9b144-00d1-4a1f-9da9-e55de964f4b2 req-c53b9314-ed22-4b6a-b22b-5e3fd66fa239 tempest-AttachVolumeTestJSON-1714807484 tempest-AttachVolumeTestJSON-1714807484-project] 10.222.0.18 "GET /networking/v2.0/networks?id=5c24ea2a-0e34-4fdb-be58-bbcdcac71ac0 HTTP/1.1" status: 200 len: 810 time: 1.7936659
Sep 15 00:44:53.400949 dv-cinder-857528-2-iscsi neutron-server[112953]: INFO neutron.wsgi [req-d7da2bc8-a2f9-4e6d-8df9-07191e34e5ba req-9e634daf-7af4-4261-95ff-db9b0ba57f91 tempest-ServerRescueNegativeTestJSON-482363131 tempest-ServerRescueNegativeTestJSON-482363131-project] 10.222.0.18 "POST /networking/v2.0/ports HTTP/1.1" status: 201 len: 934 time: 3.4741185
Sep 15 00:44:53.465998 dv-cinder-857528-2-iscsi neutron-server[112952]: INFO neutron.wsgi [None req-ae495d3b-54c4-4a83-8987-87595800a5b3 admin admin] 10.222.0.15 "GET /networking/v2.0/security-groups?tenant_id=09628995c5034e75b393d75f0a537404&name=default HTTP/1.1" status: 200 len: 2996 time: 1.1150792
Sep 15 00:44:53.476494 dv-cinder-857528-2-iscsi neutron-server[112952]: DEBUG neutron.wsgi [-] (112952) accepted ('10.222.0.15', 51220) {{(pid=112952) server /usr/local/lib/python3.8/dist-packages/eventlet/wsgi.py:1004}}
Sep 15 00:44:53.489679 dv-cinder-857528-2-iscsi neutron-server[112952]: INFO neutron.wsgi [req-3d9a12da-e76d-475c-8a66-418a5148076b req-f203ce0b-3005-4524-a0c9-49ea2b7baf64 tempest-AttachVolumeTestJSON-1714807484 tempest-AttachVolumeTestJSON-1714807484-project] 10.222.0.15 "GET /networking/v2.0/ports?device_id=c1d301ea-7505-4d72-8061-827894477da0 HTTP/1.1" status: 200 len: 210 time: 0.4380667
Sep 15 00:44:53.617526 dv-cinder-857528-2-iscsi neutron-server[112953]: DEBUG neutron.wsgi [req-d7da2bc8-a2f9-4e6d-8df9-07191e34e5ba req-074c94e0-5700-4fd9-b9c1-677bc16bfd9d tempest-ServerRescueNegativeTestJSON-482363131 tempest-ServerRescueNegativeTestJSON-482363131-project] http://10.222.0.15:9696/networking/v2.0/extensions returned with HTTP 200 {{(pid=112953) __call__ /opt/stack/neutron/neutron/wsgi.py:730}}
Sep 15 00:44:53.618629 dv-cinder-857528-2-iscsi neutron-server[112953]: INFO neutron.wsgi [req-d7da2bc8-a2f9-4e6d-8df9-07191e34e5ba req-074c94e0-5700-4fd9-b9c1-677bc16bfd9d tempest-ServerRescueNegativeTestJSON-482363131 tempest-ServerRescueNegativeTestJSON-482363131-project] 10.222.0.18 "GET /networking/v2.0/extensions HTTP/1.1" status: 200 len: 14578 time: 0.2002559
Sep 15 00:44:53.696187 dv-cinder-857528-2-iscsi neutron-server[112952]: DEBUG neutron.pecan_wsgi.hooks.quota_enforcement [req-c74c890c-8b91-467e-b9c5-64e57bece0c7 req-e5a9f072-4f92-4232-8b07-e18f4d7d2f85 tempest-ServerRescueNegativeTestJSON-482363131 tempest-ServerRescueNegativeTestJSON-482363131-project] Made reservation on behalf of 7090f91f78534107ba4b5ccd7f80e145 for: {'port': 1} {{(pid=112952) before /opt/stack/neutron/neutron/pecan_wsgi/hooks/quota_enforcement.py:53}}
Sep 15 00:44:53.703094 dv-cinder-857528-2-iscsi neutron-server[112952]: DEBUG neutron_lib.callbacks.manager [req-c74c890c-8b91-467e-b9c5-64e57bece0c7 req-e5a9f072-4f92-4232-8b07-e18f4d7d2f85 tempest-ServerRescueNegativeTestJSON-482363131 tempest-ServerRescueNegativeTestJSON-482363131-project] Publish callbacks ['neutron.plugins.ml2.plugin.SecurityGroupDbMixin._ensure_default_security_group_handler-690346'] for port (None), before_create {{(pid=112952) _notify_loop /usr/local/lib/python3.8/dist-packages/neutron_lib/callbacks/manager.py:176}}
Sep 15 00:44:53.741964 dv-cinder-857528-2-iscsi neutron-server[112953]: INFO neutron.wsgi [req-a015b53f-2a45-4359-8d06-1d99d436aad9 req-4aa86075-2197-483c-8cfa-186edb6cd5af tempest-DeleteServersTestJSON-1901845882 tempest-DeleteServersTestJSON-1901845882-project] 10.222.0.15 "GET /networking/v2.0/ports?device_id=6db3aac8-68f8-4028-8905-acb495f6ab89 HTTP/1.1" status: 200 len: 210 time: 0.8600011
Sep 15 00:44:53.793675 dv-cinder-857528-2-iscsi neutron-server[112954]: DEBUG neutron.db.provisioning_blocks [None req-f6259a79-c35a-42f4-aabe-86e43d172790 None None] Provisioning complete for port 3231acc1-76a4-4c22-96c0-9edb4cf1f79e triggered by entity DHCP. {{(pid=112954) provisioning_complete /opt/stack/neutron/neutron/db/provisioning_blocks.py:144}}
Sep 15 00:44:53.794240 dv-cinder-857528-2-iscsi neutron-server[112954]: DEBUG neutron_lib.callbacks.manager [None req-f6259a79-c35a-42f4-aabe-86e43d172790 None None] Publish callbacks ['neutron.plugins.ml2.plugin.Ml2Plugin._port_provisioned-866106'] for port (3231acc1-76a4-4c22-96c0-9edb4cf1f79e), provisioning_complete {{(pid=112954) _notify_loop /usr/local/lib/python3.8/dist-packages/neutron_lib/callbacks/manager.py:176}}
Sep 15 00:44:53.794730 dv-cinder-857528-2-iscsi neutron-server[112954]: INFO neutron.plugins.ml2.plugin [None req-f6259a79-c35a-42f4-aabe-86e43d172790 None None] Attempt 1 to provision port 3231acc1-76a4-4c22-96c0-9edb4cf1f79e
Sep 15 00:44:53.878233 dv-cinder-857528-2-iscsi neutron-server[112954]: DEBUG neutron.plugins.ml2.rpc [None req-83c0e869-9e23-4241-96e7-c4ada550f7a6 None None] Device 81f812e7-122a-4317-b94c-c23caf3c215d up at agent ovs-agent-dv-cinder-857528-2-iscsi {{(pid=112954) update_device_up /opt/stack/neutron/neutron/plugins/ml2/rpc.py:296}}
Sep 15 00:44:53.971750 dv-cinder-857528-2-iscsi neutron-server[112954]: DEBUG neutron.plugins.ml2.plugin [None req-f6259a79-c35a-42f4-aabe-86e43d172790 None None] Port 3231acc1-76a4-4c22-96c0-9edb4cf1f79e cannot update to ACTIVE because it is not bound. {{(pid=112954) _port_provisioned /opt/stack/neutron/neutron/plugins/ml2/plugin.py:359}}
Sep 15 00:44:53.973101 dv-cinder-857528-2-iscsi neutron-server[112954]: DEBUG neutron.db.provisioning_blocks [None req-83c0e869-9e23-4241-96e7-c4ada550f7a6 None None] Provisioning complete for port 81f812e7-122a-4317-b94c-c23caf3c215d triggered by entity L2. {{(pid=112954) provisioning_complete /opt/stack/neutron/neutron/db/provisioning_blocks.py:144}}
Sep 15 00:44:53.973662 dv-cinder-857528-2-iscsi neutron-server[112954]: DEBUG neutron_lib.callbacks.manager [None req-83c0e869-9e23-4241-96e7-c4ada550f7a6 None None] Publish callbacks ['neutron.plugins.ml2.plugin.Ml2Plugin._port_provisioned-866106'] for port (81f812e7-122a-4317-b94c-c23caf3c215d), provisioning_complete {{(pid=112954) _notify_loop /usr/local/lib/python3.8/dist-packages/neutron_lib/callbacks/manager.py:176}}
Sep 15 00:44:53.974137 dv-cinder-857528-2-iscsi neutron-server[112954]: INFO neutron.plugins.ml2.plugin [None req-83c0e869-9e23-4241-96e7-c4ada550f7a6 None None] Attempt 1 to provision port 81f812e7-122a-4317-b94c-c23caf3c215d
Sep 15 00:44:53.979468 dv-cinder-857528-2-iscsi neutron-server[112953]: DEBUG neutron.api.rpc.handlers.resources_rpc [None req-9e634daf-7af4-4261-95ff-db9b0ba57f91 tempest-ServerRescueNegativeTestJSON-482363131 tempest-ServerRescueNegativeTestJSON-482363131-project] Pushing event updated for resources: {'Port': ['ID=3231acc1-76a4-4c22-96c0-9edb4cf1f79e,revision_number=1']} {{(pid=112953) push /opt/stack/neutron/neutron/api/rpc/handlers/resources_rpc.py:237}}
Sep 15 00:44:54.022853 dv-cinder-857528-2-iscsi neutron-server[112953]: DEBUG neutron_lib.callbacks.manager [None req-bb181d90-9b8e-4457-9c7f-1275a5e09eb2 admin admin] Publish callbacks [] for security_group (47c2dfad-8b66-48bf-acf1-bc7a9de23245), before_delete {{(pid=112953) _notify_loop /usr/local/lib/python3.8/dist-packages/neutron_lib/callbacks/manager.py:176}}
Sep 15 00:44:54.108811 dv-cinder-857528-2-iscsi neutron-server[112954]: DEBUG neutron.plugins.ml2.plugin [None req-83c0e869-9e23-4241-96e7-c4ada550f7a6 None None] Current status of the port 81f812e7-122a-4317-b94c-c23caf3c215d is: ACTIVE; New status is: ACTIVE {{(pid=112954) _update_individual_port_db_status /opt/stack/neutron/neutron/plugins/ml2/plugin.py:2321}}
Sep 15 00:44:54.113520 dv-cinder-857528-2-iscsi neutron-server[112953]: INFO neutron.wsgi [req-b6a9b144-00d1-4a1f-9da9-e55de964f4b2 req-abc12a6d-01ff-41a0-9a5f-6911fcb134d2 tempest-AttachVolumeTestJSON-1714807484 tempest-AttachVolumeTestJSON-1714807484-project] 10.222.0.18 "GET /networking/v2.0/security-groups?fields=id&fields=name&tenant_id=6a9d9cf3606845ec964dd8320126293e HTTP/1.1" status: 200 len: 380 time: 0.7095037
Sep 15 00:44:54.113747 dv-cinder-857528-2-iscsi neutron-server[112954]: DEBUG neutron.plugins.ml2.rpc [None req-83c0e869-9e23-4241-96e7-c4ada550f7a6 None None] Device 762a7dec-a419-43c7-b90a-ff586fd3ebf7 up at agent ovs-agent-dv-cinder-857528-2-iscsi {{(pid=112954) update_device_up /opt/stack/neutron/neutron/plugins/ml2/rpc.py:296}}
Sep 15 00:44:54.136473 dv-cinder-857528-2-iscsi neutron-server[112955]: DEBUG neutron.db.agents_db [None req-4e1f2993-081b-4525-9a7a-c6fa69882f68 None None] Agent healthcheck: found 6 active agents {{(pid=112955) agent_health_check /opt/stack/neutron/neutron/db/agents_db.py:317}}
Sep 15 00:44:54.149373 dv-cinder-857528-2-iscsi neutron-server[112952]: INFO neutron.wsgi [req-fd07b841-1eee-415d-ac1c-c3d1881737d9 req-dc584d46-c092-40dc-8464-af73c7cbe643 tempest-ServerRescueNegativeTestJSON-482363131 tempest-ServerRescueNegativeTestJSON-482363131-project] 10.222.0.15 "GET /networking/v2.0/ports?device_id=3368c45f-e52e-42fd-8f8c-43e3aeb5aeef HTTP/1.1" status: 200 len: 210 time: 0.5128083
Sep 15 00:44:54.162993 dv-cinder-857528-2-iscsi neutron-server[112953]: DEBUG neutron.api.v2.base [req-b6a9b144-00d1-4a1f-9da9-e55de964f4b2 req-81ed59c3-3de9-46cb-8065-9a465cf0bfdc tempest-AttachVolumeTestJSON-1714807484 tempest-AttachVolumeTestJSON-1714807484-project] Request body: {'port': {'device_id': 'c1d301ea-7505-4d72-8061-827894477da0', 'network_id': '5c24ea2a-0e34-4fdb-be58-bbcdcac71ac0', 'admin_state_up': True, 'tenant_id': '6a9d9cf3606845ec964dd8320126293e', 'security_groups': ['066be27e-95aa-44d7-b37c-1ed825eaac6c']}} {{(pid=112953) prepare_request_body /opt/stack/neutron/neutron/api/v2/base.py:730}}
Sep 15 00:44:54.199944 dv-cinder-857528-2-iscsi neutron-server[112954]: DEBUG neutron.db.provisioning_blocks [None req-83c0e869-9e23-4241-96e7-c4ada550f7a6 None None] Provisioning complete for port 762a7dec-a419-43c7-b90a-ff586fd3ebf7 triggered by entity L2. {{(pid=112954) provisioning_complete /opt/stack/neutron/neutron/db/provisioning_blocks.py:144}}
Sep 15 00:44:54.200913 dv-cinder-857528-2-iscsi neutron-server[112954]: DEBUG neutron_lib.callbacks.manager [None req-83c0e869-9e23-4241-96e7-c4ada550f7a6 None None] Publish callbacks ['neutron.plugins.ml2.plugin.Ml2Plugin._port_provisioned-866106'] for port (762a7dec-a419-43c7-b90a-ff586fd3ebf7), provisioning_complete {{(pid=112954) _notify_loop /usr/local/lib/python3.8/dist-packages/neutron_lib/callbacks/manager.py:176}}
Sep 15 00:44:54.201732 dv-cinder-857528-2-iscsi neutron-server[112954]: INFO neutron.plugins.ml2.plugin [None req-83c0e869-9e23-4241-96e7-c4ada550f7a6 None None] Attempt 1 to provision port 762a7dec-a419-43c7-b90a-ff586fd3ebf7
Sep 15 00:44:54.217936 dv-cinder-857528-2-iscsi neutron-server[112952]: DEBUG neutron.api.rpc.handlers.resources_rpc [None req-ae495d3b-54c4-4a83-8987-87595800a5b3 admin admin] Pushing event updated for resources: {'SecurityGroup': ['ID=094a0d83-455e-42a6-a437-1eb429cb3184,revision_number=1']} {{(pid=112952) push /opt/stack/neutron/neutron/api/rpc/handlers/resources_rpc.py:237}}
Sep 15 00:44:54.234334 dv-cinder-857528-2-iscsi neutron-server[112952]: DEBUG neutron_lib.callbacks.manager [None req-961b8144-afb2-4756-a3f1-9c6860941f39 admin admin] Publish callbacks [] for security_group (094a0d83-455e-42a6-a437-1eb429cb3184), before_delete {{(pid=112952) _notify_loop /usr/local/lib/python3.8/dist-packages/neutron_lib/callbacks/manager.py:176}}
Sep 15 00:44:54.268341 dv-cinder-857528-2-iscsi neutron-server[112954]: DEBUG dbcounter [-] [112954] Writing DB stats neutron:SELECT=98,neutron:UPDATE=2 {{(pid=112954) stat_writer /usr/local/lib/python3.8/dist-packages/dbcounter.py:114}}
Sep 15 00:44:54.332896 dv-cinder-857528-2-iscsi neutron-server[112953]: DEBUG neutron_lib.callbacks.manager [None req-bb181d90-9b8e-4457-9c7f-1275a5e09eb2 admin admin] Publish callbacks [] for security_group (47c2dfad-8b66-48bf-acf1-bc7a9de23245), precommit_delete {{(pid=112953) _notify_loop /usr/local/lib/python3.8/dist-packages/neutron_lib/callbacks/manager.py:176}}
Sep 15 00:44:54.340847 dv-cinder-857528-2-iscsi neutron-server[112953]: DEBUG neutron.api.v2.base [req-d7da2bc8-a2f9-4e6d-8df9-07191e34e5ba req-1e6b361d-813e-4a6b-94da-cde9efc61123 service neutron] Request body: {'port': {'device_id': 'b40368c8-a515-46b7-add6-5db877d59406', 'device_owner': 'compute:nova', 'binding:host_id': 'hv-cinder-85752'}} {{(pid=112953) prepare_request_body /opt/stack/neutron/neutron/api/v2/base.py:730}}
Sep 15 00:44:54.368384 dv-cinder-857528-2-iscsi neutron-server[112953]: DEBUG dbcounter [-] [112953] Writing DB stats neutron:SELECT=93,neutron:INSERT=3,neutron:UPDATE=4 {{(pid=112953) stat_writer /usr/local/lib/python3.8/dist-packages/dbcounter.py:114}}
Sep 15 00:44:54.388207 dv-cinder-857528-2-iscsi neutron-server[112954]: DEBUG neutron.plugins.ml2.plugin [None req-83c0e869-9e23-4241-96e7-c4ada550f7a6 None None] Current status of the port 762a7dec-a419-43c7-b90a-ff586fd3ebf7 is: ACTIVE; New status is: ACTIVE {{(pid=112954) _update_individual_port_db_status /opt/stack/neutron/neutron/plugins/ml2/plugin.py:2321}}
Sep 15 00:44:54.406400 dv-cinder-857528-2-iscsi neutron-server[112952]: DEBUG dbcounter [-] [112952] Writing DB stats neutron:INSERT=15,neutron:UPDATE=4,neutron:SELECT=81 {{(pid=112952) stat_writer /usr/local/lib/python3.8/dist-packages/dbcounter.py:114}}
Sep 15 00:44:54.477525 dv-cinder-857528-2-iscsi neutron-server[112954]: INFO neutron.plugins.ml2.plugin [None req-f6259a79-c35a-42f4-aabe-86e43d172790 None None] Attempt 2 to provision port 3231acc1-76a4-4c22-96c0-9edb4cf1f79e
