Sep 13 15:29:18.810486 dv-cinder-857434-2-smb devstack@c-api.service[113310]: warnings.warn('Policy enforcement is depending on the value of '
Sep 13 15:29:18.862886 dv-cinder-857434-2-smb devstack@c-api.service[113310]: INFO cinder.api.openstack.wsgi [None req-5fdcda2e-5368-4860-9957-a691305a8595 tempest-GroupsTest-1715302121 tempest-GroupsTest-1715302121-project] http://10.222.0.27/volume/v3/7eb0299975764046ba7aaab1aee5f760/groups/e92b7a11-a701-4d3d-b51c-9b12339b93e2 returned with HTTP 200
Sep 13 15:29:18.866292 dv-cinder-857434-2-smb devstack@c-api.service[113310]: [pid: 113310|app: 0|req: 92/179] 10.222.0.27 () {60 vars in 1363 bytes} [Tue Sep 13 15:29:18 2022] GET /volume/v3/7eb0299975764046ba7aaab1aee5f760/groups/e92b7a11-a701-4d3d-b51c-9b12339b93e2 => generated 322 bytes in 87 msecs (HTTP/1.1 200) 7 headers in 286 bytes (1 switches on core 0)
Sep 13 15:29:18.872911 dv-cinder-857434-2-smb devstack@c-api.service[113310]: DEBUG cinder.api.middleware.request_id [None req-237982bc-af42-48d8-b18b-7d8f4b644ae6 None None] RequestId filter calling following filter/app {{(pid=113310) _context_setter /opt/stack/cinder/cinder/api/middleware/request_id.py:62}}
Sep 13 15:29:18.879324 dv-cinder-857434-2-smb devstack@c-api.service[113310]: INFO cinder.api.openstack.wsgi [None req-237982bc-af42-48d8-b18b-7d8f4b644ae6 tempest-GroupSnapshotsTest-1045367802 tempest-GroupSnapshotsTest-1045367802-project] GET http://10.222.0.27/volume/v3/7893015d35fb45cebba6e5e74d29b406/snapshots/detail
Sep 13 15:29:18.890999 dv-cinder-857434-2-smb devstack@c-api.service[113310]: DEBUG cinder.api.openstack.wsgi [None req-237982bc-af42-48d8-b18b-7d8f4b644ae6 tempest-GroupSnapshotsTest-1045367802 tempest-GroupSnapshotsTest-1045367802-project] Empty body provided in request {{(pid=113310) get_body /opt/stack/cinder/cinder/api/openstack/wsgi.py:715}}
Sep 13 15:29:18.892002 dv-cinder-857434-2-smb devstack@c-api.service[113310]: DEBUG cinder.api.openstack.wsgi [None req-237982bc-af42-48d8-b18b-7d8f4b644ae6 tempest-GroupSnapshotsTest-1045367802 tempest-GroupSnapshotsTest-1045367802-project] Calling method 'detail' {{(pid=113310) _process_stack /opt/stack/cinder/cinder/api/openstack/wsgi.py:868}}
Sep 13 15:29:18.893068 dv-cinder-857434-2-smb devstack@c-api.service[113310]: DEBUG cinder.api.api_utils [None req-237982bc-af42-48d8-b18b-7d8f4b644ae6 tempest-GroupSnapshotsTest-1045367802 tempest-GroupSnapshotsTest-1045367802-project] Removing options '' from query. {{(pid=113310) remove_invalid_filter_options /opt/stack/cinder/cinder/api/api_utils.py:83}}
Sep 13 15:29:18.893996 dv-cinder-857434-2-smb devstack@c-api.service[113310]: /usr/local/lib/python3.8/dist-packages/oslo_context/context.py:100: DeprecationWarning: Policy enforcement is depending on the value of is_admin. This key is deprecated. Please update your policy file to use the standard policy values.
Sep 13 15:29:18.893996 dv-cinder-857434-2-smb devstack@c-api.service[113310]: warnings.warn('Policy enforcement is depending on the value of '
Sep 13 15:29:18.896234 dv-cinder-857434-2-smb devstack@c-api.service[113310]: DEBUG cinder.db.sqlalchemy.api [None req-237982bc-af42-48d8-b18b-7d8f4b644ae6 tempest-GroupSnapshotsTest-1045367802 tempest-GroupSnapshotsTest-1045367802-project] Building query based on filter {{(pid=113310) _process_snaps_filters /opt/stack/cinder/cinder/db/sqlalchemy/api.py:3885}}
Sep 13 15:29:18.916630 dv-cinder-857434-2-smb devstack@c-api.service[113310]: INFO cinder.volume.api [None req-237982bc-af42-48d8-b18b-7d8f4b644ae6 tempest-GroupSnapshotsTest-1045367802 tempest-GroupSnapshotsTest-1045367802-project] Get all snapshots completed successfully.
Sep 13 15:29:18.918989 dv-cinder-857434-2-smb devstack@c-api.service[113310]: INFO cinder.api.openstack.wsgi [None req-237982bc-af42-48d8-b18b-7d8f4b644ae6 tempest-GroupSnapshotsTest-1045367802 tempest-GroupSnapshotsTest-1045367802-project] http://10.222.0.27/volume/v3/7893015d35fb45cebba6e5e74d29b406/snapshots/detail returned with HTTP 200
Sep 13 15:29:18.930050 dv-cinder-857434-2-smb devstack@c-api.service[113310]: [pid: 113310|app: 0|req: 93/180] 10.222.0.27 () {58 vars in 1241 bytes} [Tue Sep 13 15:29:18 2022] GET /volume/v3/7893015d35fb45cebba6e5e74d29b406/snapshots/detail => generated 17 bytes in 63 msecs (HTTP/1.1 200) 7 headers in 284 bytes (1 switches on core 0)
Sep 13 15:29:18.931834 dv-cinder-857434-2-smb devstack@c-api.service[113310]: DEBUG cinder.api.middleware.request_id [None req-49404af1-998f-4262-a546-52120736d93d None None] RequestId filter calling following filter/app {{(pid=113310) _context_setter /opt/stack/cinder/cinder/api/middleware/request_id.py:62}}
Sep 13 15:29:18.941801 dv-cinder-857434-2-smb devstack@c-api.service[113310]: INFO cinder.api.openstack.wsgi [None req-49404af1-998f-4262-a546-52120736d93d tempest-GroupSnapshotsTest-1045367802 tempest-GroupSnapshotsTest-1045367802-project] GET http://10.222.0.27/volume/v3/7893015d35fb45cebba6e5e74d29b406/group_snapshots/678fd488-c4e9-4a65-8f19-18c3e630dd31
Sep 13 15:29:18.942617 dv-cinder-857434-2-smb devstack@c-api.service[113310]: DEBUG cinder.api.openstack.wsgi [None req-49404af1-998f-4262-a546-52120736d93d tempest-GroupSnapshotsTest-1045367802 tempest-GroupSnapshotsTest-1045367802-project] Empty body provided in request {{(pid=113310) get_body /opt/stack/cinder/cinder/api/openstack/wsgi.py:715}}
Sep 13 15:29:18.943486 dv-cinder-857434-2-smb devstack@c-api.service[113310]: DEBUG cinder.api.openstack.wsgi [None req-49404af1-998f-4262-a546-52120736d93d tempest-GroupSnapshotsTest-1045367802 tempest-GroupSnapshotsTest-1045367802-project] Calling method 'version_select' {{(pid=113310) _process_stack /opt/stack/cinder/cinder/api/openstack/wsgi.py:868}}
Sep 13 15:29:18.948811 dv-cinder-857434-2-smb devstack@c-api.service[113310]: DEBUG cinder.api.v3.group_snapshots [None req-49404af1-998f-4262-a546-52120736d93d tempest-GroupSnapshotsTest-1045367802 tempest-GroupSnapshotsTest-1045367802-project] show called for member 678fd488-c4e9-4a65-8f19-18c3e630dd31 {{(pid=113310) show /opt/stack/cinder/cinder/api/v3/group_snapshots.py:58}}
Sep 13 15:29:18.979984 dv-cinder-857434-2-smb devstack@c-api.service[113310]: INFO cinder.api.openstack.wsgi [None req-49404af1-998f-4262-a546-52120736d93d tempest-GroupSnapshotsTest-1045367802 tempest-GroupSnapshotsTest-1045367802-project] http://10.222.0.27/volume/v3/7893015d35fb45cebba6e5e74d29b406/group_snapshots/678fd488-c4e9-4a65-8f19-18c3e630dd31 returned with HTTP 404
Sep 13 15:29:18.981326 dv-cinder-857434-2-smb devstack@c-api.service[113310]: [pid: 113310|app: 0|req: 94/181] 10.222.0.27 () {60 vars in 1390 bytes} [Tue Sep 13 15:29:18 2022] GET /volume/v3/7893015d35fb45cebba6e5e74d29b406/group_snapshots/678fd488-c4e9-4a65-8f19-18c3e630dd31 => generated 116 bytes in 50 msecs (HTTP/1.1 404) 7 headers in 293 bytes (1 switches on core 0)
Sep 13 15:29:18.986909 dv-cinder-857434-2-smb devstack@c-api.service[113310]: DEBUG cinder.api.middleware.request_id [None req-fc73427f-bf46-4c57-aace-7627687e1fb7 None None] RequestId filter calling following filter/app {{(pid=113310) _context_setter /opt/stack/cinder/cinder/api/middleware/request_id.py:62}}
Sep 13 15:29:18.998453 dv-cinder-857434-2-smb devstack@c-api.service[113310]: INFO cinder.api.openstack.wsgi [None req-fc73427f-bf46-4c57-aace-7627687e1fb7 tempest-GroupSnapshotsTest-1045367802 tempest-GroupSnapshotsTest-1045367802-project] DELETE http://10.222.0.27/volume/v3/7893015d35fb45cebba6e5e74d29b406/group_snapshots/678fd488-c4e9-4a65-8f19-18c3e630dd31
Sep 13 15:29:19.017965 dv-cinder-857434-2-smb devstack@c-api.service[113310]: DEBUG cinder.api.openstack.wsgi [None req-fc73427f-bf46-4c57-aace-7627687e1fb7 tempest-GroupSnapshotsTest-1045367802 tempest-GroupSnapshotsTest-1045367802-project] Empty body provided in request {{(pid=113310) get_body /opt/stack/cinder/cinder/api/openstack/wsgi.py:715}}
Sep 13 15:29:19.020642 dv-cinder-857434-2-smb devstack@c-api.service[113310]: DEBUG cinder.api.openstack.wsgi [None req-fc73427f-bf46-4c57-aace-7627687e1fb7 tempest-GroupSnapshotsTest-1045367802 tempest-GroupSnapshotsTest-1045367802-project] Calling method 'version_select' {{(pid=113310) _process_stack /opt/stack/cinder/cinder/api/openstack/wsgi.py:868}}
Sep 13 15:29:19.023070 dv-cinder-857434-2-smb devstack@c-api.service[113310]: DEBUG cinder.api.v3.group_snapshots [None req-fc73427f-bf46-4c57-aace-7627687e1fb7 tempest-GroupSnapshotsTest-1045367802 tempest-GroupSnapshotsTest-1045367802-project] delete called for member 678fd488-c4e9-4a65-8f19-18c3e630dd31 {{(pid=113310) delete /opt/stack/cinder/cinder/api/v3/group_snapshots.py:72}}
Sep 13 15:29:19.024095 dv-cinder-857434-2-smb devstack@c-api.service[113310]: INFO cinder.api.v3.group_snapshots [None req-fc73427f-bf46-4c57-aace-7627687e1fb7 tempest-GroupSnapshotsTest-1045367802 tempest-GroupSnapshotsTest-1045367802-project] Delete group_snapshot with id: 678fd488-c4e9-4a65-8f19-18c3e630dd31
Sep 13 15:29:19.049058 dv-cinder-857434-2-smb devstack@c-api.service[113310]: INFO cinder.api.openstack.wsgi [None req-fc73427f-bf46-4c57-aace-7627687e1fb7 tempest-GroupSnapshotsTest-1045367802 tempest-GroupSnapshotsTest-1045367802-project] http://10.222.0.27/volume/v3/7893015d35fb45cebba6e5e74d29b406/group_snapshots/678fd488-c4e9-4a65-8f19-18c3e630dd31 returned with HTTP 404
Sep 13 15:29:19.051920 dv-cinder-857434-2-smb devstack@c-api.service[113310]: [pid: 113310|app: 0|req: 95/182] 10.222.0.27 () {60 vars in 1393 bytes} [Tue Sep 13 15:29:18 2022] DELETE /volume/v3/7893015d35fb45cebba6e5e74d29b406/group_snapshots/678fd488-c4e9-4a65-8f19-18c3e630dd31 => generated 116 bytes in 66 msecs (HTTP/1.1 404) 7 headers in 293 bytes (2 switches on core 0)
Sep 13 15:29:19.057467 dv-cinder-857434-2-smb devstack@c-api.service[113310]: DEBUG cinder.api.middleware.request_id [None req-27671d46-7e4e-4d68-b502-3bad2908d47a None None] RequestId filter calling following filter/app {{(pid=113310) _context_setter /opt/stack/cinder/cinder/api/middleware/request_id.py:62}}
Sep 13 15:29:19.064051 dv-cinder-857434-2-smb devstack@c-api.service[113310]: INFO cinder.api.openstack.wsgi [None req-27671d46-7e4e-4d68-b502-3bad2908d47a tempest-GroupSnapshotsTest-1045367802 tempest-GroupSnapshotsTest-1045367802-project] GET http://10.222.0.27/volume/v3/7893015d35fb45cebba6e5e74d29b406/volumes/detail
Sep 13 15:29:19.070745 dv-cinder-857434-2-smb devstack@c-api.service[113310]: DEBUG cinder.api.openstack.wsgi [None req-27671d46-7e4e-4d68-b502-3bad2908d47a tempest-GroupSnapshotsTest-1045367802 tempest-GroupSnapshotsTest-1045367802-project] Empty body provided in request {{(pid=113310) get_body /opt/stack/cinder/cinder/api/openstack/wsgi.py:715}}
Sep 13 15:29:19.071524 dv-cinder-857434-2-smb devstack@c-api.service[113310]: DEBUG cinder.api.openstack.wsgi [None req-27671d46-7e4e-4d68-b502-3bad2908d47a tempest-GroupSnapshotsTest-1045367802 tempest-GroupSnapshotsTest-1045367802-project] Calling method 'detail' {{(pid=113310) _process_stack /opt/stack/cinder/cinder/api/openstack/wsgi.py:868}}
Sep 13 15:29:19.072319 dv-cinder-857434-2-smb devstack@c-api.service[113310]: DEBUG cinder.api.api_utils [None req-27671d46-7e4e-4d68-b502-3bad2908d47a tempest-GroupSnapshotsTest-1045367802 tempest-GroupSnapshotsTest-1045367802-project] Removing options '' from query. {{(pid=113310) remove_invalid_filter_options /opt/stack/cinder/cinder/api/api_utils.py:83}}
Sep 13 15:29:19.075182 dv-cinder-857434-2-smb devstack@c-api.service[113310]: DEBUG cinder.volume.api [None req-27671d46-7e4e-4d68-b502-3bad2908d47a tempest-GroupSnapshotsTest-1045367802 tempest-GroupSnapshotsTest-1045367802-project] Searching by: MultiDict([('no_migration_targets', True)]). {{(pid=113310) get_all /opt/stack/cinder/cinder/volume/api.py:664}}
Sep 13 15:29:19.280817 dv-cinder-857434-2-smb devstack@c-api.service[113309]: INFO cinder.api.openstack.wsgi [None req-9e51b24a-2719-4189-bc79-4e95dfb50156 tempest-SnapshotsActionsTest-890374513 tempest-SnapshotsActionsTest-890374513-project] POST http://10.222.0.27/volume/v3/6252d13df0264d40a8178fbb4da85930/volumes
Sep 13 15:29:19.283469 dv-cinder-857434-2-smb devstack@c-api.service[113309]: DEBUG cinder.api.openstack.wsgi [None req-9e51b24a-2719-4189-bc79-4e95dfb50156 tempest-SnapshotsActionsTest-890374513 tempest-SnapshotsActionsTest-890374513-project] Action: 'create', calling method: create, body: {"volume": {"size": 1, "name": "tempest-SnapshotsActionsTest-Volume-1445378361"}} {{(pid=113309) _process_stack /opt/stack/cinder/cinder/api/openstack/wsgi.py:866}}
Sep 13 15:29:19.288684 dv-cinder-857434-2-smb devstack@c-api.service[113309]: DEBUG cinder.api.v3.volumes [None req-9e51b24a-2719-4189-bc79-4e95dfb50156 tempest-SnapshotsActionsTest-890374513 tempest-SnapshotsActionsTest-890374513-project] Create volume request body: {'volume': {'size': 1, 'name': 'tempest-SnapshotsActionsTest-Volume-1445378361'}} {{(pid=113309) create /opt/stack/cinder/cinder/api/v3/volumes.py:298}}
Sep 13 15:29:19.289013 dv-cinder-857434-2-smb devstack@c-api.service[113309]: INFO cinder.api.v3.volumes [None req-9e51b24a-2719-4189-bc79-4e95dfb50156 tempest-SnapshotsActionsTest-890374513 tempest-SnapshotsActionsTest-890374513-project] Create volume of 1 GB
Sep 13 15:29:19.327437 dv-cinder-857434-2-smb devstack@c-api.service[113310]: INFO cinder.volume.api [None req-27671d46-7e4e-4d68-b502-3bad2908d47a tempest-GroupSnapshotsTest-1045367802 tempest-GroupSnapshotsTest-1045367802-project] Get all volumes completed successfully.
Sep 13 15:29:19.333689 dv-cinder-857434-2-smb devstack@c-api.service[113310]: WARNING stevedore.named [None req-27671d46-7e4e-4d68-b502-3bad2908d47a tempest-GroupSnapshotsTest-1045367802 tempest-GroupSnapshotsTest-1045367802-project] Could not load cinder.keymgr.conf_key_mgr.ConfKeyManager
Sep 13 15:29:19.334318 dv-cinder-857434-2-smb devstack@c-api.service[113310]: WARNING castellan.key_manager [None req-27671d46-7e4e-4d68-b502-3bad2908d47a tempest-GroupSnapshotsTest-1045367802 tempest-GroupSnapshotsTest-1045367802-project] Deprecation Warning : cinder.keymgr.conf_key_mgr.ConfKeyManager is not a stevedore based driver, trying to load it as a class: stevedore.exception.NoMatches: No 'castellan.drivers' driver found, looking for 'cinder.keymgr.conf_key_mgr.ConfKeyManager'
Sep 13 15:29:19.337265 dv-cinder-857434-2-smb devstack@c-api.service[113309]: INFO cinder.volume.api [None req-9e51b24a-2719-4189-bc79-4e95dfb50156 tempest-SnapshotsActionsTest-890374513 tempest-SnapshotsActionsTest-890374513-project] Availability Zones retrieved successfully.
Sep 13 15:29:19.372506 dv-cinder-857434-2-smb devstack@c-api.service[113310]: DEBUG oslo_db.sqlalchemy.engines [None req-27671d46-7e4e-4d68-b502-3bad2908d47a tempest-GroupSnapshotsTest-1045367802 tempest-GroupSnapshotsTest-1045367802-project] MySQL server mode set to STRICT_TRANS_TABLES,STRICT_ALL_TABLES,NO_ZERO_IN_DATE,NO_ZERO_DATE,ERROR_FOR_DIVISION_BY_ZERO,TRADITIONAL,NO_ENGINE_SUBSTITUTION {{(pid=113310) _check_effective_sql_mode /usr/local/lib/python3.8/dist-packages/oslo_db/sqlalchemy/engines.py:314}}
Sep 13 15:29:19.397307 dv-cinder-857434-2-smb devstack@c-api.service[113309]: DEBUG cinder.volume.api [None req-9e51b24a-2719-4189-bc79-4e95dfb50156 tempest-SnapshotsActionsTest-890374513 tempest-SnapshotsActionsTest-890374513-project] Flow 'volume_create_api' (1198a03e-2984-4f0e-9768-273325187c93) transitioned into state 'RUNNING' from state 'PENDING' {{(pid=113309) _flow_receiver /usr/local/lib/python3.8/dist-packages/taskflow/listeners/logging.py:141}}
Sep 13 15:29:19.398301 dv-cinder-857434-2-smb devstack@c-api.service[113310]: /usr/local/lib/python3.8/dist-packages/oslo_context/context.py:100: DeprecationWarning: Policy enforcement is depending on the value of is_admin. This key is deprecated. Please update your policy file to use the standard policy values.
Sep 13 15:29:19.398301 dv-cinder-857434-2-smb devstack@c-api.service[113310]: warnings.warn('Policy enforcement is depending on the value of '
Sep 13 15:29:19.408979 dv-cinder-857434-2-smb devstack@c-api.service[113309]: DEBUG cinder.volume.api [None req-9e51b24a-2719-4189-bc79-4e95dfb50156 tempest-SnapshotsActionsTest-890374513 tempest-SnapshotsActionsTest-890374513-project] Task 'cinder.volume.flows.api.create_volume.ExtractVolumeRequestTask;volume:create' (78db4015-9fbc-43dd-8c75-8a25552570a0) transitioned into state 'RUNNING' from state 'PENDING' {{(pid=113309) _task_receiver /usr/local/lib/python3.8/dist-packages/taskflow/listeners/logging.py:190}}
Sep 13 15:29:19.414684 dv-cinder-857434-2-smb devstack@c-api.service[113309]: DEBUG cinder.volume.flows.api.create_volume [None req-9e51b24a-2719-4189-bc79-4e95dfb50156 tempest-SnapshotsActionsTest-890374513 tempest-SnapshotsActionsTest-890374513-project] Validating volume size '1' using validate_int {{(pid=113309) _extract_size /opt/stack/cinder/cinder/volume/flows/api/create_volume.py:228}}
Sep 13 15:29:19.461544 dv-cinder-857434-2-smb devstack@c-api.service[113310]: WARNING stevedore.named [None req-27671d46-7e4e-4d68-b502-3bad2908d47a tempest-GroupSnapshotsTest-1045367802 tempest-GroupSnapshotsTest-1045367802-project] Could not load cinder.keymgr.conf_key_mgr.ConfKeyManager
Sep 13 15:29:19.465839 dv-cinder-857434-2-smb devstack@c-api.service[113310]: WARNING castellan.key_manager [None req-27671d46-7e4e-4d68-b502-3bad2908d47a tempest-GroupSnapshotsTest-1045367802 tempest-GroupSnapshotsTest-1045367802-project] Deprecation Warning : cinder.keymgr.conf_key_mgr.ConfKeyManager is not a stevedore based driver, trying to load it as a class: stevedore.exception.NoMatches: No 'castellan.drivers' driver found, looking for 'cinder.keymgr.conf_key_mgr.ConfKeyManager'
Sep 13 15:29:19.495897 dv-cinder-857434-2-smb devstack@c-api.service[113310]: DEBUG oslo_db.sqlalchemy.engines [None req-27671d46-7e4e-4d68-b502-3bad2908d47a tempest-GroupSnapshotsTest-1045367802 tempest-GroupSnapshotsTest-1045367802-project] MySQL server mode set to STRICT_TRANS_TABLES,STRICT_ALL_TABLES,NO_ZERO_IN_DATE,NO_ZERO_DATE,ERROR_FOR_DIVISION_BY_ZERO,TRADITIONAL,NO_ENGINE_SUBSTITUTION {{(pid=113310) _check_effective_sql_mode /usr/local/lib/python3.8/dist-packages/oslo_db/sqlalchemy/engines.py:314}}
Sep 13 15:29:19.525906 dv-cinder-857434-2-smb devstack@c-api.service[113309]: DEBUG cinder.volume.api [None req-9e51b24a-2719-4189-bc79-4e95dfb50156 tempest-SnapshotsActionsTest-890374513 tempest-SnapshotsActionsTest-890374513-project] Task 'cinder.volume.flows.api.create_volume.ExtractVolumeRequestTask;volume:create' (78db4015-9fbc-43dd-8c75-8a25552570a0) transitioned into state 'SUCCESS' from state 'RUNNING' with result '{'size': 1, 'snapshot_id': None, 'source_volid': None, 'volume_type': VolumeType(created_at=2022-09-13T15:18:43Z,deleted=False,deleted_at=None,description='Default Volume Type',extra_specs={},id=270424e7-2bdd-43a7-879c-8d932bbe0e7a,is_public=True,name='__DEFAULT__',projects=[],qos_specs=,qos_specs_id=None,updated_at=2022-09-13T15:18:43Z), 'volume_type_id': '270424e7-2bdd-43a7-879c-8d932bbe0e7a', 'encryption_key_id': None, 'qos_specs': None, 'consistencygroup_id': None, 'cgsnapshot_id': None, 'group_id': None, 'replication_status': 'disabled', 'refresh_az': False, 'backup_id': None, 'multiattach': False, 'availability_zones': ['nova']}' {{(pid=113309) _task_receiver /usr/local/lib/python3.8/dist-packages/taskflow/listeners/logging.py:178}}
Sep 13 15:29:19.528066 dv-cinder-857434-2-smb devstack@c-api.service[113309]: DEBUG cinder.volume.api [None req-9e51b24a-2719-4189-bc79-4e95dfb50156 tempest-SnapshotsActionsTest-890374513 tempest-SnapshotsActionsTest-890374513-project] Task 'cinder.volume.flows.api.create_volume.QuotaReserveTask;volume:create' (e4fddc93-8390-4f39-99ff-dc8be02079c1) transitioned into state 'RUNNING' from state 'PENDING' {{(pid=113309) _task_receiver /usr/local/lib/python3.8/dist-packages/taskflow/listeners/logging.py:190}}
Sep 13 15:29:19.531864 dv-cinder-857434-2-smb devstack@c-api.service[113310]: /usr/local/lib/python3.8/dist-packages/oslo_context/context.py:100: DeprecationWarning: Policy enforcement is depending on the value of is_admin. This key is deprecated. Please update your policy file to use the standard policy values.
Sep 13 15:29:19.531864 dv-cinder-857434-2-smb devstack@c-api.service[113310]: warnings.warn('Policy enforcement is depending on the value of '
Sep 13 15:29:19.646794 dv-cinder-857434-2-smb devstack@c-api.service[113310]: INFO cinder.api.openstack.wsgi [None req-27671d46-7e4e-4d68-b502-3bad2908d47a tempest-GroupSnapshotsTest-1045367802 tempest-GroupSnapshotsTest-1045367802-project] http://10.222.0.27/volume/v3/7893015d35fb45cebba6e5e74d29b406/volumes/detail returned with HTTP 200
Sep 13 15:29:19.663549 dv-cinder-857434-2-smb devstack@c-api.service[113310]: [pid: 113310|app: 0|req: 96/183] 10.222.0.27 () {60 vars in 1276 bytes} [Tue Sep 13 15:29:19 2022] GET /volume/v3/7893015d35fb45cebba6e5e74d29b406/volumes/detail => generated 1992 bytes in 606 msecs (HTTP/1.1 200) 7 headers in 287 bytes (2 switches on core 0)
Sep 13 15:29:19.675432 dv-cinder-857434-2-smb devstack@c-api.service[113310]: DEBUG cinder.api.middleware.request_id [None req-5aab37b8-7f22-4dfd-af3a-f9f97a17e5a7 None None] RequestId filter calling following filter/app {{(pid=113310) _context_setter /opt/stack/cinder/cinder/api/middleware/request_id.py:62}}
Sep 13 15:29:19.680656 dv-cinder-857434-2-smb devstack@c-api.service[113310]: INFO cinder.api.openstack.wsgi [None req-5aab37b8-7f22-4dfd-af3a-f9f97a17e5a7 tempest-GroupSnapshotsTest-1045367802 tempest-GroupSnapshotsTest-1045367802-project] POST http://10.222.0.27/volume/v3/7893015d35fb45cebba6e5e74d29b406/groups/473a93f6-7362-444c-b6af-ae40bdaa274e/action
Sep 13 15:29:19.681446 dv-cinder-857434-2-smb devstack@c-api.service[113310]: DEBUG cinder.api.openstack.wsgi [None req-5aab37b8-7f22-4dfd-af3a-f9f97a17e5a7 tempest-GroupSnapshotsTest-1045367802 tempest-GroupSnapshotsTest-1045367802-project] Action body: b'{"delete": {"delete-volumes": true}}' {{(pid=113310) get_method /opt/stack/cinder/cinder/api/openstack/wsgi.py:983}}
Sep 13 15:29:19.681796 dv-cinder-857434-2-smb devstack@c-api.service[113310]: DEBUG cinder.api.openstack.wsgi [None req-5aab37b8-7f22-4dfd-af3a-f9f97a17e5a7 tempest-GroupSnapshotsTest-1045367802 tempest-GroupSnapshotsTest-1045367802-project] Action: 'action', calling method: delete_group, body: {"delete": {"delete-volumes": true}} {{(pid=113310) _process_stack /opt/stack/cinder/cinder/api/openstack/wsgi.py:866}}
Sep 13 15:29:19.689669 dv-cinder-857434-2-smb devstack@c-api.service[113310]: DEBUG cinder.api.v3.groups [None req-5aab37b8-7f22-4dfd-af3a-f9f97a17e5a7 tempest-GroupSnapshotsTest-1045367802 tempest-GroupSnapshotsTest-1045367802-project] delete called for group 473a93f6-7362-444c-b6af-ae40bdaa274e {{(pid=113310) _delete /opt/stack/cinder/cinder/api/v3/groups.py:117}}
Sep 13 15:29:19.690013 dv-cinder-857434-2-smb devstack@c-api.service[113310]: INFO cinder.api.v3.groups [None req-5aab37b8-7f22-4dfd-af3a-f9f97a17e5a7 tempest-GroupSnapshotsTest-1045367802 tempest-GroupSnapshotsTest-1045367802-project] Delete group with id: 473a93f6-7362-444c-b6af-ae40bdaa274e
Sep 13 15:29:19.714687 dv-cinder-857434-2-smb devstack@c-api.service[113310]: /usr/local/lib/python3.8/dist-packages/oslo_context/context.py:100: DeprecationWarning: Policy enforcement is depending on the value of is_admin. This key is deprecated. Please update your policy file to use the standard policy values.
Sep 13 15:29:19.714687 dv-cinder-857434-2-smb devstack@c-api.service[113310]: warnings.warn('Policy enforcement is depending on the value of '
Sep 13 15:29:19.835722 dv-cinder-857434-2-smb devstack@c-api.service[113309]: DEBUG cinder.quota [None req-9e51b24a-2719-4189-bc79-4e95dfb50156 tempest-SnapshotsActionsTest-890374513 tempest-SnapshotsActionsTest-890374513-project] Created reservations ['b910611f-f471-4121-8a75-f7eeb6c4fa84', 'c8f6e843-1f18-4dad-9916-8c7a3a326c87', 'edf71644-9c16-4a36-bec2-2ddc2d7a0a94', 'eb953e1b-39ff-4fc0-9ac6-4fb1f7679c52'] {{(pid=113309) reserve /opt/stack/cinder/cinder/quota.py:755}}
Sep 13 15:29:19.837901 dv-cinder-857434-2-smb devstack@c-api.service[113309]: DEBUG cinder.volume.api [None req-9e51b24a-2719-4189-bc79-4e95dfb50156 tempest-SnapshotsActionsTest-890374513 tempest-SnapshotsActionsTest-890374513-project] Task 'cinder.volume.flows.api.create_volume.QuotaReserveTask;volume:create' (e4fddc93-8390-4f39-99ff-dc8be02079c1) transitioned into state 'SUCCESS' from state 'RUNNING' with result '{'reservations': ['b910611f-f471-4121-8a75-f7eeb6c4fa84', 'c8f6e843-1f18-4dad-9916-8c7a3a326c87', 'edf71644-9c16-4a36-bec2-2ddc2d7a0a94', 'eb953e1b-39ff-4fc0-9ac6-4fb1f7679c52']}' {{(pid=113309) _task_receiver /usr/local/lib/python3.8/dist-packages/taskflow/listeners/logging.py:178}}
Sep 13 15:29:19.839885 dv-cinder-857434-2-smb devstack@c-api.service[113309]: DEBUG cinder.volume.api [None req-9e51b24a-2719-4189-bc79-4e95dfb50156 tempest-SnapshotsActionsTest-890374513 tempest-SnapshotsActionsTest-890374513-project] Task 'cinder.volume.flows.api.create_volume.EntryCreateTask;volume:create' (200da451-e8cb-4f91-aac3-f8afffdf7107) transitioned into state 'RUNNING' from state 'PENDING' {{(pid=113309) _task_receiver /usr/local/lib/python3.8/dist-packages/taskflow/listeners/logging.py:190}}
Sep 13 15:29:19.887006 dv-cinder-857434-2-smb devstack@c-api.service[113309]: DEBUG cinder.volume.api [None req-9e51b24a-2719-4189-bc79-4e95dfb50156 tempest-SnapshotsActionsTest-890374513 tempest-SnapshotsActionsTest-890374513-project] Task 'cinder.volume.flows.api.create_volume.EntryCreateTask;volume:create' (200da451-e8cb-4f91-aac3-f8afffdf7107) transitioned into state 'SUCCESS' from state 'RUNNING' with result '{'volume_id': '63090e16-0575-4b15-b25e-29aa6b607a36', 'volume_properties': VolumeProperties(attach_status='detached',availability_zone='nova',cgsnapshot_id=None,consistencygroup_id=None,display_description=None,display_name='tempest-SnapshotsActionsTest-Volume-1445378361',encryption_key_id=None,group_id=None,group_type_id=,metadata={},multiattach=False,project_id='6252d13df0264d40a8178fbb4da85930',qos_specs=None,replication_status=,reservations=['b910611f-f471-4121-8a75-f7eeb6c4fa84','c8f6e843-1f18-4dad-9916-8c7a3a326c87','edf71644-9c16-4a36-bec2-2ddc2d7a0a94','eb953e1b-39ff-4fc0-9ac6-4fb1f7679c52'],size=1,snapshot_id=None,source_replicaid=,source_volid=None,status='creating',user_id='ce78f15e45d34cf6aaefdd1432e8dda5',volume_type_id=270424e7-2bdd-43a7-879c-8d932bbe0e7a), 'volume': Volume(_name_id=None,admin_metadata=,attach_status='detached',availability_zone='nova',bootable=False,cluster=,cluster_name=None,consistencygroup=,consistencygroup_id=None,created_at=2022-09-13T15:29:19Z,deleted=False,deleted_at=None,display_description=None,display_name='tempest-SnapshotsActionsTest-Volume-1445378361',ec2_id=None,encryption_key_id=None,glance_metadata=,group=,group_id=None,host=None,id=63090e16-0575-4b15-b25e-29aa6b607a36,launched_at=None,metadata={},migration_status=None,multiattach=False,previous_status=None,project_id='6252d13df0264d40a8178fbb4da85930',provider_auth=None,provider_geometry=None,provider_id=None,provider_location=None,replication_driver_data=None,replication_extended_status=None,replication_status=None,scheduled_at=None,service_uuid=None,shared_targets=True,size=1,snapshot_id=None,snapshots=,source_volid=None,status='creating',terminated_at=None,updated_at=None,use_quota=True,user_id='ce78f15e45d34cf6aaefdd1432e8dda5',volume_attachment=VolumeAttachmentList,volume_type=VolumeType(270424e7-2bdd-43a7-879c-8d932bbe0e7a),volume_type_id=270424e7-2bdd-43a7-879c-8d932bbe0e7a)}' {{(pid=113309) _task_receiver /usr/local/lib/python3.8/dist-packages/taskflow/listeners/logging.py:178}}
Sep 13 15:29:19.893877 dv-cinder-857434-2-smb devstack@c-api.service[113309]: DEBUG cinder.volume.api [None req-9e51b24a-2719-4189-bc79-4e95dfb50156 tempest-SnapshotsActionsTest-890374513 tempest-SnapshotsActionsTest-890374513-project] Task 'cinder.volume.flows.api.create_volume.QuotaCommitTask;volume:create' (e2d40ba7-2f9e-45f1-b9df-b3df2317c59d) transitioned into state 'RUNNING' from state 'PENDING' {{(pid=113309) _task_receiver /usr/local/lib/python3.8/dist-packages/taskflow/listeners/logging.py:190}}
Sep 13 15:29:19.944441 dv-cinder-857434-2-smb devstack@c-api.service[113310]: INFO cinder.api.openstack.wsgi [None req-5aab37b8-7f22-4dfd-af3a-f9f97a17e5a7 tempest-GroupSnapshotsTest-1045367802 tempest-GroupSnapshotsTest-1045367802-project] http://10.222.0.27/volume/v3/7893015d35fb45cebba6e5e74d29b406/groups/473a93f6-7362-444c-b6af-ae40bdaa274e/action returned with HTTP 202
Sep 13 15:29:19.948752 dv-cinder-857434-2-smb devstack@c-api.service[113310]: [pid: 113310|app: 0|req: 97/184] 10.222.0.27 () {62 vars in 1405 bytes} [Tue Sep 13 15:29:19 2022] POST /volume/v3/7893015d35fb45cebba6e5e74d29b406/groups/473a93f6-7362-444c-b6af-ae40bdaa274e/action => generated 0 bytes in 274 msecs (HTTP/1.1 202) 6 headers in 234 bytes (1 switches on core 0)
Sep 13 15:29:19.955335 dv-cinder-857434-2-smb devstack@c-api.service[113310]: DEBUG cinder.api.middleware.request_id [None req-4c98c3b2-0289-4393-8865-e3902aea7774 None None] RequestId filter calling following filter/app {{(pid=113310) _context_setter /opt/stack/cinder/cinder/api/middleware/request_id.py:62}}
Sep 13 15:29:19.968631 dv-cinder-857434-2-smb devstack@c-api.service[113310]: INFO cinder.api.openstack.wsgi [None req-4c98c3b2-0289-4393-8865-e3902aea7774 tempest-GroupsTest-1715302121 tempest-GroupsTest-1715302121-project] GET http://10.222.0.27/volume/v3/7eb0299975764046ba7aaab1aee5f760/groups/e92b7a11-a701-4d3d-b51c-9b12339b93e2
Sep 13 15:29:19.969710 dv-cinder-857434-2-smb devstack@c-api.service[113310]: DEBUG cinder.api.openstack.wsgi [None req-4c98c3b2-0289-4393-8865-e3902aea7774 tempest-GroupsTest-1715302121 tempest-GroupsTest-1715302121-project] Empty body provided in request {{(pid=113310) get_body /opt/stack/cinder/cinder/api/openstack/wsgi.py:715}}
Sep 13 15:29:19.970771 dv-cinder-857434-2-smb devstack@c-api.service[113310]: DEBUG cinder.api.openstack.wsgi [None req-4c98c3b2-0289-4393-8865-e3902aea7774 tempest-GroupsTest-1715302121 tempest-GroupsTest-1715302121-project] Calling method 'version_select' {{(pid=113310) _process_stack /opt/stack/cinder/cinder/api/openstack/wsgi.py:868}}
Sep 13 15:29:19.971095 dv-cinder-857434-2-smb devstack@c-api.service[113310]: DEBUG cinder.api.v3.groups [None req-4c98c3b2-0289-4393-8865-e3902aea7774 tempest-GroupsTest-1715302121 tempest-GroupsTest-1715302121-project] show called for member e92b7a11-a701-4d3d-b51c-9b12339b93e2 {{(pid=113310) show /opt/stack/cinder/cinder/api/v3/groups.py:58}}
Sep 13 15:29:19.978055 dv-cinder-857434-2-smb devstack@c-api.service[113309]: DEBUG cinder.volume.api [None req-9e51b24a-2719-4189-bc79-4e95dfb50156 tempest-SnapshotsActionsTest-890374513 tempest-SnapshotsActionsTest-890374513-project] Task 'cinder.volume.flows.api.create_volume.QuotaCommitTask;volume:create' (e2d40ba7-2f9e-45f1-b9df-b3df2317c59d) transitioned into state 'SUCCESS' from state 'RUNNING' with result '{'volume_properties': VolumeProperties(attach_status='detached',availability_zone='nova',cgsnapshot_id=None,consistencygroup_id=None,display_description=None,display_name='tempest-SnapshotsActionsTest-Volume-1445378361',encryption_key_id=None,group_id=None,group_type_id=,metadata={},multiattach=False,project_id='6252d13df0264d40a8178fbb4da85930',qos_specs=None,replication_status=,reservations=['b910611f-f471-4121-8a75-f7eeb6c4fa84','c8f6e843-1f18-4dad-9916-8c7a3a326c87','edf71644-9c16-4a36-bec2-2ddc2d7a0a94','eb953e1b-39ff-4fc0-9ac6-4fb1f7679c52'],size=1,snapshot_id=None,source_replicaid=,source_volid=None,status='creating',user_id='ce78f15e45d34cf6aaefdd1432e8dda5',volume_type_id=270424e7-2bdd-43a7-879c-8d932bbe0e7a)}' {{(pid=113309) _task_receiver /usr/local/lib/python3.8/dist-packages/taskflow/listeners/logging.py:178}}
Sep 13 15:29:19.980737 dv-cinder-857434-2-smb devstack@c-api.service[113309]: DEBUG cinder.volume.api [None req-9e51b24a-2719-4189-bc79-4e95dfb50156 tempest-SnapshotsActionsTest-890374513 tempest-SnapshotsActionsTest-890374513-project] Task 'cinder.volume.flows.api.create_volume.VolumeCastTask;volume:create' (0d76f308-ca40-43cc-bf06-4984b2a53fce) transitioned into state 'RUNNING' from state 'PENDING' {{(pid=113309) _task_receiver /usr/local/lib/python3.8/dist-packages/taskflow/listeners/logging.py:190}}
Sep 13 15:29:19.994604 dv-cinder-857434-2-smb devstack@c-api.service[113310]: INFO cinder.api.openstack.wsgi [None req-4c98c3b2-0289-4393-8865-e3902aea7774 tempest-GroupsTest-1715302121 tempest-GroupsTest-1715302121-project] http://10.222.0.27/volume/v3/7eb0299975764046ba7aaab1aee5f760/groups/e92b7a11-a701-4d3d-b51c-9b12339b93e2 returned with HTTP 404
Sep 13 15:29:19.995974 dv-cinder-857434-2-smb devstack@c-api.service[113310]: [pid: 113310|app: 0|req: 98/185] 10.222.0.27 () {60 vars in 1363 bytes} [Tue Sep 13 15:29:19 2022] GET /volume/v3/7eb0299975764046ba7aaab1aee5f760/groups/e92b7a11-a701-4d3d-b51c-9b12339b93e2 => generated 108 bytes in 46 msecs (HTTP/1.1 404) 7 headers in 293 bytes (1 switches on core 0)
Sep 13 15:29:19.997856 dv-cinder-857434-2-smb devstack@c-api.service[113310]: DEBUG cinder.api.middleware.request_id [None req-62fff657-949e-472e-9014-2348e2250011 None None] RequestId filter calling following filter/app {{(pid=113310) _context_setter /opt/stack/cinder/cinder/api/middleware/request_id.py:62}}
Sep 13 15:29:20.010628 dv-cinder-857434-2-smb devstack@c-api.service[113310]: INFO cinder.api.openstack.wsgi [None req-62fff657-949e-472e-9014-2348e2250011 tempest-GroupSnapshotsTest-1045367802 tempest-GroupSnapshotsTest-1045367802-project] GET http://10.222.0.27/volume/v3/7893015d35fb45cebba6e5e74d29b406/volumes/5adb19b7-82e9-41f9-8078-121ff259e7fa
Sep 13 15:29:20.012986 dv-cinder-857434-2-smb devstack@c-api.service[113310]: DEBUG cinder.api.openstack.wsgi [None req-62fff657-949e-472e-9014-2348e2250011 tempest-GroupSnapshotsTest-1045367802 tempest-GroupSnapshotsTest-1045367802-project] Empty body provided in request {{(pid=113310) get_body /opt/stack/cinder/cinder/api/openstack/wsgi.py:715}}
Sep 13 15:29:20.013509 dv-cinder-857434-2-smb devstack@c-api.service[113310]: DEBUG cinder.api.openstack.wsgi [None req-62fff657-949e-472e-9014-2348e2250011 tempest-GroupSnapshotsTest-1045367802 tempest-GroupSnapshotsTest-1045367802-project] Calling method 'show' {{(pid=113310) _process_stack /opt/stack/cinder/cinder/api/openstack/wsgi.py:868}}
Sep 13 15:29:20.018806 dv-cinder-857434-2-smb devstack@c-api.service[113309]: DEBUG cinder.volume.api [None req-9e51b24a-2719-4189-bc79-4e95dfb50156 tempest-SnapshotsActionsTest-890374513 tempest-SnapshotsActionsTest-890374513-project] Task 'cinder.volume.flows.api.create_volume.VolumeCastTask;volume:create' (0d76f308-ca40-43cc-bf06-4984b2a53fce) transitioned into state 'SUCCESS' from state 'RUNNING' with result 'None' {{(pid=113309) _task_receiver /usr/local/lib/python3.8/dist-packages/taskflow/listeners/logging.py:178}}
Sep 13 15:29:20.028359 dv-cinder-857434-2-smb devstack@c-api.service[113309]: DEBUG cinder.volume.api [None req-9e51b24a-2719-4189-bc79-4e95dfb50156 tempest-SnapshotsActionsTest-890374513 tempest-SnapshotsActionsTest-890374513-project] Flow 'volume_create_api' (1198a03e-2984-4f0e-9768-273325187c93) transitioned into state 'SUCCESS' from state 'RUNNING' {{(pid=113309) _flow_receiver /usr/local/lib/python3.8/dist-packages/taskflow/listeners/logging.py:141}}
Sep 13 15:29:20.030407 dv-cinder-857434-2-smb devstack@c-api.service[113309]: INFO cinder.volume.api [None req-9e51b24a-2719-4189-bc79-4e95dfb50156 tempest-SnapshotsActionsTest-890374513 tempest-SnapshotsActionsTest-890374513-project] Create volume request issued successfully.
Sep 13 15:29:20.035138 dv-cinder-857434-2-smb devstack@c-api.service[113309]: INFO cinder.api.openstack.wsgi [None req-9e51b24a-2719-4189-bc79-4e95dfb50156 tempest-SnapshotsActionsTest-890374513 tempest-SnapshotsActionsTest-890374513-project] http://10.222.0.27/volume/v3/6252d13df0264d40a8178fbb4da85930/volumes returned with HTTP 202
Sep 13 15:29:20.049729 dv-cinder-857434-2-smb devstack@c-api.service[113309]: [pid: 113309|app: 0|req: 88/186] 10.222.0.27 () {60 vars in 1235 bytes} [Tue Sep 13 15:29:18 2022] POST /volume/v3/6252d13df0264d40a8178fbb4da85930/volumes => generated 820 bytes in 1239 msecs (HTTP/1.1 202) 7 headers in 291 bytes (1 switches on core 0)
Sep 13 15:29:20.049729 dv-cinder-857434-2-smb devstack@c-api.service[113309]: DEBUG cinder.api.middleware.request_id [None req-a9f89d5c-ed41-4b40-9ae6-cc7c74f37cf1 None None] RequestId filter calling following filter/app {{(pid=113309) _context_setter /opt/stack/cinder/cinder/api/middleware/request_id.py:62}}
Sep 13 15:29:20.049729 dv-cinder-857434-2-smb devstack@c-api.service[113309]: INFO cinder.api.openstack.wsgi [None req-a9f89d5c-ed41-4b40-9ae6-cc7c74f37cf1 tempest-GroupsTest-1715302121 tempest-GroupsTest-1715302121-project] GET http://10.222.0.27/volume/v3/7eb0299975764046ba7aaab1aee5f760/groups/detail
Sep 13 15:29:20.049729 dv-cinder-857434-2-smb devstack@c-api.service[113309]: DEBUG cinder.api.openstack.wsgi [None req-a9f89d5c-ed41-4b40-9ae6-cc7c74f37cf1 tempest-GroupsTest-1715302121 tempest-GroupsTest-1715302121-project] Empty body provided in request {{(pid=113309) get_body /opt/stack/cinder/cinder/api/openstack/wsgi.py:715}}
Sep 13 15:29:20.049729 dv-cinder-857434-2-smb devstack@c-api.service[113309]: DEBUG cinder.api.openstack.wsgi [None req-a9f89d5c-ed41-4b40-9ae6-cc7c74f37cf1 tempest-GroupsTest-1715302121 tempest-GroupsTest-1715302121-project] Calling method 'version_select' {{(pid=113309) _process_stack /opt/stack/cinder/cinder/api/openstack/wsgi.py:868}}
Sep 13 15:29:20.057834 dv-cinder-857434-2-smb devstack@c-api.service[113310]: /usr/local/lib/python3.8/dist-packages/oslo_context/context.py:100: DeprecationWarning: Policy enforcement is depending on the value of is_admin. This key is deprecated. Please update your policy file to use the standard policy values.
Sep 13 15:29:20.057834 dv-cinder-857434-2-smb devstack@c-api.service[113310]: warnings.warn('Policy enforcement is depending on the value of '
Sep 13 15:29:20.058113 dv-cinder-857434-2-smb devstack@c-api.service[113309]: /usr/local/lib/python3.8/dist-packages/oslo_context/context.py:100: DeprecationWarning: Policy enforcement is depending on the value of is_admin. This key is deprecated. Please update your policy file to use the standard policy values.
Sep 13 15:29:20.058113 dv-cinder-857434-2-smb devstack@c-api.service[113309]: warnings.warn('Policy enforcement is depending on the value of '
Sep 13 15:29:20.068465 dv-cinder-857434-2-smb devstack@c-api.service[113309]: INFO cinder.api.openstack.wsgi [None req-a9f89d5c-ed41-4b40-9ae6-cc7c74f37cf1 tempest-GroupsTest-1715302121 tempest-GroupsTest-1715302121-project] http://10.222.0.27/volume/v3/7eb0299975764046ba7aaab1aee5f760/groups/detail returned with HTTP 200
Sep 13 15:29:20.069528 dv-cinder-857434-2-smb devstack@c-api.service[113310]: INFO cinder.volume.api [None req-62fff657-949e-472e-9014-2348e2250011 tempest-GroupSnapshotsTest-1045367802 tempest-GroupSnapshotsTest-1045367802-project] Volume info retrieved successfully.
Sep 13 15:29:20.071106 dv-cinder-857434-2-smb devstack@c-api.service[113310]: WARNING stevedore.named [None req-62fff657-949e-472e-9014-2348e2250011 tempest-GroupSnapshotsTest-1045367802 tempest-GroupSnapshotsTest-1045367802-project] Could not load cinder.keymgr.conf_key_mgr.ConfKeyManager
Sep 13 15:29:20.071717 dv-cinder-857434-2-smb devstack@c-api.service[113309]: [pid: 113309|app: 0|req: 89/187] 10.222.0.27 () {60 vars in 1273 bytes} [Tue Sep 13 15:29:20 2022] GET /volume/v3/7eb0299975764046ba7aaab1aee5f760/groups/detail => generated 14 bytes in 32 msecs (HTTP/1.1 200) 7 headers in 285 bytes (1 switches on core 0)
Sep 13 15:29:20.072861 dv-cinder-857434-2-smb devstack@c-api.service[113309]: DEBUG cinder.api.middleware.request_id [None req-0ee77076-3f15-4366-9e75-8b15b1f2093d None None] RequestId filter calling following filter/app {{(pid=113309) _context_setter /opt/stack/cinder/cinder/api/middleware/request_id.py:62}}
Sep 13 15:29:20.073326 dv-cinder-857434-2-smb devstack@c-api.service[113310]: WARNING castellan.key_manager [None req-62fff657-949e-472e-9014-2348e2250011 tempest-GroupSnapshotsTest-1045367802 tempest-GroupSnapshotsTest-1045367802-project] Deprecation Warning : cinder.keymgr.conf_key_mgr.ConfKeyManager is not a stevedore based driver, trying to load it as a class: stevedore.exception.NoMatches: No 'castellan.drivers' driver found, looking for 'cinder.keymgr.conf_key_mgr.ConfKeyManager'
Sep 13 15:29:20.080960 dv-cinder-857434-2-smb devstack@c-api.service[113309]: INFO cinder.api.openstack.wsgi [None req-0ee77076-3f15-4366-9e75-8b15b1f2093d tempest-SnapshotsActionsTest-890374513 tempest-SnapshotsActionsTest-890374513-project] GET http://10.222.0.27/volume/v3/6252d13df0264d40a8178fbb4da85930/volumes/63090e16-0575-4b15-b25e-29aa6b607a36
Sep 13 15:29:20.081831 dv-cinder-857434-2-smb devstack@c-api.service[113309]: DEBUG cinder.api.openstack.wsgi [None req-0ee77076-3f15-4366-9e75-8b15b1f2093d tempest-SnapshotsActionsTest-890374513 tempest-SnapshotsActionsTest-890374513-project] Empty body provided in request {{(pid=113309) get_body /opt/stack/cinder/cinder/api/openstack/wsgi.py:715}}
Sep 13 15:29:20.083849 dv-cinder-857434-2-smb devstack@c-api.service[113309]: DEBUG cinder.api.openstack.wsgi [None req-0ee77076-3f15-4366-9e75-8b15b1f2093d tempest-SnapshotsActionsTest-890374513 tempest-SnapshotsActionsTest-890374513-project] Calling method 'show' {{(pid=113309) _process_stack /opt/stack/cinder/cinder/api/openstack/wsgi.py:868}}
Sep 13 15:29:20.088637 dv-cinder-857434-2-smb devstack@c-api.service[113310]: DEBUG oslo_db.sqlalchemy.engines [None req-62fff657-949e-472e-9014-2348e2250011 tempest-GroupSnapshotsTest-1045367802 tempest-GroupSnapshotsTest-1045367802-project] MySQL server mode set to STRICT_TRANS_TABLES,STRICT_ALL_TABLES,NO_ZERO_IN_DATE,NO_ZERO_DATE,ERROR_FOR_DIVISION_BY_ZERO,TRADITIONAL,NO_ENGINE_SUBSTITUTION {{(pid=113310) _check_effective_sql_mode /usr/local/lib/python3.8/dist-packages/oslo_db/sqlalchemy/engines.py:314}}
Sep 13 15:29:20.100649 dv-cinder-857434-2-smb devstack@c-api.service[113310]: /usr/local/lib/python3.8/dist-packages/oslo_context/context.py:100: DeprecationWarning: Policy enforcement is depending on the value of is_admin. This key is deprecated. Please update your policy file to use the standard policy values.
Sep 13 15:29:20.100649 dv-cinder-857434-2-smb devstack@c-api.service[113310]: warnings.warn('Policy enforcement is depending on the value of '
Sep 13 15:29:20.119224 dv-cinder-857434-2-smb devstack@c-api.service[113309]: /usr/local/lib/python3.8/dist-packages/oslo_context/context.py:100: DeprecationWarning: Policy enforcement is depending on the value of is_admin. This key is deprecated. Please update your policy file to use the standard policy values.
Sep 13 15:29:20.119224 dv-cinder-857434-2-smb devstack@c-api.service[113309]: warnings.warn('Policy enforcement is depending on the value of '
Sep 13 15:29:20.140542 dv-cinder-857434-2-smb devstack@c-api.service[113310]: INFO cinder.api.openstack.wsgi [None req-62fff657-949e-472e-9014-2348e2250011 tempest-GroupSnapshotsTest-1045367802 tempest-GroupSnapshotsTest-1045367802-project] http://10.222.0.27/volume/v3/7893015d35fb45cebba6e5e74d29b406/volumes/5adb19b7-82e9-41f9-8078-121ff259e7fa returned with HTTP 200
Sep 13 15:29:20.149739 dv-cinder-857434-2-smb devstack@c-api.service[113310]: [pid: 113310|app: 0|req: 99/188] 10.222.0.27 () {60 vars in 1366 bytes} [Tue Sep 13 15:29:19 2022] GET /volume/v3/7893015d35fb45cebba6e5e74d29b406/volumes/5adb19b7-82e9-41f9-8078-121ff259e7fa => generated 998 bytes in 145 msecs (HTTP/1.1 200) 7 headers in 286 bytes (1 switches on core 0)
Sep 13 15:29:20.149739 dv-cinder-857434-2-smb devstack@c-api.service[113310]: DEBUG cinder.api.middleware.request_id [None req-f7cde0bd-9f23-4396-b72f-ae8a1ba2d2d4 None None] RequestId filter calling following filter/app {{(pid=113310) _context_setter /opt/stack/cinder/cinder/api/middleware/request_id.py:62}}
Sep 13 15:29:20.161058 dv-cinder-857434-2-smb devstack@c-api.service[113310]: INFO cinder.api.openstack.wsgi [None req-f7cde0bd-9f23-4396-b72f-ae8a1ba2d2d4 tempest-GroupsTest-1715302121 tempest-GroupsTest-1715302121-project] GET http://10.222.0.27/volume/v3/7eb0299975764046ba7aaab1aee5f760/volumes/detail
Sep 13 15:29:20.161058 dv-cinder-857434-2-smb devstack@c-api.service[113310]: DEBUG cinder.api.openstack.wsgi [None req-f7cde0bd-9f23-4396-b72f-ae8a1ba2d2d4 tempest-GroupsTest-1715302121 tempest-GroupsTest-1715302121-project] Empty body provided in request {{(pid=113310) get_body /opt/stack/cinder/cinder/api/openstack/wsgi.py:715}}
Sep 13 15:29:20.161058 dv-cinder-857434-2-smb devstack@c-api.service[113310]: DEBUG cinder.api.openstack.wsgi [None req-f7cde0bd-9f23-4396-b72f-ae8a1ba2d2d4 tempest-GroupsTest-1715302121 tempest-GroupsTest-1715302121-project] Calling method 'detail' {{(pid=113310) _process_stack /opt/stack/cinder/cinder/api/openstack/wsgi.py:868}}
Sep 13 15:29:20.161058 dv-cinder-857434-2-smb devstack@c-api.service[113310]: DEBUG cinder.api.api_utils [None req-f7cde0bd-9f23-4396-b72f-ae8a1ba2d2d4 tempest-GroupsTest-1715302121 tempest-GroupsTest-1715302121-project] Removing options '' from query. {{(pid=113310) remove_invalid_filter_options /opt/stack/cinder/cinder/api/api_utils.py:83}}
Sep 13 15:29:20.161058 dv-cinder-857434-2-smb devstack@c-api.service[113310]: DEBUG cinder.volume.api [None req-f7cde0bd-9f23-4396-b72f-ae8a1ba2d2d4 tempest-GroupsTest-1715302121 tempest-GroupsTest-1715302121-project] Searching by: MultiDict([('no_migration_targets', True)]). {{(pid=113310) get_all /opt/stack/cinder/cinder/volume/api.py:664}}
Sep 13 15:29:20.162523 dv-cinder-857434-2-smb devstack@c-api.service[113309]: INFO cinder.volume.api [None req-0ee77076-3f15-4366-9e75-8b15b1f2093d tempest-SnapshotsActionsTest-890374513 tempest-SnapshotsActionsTest-890374513-project] Volume info retrieved successfully.
Sep 13 15:29:20.174980 dv-cinder-857434-2-smb devstack@c-api.service[113309]: INFO cinder.api.openstack.wsgi [None req-0ee77076-3f15-4366-9e75-8b15b1f2093d tempest-SnapshotsActionsTest-890374513 tempest-SnapshotsActionsTest-890374513-project] http://10.222.0.27/volume/v3/6252d13df0264d40a8178fbb4da85930/volumes/63090e16-0575-4b15-b25e-29aa6b607a36 returned with HTTP 200
Sep 13 15:29:20.176748 dv-cinder-857434-2-smb devstack@c-api.service[113309]: [pid: 113309|app: 0|req: 90/189] 10.222.0.27 () {58 vars in 1325 bytes} [Tue Sep 13 15:29:20 2022] GET /volume/v3/6252d13df0264d40a8178fbb4da85930/volumes/63090e16-0575-4b15-b25e-29aa6b607a36 => generated 888 bytes in 104 msecs (HTTP/1.1 200) 7 headers in 285 bytes (1 switches on core 0)
Sep 13 15:29:20.271141 dv-cinder-857434-2-smb devstack@c-api.service[113310]: INFO cinder.volume.api [None req-f7cde0bd-9f23-4396-b72f-ae8a1ba2d2d4 tempest-GroupsTest-1715302121 tempest-GroupsTest-1715302121-project] Get all volumes completed successfully.
Sep 13 15:29:20.290021 dv-cinder-857434-2-smb devstack@c-api.service[113310]: INFO cinder.api.openstack.wsgi [None req-f7cde0bd-9f23-4396-b72f-ae8a1ba2d2d4 tempest-GroupsTest-1715302121 tempest-GroupsTest-1715302121-project] http://10.222.0.27/volume/v3/7eb0299975764046ba7aaab1aee5f760/volumes/detail returned with HTTP 200
Sep 13 15:29:20.301723 dv-cinder-857434-2-smb devstack@c-api.service[113310]: [pid: 113310|app: 0|req: 100/190] 10.222.0.27 () {60 vars in 1276 bytes} [Tue Sep 13 15:29:20 2022] GET /volume/v3/7eb0299975764046ba7aaab1aee5f760/volumes/detail => generated 15 bytes in 149 msecs (HTTP/1.1 200) 7 headers in 285 bytes (1 switches on core 0)
Sep 13 15:29:20.313229 dv-cinder-857434-2-smb devstack@c-api.service[113309]: DEBUG cinder.api.middleware.request_id [None req-6d380498-3cdd-40ad-8cfa-8999fc3ee1f4 None None] RequestId filter calling following filter/app {{(pid=113309) _context_setter /opt/stack/cinder/cinder/api/middleware/request_id.py:62}}
Sep 13 15:29:20.320561 dv-cinder-857434-2-smb devstack@c-api.service[113309]: INFO cinder.api.openstack.wsgi [None req-6d380498-3cdd-40ad-8cfa-8999fc3ee1f4 tempest-GroupsTest-1715302121 tempest-GroupsTest-1715302121-project] POST http://10.222.0.27/volume/v3/7eb0299975764046ba7aaab1aee5f760/groups/e92b7a11-a701-4d3d-b51c-9b12339b93e2/action
Sep 13 15:29:20.321605 dv-cinder-857434-2-smb devstack@c-api.service[113309]: DEBUG cinder.api.openstack.wsgi [None req-6d380498-3cdd-40ad-8cfa-8999fc3ee1f4 tempest-GroupsTest-1715302121 tempest-GroupsTest-1715302121-project] Action body: b'{"delete": {"delete-volumes": true}}' {{(pid=113309) get_method /opt/stack/cinder/cinder/api/openstack/wsgi.py:983}}
Sep 13 15:29:20.322081 dv-cinder-857434-2-smb devstack@c-api.service[113309]: DEBUG cinder.api.openstack.wsgi [None req-6d380498-3cdd-40ad-8cfa-8999fc3ee1f4 tempest-GroupsTest-1715302121 tempest-GroupsTest-1715302121-project] Action: 'action', calling method: delete_group, body: {"delete": {"delete-volumes": true}} {{(pid=113309) _process_stack /opt/stack/cinder/cinder/api/openstack/wsgi.py:866}}
Sep 13 15:29:20.324628 dv-cinder-857434-2-smb devstack@c-api.service[113309]: DEBUG cinder.api.v3.groups [None req-6d380498-3cdd-40ad-8cfa-8999fc3ee1f4 tempest-GroupsTest-1715302121 tempest-GroupsTest-1715302121-project] delete called for group e92b7a11-a701-4d3d-b51c-9b12339b93e2 {{(pid=113309) _delete /opt/stack/cinder/cinder/api/v3/groups.py:117}}
Sep 13 15:29:20.325066 dv-cinder-857434-2-smb devstack@c-api.service[113309]: INFO cinder.api.v3.groups [None req-6d380498-3cdd-40ad-8cfa-8999fc3ee1f4 tempest-GroupsTest-1715302121 tempest-GroupsTest-1715302121-project] Delete group with id: e92b7a11-a701-4d3d-b51c-9b12339b93e2
