Sep 13 15:28:52.779803 dv-cinder-857434-2-smb devstack@c-api.service[113310]: INFO cinder.api.openstack.wsgi [req-19af12e9-6e91-4ab7-8ec3-9aa124263558 req-2ab56f00-b0ce-45e3-9c14-8bbd6e3778d9 tempest-VolumesNegativeTest-683274639 tempest-VolumesNegativeTest-683274639-project] http://10.222.0.27/volume/v3/5fa62ee10eff48dcabd21f47ae5acbe0/volumes/e9f41f78-ce5f-4775-ae4c-896a40b89e06 returned with HTTP 404
Sep 13 15:28:52.790979 dv-cinder-857434-2-smb devstack@c-api.service[113310]: [pid: 113310|app: 0|req: 11/19] 10.222.0.27 () {60 vars in 1578 bytes} [Tue Sep 13 15:28:52 2022] GET /volume/v3/5fa62ee10eff48dcabd21f47ae5acbe0/volumes/e9f41f78-ce5f-4775-ae4c-896a40b89e06 => generated 109 bytes in 321 msecs (HTTP/1.1 404) 7 headers in 292 bytes (1 switches on core 0)
Sep 13 15:28:52.790979 dv-cinder-857434-2-smb devstack@c-api.service[113310]: DEBUG cinder.api.middleware.request_id [None req-82dcb4e0-554f-4724-a7b2-940212a3132d None None] RequestId filter calling following filter/app {{(pid=113310) _context_setter /opt/stack/cinder/cinder/api/middleware/request_id.py:62}}
Sep 13 15:28:52.816010 dv-cinder-857434-2-smb devstack@c-api.service[113309]: INFO cinder.api.openstack.wsgi [None req-2ee0df48-bd17-4314-81f5-fb77d83e3856 tempest-VolumeManageAdminTest-1737944517 tempest-VolumeManageAdminTest-1737944517-project] http://10.222.0.27/volume/v3/c9ca543ab03a415c994cebe4735b663d/volumes/1c598804-7e57-4f1b-ab2b-ab98ab2dde5a returned with HTTP 200
Sep 13 15:28:52.834198 dv-cinder-857434-2-smb devstack@c-api.service[113310]: INFO cinder.api.openstack.wsgi [None req-82dcb4e0-554f-4724-a7b2-940212a3132d tempest-VolumesTestJSON-135223881 tempest-VolumesTestJSON-135223881-project] GET http://10.222.0.27/volume/v3/5ee1ae8ffa4146e6a6a1b48ccd92af3d/volumes/4fb8a3df-cc3d-4f81-863a-2fb266220882
Sep 13 15:28:52.834198 dv-cinder-857434-2-smb devstack@c-api.service[113310]: DEBUG cinder.api.openstack.wsgi [None req-82dcb4e0-554f-4724-a7b2-940212a3132d tempest-VolumesTestJSON-135223881 tempest-VolumesTestJSON-135223881-project] Empty body provided in request {{(pid=113310) get_body /opt/stack/cinder/cinder/api/openstack/wsgi.py:715}}
Sep 13 15:28:52.834198 dv-cinder-857434-2-smb devstack@c-api.service[113310]: DEBUG cinder.api.openstack.wsgi [None req-82dcb4e0-554f-4724-a7b2-940212a3132d tempest-VolumesTestJSON-135223881 tempest-VolumesTestJSON-135223881-project] Calling method 'show' {{(pid=113310) _process_stack /opt/stack/cinder/cinder/api/openstack/wsgi.py:868}}
Sep 13 15:28:52.836413 dv-cinder-857434-2-smb devstack@c-api.service[113309]: [pid: 113309|app: 0|req: 9/20] 10.222.0.27 () {58 vars in 1325 bytes} [Tue Sep 13 15:28:52 2022] GET /volume/v3/c9ca543ab03a415c994cebe4735b663d/volumes/1c598804-7e57-4f1b-ab2b-ab98ab2dde5a => generated 913 bytes in 449 msecs (HTTP/1.1 200) 7 headers in 285 bytes (1 switches on core 0)
Sep 13 15:28:52.842782 dv-cinder-857434-2-smb devstack@c-api.service[113309]: DEBUG cinder.api.middleware.request_id [None req-b7d2bf1b-682e-4d29-bf95-0a44dcc9c334 None None] RequestId filter calling following filter/app {{(pid=113309) _context_setter /opt/stack/cinder/cinder/api/middleware/request_id.py:62}}
Sep 13 15:28:52.854269 dv-cinder-857434-2-smb devstack@c-api.service[113309]: INFO cinder.api.openstack.wsgi [None req-b7d2bf1b-682e-4d29-bf95-0a44dcc9c334 tempest-GroupSnapshotsTest-1045367802 tempest-GroupSnapshotsTest-1045367802-project] GET http://10.222.0.27/volume/v3/7893015d35fb45cebba6e5e74d29b406/volumes/81e87815-ebbb-43bd-b585-418d6d08813c
Sep 13 15:28:52.856258 dv-cinder-857434-2-smb devstack@c-api.service[113309]: DEBUG cinder.api.openstack.wsgi [None req-b7d2bf1b-682e-4d29-bf95-0a44dcc9c334 tempest-GroupSnapshotsTest-1045367802 tempest-GroupSnapshotsTest-1045367802-project] Empty body provided in request {{(pid=113309) get_body /opt/stack/cinder/cinder/api/openstack/wsgi.py:715}}
Sep 13 15:28:52.857747 dv-cinder-857434-2-smb devstack@c-api.service[113309]: DEBUG cinder.api.openstack.wsgi [None req-b7d2bf1b-682e-4d29-bf95-0a44dcc9c334 tempest-GroupSnapshotsTest-1045367802 tempest-GroupSnapshotsTest-1045367802-project] Calling method 'show' {{(pid=113309) _process_stack /opt/stack/cinder/cinder/api/openstack/wsgi.py:868}}
Sep 13 15:28:52.861214 dv-cinder-857434-2-smb devstack@c-api.service[113310]: /usr/local/lib/python3.8/dist-packages/oslo_context/context.py:100: DeprecationWarning: Policy enforcement is depending on the value of is_admin. This key is deprecated. Please update your policy file to use the standard policy values.
Sep 13 15:28:52.861214 dv-cinder-857434-2-smb devstack@c-api.service[113310]: warnings.warn('Policy enforcement is depending on the value of '
Sep 13 15:28:52.888878 dv-cinder-857434-2-smb devstack@c-api.service[113309]: /usr/local/lib/python3.8/dist-packages/oslo_context/context.py:100: DeprecationWarning: Policy enforcement is depending on the value of is_admin. This key is deprecated. Please update your policy file to use the standard policy values.
Sep 13 15:28:52.888878 dv-cinder-857434-2-smb devstack@c-api.service[113309]: warnings.warn('Policy enforcement is depending on the value of '
Sep 13 15:28:52.897793 dv-cinder-857434-2-smb devstack@c-api.service[113310]: INFO cinder.volume.api [None req-82dcb4e0-554f-4724-a7b2-940212a3132d tempest-VolumesTestJSON-135223881 tempest-VolumesTestJSON-135223881-project] Volume info retrieved successfully.
Sep 13 15:28:52.916094 dv-cinder-857434-2-smb devstack@c-api.service[113309]: INFO cinder.volume.api [None req-b7d2bf1b-682e-4d29-bf95-0a44dcc9c334 tempest-GroupSnapshotsTest-1045367802 tempest-GroupSnapshotsTest-1045367802-project] Volume info retrieved successfully.
Sep 13 15:28:52.921499 dv-cinder-857434-2-smb devstack@c-api.service[113309]: WARNING stevedore.named [None req-b7d2bf1b-682e-4d29-bf95-0a44dcc9c334 tempest-GroupSnapshotsTest-1045367802 tempest-GroupSnapshotsTest-1045367802-project] Could not load cinder.keymgr.conf_key_mgr.ConfKeyManager
Sep 13 15:28:52.921984 dv-cinder-857434-2-smb devstack@c-api.service[113309]: WARNING castellan.key_manager [None req-b7d2bf1b-682e-4d29-bf95-0a44dcc9c334 tempest-GroupSnapshotsTest-1045367802 tempest-GroupSnapshotsTest-1045367802-project] Deprecation Warning : cinder.keymgr.conf_key_mgr.ConfKeyManager is not a stevedore based driver, trying to load it as a class: stevedore.exception.NoMatches: No 'castellan.drivers' driver found, looking for 'cinder.keymgr.conf_key_mgr.ConfKeyManager'
Sep 13 15:28:52.934061 dv-cinder-857434-2-smb devstack@c-api.service[113310]: INFO cinder.api.openstack.wsgi [None req-82dcb4e0-554f-4724-a7b2-940212a3132d tempest-VolumesTestJSON-135223881 tempest-VolumesTestJSON-135223881-project] http://10.222.0.27/volume/v3/5ee1ae8ffa4146e6a6a1b48ccd92af3d/volumes/4fb8a3df-cc3d-4f81-863a-2fb266220882 returned with HTTP 200
Sep 13 15:28:52.946240 dv-cinder-857434-2-smb devstack@c-api.service[113309]: DEBUG oslo_db.sqlalchemy.engines [None req-b7d2bf1b-682e-4d29-bf95-0a44dcc9c334 tempest-GroupSnapshotsTest-1045367802 tempest-GroupSnapshotsTest-1045367802-project] MySQL server mode set to STRICT_TRANS_TABLES,STRICT_ALL_TABLES,NO_ZERO_IN_DATE,NO_ZERO_DATE,ERROR_FOR_DIVISION_BY_ZERO,TRADITIONAL,NO_ENGINE_SUBSTITUTION {{(pid=113309) _check_effective_sql_mode /usr/local/lib/python3.8/dist-packages/oslo_db/sqlalchemy/engines.py:314}}
Sep 13 15:28:52.947564 dv-cinder-857434-2-smb devstack@c-api.service[113310]: [pid: 113310|app: 0|req: 12/21] 10.222.0.27 () {58 vars in 1325 bytes} [Tue Sep 13 15:28:52 2022] GET /volume/v3/5ee1ae8ffa4146e6a6a1b48ccd92af3d/volumes/4fb8a3df-cc3d-4f81-863a-2fb266220882 => generated 921 bytes in 158 msecs (HTTP/1.1 200) 7 headers in 285 bytes (1 switches on core 0)
Sep 13 15:28:52.967498 dv-cinder-857434-2-smb devstack@c-api.service[113309]: /usr/local/lib/python3.8/dist-packages/oslo_context/context.py:100: DeprecationWarning: Policy enforcement is depending on the value of is_admin. This key is deprecated. Please update your policy file to use the standard policy values.
Sep 13 15:28:52.967498 dv-cinder-857434-2-smb devstack@c-api.service[113309]: warnings.warn('Policy enforcement is depending on the value of '
Sep 13 15:28:52.980860 dv-cinder-857434-2-smb devstack@c-api.service[113310]: DEBUG cinder.api.middleware.request_id [req-91c4a4f7-16ec-4ba2-b936-af4305d629bb req-6e7cb2cd-c241-4197-8063-1ecb4b8d0352 None None] RequestId filter calling following filter/app {{(pid=113310) _context_setter /opt/stack/cinder/cinder/api/middleware/request_id.py:62}}
Sep 13 15:28:53.000717 dv-cinder-857434-2-smb devstack@c-api.service[113310]: INFO cinder.api.openstack.wsgi [req-91c4a4f7-16ec-4ba2-b936-af4305d629bb req-6e7cb2cd-c241-4197-8063-1ecb4b8d0352 tempest-VolumesSnapshotsTestJSON-938713419 tempest-VolumesSnapshotsTestJSON-938713419-project] GET http://10.222.0.27/volume/v3/586040c6a539435eb5a3c601601f1fba/volumes/a3708a13-7d93-49e1-b95e-ccd9b53588ea
Sep 13 15:28:53.015640 dv-cinder-857434-2-smb devstack@c-api.service[113310]: DEBUG cinder.api.openstack.wsgi [req-91c4a4f7-16ec-4ba2-b936-af4305d629bb req-6e7cb2cd-c241-4197-8063-1ecb4b8d0352 tempest-VolumesSnapshotsTestJSON-938713419 tempest-VolumesSnapshotsTestJSON-938713419-project] Empty body provided in request {{(pid=113310) get_body /opt/stack/cinder/cinder/api/openstack/wsgi.py:715}}
Sep 13 15:28:53.018043 dv-cinder-857434-2-smb devstack@c-api.service[113310]: DEBUG cinder.api.openstack.wsgi [req-91c4a4f7-16ec-4ba2-b936-af4305d629bb req-6e7cb2cd-c241-4197-8063-1ecb4b8d0352 tempest-VolumesSnapshotsTestJSON-938713419 tempest-VolumesSnapshotsTestJSON-938713419-project] Calling method 'show' {{(pid=113310) _process_stack /opt/stack/cinder/cinder/api/openstack/wsgi.py:868}}
Sep 13 15:28:53.019557 dv-cinder-857434-2-smb devstack@c-api.service[113309]: INFO cinder.api.openstack.wsgi [None req-b7d2bf1b-682e-4d29-bf95-0a44dcc9c334 tempest-GroupSnapshotsTest-1045367802 tempest-GroupSnapshotsTest-1045367802-project] http://10.222.0.27/volume/v3/7893015d35fb45cebba6e5e74d29b406/volumes/81e87815-ebbb-43bd-b585-418d6d08813c returned with HTTP 200
Sep 13 15:28:53.033760 dv-cinder-857434-2-smb devstack@c-api.service[113309]: [pid: 113309|app: 0|req: 10/22] 10.222.0.27 () {60 vars in 1366 bytes} [Tue Sep 13 15:28:52 2022] GET /volume/v3/7893015d35fb45cebba6e5e74d29b406/volumes/81e87815-ebbb-43bd-b585-418d6d08813c => generated 1000 bytes in 185 msecs (HTTP/1.1 200) 7 headers in 287 bytes (1 switches on core 0)
Sep 13 15:28:53.033760 dv-cinder-857434-2-smb devstack@c-api.service[113309]: DEBUG cinder.api.middleware.request_id [None req-86ea4c89-97aa-4ba3-95be-1c719cb765cb None None] RequestId filter calling following filter/app {{(pid=113309) _context_setter /opt/stack/cinder/cinder/api/middleware/request_id.py:62}}
Sep 13 15:28:53.056616 dv-cinder-857434-2-smb devstack@c-api.service[113310]: /usr/local/lib/python3.8/dist-packages/oslo_context/context.py:100: DeprecationWarning: Policy enforcement is depending on the value of is_admin. This key is deprecated. Please update your policy file to use the standard policy values.
Sep 13 15:28:53.056616 dv-cinder-857434-2-smb devstack@c-api.service[113310]: warnings.warn('Policy enforcement is depending on the value of '
Sep 13 15:28:53.064504 dv-cinder-857434-2-smb devstack@c-api.service[113310]: INFO cinder.volume.api [req-91c4a4f7-16ec-4ba2-b936-af4305d629bb req-6e7cb2cd-c241-4197-8063-1ecb4b8d0352 tempest-VolumesSnapshotsTestJSON-938713419 tempest-VolumesSnapshotsTestJSON-938713419-project] Volume info retrieved successfully.
Sep 13 15:28:53.085816 dv-cinder-857434-2-smb devstack@c-api.service[113310]: INFO cinder.api.openstack.wsgi [req-91c4a4f7-16ec-4ba2-b936-af4305d629bb req-6e7cb2cd-c241-4197-8063-1ecb4b8d0352 tempest-VolumesSnapshotsTestJSON-938713419 tempest-VolumesSnapshotsTestJSON-938713419-project] http://10.222.0.27/volume/v3/586040c6a539435eb5a3c601601f1fba/volumes/a3708a13-7d93-49e1-b95e-ccd9b53588ea returned with HTTP 200
Sep 13 15:28:53.087028 dv-cinder-857434-2-smb devstack@c-api.service[113310]: [pid: 113310|app: 0|req: 13/23] 10.222.0.27 () {60 vars in 1578 bytes} [Tue Sep 13 15:28:52 2022] GET /volume/v3/586040c6a539435eb5a3c601601f1fba/volumes/a3708a13-7d93-49e1-b95e-ccd9b53588ea => generated 915 bytes in 139 msecs (HTTP/1.1 200) 7 headers in 285 bytes (1 switches on core 0)
Sep 13 15:28:53.088606 dv-cinder-857434-2-smb devstack@c-api.service[113310]: DEBUG cinder.api.middleware.request_id [req-9fb9240c-489d-4337-9f0b-0fe7448756d8 req-ff324de8-23c1-47e1-a2be-58ed01c5f3f7 None None] RequestId filter calling following filter/app {{(pid=113310) _context_setter /opt/stack/cinder/cinder/api/middleware/request_id.py:62}}
Sep 13 15:28:53.118934 dv-cinder-857434-2-smb devstack@c-api.service[113310]: INFO cinder.api.openstack.wsgi [req-9fb9240c-489d-4337-9f0b-0fe7448756d8 req-ff324de8-23c1-47e1-a2be-58ed01c5f3f7 tempest-VolumesTestJSON-135223881 tempest-VolumesTestJSON-135223881-project] GET http://10.222.0.27/volume/v3/5ee1ae8ffa4146e6a6a1b48ccd92af3d/volumes/4fb8a3df-cc3d-4f81-863a-2fb266220882
Sep 13 15:28:53.119763 dv-cinder-857434-2-smb devstack@c-api.service[113310]: DEBUG cinder.api.openstack.wsgi [req-9fb9240c-489d-4337-9f0b-0fe7448756d8 req-ff324de8-23c1-47e1-a2be-58ed01c5f3f7 tempest-VolumesTestJSON-135223881 tempest-VolumesTestJSON-135223881-project] Empty body provided in request {{(pid=113310) get_body /opt/stack/cinder/cinder/api/openstack/wsgi.py:715}}
Sep 13 15:28:53.120440 dv-cinder-857434-2-smb devstack@c-api.service[113310]: DEBUG cinder.api.openstack.wsgi [req-9fb9240c-489d-4337-9f0b-0fe7448756d8 req-ff324de8-23c1-47e1-a2be-58ed01c5f3f7 tempest-VolumesTestJSON-135223881 tempest-VolumesTestJSON-135223881-project] Calling method 'show' {{(pid=113310) _process_stack /opt/stack/cinder/cinder/api/openstack/wsgi.py:868}}
Sep 13 15:28:53.153757 dv-cinder-857434-2-smb devstack@c-api.service[113310]: /usr/local/lib/python3.8/dist-packages/oslo_context/context.py:100: DeprecationWarning: Policy enforcement is depending on the value of is_admin. This key is deprecated. Please update your policy file to use the standard policy values.
Sep 13 15:28:53.153757 dv-cinder-857434-2-smb devstack@c-api.service[113310]: warnings.warn('Policy enforcement is depending on the value of '
Sep 13 15:28:53.165883 dv-cinder-857434-2-smb devstack@c-api.service[113309]: INFO cinder.api.openstack.wsgi [None req-86ea4c89-97aa-4ba3-95be-1c719cb765cb tempest-VolumeManageAdminTest-1030872081 tempest-VolumeManageAdminTest-1030872081-project-admin] GET http://10.222.0.27/volume/v3/4fa72cc7370e41eba2d897de6d0b48ee/volumes/1c598804-7e57-4f1b-ab2b-ab98ab2dde5a
Sep 13 15:28:53.166603 dv-cinder-857434-2-smb devstack@c-api.service[113309]: DEBUG cinder.api.openstack.wsgi [None req-86ea4c89-97aa-4ba3-95be-1c719cb765cb tempest-VolumeManageAdminTest-1030872081 tempest-VolumeManageAdminTest-1030872081-project-admin] Empty body provided in request {{(pid=113309) get_body /opt/stack/cinder/cinder/api/openstack/wsgi.py:715}}
Sep 13 15:28:53.166781 dv-cinder-857434-2-smb devstack@c-api.service[113310]: INFO cinder.volume.api [req-9fb9240c-489d-4337-9f0b-0fe7448756d8 req-ff324de8-23c1-47e1-a2be-58ed01c5f3f7 tempest-VolumesTestJSON-135223881 tempest-VolumesTestJSON-135223881-project] Volume info retrieved successfully.
Sep 13 15:28:53.168139 dv-cinder-857434-2-smb devstack@c-api.service[113309]: DEBUG cinder.api.openstack.wsgi [None req-86ea4c89-97aa-4ba3-95be-1c719cb765cb tempest-VolumeManageAdminTest-1030872081 tempest-VolumeManageAdminTest-1030872081-project-admin] Calling method 'show' {{(pid=113309) _process_stack /opt/stack/cinder/cinder/api/openstack/wsgi.py:868}}
Sep 13 15:28:53.215321 dv-cinder-857434-2-smb devstack@c-api.service[113310]: INFO cinder.api.openstack.wsgi [req-9fb9240c-489d-4337-9f0b-0fe7448756d8 req-ff324de8-23c1-47e1-a2be-58ed01c5f3f7 tempest-VolumesTestJSON-135223881 tempest-VolumesTestJSON-135223881-project] http://10.222.0.27/volume/v3/5ee1ae8ffa4146e6a6a1b48ccd92af3d/volumes/4fb8a3df-cc3d-4f81-863a-2fb266220882 returned with HTTP 200
Sep 13 15:28:53.219153 dv-cinder-857434-2-smb devstack@c-api.service[113310]: [pid: 113310|app: 0|req: 14/24] 10.222.0.27 () {60 vars in 1578 bytes} [Tue Sep 13 15:28:53 2022] GET /volume/v3/5ee1ae8ffa4146e6a6a1b48ccd92af3d/volumes/4fb8a3df-cc3d-4f81-863a-2fb266220882 => generated 921 bytes in 129 msecs (HTTP/1.1 200) 7 headers in 285 bytes (1 switches on core 0)
Sep 13 15:28:53.221563 dv-cinder-857434-2-smb devstack@c-api.service[113310]: DEBUG cinder.api.middleware.request_id [req-65495366-87ab-4143-8dfc-bd604224146c req-dc48c2cc-a25e-455b-8559-eb6afb3524d5 None None] RequestId filter calling following filter/app {{(pid=113310) _context_setter /opt/stack/cinder/cinder/api/middleware/request_id.py:62}}
Sep 13 15:28:53.235992 dv-cinder-857434-2-smb devstack@c-api.service[113310]: INFO cinder.api.openstack.wsgi [req-65495366-87ab-4143-8dfc-bd604224146c req-dc48c2cc-a25e-455b-8559-eb6afb3524d5 tempest-VolumesSnapshotsTestJSON-938713419 tempest-VolumesSnapshotsTestJSON-938713419-project] GET http://10.222.0.27/volume/v3/586040c6a539435eb5a3c601601f1fba/volumes/a3708a13-7d93-49e1-b95e-ccd9b53588ea
Sep 13 15:28:53.236689 dv-cinder-857434-2-smb devstack@c-api.service[113310]: DEBUG cinder.api.openstack.wsgi [req-65495366-87ab-4143-8dfc-bd604224146c req-dc48c2cc-a25e-455b-8559-eb6afb3524d5 tempest-VolumesSnapshotsTestJSON-938713419 tempest-VolumesSnapshotsTestJSON-938713419-project] Empty body provided in request {{(pid=113310) get_body /opt/stack/cinder/cinder/api/openstack/wsgi.py:715}}
Sep 13 15:28:53.238248 dv-cinder-857434-2-smb devstack@c-api.service[113310]: DEBUG cinder.api.openstack.wsgi [req-65495366-87ab-4143-8dfc-bd604224146c req-dc48c2cc-a25e-455b-8559-eb6afb3524d5 tempest-VolumesSnapshotsTestJSON-938713419 tempest-VolumesSnapshotsTestJSON-938713419-project] Calling method 'show' {{(pid=113310) _process_stack /opt/stack/cinder/cinder/api/openstack/wsgi.py:868}}
Sep 13 15:28:53.281014 dv-cinder-857434-2-smb devstack@c-api.service[113309]: /usr/local/lib/python3.8/dist-packages/oslo_context/context.py:100: DeprecationWarning: Policy enforcement is depending on the value of is_admin. This key is deprecated. Please update your policy file to use the standard policy values.
Sep 13 15:28:53.281014 dv-cinder-857434-2-smb devstack@c-api.service[113309]: warnings.warn('Policy enforcement is depending on the value of '
Sep 13 15:28:53.282427 dv-cinder-857434-2-smb devstack@c-api.service[113310]: /usr/local/lib/python3.8/dist-packages/oslo_context/context.py:100: DeprecationWarning: Policy enforcement is depending on the value of is_admin. This key is deprecated. Please update your policy file to use the standard policy values.
Sep 13 15:28:53.282427 dv-cinder-857434-2-smb devstack@c-api.service[113310]: warnings.warn('Policy enforcement is depending on the value of '
Sep 13 15:28:53.292090 dv-cinder-857434-2-smb devstack@c-api.service[113309]: INFO cinder.volume.api [None req-86ea4c89-97aa-4ba3-95be-1c719cb765cb tempest-VolumeManageAdminTest-1030872081 tempest-VolumeManageAdminTest-1030872081-project-admin] Volume info retrieved successfully.
Sep 13 15:28:53.298084 dv-cinder-857434-2-smb devstack@c-api.service[113310]: INFO cinder.volume.api [req-65495366-87ab-4143-8dfc-bd604224146c req-dc48c2cc-a25e-455b-8559-eb6afb3524d5 tempest-VolumesSnapshotsTestJSON-938713419 tempest-VolumesSnapshotsTestJSON-938713419-project] Volume info retrieved successfully.
Sep 13 15:28:53.303214 dv-cinder-857434-2-smb devstack@c-api.service[113309]: INFO cinder.api.openstack.wsgi [None req-86ea4c89-97aa-4ba3-95be-1c719cb765cb tempest-VolumeManageAdminTest-1030872081 tempest-VolumeManageAdminTest-1030872081-project-admin] http://10.222.0.27/volume/v3/4fa72cc7370e41eba2d897de6d0b48ee/volumes/1c598804-7e57-4f1b-ab2b-ab98ab2dde5a returned with HTTP 200
Sep 13 15:28:53.331862 dv-cinder-857434-2-smb devstack@c-api.service[113309]: [pid: 113309|app: 0|req: 11/25] 10.222.0.27 () {58 vars in 1325 bytes} [Tue Sep 13 15:28:53 2022] GET /volume/v3/4fa72cc7370e41eba2d897de6d0b48ee/volumes/1c598804-7e57-4f1b-ab2b-ab98ab2dde5a => generated 1079 bytes in 308 msecs (HTTP/1.1 200) 7 headers in 286 bytes (1 switches on core 0)
Sep 13 15:28:53.336063 dv-cinder-857434-2-smb devstack@c-api.service[113309]: DEBUG cinder.api.middleware.request_id [None req-c1ce08d2-2e9d-4855-b911-aefbb5678c19 None None] RequestId filter calling following filter/app {{(pid=113309) _context_setter /opt/stack/cinder/cinder/api/middleware/request_id.py:62}}
Sep 13 15:28:53.336790 dv-cinder-857434-2-smb devstack@c-api.service[113310]: INFO cinder.api.openstack.wsgi [req-65495366-87ab-4143-8dfc-bd604224146c req-dc48c2cc-a25e-455b-8559-eb6afb3524d5 tempest-VolumesSnapshotsTestJSON-938713419 tempest-VolumesSnapshotsTestJSON-938713419-project] http://10.222.0.27/volume/v3/586040c6a539435eb5a3c601601f1fba/volumes/a3708a13-7d93-49e1-b95e-ccd9b53588ea returned with HTTP 200
Sep 13 15:28:53.342633 dv-cinder-857434-2-smb devstack@c-api.service[113309]: INFO cinder.api.openstack.wsgi [None req-c1ce08d2-2e9d-4855-b911-aefbb5678c19 tempest-VolumesTestJSON-135223881 tempest-VolumesTestJSON-135223881-project] POST http://10.222.0.27/volume/v3/5ee1ae8ffa4146e6a6a1b48ccd92af3d/volumes
Sep 13 15:28:53.344465 dv-cinder-857434-2-smb devstack@c-api.service[113310]: [pid: 113310|app: 0|req: 15/26] 10.222.0.27 () {60 vars in 1578 bytes} [Tue Sep 13 15:28:53 2022] GET /volume/v3/586040c6a539435eb5a3c601601f1fba/volumes/a3708a13-7d93-49e1-b95e-ccd9b53588ea => generated 916 bytes in 124 msecs (HTTP/1.1 200) 7 headers in 285 bytes (1 switches on core 0)
Sep 13 15:28:53.349431 dv-cinder-857434-2-smb devstack@c-api.service[113310]: DEBUG cinder.api.middleware.request_id [None req-acc90d3b-4d2b-4e85-abae-d925278a05a7 None None] RequestId filter calling following filter/app {{(pid=113310) _context_setter /opt/stack/cinder/cinder/api/middleware/request_id.py:62}}
Sep 13 15:28:53.350582 dv-cinder-857434-2-smb devstack@c-api.service[113309]: DEBUG cinder.api.openstack.wsgi [None req-c1ce08d2-2e9d-4855-b911-aefbb5678c19 tempest-VolumesTestJSON-135223881 tempest-VolumesTestJSON-135223881-project] Action: 'create', calling method: create, body: {"volume": {"metadata": {"Type": "work"}, "size": 1, "display_name": "tempest-VolumesTestJSON-volume-1935365673"}} {{(pid=113309) _process_stack /opt/stack/cinder/cinder/api/openstack/wsgi.py:866}}
Sep 13 15:28:53.357685 dv-cinder-857434-2-smb devstack@c-api.service[113309]: DEBUG cinder.api.v3.volumes [None req-c1ce08d2-2e9d-4855-b911-aefbb5678c19 tempest-VolumesTestJSON-135223881 tempest-VolumesTestJSON-135223881-project] Create volume request body: {'volume': {'metadata': {'Type': 'work'}, 'size': 1, 'display_name': 'tempest-VolumesTestJSON-volume-1935365673'}} {{(pid=113309) create /opt/stack/cinder/cinder/api/v3/volumes.py:298}}
Sep 13 15:28:53.358052 dv-cinder-857434-2-smb devstack@c-api.service[113309]: INFO cinder.api.v3.volumes [None req-c1ce08d2-2e9d-4855-b911-aefbb5678c19 tempest-VolumesTestJSON-135223881 tempest-VolumesTestJSON-135223881-project] Create volume of 1 GB
Sep 13 15:28:53.362394 dv-cinder-857434-2-smb devstack@c-api.service[113310]: INFO cinder.api.openstack.wsgi [None req-acc90d3b-4d2b-4e85-abae-d925278a05a7 tempest-VolumeManageAdminTest-1030872081 tempest-VolumeManageAdminTest-1030872081-project-admin] POST http://10.222.0.27/volume/v3/4fa72cc7370e41eba2d897de6d0b48ee/volumes/1c598804-7e57-4f1b-ab2b-ab98ab2dde5a/action
Sep 13 15:28:53.367170 dv-cinder-857434-2-smb devstack@c-api.service[113310]: DEBUG cinder.api.openstack.wsgi [None req-acc90d3b-4d2b-4e85-abae-d925278a05a7 tempest-VolumeManageAdminTest-1030872081 tempest-VolumeManageAdminTest-1030872081-project-admin] Action body: b'{"os-unmanage": {}}' {{(pid=113310) get_method /opt/stack/cinder/cinder/api/openstack/wsgi.py:983}}
Sep 13 15:28:53.368341 dv-cinder-857434-2-smb devstack@c-api.service[113310]: DEBUG cinder.api.openstack.wsgi [None req-acc90d3b-4d2b-4e85-abae-d925278a05a7 tempest-VolumeManageAdminTest-1030872081 tempest-VolumeManageAdminTest-1030872081-project-admin] Action: 'action', calling method: unmanage, body: {"os-unmanage": {}} {{(pid=113310) _process_stack /opt/stack/cinder/cinder/api/openstack/wsgi.py:866}}
Sep 13 15:28:53.369149 dv-cinder-857434-2-smb devstack@c-api.service[113310]: INFO cinder.api.contrib.volume_unmanage [None req-acc90d3b-4d2b-4e85-abae-d925278a05a7 tempest-VolumeManageAdminTest-1030872081 tempest-VolumeManageAdminTest-1030872081-project-admin] Unmanage volume with id: 1c598804-7e57-4f1b-ab2b-ab98ab2dde5a
Sep 13 15:28:53.381287 dv-cinder-857434-2-smb devstack@c-api.service[113309]: INFO cinder.volume.api [None req-c1ce08d2-2e9d-4855-b911-aefbb5678c19 tempest-VolumesTestJSON-135223881 tempest-VolumesTestJSON-135223881-project] Availability Zones retrieved successfully.
Sep 13 15:28:53.413495 dv-cinder-857434-2-smb devstack@c-api.service[113309]: DEBUG cinder.volume.api [None req-c1ce08d2-2e9d-4855-b911-aefbb5678c19 tempest-VolumesTestJSON-135223881 tempest-VolumesTestJSON-135223881-project] Flow 'volume_create_api' (6c97cd3f-cb13-4a2e-bef0-27ec2c81a2f2) transitioned into state 'RUNNING' from state 'PENDING' {{(pid=113309) _flow_receiver /usr/local/lib/python3.8/dist-packages/taskflow/listeners/logging.py:141}}
Sep 13 15:28:53.425195 dv-cinder-857434-2-smb devstack@c-api.service[113309]: DEBUG cinder.volume.api [None req-c1ce08d2-2e9d-4855-b911-aefbb5678c19 tempest-VolumesTestJSON-135223881 tempest-VolumesTestJSON-135223881-project] Task 'cinder.volume.flows.api.create_volume.ExtractVolumeRequestTask;volume:create' (16ebe3ed-d552-4775-9fd9-688bd35cec47) transitioned into state 'RUNNING' from state 'PENDING' {{(pid=113309) _task_receiver /usr/local/lib/python3.8/dist-packages/taskflow/listeners/logging.py:190}}
Sep 13 15:28:53.428960 dv-cinder-857434-2-smb devstack@c-api.service[113309]: DEBUG cinder.volume.flows.api.create_volume [None req-c1ce08d2-2e9d-4855-b911-aefbb5678c19 tempest-VolumesTestJSON-135223881 tempest-VolumesTestJSON-135223881-project] Validating volume size '1' using validate_int {{(pid=113309) _extract_size /opt/stack/cinder/cinder/volume/flows/api/create_volume.py:228}}
Sep 13 15:28:53.509525 dv-cinder-857434-2-smb devstack@c-api.service[113310]: /usr/local/lib/python3.8/dist-packages/oslo_context/context.py:100: DeprecationWarning: Policy enforcement is depending on the value of is_admin. This key is deprecated. Please update your policy file to use the standard policy values.
Sep 13 15:28:53.509525 dv-cinder-857434-2-smb devstack@c-api.service[113310]: warnings.warn('Policy enforcement is depending on the value of '
Sep 13 15:28:53.510882 dv-cinder-857434-2-smb devstack@c-api.service[113310]: INFO cinder.volume.api [None req-acc90d3b-4d2b-4e85-abae-d925278a05a7 tempest-VolumeManageAdminTest-1030872081 tempest-VolumeManageAdminTest-1030872081-project-admin] Volume info retrieved successfully.
Sep 13 15:28:53.548802 dv-cinder-857434-2-smb devstack@c-api.service[113309]: DEBUG cinder.volume.api [None req-c1ce08d2-2e9d-4855-b911-aefbb5678c19 tempest-VolumesTestJSON-135223881 tempest-VolumesTestJSON-135223881-project] Task 'cinder.volume.flows.api.create_volume.ExtractVolumeRequestTask;volume:create' (16ebe3ed-d552-4775-9fd9-688bd35cec47) transitioned into state 'SUCCESS' from state 'RUNNING' with result '{'size': 1, 'snapshot_id': None, 'source_volid': None, 'volume_type': VolumeType(created_at=2022-09-13T15:18:43Z,deleted=False,deleted_at=None,description='Default Volume Type',extra_specs={},id=270424e7-2bdd-43a7-879c-8d932bbe0e7a,is_public=True,name='__DEFAULT__',projects=[],qos_specs=,qos_specs_id=None,updated_at=2022-09-13T15:18:43Z), 'volume_type_id': '270424e7-2bdd-43a7-879c-8d932bbe0e7a', 'encryption_key_id': None, 'qos_specs': None, 'consistencygroup_id': None, 'cgsnapshot_id': None, 'group_id': None, 'replication_status': 'disabled', 'refresh_az': False, 'backup_id': None, 'multiattach': False, 'availability_zones': ['nova']}' {{(pid=113309) _task_receiver /usr/local/lib/python3.8/dist-packages/taskflow/listeners/logging.py:178}}
Sep 13 15:28:53.559991 dv-cinder-857434-2-smb devstack@c-api.service[113309]: DEBUG cinder.volume.api [None req-c1ce08d2-2e9d-4855-b911-aefbb5678c19 tempest-VolumesTestJSON-135223881 tempest-VolumesTestJSON-135223881-project] Task 'cinder.volume.flows.api.create_volume.QuotaReserveTask;volume:create' (848b8229-ec3f-4983-89be-9dae92e36640) transitioned into state 'RUNNING' from state 'PENDING' {{(pid=113309) _task_receiver /usr/local/lib/python3.8/dist-packages/taskflow/listeners/logging.py:190}}
Sep 13 15:28:53.602636 dv-cinder-857434-2-smb devstack@c-api.service[113310]: INFO cinder.volume.api [None req-acc90d3b-4d2b-4e85-abae-d925278a05a7 tempest-VolumeManageAdminTest-1030872081 tempest-VolumeManageAdminTest-1030872081-project-admin] Delete volume request issued successfully.
Sep 13 15:28:53.604725 dv-cinder-857434-2-smb devstack@c-api.service[113310]: INFO cinder.api.openstack.wsgi [None req-acc90d3b-4d2b-4e85-abae-d925278a05a7 tempest-VolumeManageAdminTest-1030872081 tempest-VolumeManageAdminTest-1030872081-project-admin] http://10.222.0.27/volume/v3/4fa72cc7370e41eba2d897de6d0b48ee/volumes/1c598804-7e57-4f1b-ab2b-ab98ab2dde5a/action returned with HTTP 202
Sep 13 15:28:53.605556 dv-cinder-857434-2-smb devstack@c-api.service[113310]: [pid: 113310|app: 0|req: 16/27] 10.222.0.27 () {60 vars in 1367 bytes} [Tue Sep 13 15:28:53 2022] POST /volume/v3/4fa72cc7370e41eba2d897de6d0b48ee/volumes/1c598804-7e57-4f1b-ab2b-ab98ab2dde5a/action => generated 0 bytes in 260 msecs (HTTP/1.1 202) 6 headers in 233 bytes (1 switches on core 0)
Sep 13 15:28:53.615445 dv-cinder-857434-2-smb devstack@c-api.service[113310]: DEBUG cinder.api.middleware.request_id [req-b5a2fabd-acfd-4e05-90e4-fb8cbcbfc7e9 req-a8e9e567-a8d4-4b60-9dea-342ff0865d7a None None] RequestId filter calling following filter/app {{(pid=113310) _context_setter /opt/stack/cinder/cinder/api/middleware/request_id.py:62}}
Sep 13 15:28:53.625186 dv-cinder-857434-2-smb devstack@c-api.service[113310]: INFO cinder.api.openstack.wsgi [req-b5a2fabd-acfd-4e05-90e4-fb8cbcbfc7e9 req-a8e9e567-a8d4-4b60-9dea-342ff0865d7a tempest-VolumesSnapshotsTestJSON-938713419 tempest-VolumesSnapshotsTestJSON-938713419-project] POST http://10.222.0.27/volume/v3/586040c6a539435eb5a3c601601f1fba/snapshots
Sep 13 15:28:53.629751 dv-cinder-857434-2-smb devstack@c-api.service[113310]: DEBUG cinder.api.openstack.wsgi [req-b5a2fabd-acfd-4e05-90e4-fb8cbcbfc7e9 req-a8e9e567-a8d4-4b60-9dea-342ff0865d7a tempest-VolumesSnapshotsTestJSON-938713419 tempest-VolumesSnapshotsTestJSON-938713419-project] Action: 'create', calling method: create, body: {"snapshot": {"volume_id": "a3708a13-7d93-49e1-b95e-ccd9b53588ea", "force": false, "name": "tempest-VolumesSnapshotsTestJSON-Snapshot-1618746370", "description": null, "metadata": {}}} {{(pid=113310) _process_stack /opt/stack/cinder/cinder/api/openstack/wsgi.py:866}}
Sep 13 15:28:53.672120 dv-cinder-857434-2-smb devstack@c-api.service[113310]: /usr/local/lib/python3.8/dist-packages/oslo_context/context.py:100: DeprecationWarning: Policy enforcement is depending on the value of is_admin. This key is deprecated. Please update your policy file to use the standard policy values.
Sep 13 15:28:53.672120 dv-cinder-857434-2-smb devstack@c-api.service[113310]: warnings.warn('Policy enforcement is depending on the value of '
Sep 13 15:28:53.677762 dv-cinder-857434-2-smb devstack@c-api.service[113310]: INFO cinder.volume.api [req-b5a2fabd-acfd-4e05-90e4-fb8cbcbfc7e9 req-a8e9e567-a8d4-4b60-9dea-342ff0865d7a tempest-VolumesSnapshotsTestJSON-938713419 tempest-VolumesSnapshotsTestJSON-938713419-project] Volume info retrieved successfully.
Sep 13 15:28:53.678231 dv-cinder-857434-2-smb devstack@c-api.service[113310]: INFO cinder.api.v3.snapshots [req-b5a2fabd-acfd-4e05-90e4-fb8cbcbfc7e9 req-a8e9e567-a8d4-4b60-9dea-342ff0865d7a tempest-VolumesSnapshotsTestJSON-938713419 tempest-VolumesSnapshotsTestJSON-938713419-project] Create snapshot from volume a3708a13-7d93-49e1-b95e-ccd9b53588ea
Sep 13 15:28:53.718379 dv-cinder-857434-2-smb devstack@c-api.service[113309]: DEBUG cinder.quota [None req-c1ce08d2-2e9d-4855-b911-aefbb5678c19 tempest-VolumesTestJSON-135223881 tempest-VolumesTestJSON-135223881-project] Created reservations ['e75aa10e-d31b-4a43-a5a6-9a7d080a752d', '9e9130cb-3a94-4892-854a-b610300db0dc', 'a24c6309-d85a-423b-8403-e2c28b51981d', 'cf218b24-12e0-4c77-995a-87072288ec70'] {{(pid=113309) reserve /opt/stack/cinder/cinder/quota.py:755}}
Sep 13 15:28:53.720108 dv-cinder-857434-2-smb devstack@c-api.service[113309]: DEBUG cinder.volume.api [None req-c1ce08d2-2e9d-4855-b911-aefbb5678c19 tempest-VolumesTestJSON-135223881 tempest-VolumesTestJSON-135223881-project] Task 'cinder.volume.flows.api.create_volume.QuotaReserveTask;volume:create' (848b8229-ec3f-4983-89be-9dae92e36640) transitioned into state 'SUCCESS' from state 'RUNNING' with result '{'reservations': ['e75aa10e-d31b-4a43-a5a6-9a7d080a752d', '9e9130cb-3a94-4892-854a-b610300db0dc', 'a24c6309-d85a-423b-8403-e2c28b51981d', 'cf218b24-12e0-4c77-995a-87072288ec70']}' {{(pid=113309) _task_receiver /usr/local/lib/python3.8/dist-packages/taskflow/listeners/logging.py:178}}
Sep 13 15:28:53.723171 dv-cinder-857434-2-smb devstack@c-api.service[113309]: DEBUG cinder.volume.api [None req-c1ce08d2-2e9d-4855-b911-aefbb5678c19 tempest-VolumesTestJSON-135223881 tempest-VolumesTestJSON-135223881-project] Task 'cinder.volume.flows.api.create_volume.EntryCreateTask;volume:create' (5f0bb9bd-fa87-4275-ba3d-f874942c8f01) transitioned into state 'RUNNING' from state 'PENDING' {{(pid=113309) _task_receiver /usr/local/lib/python3.8/dist-packages/taskflow/listeners/logging.py:190}}
Sep 13 15:28:53.760439 dv-cinder-857434-2-smb devstack@c-api.service[113310]: WARNING cinder.quota [req-b5a2fabd-acfd-4e05-90e4-fb8cbcbfc7e9 req-a8e9e567-a8d4-4b60-9dea-342ff0865d7a tempest-VolumesSnapshotsTestJSON-938713419 tempest-VolumesSnapshotsTestJSON-938713419-project] Deprecated: Default quota for resource: snapshots___DEFAULT__ is set by the default quota flag: quota_snapshots___DEFAULT__, it is now deprecated. Please use the default quota class for default quota.
Sep 13 15:28:53.780290 dv-cinder-857434-2-smb devstack@c-api.service[113309]: DEBUG cinder.volume.api [None req-c1ce08d2-2e9d-4855-b911-aefbb5678c19 tempest-VolumesTestJSON-135223881 tempest-VolumesTestJSON-135223881-project] Task 'cinder.volume.flows.api.create_volume.EntryCreateTask;volume:create' (5f0bb9bd-fa87-4275-ba3d-f874942c8f01) transitioned into state 'SUCCESS' from state 'RUNNING' with result '{'volume_id': 'ac31e323-3852-4ce2-b2e5-bd2604f3eeb4', 'volume_properties': VolumeProperties(attach_status='detached',availability_zone='nova',cgsnapshot_id=None,consistencygroup_id=None,display_description=None,display_name='tempest-VolumesTestJSON-volume-1935365673',encryption_key_id=None,group_id=None,group_type_id=,metadata={Type='work'},multiattach=False,project_id='5ee1ae8ffa4146e6a6a1b48ccd92af3d',qos_specs=None,replication_status=,reservations=['e75aa10e-d31b-4a43-a5a6-9a7d080a752d','9e9130cb-3a94-4892-854a-b610300db0dc','a24c6309-d85a-423b-8403-e2c28b51981d','cf218b24-12e0-4c77-995a-87072288ec70'],size=1,snapshot_id=None,source_replicaid=,source_volid=None,status='creating',user_id='0f80c49b77d1446d9ff42c5c4ddc82a8',volume_type_id=270424e7-2bdd-43a7-879c-8d932bbe0e7a), 'volume': Volume(_name_id=None,admin_metadata=,attach_status='detached',availability_zone='nova',bootable=False,cluster=,cluster_name=None,consistencygroup=,consistencygroup_id=None,created_at=2022-09-13T15:28:53Z,deleted=False,deleted_at=None,display_description=None,display_name='tempest-VolumesTestJSON-volume-1935365673',ec2_id=None,encryption_key_id=None,glance_metadata=,group=,group_id=None,host=None,id=ac31e323-3852-4ce2-b2e5-bd2604f3eeb4,launched_at=None,metadata={Type='work'},migration_status=None,multiattach=False,previous_status=None,project_id='5ee1ae8ffa4146e6a6a1b48ccd92af3d',provider_auth=None,provider_geometry=None,provider_id=None,provider_location=None,replication_driver_data=None,replication_extended_status=None,replication_status=None,scheduled_at=None,service_uuid=None,shared_targets=True,size=1,snapshot_id=None,snapshots=,source_volid=None,status='creating',terminated_at=None,updated_at=None,use_quota=True,user_id='0f80c49b77d1446d9ff42c5c4ddc82a8',volume_attachment=VolumeAttachmentList,volume_type=VolumeType(270424e7-2bdd-43a7-879c-8d932bbe0e7a),volume_type_id=270424e7-2bdd-43a7-879c-8d932bbe0e7a)}' {{(pid=113309) _task_receiver /usr/local/lib/python3.8/dist-packages/taskflow/listeners/logging.py:178}}
Sep 13 15:28:53.786796 dv-cinder-857434-2-smb devstack@c-api.service[113309]: DEBUG cinder.volume.api [None req-c1ce08d2-2e9d-4855-b911-aefbb5678c19 tempest-VolumesTestJSON-135223881 tempest-VolumesTestJSON-135223881-project] Task 'cinder.volume.flows.api.create_volume.QuotaCommitTask;volume:create' (edddc13b-7ee4-4096-8f21-6b7ec664b3af) transitioned into state 'RUNNING' from state 'PENDING' {{(pid=113309) _task_receiver /usr/local/lib/python3.8/dist-packages/taskflow/listeners/logging.py:190}}
Sep 13 15:28:53.868774 dv-cinder-857434-2-smb devstack@c-api.service[113310]: DEBUG cinder.quota [req-b5a2fabd-acfd-4e05-90e4-fb8cbcbfc7e9 req-a8e9e567-a8d4-4b60-9dea-342ff0865d7a tempest-VolumesSnapshotsTestJSON-938713419 tempest-VolumesSnapshotsTestJSON-938713419-project] Created reservations ['48f49d70-e1f7-46e4-8ee7-f8d089a902c6', '416412ea-7f03-47a4-b6df-d6738e62aa28', '61cb7c09-17e9-4dd7-a8e8-58d62cee8f0a', 'd4fe1dde-2a1d-4d99-a998-760c70cebab1'] {{(pid=113310) reserve /opt/stack/cinder/cinder/quota.py:755}}
Sep 13 15:28:53.871640 dv-cinder-857434-2-smb devstack@c-api.service[113309]: DEBUG dbcounter [-] [113309] Writing DB stats cinder:SELECT=75,cinder:INSERT=8,cinder:UPDATE=17 {{(pid=113309) stat_writer /usr/local/lib/python3.8/dist-packages/dbcounter.py:114}}
Sep 13 15:28:53.910574 dv-cinder-857434-2-smb devstack@c-api.service[113309]: DEBUG cinder.volume.api [None req-c1ce08d2-2e9d-4855-b911-aefbb5678c19 tempest-VolumesTestJSON-135223881 tempest-VolumesTestJSON-135223881-project] Task 'cinder.volume.flows.api.create_volume.QuotaCommitTask;volume:create' (edddc13b-7ee4-4096-8f21-6b7ec664b3af) transitioned into state 'SUCCESS' from state 'RUNNING' with result '{'volume_properties': VolumeProperties(attach_status='detached',availability_zone='nova',cgsnapshot_id=None,consistencygroup_id=None,display_description=None,display_name='tempest-VolumesTestJSON-volume-1935365673',encryption_key_id=None,group_id=None,group_type_id=,metadata={Type='work'},multiattach=False,project_id='5ee1ae8ffa4146e6a6a1b48ccd92af3d',qos_specs=None,replication_status=,reservations=['e75aa10e-d31b-4a43-a5a6-9a7d080a752d','9e9130cb-3a94-4892-854a-b610300db0dc','a24c6309-d85a-423b-8403-e2c28b51981d','cf218b24-12e0-4c77-995a-87072288ec70'],size=1,snapshot_id=None,source_replicaid=,source_volid=None,status='creating',user_id='0f80c49b77d1446d9ff42c5c4ddc82a8',volume_type_id=270424e7-2bdd-43a7-879c-8d932bbe0e7a)}' {{(pid=113309) _task_receiver /usr/local/lib/python3.8/dist-packages/taskflow/listeners/logging.py:178}}
Sep 13 15:28:53.917457 dv-cinder-857434-2-smb devstack@c-api.service[113309]: DEBUG cinder.volume.api [None req-c1ce08d2-2e9d-4855-b911-aefbb5678c19 tempest-VolumesTestJSON-135223881 tempest-VolumesTestJSON-135223881-project] Task 'cinder.volume.flows.api.create_volume.VolumeCastTask;volume:create' (f2cd3e05-c5af-4330-a63a-942d6c00c64b) transitioned into state 'RUNNING' from state 'PENDING' {{(pid=113309) _task_receiver /usr/local/lib/python3.8/dist-packages/taskflow/listeners/logging.py:190}}
Sep 13 15:28:53.956097 dv-cinder-857434-2-smb devstack@c-api.service[113309]: DEBUG cinder.volume.api [None req-c1ce08d2-2e9d-4855-b911-aefbb5678c19 tempest-VolumesTestJSON-135223881 tempest-VolumesTestJSON-135223881-project] Task 'cinder.volume.flows.api.create_volume.VolumeCastTask;volume:create' (f2cd3e05-c5af-4330-a63a-942d6c00c64b) transitioned into state 'SUCCESS' from state 'RUNNING' with result 'None' {{(pid=113309) _task_receiver /usr/local/lib/python3.8/dist-packages/taskflow/listeners/logging.py:178}}
Sep 13 15:28:53.960424 dv-cinder-857434-2-smb devstack@c-api.service[113309]: DEBUG cinder.volume.api [None req-c1ce08d2-2e9d-4855-b911-aefbb5678c19 tempest-VolumesTestJSON-135223881 tempest-VolumesTestJSON-135223881-project] Flow 'volume_create_api' (6c97cd3f-cb13-4a2e-bef0-27ec2c81a2f2) transitioned into state 'SUCCESS' from state 'RUNNING' {{(pid=113309) _flow_receiver /usr/local/lib/python3.8/dist-packages/taskflow/listeners/logging.py:141}}
Sep 13 15:28:53.963814 dv-cinder-857434-2-smb devstack@c-api.service[113309]: INFO cinder.volume.api [None req-c1ce08d2-2e9d-4855-b911-aefbb5678c19 tempest-VolumesTestJSON-135223881 tempest-VolumesTestJSON-135223881-project] Create volume request issued successfully.
Sep 13 15:28:53.968312 dv-cinder-857434-2-smb devstack@c-api.service[113309]: INFO cinder.api.openstack.wsgi [None req-c1ce08d2-2e9d-4855-b911-aefbb5678c19 tempest-VolumesTestJSON-135223881 tempest-VolumesTestJSON-135223881-project] http://10.222.0.27/volume/v3/5ee1ae8ffa4146e6a6a1b48ccd92af3d/volumes returned with HTTP 202
Sep 13 15:28:53.985221 dv-cinder-857434-2-smb devstack@c-api.service[113309]: [pid: 113309|app: 0|req: 12/28] 10.222.0.27 () {60 vars in 1236 bytes} [Tue Sep 13 15:28:53 2022] POST /volume/v3/5ee1ae8ffa4146e6a6a1b48ccd92af3d/volumes => generated 829 bytes in 638 msecs (HTTP/1.1 202) 7 headers in 291 bytes (1 switches on core 0)
Sep 13 15:28:53.985221 dv-cinder-857434-2-smb devstack@c-api.service[113309]: DEBUG cinder.api.middleware.request_id [None req-eed6172a-8125-4d1e-bd1d-e8032638d018 None None] RequestId filter calling following filter/app {{(pid=113309) _context_setter /opt/stack/cinder/cinder/api/middleware/request_id.py:62}}
Sep 13 15:28:53.988840 dv-cinder-857434-2-smb devstack@c-api.service[113309]: INFO cinder.api.openstack.wsgi [None req-eed6172a-8125-4d1e-bd1d-e8032638d018 tempest-VolumeManageAdminTest-1030872081 tempest-VolumeManageAdminTest-1030872081-project-admin] GET http://10.222.0.27/volume/v3/4fa72cc7370e41eba2d897de6d0b48ee/volumes/1c598804-7e57-4f1b-ab2b-ab98ab2dde5a
Sep 13 15:28:53.990990 dv-cinder-857434-2-smb devstack@c-api.service[113309]: DEBUG cinder.api.openstack.wsgi [None req-eed6172a-8125-4d1e-bd1d-e8032638d018 tempest-VolumeManageAdminTest-1030872081 tempest-VolumeManageAdminTest-1030872081-project-admin] Empty body provided in request {{(pid=113309) get_body /opt/stack/cinder/cinder/api/openstack/wsgi.py:715}}
Sep 13 15:28:53.991558 dv-cinder-857434-2-smb devstack@c-api.service[113309]: DEBUG cinder.api.openstack.wsgi [None req-eed6172a-8125-4d1e-bd1d-e8032638d018 tempest-VolumeManageAdminTest-1030872081 tempest-VolumeManageAdminTest-1030872081-project-admin] Calling method 'show' {{(pid=113309) _process_stack /opt/stack/cinder/cinder/api/openstack/wsgi.py:868}}
Sep 13 15:28:54.026174 dv-cinder-857434-2-smb devstack@c-api.service[113309]: INFO cinder.api.openstack.wsgi [None req-eed6172a-8125-4d1e-bd1d-e8032638d018 tempest-VolumeManageAdminTest-1030872081 tempest-VolumeManageAdminTest-1030872081-project-admin] http://10.222.0.27/volume/v3/4fa72cc7370e41eba2d897de6d0b48ee/volumes/1c598804-7e57-4f1b-ab2b-ab98ab2dde5a returned with HTTP 404
Sep 13 15:28:54.029828 dv-cinder-857434-2-smb devstack@c-api.service[113309]: [pid: 113309|app: 0|req: 13/29] 10.222.0.27 () {58 vars in 1325 bytes} [Tue Sep 13 15:28:53 2022] GET /volume/v3/4fa72cc7370e41eba2d897de6d0b48ee/volumes/1c598804-7e57-4f1b-ab2b-ab98ab2dde5a => generated 109 bytes in 58 msecs (HTTP/1.1 404) 7 headers in 292 bytes (1 switches on core 0)
Sep 13 15:28:54.033690 dv-cinder-857434-2-smb devstack@c-api.service[113309]: DEBUG cinder.api.middleware.request_id [None req-ff8496e1-6aca-4ab3-af54-70cd26d8e8c5 None None] RequestId filter calling following filter/app {{(pid=113309) _context_setter /opt/stack/cinder/cinder/api/middleware/request_id.py:62}}
Sep 13 15:28:54.044899 dv-cinder-857434-2-smb devstack@c-api.service[113309]: INFO cinder.api.openstack.wsgi [None req-ff8496e1-6aca-4ab3-af54-70cd26d8e8c5 tempest-VolumesTestJSON-135223881 tempest-VolumesTestJSON-135223881-project] GET http://10.222.0.27/volume/v3/5ee1ae8ffa4146e6a6a1b48ccd92af3d/volumes/ac31e323-3852-4ce2-b2e5-bd2604f3eeb4
Sep 13 15:28:54.045921 dv-cinder-857434-2-smb devstack@c-api.service[113309]: DEBUG cinder.api.openstack.wsgi [None req-ff8496e1-6aca-4ab3-af54-70cd26d8e8c5 tempest-VolumesTestJSON-135223881 tempest-VolumesTestJSON-135223881-project] Empty body provided in request {{(pid=113309) get_body /opt/stack/cinder/cinder/api/openstack/wsgi.py:715}}
Sep 13 15:28:54.047062 dv-cinder-857434-2-smb devstack@c-api.service[113309]: DEBUG cinder.api.openstack.wsgi [None req-ff8496e1-6aca-4ab3-af54-70cd26d8e8c5 tempest-VolumesTestJSON-135223881 tempest-VolumesTestJSON-135223881-project] Calling method 'show' {{(pid=113309) _process_stack /opt/stack/cinder/cinder/api/openstack/wsgi.py:868}}
Sep 13 15:28:54.069829 dv-cinder-857434-2-smb devstack@c-api.service[113310]: DEBUG dbcounter [-] [113310] Writing DB stats cinder:UPDATE=20,cinder:INSERT=12,cinder:SELECT=68 {{(pid=113310) stat_writer /usr/local/lib/python3.8/dist-packages/dbcounter.py:114}}
Sep 13 15:28:54.091983 dv-cinder-857434-2-smb devstack@c-api.service[113310]: INFO cinder.volume.api [req-b5a2fabd-acfd-4e05-90e4-fb8cbcbfc7e9 req-a8e9e567-a8d4-4b60-9dea-342ff0865d7a tempest-VolumesSnapshotsTestJSON-938713419 tempest-VolumesSnapshotsTestJSON-938713419-project] Snapshot create request issued successfully.
Sep 13 15:28:54.094732 dv-cinder-857434-2-smb devstack@c-api.service[113310]: INFO cinder.api.openstack.wsgi [req-b5a2fabd-acfd-4e05-90e4-fb8cbcbfc7e9 req-a8e9e567-a8d4-4b60-9dea-342ff0865d7a tempest-VolumesSnapshotsTestJSON-938713419 tempest-VolumesSnapshotsTestJSON-938713419-project] http://10.222.0.27/volume/v3/586040c6a539435eb5a3c601601f1fba/snapshots returned with HTTP 202
Sep 13 15:28:54.096092 dv-cinder-857434-2-smb devstack@c-api.service[113310]: [pid: 113310|app: 0|req: 17/30] 10.222.0.27 () {64 vars in 1527 bytes} [Tue Sep 13 15:28:53 2022] POST /volume/v3/586040c6a539435eb5a3c601601f1fba/snapshots => generated 311 bytes in 490 msecs (HTTP/1.1 202) 7 headers in 291 bytes (1 switches on core 0)
Sep 13 15:28:54.113580 dv-cinder-857434-2-smb devstack@c-api.service[113310]: DEBUG cinder.api.middleware.request_id [None req-2d28520c-a4e9-4f12-ab2b-252e6fc6e700 None None] RequestId filter calling following filter/app {{(pid=113310) _context_setter /opt/stack/cinder/cinder/api/middleware/request_id.py:62}}
Sep 13 15:28:54.128731 dv-cinder-857434-2-smb devstack@c-api.service[113310]: INFO cinder.api.openstack.wsgi [None req-2d28520c-a4e9-4f12-ab2b-252e6fc6e700 tempest-VolumeManageAdminTest-1030872081 tempest-VolumeManageAdminTest-1030872081-project-admin] GET http://10.222.0.27/volume/v3/4fa72cc7370e41eba2d897de6d0b48ee/volumes/detail?all_tenants=1
Sep 13 15:28:54.129200 dv-cinder-857434-2-smb devstack@c-api.service[113310]: DEBUG cinder.api.openstack.wsgi [None req-2d28520c-a4e9-4f12-ab2b-252e6fc6e700 tempest-VolumeManageAdminTest-1030872081 tempest-VolumeManageAdminTest-1030872081-project-admin] Empty body provided in request {{(pid=113310) get_body /opt/stack/cinder/cinder/api/openstack/wsgi.py:715}}
Sep 13 15:28:54.130259 dv-cinder-857434-2-smb devstack@c-api.service[113310]: DEBUG cinder.api.openstack.wsgi [None req-2d28520c-a4e9-4f12-ab2b-252e6fc6e700 tempest-VolumeManageAdminTest-1030872081 tempest-VolumeManageAdminTest-1030872081-project-admin] Calling method 'detail' {{(pid=113310) _process_stack /opt/stack/cinder/cinder/api/openstack/wsgi.py:868}}
Sep 13 15:28:54.132318 dv-cinder-857434-2-smb devstack@c-api.service[113310]: /usr/local/lib/python3.8/dist-packages/oslo_context/context.py:100: DeprecationWarning: Policy enforcement is depending on the value of is_admin. This key is deprecated. Please update your policy file to use the standard policy values.
Sep 13 15:28:54.132318 dv-cinder-857434-2-smb devstack@c-api.service[113310]: warnings.warn('Policy enforcement is depending on the value of '
Sep 13 15:28:54.133066 dv-cinder-857434-2-smb devstack@c-api.service[113310]: DEBUG cinder.volume.api [None req-2d28520c-a4e9-4f12-ab2b-252e6fc6e700 tempest-VolumeManageAdminTest-1030872081 tempest-VolumeManageAdminTest-1030872081-project-admin] Searching by: MultiDict([('all_tenants', 1)]). {{(pid=113310) get_all /opt/stack/cinder/cinder/volume/api.py:664}}
Sep 13 15:28:54.137361 dv-cinder-857434-2-smb devstack@c-api.service[113309]: /usr/local/lib/python3.8/dist-packages/oslo_context/context.py:100: DeprecationWarning: Policy enforcement is depending on the value of is_admin. This key is deprecated. Please update your policy file to use the standard policy values.
Sep 13 15:28:54.137361 dv-cinder-857434-2-smb devstack@c-api.service[113309]: warnings.warn('Policy enforcement is depending on the value of '
Sep 13 15:28:54.177690 dv-cinder-857434-2-smb devstack@c-api.service[113309]: INFO cinder.volume.api [None req-ff8496e1-6aca-4ab3-af54-70cd26d8e8c5 tempest-VolumesTestJSON-135223881 tempest-VolumesTestJSON-135223881-project] Volume info retrieved successfully.
Sep 13 15:28:54.215352 dv-cinder-857434-2-smb devstack@c-api.service[113309]: INFO cinder.api.openstack.wsgi [None req-ff8496e1-6aca-4ab3-af54-70cd26d8e8c5 tempest-VolumesTestJSON-135223881 tempest-VolumesTestJSON-135223881-project] http://10.222.0.27/volume/v3/5ee1ae8ffa4146e6a6a1b48ccd92af3d/volumes/ac31e323-3852-4ce2-b2e5-bd2604f3eeb4 returned with HTTP 200
Sep 13 15:28:54.232021 dv-cinder-857434-2-smb devstack@c-api.service[113309]: [pid: 113309|app: 0|req: 14/31] 10.222.0.27 () {58 vars in 1325 bytes} [Tue Sep 13 15:28:54 2022] GET /volume/v3/5ee1ae8ffa4146e6a6a1b48ccd92af3d/volumes/ac31e323-3852-4ce2-b2e5-bd2604f3eeb4 => generated 897 bytes in 201 msecs (HTTP/1.1 200) 7 headers in 285 bytes (1 switches on core 0)
