Sep 13 06:54:25.134338 dv-cinder-856941-4-iscsi devstack@g-api.service[114584]: INFO dbcounter [None req-4f3482b7-9944-43fe-b40f-2d6c4b249a9b admin admin] Registered counter for database glance
Sep 13 06:54:25.154383 dv-cinder-856941-4-iscsi devstack@g-api.service[114584]: DEBUG oslo_db.sqlalchemy.engines [None req-4f3482b7-9944-43fe-b40f-2d6c4b249a9b admin admin] MySQL server mode set to STRICT_TRANS_TABLES,STRICT_ALL_TABLES,NO_ZERO_IN_DATE,NO_ZERO_DATE,ERROR_FOR_DIVISION_BY_ZERO,TRADITIONAL,NO_ENGINE_SUBSTITUTION {{(pid=114584) _check_effective_sql_mode /usr/local/lib/python3.8/dist-packages/oslo_db/sqlalchemy/engines.py:314}}
Sep 13 06:54:25.161224 dv-cinder-856941-4-iscsi devstack@g-api.service[114584]: DEBUG dbcounter [-] [114584] Writer thread running {{(pid=114584) stat_writer /usr/local/lib/python3.8/dist-packages/dbcounter.py:99}}
Sep 13 06:54:25.366418 dv-cinder-856941-4-iscsi devstack@g-api.service[114584]: [pid: 114584|app: 0|req: 1/3] 127.0.0.1 () {40 vars in 784 bytes} [Tue Sep 13 06:54:24 2022] POST /v2/images => generated 776 bytes in 920 msecs (HTTP/1.1 201) 6 headers in 314 bytes (1 switches on core 0)
Sep 13 06:54:25.375405 dv-cinder-856941-4-iscsi devstack@g-api.service[114585]: DEBUG glance.api.middleware.version_negotiation [None req-878cc743-92d6-4340-a5bf-1ba187f7666a None None] Determining version of request: PUT /v2/images/19a6700e-e153-4bea-87aa-036bfccf0ecd/file Accept: {{(pid=114585) process_request /opt/stack/glance/glance/api/middleware/version_negotiation.py:44}}
Sep 13 06:54:25.376098 dv-cinder-856941-4-iscsi devstack@g-api.service[114585]: DEBUG glance.api.middleware.version_negotiation [None req-878cc743-92d6-4340-a5bf-1ba187f7666a None None] Using url versioning {{(pid=114585) process_request /opt/stack/glance/glance/api/middleware/version_negotiation.py:57}}
Sep 13 06:54:25.377147 dv-cinder-856941-4-iscsi devstack@g-api.service[114585]: DEBUG glance.api.middleware.version_negotiation [None req-878cc743-92d6-4340-a5bf-1ba187f7666a None None] Matched version: v2 {{(pid=114585) process_request /opt/stack/glance/glance/api/middleware/version_negotiation.py:69}}
Sep 13 06:54:25.377779 dv-cinder-856941-4-iscsi devstack@g-api.service[114585]: DEBUG glance.api.middleware.version_negotiation [None req-878cc743-92d6-4340-a5bf-1ba187f7666a None None] new path /v2/images/19a6700e-e153-4bea-87aa-036bfccf0ecd/file {{(pid=114585) process_request /opt/stack/glance/glance/api/middleware/version_negotiation.py:70}}
Sep 13 06:54:25.484230 dv-cinder-856941-4-iscsi devstack@g-api.service[114585]: INFO dbcounter [None req-a588b62f-75df-4fc8-80a6-84f1bf4f7b33 admin admin] Registered counter for database glance
Sep 13 06:54:25.506009 dv-cinder-856941-4-iscsi devstack@g-api.service[114585]: DEBUG oslo_db.sqlalchemy.engines [None req-a588b62f-75df-4fc8-80a6-84f1bf4f7b33 admin admin] MySQL server mode set to STRICT_TRANS_TABLES,STRICT_ALL_TABLES,NO_ZERO_IN_DATE,NO_ZERO_DATE,ERROR_FOR_DIVISION_BY_ZERO,TRADITIONAL,NO_ENGINE_SUBSTITUTION {{(pid=114585) _check_effective_sql_mode /usr/local/lib/python3.8/dist-packages/oslo_db/sqlalchemy/engines.py:314}}
Sep 13 06:54:25.517174 dv-cinder-856941-4-iscsi devstack@g-api.service[114585]: DEBUG dbcounter [-] [114585] Writer thread running {{(pid=114585) stat_writer /usr/local/lib/python3.8/dist-packages/dbcounter.py:99}}
Sep 13 06:54:25.678884 dv-cinder-856941-4-iscsi devstack@g-api.service[114585]: INFO glance.api.v2.image_data [None req-a588b62f-75df-4fc8-80a6-84f1bf4f7b33 admin admin] Unable to create trust: no such option collect_timing in group [keystone_authtoken] Use the existing user token.
Sep 13 06:54:25.742914 dv-cinder-856941-4-iscsi devstack@g-api.service[114585]: DEBUG glance.location [None req-a588b62f-75df-4fc8-80a6-84f1bf4f7b33 admin admin] Enabling in-flight format inspection for vhdx {{(pid=114585) set_data /opt/stack/glance/glance/location.py:581}}
Sep 13 06:54:25.743511 dv-cinder-856941-4-iscsi devstack@g-api.service[114585]: DEBUG glance_store.backend [None req-a588b62f-75df-4fc8-80a6-84f1bf4f7b33 admin admin] Attempting to import store swift {{(pid=114585) _load_store /usr/local/lib/python3.8/dist-packages/glance_store/backend.py:216}}
Sep 13 06:54:25.746568 dv-cinder-856941-4-iscsi devstack@g-api.service[114585]: DEBUG glance_store.capabilities [None req-a588b62f-75df-4fc8-80a6-84f1bf4f7b33 admin admin] Store glance_store._drivers.swift.store.SingleTenantStore doesn't support updating dynamic storage capabilities. Please overwrite 'update_capabilities' method of the store to implement updating logics if needed. {{(pid=114585) update_capabilities /usr/local/lib/python3.8/dist-packages/glance_store/capabilities.py:91}}
Sep 13 06:54:25.746837 dv-cinder-856941-4-iscsi devstack@g-api.service[114585]: DEBUG glance_store.driver [None req-a588b62f-75df-4fc8-80a6-84f1bf4f7b33 admin admin] Late loading location class glance_store._drivers.swift.store.StoreLocation {{(pid=114585) get_store_location_class /usr/local/lib/python3.8/dist-packages/glance_store/driver.py:116}}
Sep 13 06:54:25.747109 dv-cinder-856941-4-iscsi devstack@g-api.service[114585]: DEBUG glance_store.location [None req-a588b62f-75df-4fc8-80a6-84f1bf4f7b33 admin admin] Registering scheme swift+https with {'store': , 'location_class': , 'store_entry': 'swift'} {{(pid=114585) register_scheme_map /usr/local/lib/python3.8/dist-packages/glance_store/location.py:146}}
Sep 13 06:54:25.747357 dv-cinder-856941-4-iscsi devstack@g-api.service[114585]: DEBUG glance_store.location [None req-a588b62f-75df-4fc8-80a6-84f1bf4f7b33 admin admin] Registering scheme swift+https with {'store': , 'location_class': , 'store_entry': 'swift'} {{(pid=114585) register_scheme_map /usr/local/lib/python3.8/dist-packages/glance_store/location.py:146}}
Sep 13 06:54:25.747598 dv-cinder-856941-4-iscsi devstack@g-api.service[114585]: DEBUG glance_store.location [None req-a588b62f-75df-4fc8-80a6-84f1bf4f7b33 admin admin] Registering scheme swift with {'store': , 'location_class': , 'store_entry': 'swift'} {{(pid=114585) register_scheme_map /usr/local/lib/python3.8/dist-packages/glance_store/location.py:146}}
Sep 13 06:54:25.747864 dv-cinder-856941-4-iscsi devstack@g-api.service[114585]: DEBUG glance_store.location [None req-a588b62f-75df-4fc8-80a6-84f1bf4f7b33 admin admin] Registering scheme swift+https with {'store': , 'location_class': , 'store_entry': 'swift'} {{(pid=114585) register_scheme_map /usr/local/lib/python3.8/dist-packages/glance_store/location.py:146}}
Sep 13 06:54:25.748093 dv-cinder-856941-4-iscsi devstack@g-api.service[114585]: DEBUG glance_store.location [None req-a588b62f-75df-4fc8-80a6-84f1bf4f7b33 admin admin] Registering scheme swift with {'store': , 'location_class': , 'store_entry': 'swift'} {{(pid=114585) register_scheme_map /usr/local/lib/python3.8/dist-packages/glance_store/location.py:146}}
Sep 13 06:54:25.748323 dv-cinder-856941-4-iscsi devstack@g-api.service[114585]: DEBUG glance_store.location [None req-a588b62f-75df-4fc8-80a6-84f1bf4f7b33 admin admin] Registering scheme swift+http with {'store': , 'location_class': , 'store_entry': 'swift'} {{(pid=114585) register_scheme_map /usr/local/lib/python3.8/dist-packages/glance_store/location.py:146}}
Sep 13 06:54:25.748588 dv-cinder-856941-4-iscsi devstack@g-api.service[114585]: DEBUG glance_store.location [None req-a588b62f-75df-4fc8-80a6-84f1bf4f7b33 admin admin] Registering scheme swift+https with {'store': , 'location_class': , 'store_entry': 'swift'} {{(pid=114585) register_scheme_map /usr/local/lib/python3.8/dist-packages/glance_store/location.py:146}}
Sep 13 06:54:25.748819 dv-cinder-856941-4-iscsi devstack@g-api.service[114585]: DEBUG glance_store.location [None req-a588b62f-75df-4fc8-80a6-84f1bf4f7b33 admin admin] Registering scheme swift with {'store': , 'location_class': , 'store_entry': 'swift'} {{(pid=114585) register_scheme_map /usr/local/lib/python3.8/dist-packages/glance_store/location.py:146}}
Sep 13 06:54:25.749048 dv-cinder-856941-4-iscsi devstack@g-api.service[114585]: DEBUG glance_store.location [None req-a588b62f-75df-4fc8-80a6-84f1bf4f7b33 admin admin] Registering scheme swift+http with {'store': , 'location_class': , 'store_entry': 'swift'} {{(pid=114585) register_scheme_map /usr/local/lib/python3.8/dist-packages/glance_store/location.py:146}}
Sep 13 06:54:25.749277 dv-cinder-856941-4-iscsi devstack@g-api.service[114585]: DEBUG glance_store.location [None req-a588b62f-75df-4fc8-80a6-84f1bf4f7b33 admin admin] Registering scheme swift+config with {'store': , 'location_class': , 'store_entry': 'swift'} {{(pid=114585) register_scheme_map /usr/local/lib/python3.8/dist-packages/glance_store/location.py:146}}
Sep 13 06:54:26.435413 dv-cinder-856941-4-iscsi devstack@g-api.service[114585]: INFO swiftclient [None req-a588b62f-75df-4fc8-80a6-84f1bf4f7b33 admin admin] REQ: curl -i http://10.222.0.25:8080/v1/AUTH_d05778d5266247d29f296ce5c9792b7e/glance -I -H "X-Auth-Token: gAAAAABjICkhq_qD..."
Sep 13 06:54:26.435662 dv-cinder-856941-4-iscsi devstack@g-api.service[114585]: INFO swiftclient [None req-a588b62f-75df-4fc8-80a6-84f1bf4f7b33 admin admin] RESP STATUS: 404 Not Found
Sep 13 06:54:26.436015 dv-cinder-856941-4-iscsi devstack@g-api.service[114585]: INFO swiftclient [None req-a588b62f-75df-4fc8-80a6-84f1bf4f7b33 admin admin] RESP HEADERS: {'Content-Type': 'text/html; charset=UTF-8', 'Content-Length': '0', 'X-Trans-Id': 'tx27c8ebb663744a7da90d0-0063202921', 'X-Openstack-Request-Id': 'tx27c8ebb663744a7da90d0-0063202921', 'Date': 'Tue, 13 Sep 2022 06:54:26 GMT'}
Sep 13 06:54:26.436498 dv-cinder-856941-4-iscsi devstack@g-api.service[114585]: INFO glance_store._drivers.swift.store [None req-a588b62f-75df-4fc8-80a6-84f1bf4f7b33 admin admin] Creating swift container glance
Sep 13 06:54:26.515868 dv-cinder-856941-4-iscsi devstack@g-api.service[114585]: DEBUG swiftclient [None req-a588b62f-75df-4fc8-80a6-84f1bf4f7b33 admin admin] REQ: curl -i http://10.222.0.25:8080/v1/AUTH_d05778d5266247d29f296ce5c9792b7e/glance -X PUT -H "X-Auth-Token: gAAAAABjICkhq_qD..." -H "Content-Length: 0" {{(pid=114585) http_log /usr/local/lib/python3.8/dist-packages/swiftclient/client.py:157}}
Sep 13 06:54:26.516477 dv-cinder-856941-4-iscsi devstack@g-api.service[114585]: DEBUG swiftclient [None req-a588b62f-75df-4fc8-80a6-84f1bf4f7b33 admin admin] RESP STATUS: 201 Created {{(pid=114585) http_log /usr/local/lib/python3.8/dist-packages/swiftclient/client.py:158}}
Sep 13 06:54:26.516477 dv-cinder-856941-4-iscsi devstack@g-api.service[114585]: DEBUG swiftclient [None req-a588b62f-75df-4fc8-80a6-84f1bf4f7b33 admin admin] RESP HEADERS: {'Content-Type': 'text/html; charset=UTF-8', 'Content-Length': '0', 'X-Trans-Id': 'tx30887127bb5e4e62ad925-0063202922', 'X-Openstack-Request-Id': 'tx30887127bb5e4e62ad925-0063202922', 'Date': 'Tue, 13 Sep 2022 06:54:26 GMT'} {{(pid=114585) http_log /usr/local/lib/python3.8/dist-packages/swiftclient/client.py:159}}
Sep 13 06:54:26.516720 dv-cinder-856941-4-iscsi devstack@g-api.service[114585]: DEBUG glance_store._drivers.swift.store [None req-a588b62f-75df-4fc8-80a6-84f1bf4f7b33 admin admin] Adding image object '19a6700e-e153-4bea-87aa-036bfccf0ecd' to Swift {{(pid=114585) add /usr/local/lib/python3.8/dist-packages/glance_store/_drivers/swift/store.py:941}}
Sep 13 06:54:35.337882 dv-cinder-856941-4-iscsi devstack@g-api.service[114584]: DEBUG dbcounter [-] [114584] Writing DB stats glance:SELECT=7,glance:INSERT=5 {{(pid=114584) stat_writer /usr/local/lib/python3.8/dist-packages/dbcounter.py:114}}
Sep 13 06:54:35.717263 dv-cinder-856941-4-iscsi devstack@g-api.service[114585]: DEBUG dbcounter [-] [114585] Writing DB stats glance:SELECT=13,glance:UPDATE=1 {{(pid=114585) stat_writer /usr/local/lib/python3.8/dist-packages/dbcounter.py:114}}
Sep 13 06:54:41.257134 dv-cinder-856941-4-iscsi devstack@g-api.service[114585]: DEBUG swiftclient [None req-a588b62f-75df-4fc8-80a6-84f1bf4f7b33 admin admin] REQ: curl -i http://10.222.0.25:8080/v1/AUTH_d05778d5266247d29f296ce5c9792b7e/glance/19a6700e-e153-4bea-87aa-036bfccf0ecd -X PUT -H "X-Auth-Token: gAAAAABjICkhq_qD..." -H "Content-Length: 645922816" {{(pid=114585) http_log /usr/local/lib/python3.8/dist-packages/swiftclient/client.py:157}}
Sep 13 06:54:41.257638 dv-cinder-856941-4-iscsi devstack@g-api.service[114585]: DEBUG swiftclient [None req-a588b62f-75df-4fc8-80a6-84f1bf4f7b33 admin admin] RESP STATUS: 201 Created {{(pid=114585) http_log /usr/local/lib/python3.8/dist-packages/swiftclient/client.py:158}}
Sep 13 06:54:41.257727 dv-cinder-856941-4-iscsi devstack@g-api.service[114585]: DEBUG swiftclient [None req-a588b62f-75df-4fc8-80a6-84f1bf4f7b33 admin admin] RESP HEADERS: {'Content-Type': 'text/html; charset=UTF-8', 'Content-Length': '0', 'Etag': '318f990048c8a194829e52141534610d', 'Last-Modified': 'Tue, 13 Sep 2022 06:54:27 GMT', 'X-Trans-Id': 'txc81eaddd03b84dacab16f-0063202922', 'X-Openstack-Request-Id': 'txc81eaddd03b84dacab16f-0063202922', 'Date': 'Tue, 13 Sep 2022 06:54:41 GMT'} {{(pid=114585) http_log /usr/local/lib/python3.8/dist-packages/swiftclient/client.py:159}}
Sep 13 06:54:41.258441 dv-cinder-856941-4-iscsi devstack@g-api.service[114585]: INFO glance.location [None req-a588b62f-75df-4fc8-80a6-84f1bf4f7b33 admin admin] Image format matched and virtual size computed: 734003200
Sep 13 06:54:41.309196 dv-cinder-856941-4-iscsi devstack@g-api.service[114585]: DEBUG glance_store.backend [None req-a588b62f-75df-4fc8-80a6-84f1bf4f7b33 admin admin] Attempting to import store swift {{(pid=114585) _load_store /usr/local/lib/python3.8/dist-packages/glance_store/backend.py:216}}
Sep 13 06:54:41.312114 dv-cinder-856941-4-iscsi devstack@g-api.service[114585]: DEBUG glance_store.capabilities [None req-a588b62f-75df-4fc8-80a6-84f1bf4f7b33 admin admin] Store glance_store._drivers.swift.store.SingleTenantStore doesn't support updating dynamic storage capabilities. Please overwrite 'update_capabilities' method of the store to implement updating logics if needed. {{(pid=114585) update_capabilities /usr/local/lib/python3.8/dist-packages/glance_store/capabilities.py:91}}
Sep 13 06:54:41.312358 dv-cinder-856941-4-iscsi devstack@g-api.service[114585]: DEBUG glance_store.driver [None req-a588b62f-75df-4fc8-80a6-84f1bf4f7b33 admin admin] Late loading location class glance_store._drivers.swift.store.StoreLocation {{(pid=114585) get_store_location_class /usr/local/lib/python3.8/dist-packages/glance_store/driver.py:116}}
Sep 13 06:54:41.312641 dv-cinder-856941-4-iscsi devstack@g-api.service[114585]: DEBUG glance_store.location [None req-a588b62f-75df-4fc8-80a6-84f1bf4f7b33 admin admin] Registering scheme swift+https with {'store': , 'location_class': , 'store_entry': 'swift'} {{(pid=114585) register_scheme_map /usr/local/lib/python3.8/dist-packages/glance_store/location.py:146}}
Sep 13 06:54:41.312875 dv-cinder-856941-4-iscsi devstack@g-api.service[114585]: DEBUG glance_store.location [None req-a588b62f-75df-4fc8-80a6-84f1bf4f7b33 admin admin] Registering scheme swift+https with {'store': , 'location_class': , 'store_entry': 'swift'} {{(pid=114585) register_scheme_map /usr/local/lib/python3.8/dist-packages/glance_store/location.py:146}}
Sep 13 06:54:41.313126 dv-cinder-856941-4-iscsi devstack@g-api.service[114585]: DEBUG glance_store.location [None req-a588b62f-75df-4fc8-80a6-84f1bf4f7b33 admin admin] Registering scheme swift with {'store': , 'location_class': , 'store_entry': 'swift'} {{(pid=114585) register_scheme_map /usr/local/lib/python3.8/dist-packages/glance_store/location.py:146}}
Sep 13 06:54:41.313352 dv-cinder-856941-4-iscsi devstack@g-api.service[114585]: DEBUG glance_store.location [None req-a588b62f-75df-4fc8-80a6-84f1bf4f7b33 admin admin] Registering scheme swift+https with {'store': , 'location_class': , 'store_entry': 'swift'} {{(pid=114585) register_scheme_map /usr/local/lib/python3.8/dist-packages/glance_store/location.py:146}}
Sep 13 06:54:41.313660 dv-cinder-856941-4-iscsi devstack@g-api.service[114585]: DEBUG glance_store.location [None req-a588b62f-75df-4fc8-80a6-84f1bf4f7b33 admin admin] Registering scheme swift with {'store': , 'location_class': , 'store_entry': 'swift'} {{(pid=114585) register_scheme_map /usr/local/lib/python3.8/dist-packages/glance_store/location.py:146}}
Sep 13 06:54:41.313867 dv-cinder-856941-4-iscsi devstack@g-api.service[114585]: DEBUG glance_store.location [None req-a588b62f-75df-4fc8-80a6-84f1bf4f7b33 admin admin] Registering scheme swift+http with {'store': , 'location_class': , 'store_entry': 'swift'} {{(pid=114585) register_scheme_map /usr/local/lib/python3.8/dist-packages/glance_store/location.py:146}}
Sep 13 06:54:41.314193 dv-cinder-856941-4-iscsi devstack@g-api.service[114585]: DEBUG glance_store.location [None req-a588b62f-75df-4fc8-80a6-84f1bf4f7b33 admin admin] Registering scheme swift+https with {'store': , 'location_class': , 'store_entry': 'swift'} {{(pid=114585) register_scheme_map /usr/local/lib/python3.8/dist-packages/glance_store/location.py:146}}
Sep 13 06:54:41.314509 dv-cinder-856941-4-iscsi devstack@g-api.service[114585]: DEBUG glance_store.location [None req-a588b62f-75df-4fc8-80a6-84f1bf4f7b33 admin admin] Registering scheme swift with {'store': , 'location_class': , 'store_entry': 'swift'} {{(pid=114585) register_scheme_map /usr/local/lib/python3.8/dist-packages/glance_store/location.py:146}}
Sep 13 06:54:41.314706 dv-cinder-856941-4-iscsi devstack@g-api.service[114585]: DEBUG glance_store.location [None req-a588b62f-75df-4fc8-80a6-84f1bf4f7b33 admin admin] Registering scheme swift+http with {'store': , 'location_class': , 'store_entry': 'swift'} {{(pid=114585) register_scheme_map /usr/local/lib/python3.8/dist-packages/glance_store/location.py:146}}
Sep 13 06:54:41.314977 dv-cinder-856941-4-iscsi devstack@g-api.service[114585]: DEBUG glance_store.location [None req-a588b62f-75df-4fc8-80a6-84f1bf4f7b33 admin admin] Registering scheme swift+config with {'store': , 'location_class': , 'store_entry': 'swift'} {{(pid=114585) register_scheme_map /usr/local/lib/python3.8/dist-packages/glance_store/location.py:146}}
Sep 13 06:54:41.315200 dv-cinder-856941-4-iscsi devstack@g-api.service[114585]: DEBUG glance_store.backend [None req-a588b62f-75df-4fc8-80a6-84f1bf4f7b33 admin admin] Skipping store.set_acls... not implemented. {{(pid=114585) set_acls /usr/local/lib/python3.8/dist-packages/glance_store/backend.py:508}}
Sep 13 06:54:41.318279 dv-cinder-856941-4-iscsi devstack@g-api.service[114585]: [pid: 114585|app: 0|req: 3/4] 127.0.0.1 () {40 vars in 878 bytes} [Tue Sep 13 06:54:25 2022] PUT /v2/images/19a6700e-e153-4bea-87aa-036bfccf0ecd/file => generated 0 bytes in 15943 msecs (HTTP/1.1 204) 4 headers in 171 bytes (1 switches on core 0)
Sep 13 06:54:51.306901 dv-cinder-856941-4-iscsi devstack@g-api.service[114585]: DEBUG dbcounter [-] [114585] Writing DB stats glance:SELECT=9,glance:UPDATE=1,glance:INSERT=1 {{(pid=114585) stat_writer /usr/local/lib/python3.8/dist-packages/dbcounter.py:114}}
Sep 13 06:55:59.655483 dv-cinder-856941-4-iscsi devstack@g-api.service[114584]: DEBUG glance.api.middleware.version_negotiation [None req-4f3482b7-9944-43fe-b40f-2d6c4b249a9b admin admin] Determining version of request: GET / Accept: application/json {{(pid=114584) process_request /opt/stack/glance/glance/api/middleware/version_negotiation.py:44}}
Sep 13 06:55:59.656391 dv-cinder-856941-4-iscsi devstack@g-api.service[114584]: DEBUG glance.api.middleware.version_negotiation [None req-4f3482b7-9944-43fe-b40f-2d6c4b249a9b admin admin] Using url versioning {{(pid=114584) process_request /opt/stack/glance/glance/api/middleware/version_negotiation.py:57}}
Sep 13 06:55:59.656548 dv-cinder-856941-4-iscsi devstack@g-api.service[114584]: DEBUG glance.api.middleware.version_negotiation [None req-4f3482b7-9944-43fe-b40f-2d6c4b249a9b admin admin] Unknown version. Returning version choices. {{(pid=114584) process_request /opt/stack/glance/glance/api/middleware/version_negotiation.py:64}}
Sep 13 06:55:59.659512 dv-cinder-856941-4-iscsi devstack@g-api.service[114584]: [pid: 114584|app: 0|req: 2/5] 127.0.0.1 () {34 vars in 521 bytes} [Tue Sep 13 06:55:59 2022] GET / => generated 1299 bytes in 6 msecs (HTTP/1.1 300) 3 headers in 106 bytes (1 switches on core 0)
Sep 13 06:55:59.680105 dv-cinder-856941-4-iscsi devstack@g-api.service[114585]: DEBUG glance.api.middleware.version_negotiation [None req-a588b62f-75df-4fc8-80a6-84f1bf4f7b33 admin admin] Determining version of request: GET /v2/images Accept: application/json {{(pid=114585) process_request /opt/stack/glance/glance/api/middleware/version_negotiation.py:44}}
Sep 13 06:55:59.680879 dv-cinder-856941-4-iscsi devstack@g-api.service[114585]: DEBUG glance.api.middleware.version_negotiation [None req-a588b62f-75df-4fc8-80a6-84f1bf4f7b33 admin admin] Using url versioning {{(pid=114585) process_request /opt/stack/glance/glance/api/middleware/version_negotiation.py:57}}
Sep 13 06:55:59.681144 dv-cinder-856941-4-iscsi devstack@g-api.service[114585]: DEBUG glance.api.middleware.version_negotiation [None req-a588b62f-75df-4fc8-80a6-84f1bf4f7b33 admin admin] Matched version: v2 {{(pid=114585) process_request /opt/stack/glance/glance/api/middleware/version_negotiation.py:69}}
Sep 13 06:55:59.681614 dv-cinder-856941-4-iscsi devstack@g-api.service[114585]: DEBUG glance.api.middleware.version_negotiation [None req-a588b62f-75df-4fc8-80a6-84f1bf4f7b33 admin admin] new path /v2/images {{(pid=114585) process_request /opt/stack/glance/glance/api/middleware/version_negotiation.py:70}}
Sep 13 06:56:00.265547 dv-cinder-856941-4-iscsi devstack@g-api.service[114585]: [pid: 114585|app: 0|req: 4/6] 127.0.0.1 () {36 vars in 743 bytes} [Tue Sep 13 06:55:59 2022] GET /v2/images => generated 1015 bytes in 586 msecs (HTTP/1.1 200) 4 headers in 158 bytes (1 switches on core 0)
Sep 13 06:56:10.254826 dv-cinder-856941-4-iscsi devstack@g-api.service[114585]: DEBUG dbcounter [-] [114585] Writing DB stats glance:SELECT=2 {{(pid=114585) stat_writer /usr/local/lib/python3.8/dist-packages/dbcounter.py:114}}
Sep 13 06:57:34.677769 dv-cinder-856941-4-iscsi devstack@g-api.service[114584]: DEBUG glance.api.middleware.version_negotiation [None req-4f3482b7-9944-43fe-b40f-2d6c4b249a9b admin admin] Determining version of request: GET /v1 Accept: application/json {{(pid=114584) process_request /opt/stack/glance/glance/api/middleware/version_negotiation.py:44}}
Sep 13 06:57:34.678295 dv-cinder-856941-4-iscsi devstack@g-api.service[114584]: DEBUG glance.api.middleware.version_negotiation [None req-4f3482b7-9944-43fe-b40f-2d6c4b249a9b admin admin] Using url versioning {{(pid=114584) process_request /opt/stack/glance/glance/api/middleware/version_negotiation.py:57}}
Sep 13 06:57:34.678403 dv-cinder-856941-4-iscsi devstack@g-api.service[114584]: DEBUG glance.api.middleware.version_negotiation [None req-4f3482b7-9944-43fe-b40f-2d6c4b249a9b admin admin] Unknown version. Returning version choices. {{(pid=114584) process_request /opt/stack/glance/glance/api/middleware/version_negotiation.py:64}}
Sep 13 06:57:34.681860 dv-cinder-856941-4-iscsi devstack@g-api.service[114584]: [pid: 114584|app: 0|req: 3/7] 127.0.0.1 () {38 vars in 700 bytes} [Tue Sep 13 06:57:34 2022] GET /v1 => generated 1299 bytes in 4 msecs (HTTP/1.1 300) 3 headers in 106 bytes (1 switches on core 0)
Sep 13 07:01:07.439623 dv-cinder-856941-4-iscsi devstack@g-api.service[114585]: DEBUG glance.api.middleware.version_negotiation [None req-6be017d7-d830-4bf2-a1fa-ad2e5832519f admin admin] Determining version of request: GET / Accept: application/json {{(pid=114585) process_request /opt/stack/glance/glance/api/middleware/version_negotiation.py:44}}
Sep 13 07:01:07.440296 dv-cinder-856941-4-iscsi devstack@g-api.service[114585]: DEBUG glance.api.middleware.version_negotiation [None req-6be017d7-d830-4bf2-a1fa-ad2e5832519f admin admin] Using url versioning {{(pid=114585) process_request /opt/stack/glance/glance/api/middleware/version_negotiation.py:57}}
Sep 13 07:01:07.440379 dv-cinder-856941-4-iscsi devstack@g-api.service[114585]: DEBUG glance.api.middleware.version_negotiation [None req-6be017d7-d830-4bf2-a1fa-ad2e5832519f admin admin] Unknown version. Returning version choices. {{(pid=114585) process_request /opt/stack/glance/glance/api/middleware/version_negotiation.py:64}}
Sep 13 07:01:07.442876 dv-cinder-856941-4-iscsi devstack@g-api.service[114585]: [pid: 114585|app: 0|req: 5/8] 127.0.0.1 () {34 vars in 506 bytes} [Tue Sep 13 07:01:07 2022] GET / => generated 1299 bytes in 4 msecs (HTTP/1.1 300) 3 headers in 106 bytes (1 switches on core 0)
Sep 13 07:01:07.477405 dv-cinder-856941-4-iscsi devstack@g-api.service[114584]: DEBUG glance.api.middleware.version_negotiation [None req-4f3482b7-9944-43fe-b40f-2d6c4b249a9b admin admin] Determining version of request: GET /v2/images/19a6700e-e153-4bea-87aa-036bfccf0ecd Accept: */* {{(pid=114584) process_request /opt/stack/glance/glance/api/middleware/version_negotiation.py:44}}
Sep 13 07:01:07.478006 dv-cinder-856941-4-iscsi devstack@g-api.service[114584]: DEBUG glance.api.middleware.version_negotiation [None req-4f3482b7-9944-43fe-b40f-2d6c4b249a9b admin admin] Using url versioning {{(pid=114584) process_request /opt/stack/glance/glance/api/middleware/version_negotiation.py:57}}
Sep 13 07:01:07.478138 dv-cinder-856941-4-iscsi devstack@g-api.service[114584]: DEBUG glance.api.middleware.version_negotiation [None req-4f3482b7-9944-43fe-b40f-2d6c4b249a9b admin admin] Matched version: v2 {{(pid=114584) process_request /opt/stack/glance/glance/api/middleware/version_negotiation.py:69}}
Sep 13 07:01:07.478360 dv-cinder-856941-4-iscsi devstack@g-api.service[114584]: DEBUG glance.api.middleware.version_negotiation [None req-4f3482b7-9944-43fe-b40f-2d6c4b249a9b admin admin] new path /v2/images/19a6700e-e153-4bea-87aa-036bfccf0ecd {{(pid=114584) process_request /opt/stack/glance/glance/api/middleware/version_negotiation.py:70}}
Sep 13 07:01:07.480357 dv-cinder-856941-4-iscsi devstack@g-api.service[114584]: WARNING keystonemiddleware.auth_token [None req-4f3482b7-9944-43fe-b40f-2d6c4b249a9b admin admin] A valid token was submitted as a service token, but it was not a valid service token. This is incorrect but backwards compatible behaviour. This will be removed in future releases.
Sep 13 07:01:07.546184 dv-cinder-856941-4-iscsi devstack@g-api.service[114584]: [pid: 114584|app: 0|req: 4/9] 127.0.0.1 () {42 vars in 1063 bytes} [Tue Sep 13 07:01:07 2022] GET /v2/images/19a6700e-e153-4bea-87aa-036bfccf0ecd => generated 946 bytes in 69 msecs (HTTP/1.1 200) 4 headers in 157 bytes (1 switches on core 0)
Sep 13 07:01:07.552974 dv-cinder-856941-4-iscsi devstack@g-api.service[114585]: DEBUG glance.api.middleware.version_negotiation [None req-6be017d7-d830-4bf2-a1fa-ad2e5832519f admin admin] Determining version of request: GET /v2/schemas/image Accept: */* {{(pid=114585) process_request /opt/stack/glance/glance/api/middleware/version_negotiation.py:44}}
Sep 13 07:01:07.553568 dv-cinder-856941-4-iscsi devstack@g-api.service[114585]: DEBUG glance.api.middleware.version_negotiation [None req-6be017d7-d830-4bf2-a1fa-ad2e5832519f admin admin] Using url versioning {{(pid=114585) process_request /opt/stack/glance/glance/api/middleware/version_negotiation.py:57}}
Sep 13 07:01:07.554031 dv-cinder-856941-4-iscsi devstack@g-api.service[114585]: DEBUG glance.api.middleware.version_negotiation [None req-6be017d7-d830-4bf2-a1fa-ad2e5832519f admin admin] Matched version: v2 {{(pid=114585) process_request /opt/stack/glance/glance/api/middleware/version_negotiation.py:69}}
Sep 13 07:01:07.554901 dv-cinder-856941-4-iscsi devstack@g-api.service[114585]: DEBUG glance.api.middleware.version_negotiation [None req-6be017d7-d830-4bf2-a1fa-ad2e5832519f admin admin] new path /v2/schemas/image {{(pid=114585) process_request /opt/stack/glance/glance/api/middleware/version_negotiation.py:70}}
Sep 13 07:01:07.557094 dv-cinder-856941-4-iscsi devstack@g-api.service[114585]: WARNING keystonemiddleware.auth_token [None req-6be017d7-d830-4bf2-a1fa-ad2e5832519f admin admin] A valid token was submitted as a service token, but it was not a valid service token. This is incorrect but backwards compatible behaviour. This will be removed in future releases.
Sep 13 07:01:07.561916 dv-cinder-856941-4-iscsi devstack@g-api.service[114585]: [pid: 114585|app: 0|req: 6/10] 127.0.0.1 () {42 vars in 1003 bytes} [Tue Sep 13 07:01:07 2022] GET /v2/schemas/image => generated 6083 bytes in 9 msecs (HTTP/1.1 200) 4 headers in 158 bytes (1 switches on core 0)
Sep 13 07:01:10.483703 dv-cinder-856941-4-iscsi devstack@g-api.service[114584]: DEBUG glance.api.middleware.version_negotiation [None req-623e9200-afb6-418e-9387-8203a1364580 tempest-ServerRescueNegativeTestJSON-806686784 tempest-ServerRescueNegativeTestJSON-806686784-project] Determining version of request: GET /v2/images/19a6700e-e153-4bea-87aa-036bfccf0ecd Accept: */* {{(pid=114584) process_request /opt/stack/glance/glance/api/middleware/version_negotiation.py:44}}
Sep 13 07:01:10.484313 dv-cinder-856941-4-iscsi devstack@g-api.service[114584]: DEBUG glance.api.middleware.version_negotiation [None req-623e9200-afb6-418e-9387-8203a1364580 tempest-ServerRescueNegativeTestJSON-806686784 tempest-ServerRescueNegativeTestJSON-806686784-project] Using url versioning {{(pid=114584) process_request /opt/stack/glance/glance/api/middleware/version_negotiation.py:57}}
Sep 13 07:01:10.485635 dv-cinder-856941-4-iscsi devstack@g-api.service[114584]: DEBUG glance.api.middleware.version_negotiation [None req-623e9200-afb6-418e-9387-8203a1364580 tempest-ServerRescueNegativeTestJSON-806686784 tempest-ServerRescueNegativeTestJSON-806686784-project] Matched version: v2 {{(pid=114584) process_request /opt/stack/glance/glance/api/middleware/version_negotiation.py:69}}
Sep 13 07:01:10.485635 dv-cinder-856941-4-iscsi devstack@g-api.service[114584]: DEBUG glance.api.middleware.version_negotiation [None req-623e9200-afb6-418e-9387-8203a1364580 tempest-ServerRescueNegativeTestJSON-806686784 tempest-ServerRescueNegativeTestJSON-806686784-project] new path /v2/images/19a6700e-e153-4bea-87aa-036bfccf0ecd {{(pid=114584) process_request /opt/stack/glance/glance/api/middleware/version_negotiation.py:70}}
Sep 13 07:01:10.543080 dv-cinder-856941-4-iscsi devstack@g-api.service[114584]: [pid: 114584|app: 0|req: 5/11] 127.0.0.1 () {42 vars in 1063 bytes} [Tue Sep 13 07:01:10 2022] GET /v2/images/19a6700e-e153-4bea-87aa-036bfccf0ecd => generated 946 bytes in 60 msecs (HTTP/1.1 200) 4 headers in 157 bytes (1 switches on core 0)
Sep 13 07:01:10.548414 dv-cinder-856941-4-iscsi devstack@g-api.service[114585]: DEBUG glance.api.middleware.version_negotiation [None req-623e9200-afb6-418e-9387-8203a1364580 tempest-ServerRescueNegativeTestJSON-806686784 tempest-ServerRescueNegativeTestJSON-806686784-project] Determining version of request: GET /v2/schemas/image Accept: */* {{(pid=114585) process_request /opt/stack/glance/glance/api/middleware/version_negotiation.py:44}}
Sep 13 07:01:10.548937 dv-cinder-856941-4-iscsi devstack@g-api.service[114585]: DEBUG glance.api.middleware.version_negotiation [None req-623e9200-afb6-418e-9387-8203a1364580 tempest-ServerRescueNegativeTestJSON-806686784 tempest-ServerRescueNegativeTestJSON-806686784-project] Using url versioning {{(pid=114585) process_request /opt/stack/glance/glance/api/middleware/version_negotiation.py:57}}
Sep 13 07:01:10.549561 dv-cinder-856941-4-iscsi devstack@g-api.service[114585]: DEBUG glance.api.middleware.version_negotiation [None req-623e9200-afb6-418e-9387-8203a1364580 tempest-ServerRescueNegativeTestJSON-806686784 tempest-ServerRescueNegativeTestJSON-806686784-project] Matched version: v2 {{(pid=114585) process_request /opt/stack/glance/glance/api/middleware/version_negotiation.py:69}}
Sep 13 07:01:10.549863 dv-cinder-856941-4-iscsi devstack@g-api.service[114585]: DEBUG glance.api.middleware.version_negotiation [None req-623e9200-afb6-418e-9387-8203a1364580 tempest-ServerRescueNegativeTestJSON-806686784 tempest-ServerRescueNegativeTestJSON-806686784-project] new path /v2/schemas/image {{(pid=114585) process_request /opt/stack/glance/glance/api/middleware/version_negotiation.py:70}}
Sep 13 07:01:10.562538 dv-cinder-856941-4-iscsi devstack@g-api.service[114585]: [pid: 114585|app: 0|req: 7/12] 127.0.0.1 () {42 vars in 1003 bytes} [Tue Sep 13 07:01:10 2022] GET /v2/schemas/image => generated 6083 bytes in 9 msecs (HTTP/1.1 200) 4 headers in 158 bytes (1 switches on core 0)
Sep 13 07:01:14.639277 dv-cinder-856941-4-iscsi devstack@g-api.service[114584]: DEBUG glance.api.middleware.version_negotiation [None req-c2646bb5-f1c4-4ade-bd7b-c81c3d40eb5e tempest-ServerRescueNegativeTestJSON-806686784 tempest-ServerRescueNegativeTestJSON-806686784-project] Determining version of request: GET /v2/images/19a6700e-e153-4bea-87aa-036bfccf0ecd Accept: */* {{(pid=114584) process_request /opt/stack/glance/glance/api/middleware/version_negotiation.py:44}}
Sep 13 07:01:14.639921 dv-cinder-856941-4-iscsi devstack@g-api.service[114584]: DEBUG glance.api.middleware.version_negotiation [None req-c2646bb5-f1c4-4ade-bd7b-c81c3d40eb5e tempest-ServerRescueNegativeTestJSON-806686784 tempest-ServerRescueNegativeTestJSON-806686784-project] Using url versioning {{(pid=114584) process_request /opt/stack/glance/glance/api/middleware/version_negotiation.py:57}}
Sep 13 07:01:14.640054 dv-cinder-856941-4-iscsi devstack@g-api.service[114584]: DEBUG glance.api.middleware.version_negotiation [None req-c2646bb5-f1c4-4ade-bd7b-c81c3d40eb5e tempest-ServerRescueNegativeTestJSON-806686784 tempest-ServerRescueNegativeTestJSON-806686784-project] Matched version: v2 {{(pid=114584) process_request /opt/stack/glance/glance/api/middleware/version_negotiation.py:69}}
Sep 13 07:01:14.640406 dv-cinder-856941-4-iscsi devstack@g-api.service[114584]: DEBUG glance.api.middleware.version_negotiation [None req-c2646bb5-f1c4-4ade-bd7b-c81c3d40eb5e tempest-ServerRescueNegativeTestJSON-806686784 tempest-ServerRescueNegativeTestJSON-806686784-project] new path /v2/images/19a6700e-e153-4bea-87aa-036bfccf0ecd {{(pid=114584) process_request /opt/stack/glance/glance/api/middleware/version_negotiation.py:70}}
Sep 13 07:01:14.715934 dv-cinder-856941-4-iscsi devstack@g-api.service[114585]: DEBUG glance.api.middleware.version_negotiation [None req-c2646bb5-f1c4-4ade-bd7b-c81c3d40eb5e tempest-ServerRescueNegativeTestJSON-806686784 tempest-ServerRescueNegativeTestJSON-806686784-project] Determining version of request: GET /v2/schemas/image Accept: */* {{(pid=114585) process_request /opt/stack/glance/glance/api/middleware/version_negotiation.py:44}}
Sep 13 07:01:14.716980 dv-cinder-856941-4-iscsi devstack@g-api.service[114585]: DEBUG glance.api.middleware.version_negotiation [None req-c2646bb5-f1c4-4ade-bd7b-c81c3d40eb5e tempest-ServerRescueNegativeTestJSON-806686784 tempest-ServerRescueNegativeTestJSON-806686784-project] Using url versioning {{(pid=114585) process_request /opt/stack/glance/glance/api/middleware/version_negotiation.py:57}}
Sep 13 07:01:14.717461 dv-cinder-856941-4-iscsi devstack@g-api.service[114585]: DEBUG glance.api.middleware.version_negotiation [None req-c2646bb5-f1c4-4ade-bd7b-c81c3d40eb5e tempest-ServerRescueNegativeTestJSON-806686784 tempest-ServerRescueNegativeTestJSON-806686784-project] Matched version: v2 {{(pid=114585) process_request /opt/stack/glance/glance/api/middleware/version_negotiation.py:69}}
Sep 13 07:01:14.717918 dv-cinder-856941-4-iscsi devstack@g-api.service[114585]: DEBUG glance.api.middleware.version_negotiation [None req-c2646bb5-f1c4-4ade-bd7b-c81c3d40eb5e tempest-ServerRescueNegativeTestJSON-806686784 tempest-ServerRescueNegativeTestJSON-806686784-project] new path /v2/schemas/image {{(pid=114585) process_request /opt/stack/glance/glance/api/middleware/version_negotiation.py:70}}
Sep 13 07:01:14.724202 dv-cinder-856941-4-iscsi devstack@g-api.service[114585]: [pid: 114585|app: 0|req: 8/13] 127.0.0.1 () {42 vars in 1003 bytes} [Tue Sep 13 07:01:14 2022] GET /v2/schemas/image => generated 6083 bytes in 9 msecs (HTTP/1.1 200) 4 headers in 158 bytes (1 switches on core 0)
Sep 13 07:01:14.733986 dv-cinder-856941-4-iscsi devstack@g-api.service[114584]: [pid: 114584|app: 0|req: 6/14] 127.0.0.1 () {42 vars in 1063 bytes} [Tue Sep 13 07:01:14 2022] GET /v2/images/19a6700e-e153-4bea-87aa-036bfccf0ecd => generated 946 bytes in 95 msecs (HTTP/1.1 200) 4 headers in 157 bytes (1 switches on core 0)
Sep 13 07:01:15.812890 dv-cinder-856941-4-iscsi devstack@g-api.service[114585]: DEBUG glance.api.middleware.version_negotiation [None req-258deac4-b52a-4e56-9fe5-ff69e9796433 tempest-AttachVolumeNegativeTest-1186681588 tempest-AttachVolumeNegativeTest-1186681588-project] Determining version of request: GET /v2/images/19a6700e-e153-4bea-87aa-036bfccf0ecd Accept: */* {{(pid=114585) process_request /opt/stack/glance/glance/api/middleware/version_negotiation.py:44}}
Sep 13 07:01:15.813934 dv-cinder-856941-4-iscsi devstack@g-api.service[114585]: DEBUG glance.api.middleware.version_negotiation [None req-258deac4-b52a-4e56-9fe5-ff69e9796433 tempest-AttachVolumeNegativeTest-1186681588 tempest-AttachVolumeNegativeTest-1186681588-project] Using url versioning {{(pid=114585) process_request /opt/stack/glance/glance/api/middleware/version_negotiation.py:57}}
Sep 13 07:01:15.813934 dv-cinder-856941-4-iscsi devstack@g-api.service[114585]: DEBUG glance.api.middleware.version_negotiation [None req-258deac4-b52a-4e56-9fe5-ff69e9796433 tempest-AttachVolumeNegativeTest-1186681588 tempest-AttachVolumeNegativeTest-1186681588-project] Matched version: v2 {{(pid=114585) process_request /opt/stack/glance/glance/api/middleware/version_negotiation.py:69}}
Sep 13 07:01:15.813934 dv-cinder-856941-4-iscsi devstack@g-api.service[114585]: DEBUG glance.api.middleware.version_negotiation [None req-258deac4-b52a-4e56-9fe5-ff69e9796433 tempest-AttachVolumeNegativeTest-1186681588 tempest-AttachVolumeNegativeTest-1186681588-project] new path /v2/images/19a6700e-e153-4bea-87aa-036bfccf0ecd {{(pid=114585) process_request /opt/stack/glance/glance/api/middleware/version_negotiation.py:70}}
Sep 13 07:01:15.865839 dv-cinder-856941-4-iscsi devstack@g-api.service[114585]: [pid: 114585|app: 0|req: 9/15] 127.0.0.1 () {40 vars in 856 bytes} [Tue Sep 13 07:01:15 2022] GET /v2/images/19a6700e-e153-4bea-87aa-036bfccf0ecd => generated 946 bytes in 53 msecs (HTTP/1.1 200) 4 headers in 157 bytes (1 switches on core 0)
Sep 13 07:01:15.924970 dv-cinder-856941-4-iscsi devstack@g-api.service[114584]: DEBUG glance.api.middleware.version_negotiation [None req-258deac4-b52a-4e56-9fe5-ff69e9796433 tempest-AttachVolumeNegativeTest-1186681588 tempest-AttachVolumeNegativeTest-1186681588-project] Determining version of request: GET /v2/schemas/image Accept: */* {{(pid=114584) process_request /opt/stack/glance/glance/api/middleware/version_negotiation.py:44}}
Sep 13 07:01:15.926300 dv-cinder-856941-4-iscsi devstack@g-api.service[114584]: DEBUG glance.api.middleware.version_negotiation [None req-258deac4-b52a-4e56-9fe5-ff69e9796433 tempest-AttachVolumeNegativeTest-1186681588 tempest-AttachVolumeNegativeTest-1186681588-project] Using url versioning {{(pid=114584) process_request /opt/stack/glance/glance/api/middleware/version_negotiation.py:57}}
Sep 13 07:01:15.926818 dv-cinder-856941-4-iscsi devstack@g-api.service[114584]: DEBUG glance.api.middleware.version_negotiation [None req-258deac4-b52a-4e56-9fe5-ff69e9796433 tempest-AttachVolumeNegativeTest-1186681588 tempest-AttachVolumeNegativeTest-1186681588-project] Matched version: v2 {{(pid=114584) process_request /opt/stack/glance/glance/api/middleware/version_negotiation.py:69}}
Sep 13 07:01:15.927373 dv-cinder-856941-4-iscsi devstack@g-api.service[114584]: DEBUG glance.api.middleware.version_negotiation [None req-258deac4-b52a-4e56-9fe5-ff69e9796433 tempest-AttachVolumeNegativeTest-1186681588 tempest-AttachVolumeNegativeTest-1186681588-project] new path /v2/schemas/image {{(pid=114584) process_request /opt/stack/glance/glance/api/middleware/version_negotiation.py:70}}
Sep 13 07:01:15.933139 dv-cinder-856941-4-iscsi devstack@g-api.service[114584]: [pid: 114584|app: 0|req: 7/16] 127.0.0.1 () {40 vars in 796 bytes} [Tue Sep 13 07:01:15 2022] GET /v2/schemas/image => generated 6083 bytes in 9 msecs (HTTP/1.1 200) 4 headers in 158 bytes (1 switches on core 0)
Sep 13 07:01:16.033348 dv-cinder-856941-4-iscsi devstack@g-api.service[114585]: DEBUG glance.api.middleware.version_negotiation [None req-623e9200-afb6-418e-9387-8203a1364580 tempest-ServerRescueNegativeTestJSON-806686784 tempest-ServerRescueNegativeTestJSON-806686784-project] Determining version of request: GET /v2/images/19a6700e-e153-4bea-87aa-036bfccf0ecd Accept: */* {{(pid=114585) process_request /opt/stack/glance/glance/api/middleware/version_negotiation.py:44}}
Sep 13 07:01:16.033746 dv-cinder-856941-4-iscsi devstack@g-api.service[114585]: DEBUG glance.api.middleware.version_negotiation [None req-623e9200-afb6-418e-9387-8203a1364580 tempest-ServerRescueNegativeTestJSON-806686784 tempest-ServerRescueNegativeTestJSON-806686784-project] Using url versioning {{(pid=114585) process_request /opt/stack/glance/glance/api/middleware/version_negotiation.py:57}}
Sep 13 07:01:16.034094 dv-cinder-856941-4-iscsi devstack@g-api.service[114585]: DEBUG glance.api.middleware.version_negotiation [None req-623e9200-afb6-418e-9387-8203a1364580 tempest-ServerRescueNegativeTestJSON-806686784 tempest-ServerRescueNegativeTestJSON-806686784-project] Matched version: v2 {{(pid=114585) process_request /opt/stack/glance/glance/api/middleware/version_negotiation.py:69}}
Sep 13 07:01:16.034407 dv-cinder-856941-4-iscsi devstack@g-api.service[114585]: DEBUG glance.api.middleware.version_negotiation [None req-623e9200-afb6-418e-9387-8203a1364580 tempest-ServerRescueNegativeTestJSON-806686784 tempest-ServerRescueNegativeTestJSON-806686784-project] new path /v2/images/19a6700e-e153-4bea-87aa-036bfccf0ecd {{(pid=114585) process_request /opt/stack/glance/glance/api/middleware/version_negotiation.py:70}}
Sep 13 07:01:16.087464 dv-cinder-856941-4-iscsi devstack@g-api.service[114584]: DEBUG glance.api.middleware.version_negotiation [None req-623e9200-afb6-418e-9387-8203a1364580 tempest-ServerRescueNegativeTestJSON-806686784 tempest-ServerRescueNegativeTestJSON-806686784-project] Determining version of request: GET / Accept: application/json {{(pid=114584) process_request /opt/stack/glance/glance/api/middleware/version_negotiation.py:44}}
Sep 13 07:01:16.088065 dv-cinder-856941-4-iscsi devstack@g-api.service[114584]: DEBUG glance.api.middleware.version_negotiation [None req-623e9200-afb6-418e-9387-8203a1364580 tempest-ServerRescueNegativeTestJSON-806686784 tempest-ServerRescueNegativeTestJSON-806686784-project] Using url versioning {{(pid=114584) process_request /opt/stack/glance/glance/api/middleware/version_negotiation.py:57}}
Sep 13 07:01:16.088707 dv-cinder-856941-4-iscsi devstack@g-api.service[114584]: DEBUG glance.api.middleware.version_negotiation [None req-623e9200-afb6-418e-9387-8203a1364580 tempest-ServerRescueNegativeTestJSON-806686784 tempest-ServerRescueNegativeTestJSON-806686784-project] Unknown version. Returning version choices. {{(pid=114584) process_request /opt/stack/glance/glance/api/middleware/version_negotiation.py:64}}
Sep 13 07:01:16.096601 dv-cinder-856941-4-iscsi devstack@g-api.service[114584]: [pid: 114584|app: 0|req: 8/17] 127.0.0.1 () {34 vars in 506 bytes} [Tue Sep 13 07:01:16 2022] GET / => generated 1299 bytes in 3 msecs (HTTP/1.1 300) 3 headers in 106 bytes (1 switches on core 0)
Sep 13 07:01:16.098178 dv-cinder-856941-4-iscsi devstack@g-api.service[114585]: [pid: 114585|app: 0|req: 10/18] 127.0.0.1 () {40 vars in 856 bytes} [Tue Sep 13 07:01:16 2022] GET /v2/images/19a6700e-e153-4bea-87aa-036bfccf0ecd => generated 946 bytes in 65 msecs (HTTP/1.1 200) 4 headers in 157 bytes (1 switches on core 0)
Sep 13 07:01:16.115450 dv-cinder-856941-4-iscsi devstack@g-api.service[114584]: DEBUG glance.api.middleware.version_negotiation [None req-623e9200-afb6-418e-9387-8203a1364580 tempest-ServerRescueNegativeTestJSON-806686784 tempest-ServerRescueNegativeTestJSON-806686784-project] Determining version of request: GET /v2/images/19a6700e-e153-4bea-87aa-036bfccf0ecd Accept: */* {{(pid=114584) process_request /opt/stack/glance/glance/api/middleware/version_negotiation.py:44}}
Sep 13 07:01:16.116040 dv-cinder-856941-4-iscsi devstack@g-api.service[114584]: DEBUG glance.api.middleware.version_negotiation [None req-623e9200-afb6-418e-9387-8203a1364580 tempest-ServerRescueNegativeTestJSON-806686784 tempest-ServerRescueNegativeTestJSON-806686784-project] Using url versioning {{(pid=114584) process_request /opt/stack/glance/glance/api/middleware/version_negotiation.py:57}}
Sep 13 07:01:16.116499 dv-cinder-856941-4-iscsi devstack@g-api.service[114584]: DEBUG glance.api.middleware.version_negotiation [None req-623e9200-afb6-418e-9387-8203a1364580 tempest-ServerRescueNegativeTestJSON-806686784 tempest-ServerRescueNegativeTestJSON-806686784-project] Matched version: v2 {{(pid=114584) process_request /opt/stack/glance/glance/api/middleware/version_negotiation.py:69}}
Sep 13 07:01:16.116914 dv-cinder-856941-4-iscsi devstack@g-api.service[114584]: DEBUG glance.api.middleware.version_negotiation [None req-623e9200-afb6-418e-9387-8203a1364580 tempest-ServerRescueNegativeTestJSON-806686784 tempest-ServerRescueNegativeTestJSON-806686784-project] new path /v2/images/19a6700e-e153-4bea-87aa-036bfccf0ecd {{(pid=114584) process_request /opt/stack/glance/glance/api/middleware/version_negotiation.py:70}}
Sep 13 07:01:16.152985 dv-cinder-856941-4-iscsi devstack@g-api.service[114584]: [pid: 114584|app: 0|req: 9/19] 127.0.0.1 () {42 vars in 1063 bytes} [Tue Sep 13 07:01:16 2022] GET /v2/images/19a6700e-e153-4bea-87aa-036bfccf0ecd => generated 946 bytes in 38 msecs (HTTP/1.1 200) 4 headers in 157 bytes (1 switches on core 0)
Sep 13 07:01:16.160208 dv-cinder-856941-4-iscsi devstack@g-api.service[114585]: DEBUG glance.api.middleware.version_negotiation [None req-623e9200-afb6-418e-9387-8203a1364580 tempest-ServerRescueNegativeTestJSON-806686784 tempest-ServerRescueNegativeTestJSON-806686784-project] Determining version of request: GET /v2/schemas/image Accept: */* {{(pid=114585) process_request /opt/stack/glance/glance/api/middleware/version_negotiation.py:44}}
Sep 13 07:01:16.160707 dv-cinder-856941-4-iscsi devstack@g-api.service[114585]: DEBUG glance.api.middleware.version_negotiation [None req-623e9200-afb6-418e-9387-8203a1364580 tempest-ServerRescueNegativeTestJSON-806686784 tempest-ServerRescueNegativeTestJSON-806686784-project] Using url versioning {{(pid=114585) process_request /opt/stack/glance/glance/api/middleware/version_negotiation.py:57}}
Sep 13 07:01:16.161151 dv-cinder-856941-4-iscsi devstack@g-api.service[114585]: DEBUG glance.api.middleware.version_negotiation [None req-623e9200-afb6-418e-9387-8203a1364580 tempest-ServerRescueNegativeTestJSON-806686784 tempest-ServerRescueNegativeTestJSON-806686784-project] Matched version: v2 {{(pid=114585) process_request /opt/stack/glance/glance/api/middleware/version_negotiation.py:69}}
Sep 13 07:01:16.161702 dv-cinder-856941-4-iscsi devstack@g-api.service[114585]: DEBUG glance.api.middleware.version_negotiation [None req-623e9200-afb6-418e-9387-8203a1364580 tempest-ServerRescueNegativeTestJSON-806686784 tempest-ServerRescueNegativeTestJSON-806686784-project] new path /v2/schemas/image {{(pid=114585) process_request /opt/stack/glance/glance/api/middleware/version_negotiation.py:70}}
Sep 13 07:01:16.167368 dv-cinder-856941-4-iscsi devstack@g-api.service[114585]: [pid: 114585|app: 0|req: 11/20] 127.0.0.1 () {42 vars in 1003 bytes} [Tue Sep 13 07:01:16 2022] GET /v2/schemas/image => generated 6083 bytes in 8 msecs (HTTP/1.1 200) 4 headers in 158 bytes (1 switches on core 0)
Sep 13 07:01:16.337048 dv-cinder-856941-4-iscsi devstack@g-api.service[114584]: DEBUG glance.api.middleware.version_negotiation [None req-508a68ef-41f2-44a0-a2b6-e5c1bf1deb6e tempest-DeleteServersTestJSON-509853679 tempest-DeleteServersTestJSON-509853679-project] Determining version of request: GET /v2/images/19a6700e-e153-4bea-87aa-036bfccf0ecd/file Accept: */* {{(pid=114584) process_request /opt/stack/glance/glance/api/middleware/version_negotiation.py:44}}
Sep 13 07:01:16.337384 dv-cinder-856941-4-iscsi devstack@g-api.service[114584]: DEBUG glance.api.middleware.version_negotiation [None req-508a68ef-41f2-44a0-a2b6-e5c1bf1deb6e tempest-DeleteServersTestJSON-509853679 tempest-DeleteServersTestJSON-509853679-project] Using url versioning {{(pid=114584) process_request /opt/stack/glance/glance/api/middleware/version_negotiation.py:57}}
Sep 13 07:01:16.337722 dv-cinder-856941-4-iscsi devstack@g-api.service[114584]: DEBUG glance.api.middleware.version_negotiation [None req-508a68ef-41f2-44a0-a2b6-e5c1bf1deb6e tempest-DeleteServersTestJSON-509853679 tempest-DeleteServersTestJSON-509853679-project] Matched version: v2 {{(pid=114584) process_request /opt/stack/glance/glance/api/middleware/version_negotiation.py:69}}
Sep 13 07:01:16.338012 dv-cinder-856941-4-iscsi devstack@g-api.service[114584]: DEBUG glance.api.middleware.version_negotiation [None req-508a68ef-41f2-44a0-a2b6-e5c1bf1deb6e tempest-DeleteServersTestJSON-509853679 tempest-DeleteServersTestJSON-509853679-project] new path /v2/images/19a6700e-e153-4bea-87aa-036bfccf0ecd/file {{(pid=114584) process_request /opt/stack/glance/glance/api/middleware/version_negotiation.py:70}}
Sep 13 07:01:16.400694 dv-cinder-856941-4-iscsi devstack@g-api.service[114584]: DEBUG glance_store.backend [None req-623e9200-afb6-418e-9387-8203a1364580 tempest-ServerRescueNegativeTestJSON-806686784 tempest-ServerRescueNegativeTestJSON-806686784-project] Attempting to import store swift {{(pid=114584) _load_store /usr/local/lib/python3.8/dist-packages/glance_store/backend.py:216}}
