Sep 13 07:01:28.058148 dv-cinder-856941-4-iscsi devstack@c-api.service[113324]: /usr/local/lib/python3.8/dist-packages/oslo_context/context.py:100: DeprecationWarning: Policy enforcement is depending on the value of is_admin. This key is deprecated. Please update your policy file to use the standard policy values.
Sep 13 07:01:28.058148 dv-cinder-856941-4-iscsi devstack@c-api.service[113324]: warnings.warn('Policy enforcement is depending on the value of '
Sep 13 07:01:28.089292 dv-cinder-856941-4-iscsi devstack@c-api.service[113324]: INFO cinder.api.v3.volumes [None req-adbf0975-c124-4f7c-af4c-e9ee5d71d2fe tempest-GroupSnapshotsV319Test-246695941 tempest-GroupSnapshotsV319Test-246695941-project] Create volume of 1 GB
Sep 13 07:01:28.135970 dv-cinder-856941-4-iscsi devstack@c-api.service[113324]: INFO cinder.volume.api [None req-adbf0975-c124-4f7c-af4c-e9ee5d71d2fe tempest-GroupSnapshotsV319Test-246695941 tempest-GroupSnapshotsV319Test-246695941-project] Availability Zones retrieved successfully.
Sep 13 07:01:28.177828 dv-cinder-856941-4-iscsi devstack@c-api.service[113324]: DEBUG cinder.volume.api [None req-adbf0975-c124-4f7c-af4c-e9ee5d71d2fe tempest-GroupSnapshotsV319Test-246695941 tempest-GroupSnapshotsV319Test-246695941-project] Flow 'volume_create_api' (8f4b9758-76fb-40ef-9b9d-c3642348b4f6) transitioned into state 'RUNNING' from state 'PENDING' {{(pid=113324) _flow_receiver /usr/local/lib/python3.8/dist-packages/taskflow/listeners/logging.py:141}}
Sep 13 07:01:28.188115 dv-cinder-856941-4-iscsi devstack@c-api.service[113324]: DEBUG cinder.volume.api [None req-adbf0975-c124-4f7c-af4c-e9ee5d71d2fe tempest-GroupSnapshotsV319Test-246695941 tempest-GroupSnapshotsV319Test-246695941-project] Task 'cinder.volume.flows.api.create_volume.ExtractVolumeRequestTask;volume:create' (f4178b6e-661c-4213-8f91-414b8ab4b651) transitioned into state 'RUNNING' from state 'PENDING' {{(pid=113324) _task_receiver /usr/local/lib/python3.8/dist-packages/taskflow/listeners/logging.py:190}}
Sep 13 07:01:28.195356 dv-cinder-856941-4-iscsi devstack@c-api.service[113324]: /usr/local/lib/python3.8/dist-packages/oslo_context/context.py:100: DeprecationWarning: Policy enforcement is depending on the value of is_admin. This key is deprecated. Please update your policy file to use the standard policy values.
Sep 13 07:01:28.195356 dv-cinder-856941-4-iscsi devstack@c-api.service[113324]: warnings.warn('Policy enforcement is depending on the value of '
Sep 13 07:01:28.199540 dv-cinder-856941-4-iscsi devstack@c-api.service[113324]: DEBUG cinder.volume.flows.api.create_volume [None req-adbf0975-c124-4f7c-af4c-e9ee5d71d2fe tempest-GroupSnapshotsV319Test-246695941 tempest-GroupSnapshotsV319Test-246695941-project] Validating volume size '1' using validate_int {{(pid=113324) _extract_size /opt/stack/cinder/cinder/volume/flows/api/create_volume.py:228}}
Sep 13 07:01:28.324788 dv-cinder-856941-4-iscsi devstack@c-api.service[113324]: DEBUG cinder.volume.api [None req-adbf0975-c124-4f7c-af4c-e9ee5d71d2fe tempest-GroupSnapshotsV319Test-246695941 tempest-GroupSnapshotsV319Test-246695941-project] Task 'cinder.volume.flows.api.create_volume.ExtractVolumeRequestTask;volume:create' (f4178b6e-661c-4213-8f91-414b8ab4b651) transitioned into state 'SUCCESS' from state 'RUNNING' with result '{'size': 1, 'snapshot_id': None, 'source_volid': None, 'volume_type': VolumeType(created_at=2022-09-13T07:01:25Z,deleted=False,deleted_at=None,description=None,extra_specs={},id=6dbad082-cf71-444d-92ef-3e27ff3fdaef,is_public=True,name='tempest-GroupSnapshotsV319Test-volume-type-835964803',projects=[],qos_specs=,qos_specs_id=None,updated_at=None), 'volume_type_id': '6dbad082-cf71-444d-92ef-3e27ff3fdaef', 'encryption_key_id': None, 'qos_specs': None, 'consistencygroup_id': None, 'cgsnapshot_id': None, 'group_id': '43605a27-d580-4315-a907-62121355c9bc', 'replication_status': 'disabled', 'refresh_az': False, 'backup_id': None, 'multiattach': False, 'availability_zones': ['nova']}' {{(pid=113324) _task_receiver /usr/local/lib/python3.8/dist-packages/taskflow/listeners/logging.py:178}}
Sep 13 07:01:28.343865 dv-cinder-856941-4-iscsi devstack@c-api.service[113324]: DEBUG cinder.volume.api [None req-adbf0975-c124-4f7c-af4c-e9ee5d71d2fe tempest-GroupSnapshotsV319Test-246695941 tempest-GroupSnapshotsV319Test-246695941-project] Task 'cinder.volume.flows.api.create_volume.QuotaReserveTask;volume:create' (341e88e1-2665-4229-a8e9-8bb51007b907) transitioned into state 'RUNNING' from state 'PENDING' {{(pid=113324) _task_receiver /usr/local/lib/python3.8/dist-packages/taskflow/listeners/logging.py:190}}
Sep 13 07:01:28.402981 dv-cinder-856941-4-iscsi devstack@c-api.service[113324]: DEBUG dbcounter [-] [113324] Writing DB stats cinder:SELECT=89,cinder:INSERT=5,cinder:UPDATE=5,cinder:DELETE=1 {{(pid=113324) stat_writer /usr/local/lib/python3.8/dist-packages/dbcounter.py:114}}
Sep 13 07:01:28.469829 dv-cinder-856941-4-iscsi devstack@c-api.service[113325]: INFO cinder.api.openstack.wsgi [None req-e192b7c5-362c-41c3-9a06-062372a65df8 tempest-VolumesListAdminTestJSON-1431611156 tempest-VolumesListAdminTestJSON-1431611156-project-admin] POST http://10.222.0.25/volume/v3/879272babecc4dfda0b9bffab5cb5432/volumes
Sep 13 07:01:28.471253 dv-cinder-856941-4-iscsi devstack@c-api.service[113325]: DEBUG cinder.api.openstack.wsgi [None req-e192b7c5-362c-41c3-9a06-062372a65df8 tempest-VolumesListAdminTestJSON-1431611156 tempest-VolumesListAdminTestJSON-1431611156-project-admin] Action: 'create', calling method: create, body: {"volume": {"size": 1}} {{(pid=113325) _process_stack /opt/stack/cinder/cinder/api/openstack/wsgi.py:866}}
Sep 13 07:01:28.473836 dv-cinder-856941-4-iscsi devstack@c-api.service[113325]: DEBUG cinder.api.v3.volumes [None req-e192b7c5-362c-41c3-9a06-062372a65df8 tempest-VolumesListAdminTestJSON-1431611156 tempest-VolumesListAdminTestJSON-1431611156-project-admin] Create volume request body: {'volume': {'size': 1}} {{(pid=113325) create /opt/stack/cinder/cinder/api/v3/volumes.py:298}}
Sep 13 07:01:28.474339 dv-cinder-856941-4-iscsi devstack@c-api.service[113325]: INFO cinder.api.v3.volumes [None req-e192b7c5-362c-41c3-9a06-062372a65df8 tempest-VolumesListAdminTestJSON-1431611156 tempest-VolumesListAdminTestJSON-1431611156-project-admin] Create volume of 1 GB
Sep 13 07:01:28.499286 dv-cinder-856941-4-iscsi devstack@c-api.service[113324]: WARNING cinder.quota [None req-adbf0975-c124-4f7c-af4c-e9ee5d71d2fe tempest-GroupSnapshotsV319Test-246695941 tempest-GroupSnapshotsV319Test-246695941-project] Deprecated: Default quota for resource: volumes_tempest-GroupSnapshotsV319Test-volume-type-835964803 is set by the default quota flag: quota_volumes_tempest-GroupSnapshotsV319Test-volume-type-835964803, it is now deprecated. Please use the default quota class for default quota.
Sep 13 07:01:28.501839 dv-cinder-856941-4-iscsi devstack@c-api.service[113324]: WARNING cinder.quota [None req-adbf0975-c124-4f7c-af4c-e9ee5d71d2fe tempest-GroupSnapshotsV319Test-246695941 tempest-GroupSnapshotsV319Test-246695941-project] Deprecated: Default quota for resource: gigabytes_tempest-GroupSnapshotsV319Test-volume-type-835964803 is set by the default quota flag: quota_gigabytes_tempest-GroupSnapshotsV319Test-volume-type-835964803, it is now deprecated. Please use the default quota class for default quota.
Sep 13 07:01:28.503888 dv-cinder-856941-4-iscsi devstack@c-api.service[113325]: INFO cinder.volume.api [None req-e192b7c5-362c-41c3-9a06-062372a65df8 tempest-VolumesListAdminTestJSON-1431611156 tempest-VolumesListAdminTestJSON-1431611156-project-admin] Availability Zones retrieved successfully.
Sep 13 07:01:28.595595 dv-cinder-856941-4-iscsi devstack@c-api.service[113325]: DEBUG cinder.volume.api [None req-e192b7c5-362c-41c3-9a06-062372a65df8 tempest-VolumesListAdminTestJSON-1431611156 tempest-VolumesListAdminTestJSON-1431611156-project-admin] Flow 'volume_create_api' (ba6dc268-b7fb-45a1-a394-a449e1013815) transitioned into state 'RUNNING' from state 'PENDING' {{(pid=113325) _flow_receiver /usr/local/lib/python3.8/dist-packages/taskflow/listeners/logging.py:141}}
Sep 13 07:01:28.630837 dv-cinder-856941-4-iscsi devstack@c-api.service[113325]: DEBUG cinder.volume.api [None req-e192b7c5-362c-41c3-9a06-062372a65df8 tempest-VolumesListAdminTestJSON-1431611156 tempest-VolumesListAdminTestJSON-1431611156-project-admin] Task 'cinder.volume.flows.api.create_volume.ExtractVolumeRequestTask;volume:create' (7047fcc9-0930-4432-8ca2-9224fd5c51d8) transitioned into state 'RUNNING' from state 'PENDING' {{(pid=113325) _task_receiver /usr/local/lib/python3.8/dist-packages/taskflow/listeners/logging.py:190}}
Sep 13 07:01:28.638370 dv-cinder-856941-4-iscsi devstack@c-api.service[113324]: DEBUG cinder.quota [None req-adbf0975-c124-4f7c-af4c-e9ee5d71d2fe tempest-GroupSnapshotsV319Test-246695941 tempest-GroupSnapshotsV319Test-246695941-project] Created reservations ['cffae966-8a81-4e8f-9e59-82a39aa5d4eb', '2bae9ab3-79a0-457e-a4a3-4429da8d3341', '5a88bc98-897a-4194-b812-fa7cb09f9606', '809cdb9e-41d7-488e-bea9-99dd161ce891'] {{(pid=113324) reserve /opt/stack/cinder/cinder/quota.py:755}}
Sep 13 07:01:28.640127 dv-cinder-856941-4-iscsi devstack@c-api.service[113324]: DEBUG cinder.volume.api [None req-adbf0975-c124-4f7c-af4c-e9ee5d71d2fe tempest-GroupSnapshotsV319Test-246695941 tempest-GroupSnapshotsV319Test-246695941-project] Task 'cinder.volume.flows.api.create_volume.QuotaReserveTask;volume:create' (341e88e1-2665-4229-a8e9-8bb51007b907) transitioned into state 'SUCCESS' from state 'RUNNING' with result '{'reservations': ['cffae966-8a81-4e8f-9e59-82a39aa5d4eb', '2bae9ab3-79a0-457e-a4a3-4429da8d3341', '5a88bc98-897a-4194-b812-fa7cb09f9606', '809cdb9e-41d7-488e-bea9-99dd161ce891']}' {{(pid=113324) _task_receiver /usr/local/lib/python3.8/dist-packages/taskflow/listeners/logging.py:178}}
Sep 13 07:01:28.641243 dv-cinder-856941-4-iscsi devstack@c-api.service[113325]: DEBUG cinder.volume.flows.api.create_volume [None req-e192b7c5-362c-41c3-9a06-062372a65df8 tempest-VolumesListAdminTestJSON-1431611156 tempest-VolumesListAdminTestJSON-1431611156-project-admin] Validating volume size '1' using validate_int {{(pid=113325) _extract_size /opt/stack/cinder/cinder/volume/flows/api/create_volume.py:228}}
Sep 13 07:01:28.642245 dv-cinder-856941-4-iscsi devstack@c-api.service[113324]: DEBUG cinder.volume.api [None req-adbf0975-c124-4f7c-af4c-e9ee5d71d2fe tempest-GroupSnapshotsV319Test-246695941 tempest-GroupSnapshotsV319Test-246695941-project] Task 'cinder.volume.flows.api.create_volume.EntryCreateTask;volume:create' (50dffa62-42d0-4780-8186-ddfbc46b1f4f) transitioned into state 'RUNNING' from state 'PENDING' {{(pid=113324) _task_receiver /usr/local/lib/python3.8/dist-packages/taskflow/listeners/logging.py:190}}
Sep 13 07:01:28.711035 dv-cinder-856941-4-iscsi devstack@c-api.service[113324]: DEBUG cinder.volume.api [None req-adbf0975-c124-4f7c-af4c-e9ee5d71d2fe tempest-GroupSnapshotsV319Test-246695941 tempest-GroupSnapshotsV319Test-246695941-project] Task 'cinder.volume.flows.api.create_volume.EntryCreateTask;volume:create' (50dffa62-42d0-4780-8186-ddfbc46b1f4f) transitioned into state 'SUCCESS' from state 'RUNNING' with result '{'volume_id': '97e45e1d-97f8-4de1-ac88-e2ea19d7c316', 'volume_properties': VolumeProperties(attach_status='detached',availability_zone='nova',cgsnapshot_id=None,consistencygroup_id=None,display_description=None,display_name='tempest-GroupSnapshotsV319Test-Volume-76503945',encryption_key_id=None,group_id=43605a27-d580-4315-a907-62121355c9bc,group_type_id=,metadata={},multiattach=False,project_id='6e308f70145b4bac88524fabdacc47bd',qos_specs=None,replication_status=,reservations=['cffae966-8a81-4e8f-9e59-82a39aa5d4eb','2bae9ab3-79a0-457e-a4a3-4429da8d3341','5a88bc98-897a-4194-b812-fa7cb09f9606','809cdb9e-41d7-488e-bea9-99dd161ce891'],size=1,snapshot_id=None,source_replicaid=,source_volid=None,status='creating',user_id='b18da7d08a3945b48029141064c17180',volume_type_id=6dbad082-cf71-444d-92ef-3e27ff3fdaef), 'volume': Volume(_name_id=None,admin_metadata=,attach_status='detached',availability_zone='nova',bootable=False,cluster=,cluster_name=None,consistencygroup=,consistencygroup_id=None,created_at=2022-09-13T07:01:28Z,deleted=False,deleted_at=None,display_description=None,display_name='tempest-GroupSnapshotsV319Test-Volume-76503945',ec2_id=None,encryption_key_id=None,glance_metadata=,group=,group_id=43605a27-d580-4315-a907-62121355c9bc,host=None,id=97e45e1d-97f8-4de1-ac88-e2ea19d7c316,launched_at=None,metadata={},migration_status=None,multiattach=False,previous_status=None,project_id='6e308f70145b4bac88524fabdacc47bd',provider_auth=None,provider_geometry=None,provider_id=None,provider_location=None,replication_driver_data=None,replication_extended_status=None,replication_status=None,scheduled_at=None,service_uuid=None,shared_targets=True,size=1,snapshot_id=None,snapshots=,source_volid=None,status='creating',terminated_at=None,updated_at=None,use_quota=True,user_id='b18da7d08a3945b48029141064c17180',volume_attachment=VolumeAttachmentList,volume_type=VolumeType(6dbad082-cf71-444d-92ef-3e27ff3fdaef),volume_type_id=6dbad082-cf71-444d-92ef-3e27ff3fdaef)}' {{(pid=113324) _task_receiver /usr/local/lib/python3.8/dist-packages/taskflow/listeners/logging.py:178}}
Sep 13 07:01:28.713240 dv-cinder-856941-4-iscsi devstack@c-api.service[113324]: DEBUG cinder.volume.api [None req-adbf0975-c124-4f7c-af4c-e9ee5d71d2fe tempest-GroupSnapshotsV319Test-246695941 tempest-GroupSnapshotsV319Test-246695941-project] Task 'cinder.volume.flows.api.create_volume.QuotaCommitTask;volume:create' (8fd23eb2-0c18-434d-826d-2d2a5f2ec088) transitioned into state 'RUNNING' from state 'PENDING' {{(pid=113324) _task_receiver /usr/local/lib/python3.8/dist-packages/taskflow/listeners/logging.py:190}}
Sep 13 07:01:28.776313 dv-cinder-856941-4-iscsi devstack@c-api.service[113325]: DEBUG cinder.volume.api [None req-e192b7c5-362c-41c3-9a06-062372a65df8 tempest-VolumesListAdminTestJSON-1431611156 tempest-VolumesListAdminTestJSON-1431611156-project-admin] Task 'cinder.volume.flows.api.create_volume.ExtractVolumeRequestTask;volume:create' (7047fcc9-0930-4432-8ca2-9224fd5c51d8) transitioned into state 'SUCCESS' from state 'RUNNING' with result '{'size': 1, 'snapshot_id': None, 'source_volid': None, 'volume_type': VolumeType(created_at=2022-09-13T06:51:13Z,deleted=False,deleted_at=None,description='Default Volume Type',extra_specs={},id=dac57f07-6f33-468b-ac29-2b9d14f4f0d0,is_public=True,name='__DEFAULT__',projects=[],qos_specs=,qos_specs_id=None,updated_at=2022-09-13T06:51:13Z), 'volume_type_id': 'dac57f07-6f33-468b-ac29-2b9d14f4f0d0', 'encryption_key_id': None, 'qos_specs': None, 'consistencygroup_id': None, 'cgsnapshot_id': None, 'group_id': None, 'replication_status': 'disabled', 'refresh_az': False, 'backup_id': None, 'multiattach': False, 'availability_zones': ['nova']}' {{(pid=113325) _task_receiver /usr/local/lib/python3.8/dist-packages/taskflow/listeners/logging.py:178}}
Sep 13 07:01:28.776934 dv-cinder-856941-4-iscsi devstack@c-api.service[113324]: DEBUG cinder.volume.api [None req-adbf0975-c124-4f7c-af4c-e9ee5d71d2fe tempest-GroupSnapshotsV319Test-246695941 tempest-GroupSnapshotsV319Test-246695941-project] Task 'cinder.volume.flows.api.create_volume.QuotaCommitTask;volume:create' (8fd23eb2-0c18-434d-826d-2d2a5f2ec088) transitioned into state 'SUCCESS' from state 'RUNNING' with result '{'volume_properties': VolumeProperties(attach_status='detached',availability_zone='nova',cgsnapshot_id=None,consistencygroup_id=None,display_description=None,display_name='tempest-GroupSnapshotsV319Test-Volume-76503945',encryption_key_id=None,group_id=43605a27-d580-4315-a907-62121355c9bc,group_type_id=,metadata={},multiattach=False,project_id='6e308f70145b4bac88524fabdacc47bd',qos_specs=None,replication_status=,reservations=['cffae966-8a81-4e8f-9e59-82a39aa5d4eb','2bae9ab3-79a0-457e-a4a3-4429da8d3341','5a88bc98-897a-4194-b812-fa7cb09f9606','809cdb9e-41d7-488e-bea9-99dd161ce891'],size=1,snapshot_id=None,source_replicaid=,source_volid=None,status='creating',user_id='b18da7d08a3945b48029141064c17180',volume_type_id=6dbad082-cf71-444d-92ef-3e27ff3fdaef)}' {{(pid=113324) _task_receiver /usr/local/lib/python3.8/dist-packages/taskflow/listeners/logging.py:178}}
Sep 13 07:01:28.779866 dv-cinder-856941-4-iscsi devstack@c-api.service[113324]: DEBUG cinder.volume.api [None req-adbf0975-c124-4f7c-af4c-e9ee5d71d2fe tempest-GroupSnapshotsV319Test-246695941 tempest-GroupSnapshotsV319Test-246695941-project] Task 'cinder.volume.flows.api.create_volume.VolumeCastTask;volume:create' (caf6b26f-fab3-44fa-90a9-8737a41bbed4) transitioned into state 'RUNNING' from state 'PENDING' {{(pid=113324) _task_receiver /usr/local/lib/python3.8/dist-packages/taskflow/listeners/logging.py:190}}
Sep 13 07:01:28.794995 dv-cinder-856941-4-iscsi devstack@c-api.service[113325]: DEBUG cinder.volume.api [None req-e192b7c5-362c-41c3-9a06-062372a65df8 tempest-VolumesListAdminTestJSON-1431611156 tempest-VolumesListAdminTestJSON-1431611156-project-admin] Task 'cinder.volume.flows.api.create_volume.QuotaReserveTask;volume:create' (8526bebd-1bee-4ad6-bf2b-7afdd2d167fe) transitioned into state 'RUNNING' from state 'PENDING' {{(pid=113325) _task_receiver /usr/local/lib/python3.8/dist-packages/taskflow/listeners/logging.py:190}}
Sep 13 07:01:28.803439 dv-cinder-856941-4-iscsi devstack@c-api.service[113325]: DEBUG dbcounter [-] [113325] Writing DB stats cinder:SELECT=82,cinder:INSERT=6,cinder:UPDATE=12 {{(pid=113325) stat_writer /usr/local/lib/python3.8/dist-packages/dbcounter.py:114}}
Sep 13 07:01:28.844373 dv-cinder-856941-4-iscsi devstack@c-api.service[113324]: DEBUG cinder.volume.api [None req-adbf0975-c124-4f7c-af4c-e9ee5d71d2fe tempest-GroupSnapshotsV319Test-246695941 tempest-GroupSnapshotsV319Test-246695941-project] Task 'cinder.volume.flows.api.create_volume.VolumeCastTask;volume:create' (caf6b26f-fab3-44fa-90a9-8737a41bbed4) transitioned into state 'SUCCESS' from state 'RUNNING' with result 'None' {{(pid=113324) _task_receiver /usr/local/lib/python3.8/dist-packages/taskflow/listeners/logging.py:178}}
Sep 13 07:01:28.852997 dv-cinder-856941-4-iscsi devstack@c-api.service[113324]: DEBUG cinder.volume.api [None req-adbf0975-c124-4f7c-af4c-e9ee5d71d2fe tempest-GroupSnapshotsV319Test-246695941 tempest-GroupSnapshotsV319Test-246695941-project] Flow 'volume_create_api' (8f4b9758-76fb-40ef-9b9d-c3642348b4f6) transitioned into state 'SUCCESS' from state 'RUNNING' {{(pid=113324) _flow_receiver /usr/local/lib/python3.8/dist-packages/taskflow/listeners/logging.py:141}}
Sep 13 07:01:28.858971 dv-cinder-856941-4-iscsi devstack@c-api.service[113324]: INFO cinder.volume.api [None req-adbf0975-c124-4f7c-af4c-e9ee5d71d2fe tempest-GroupSnapshotsV319Test-246695941 tempest-GroupSnapshotsV319Test-246695941-project] Create volume request issued successfully.
Sep 13 07:01:28.869879 dv-cinder-856941-4-iscsi devstack@c-api.service[113324]: WARNING stevedore.named [None req-adbf0975-c124-4f7c-af4c-e9ee5d71d2fe tempest-GroupSnapshotsV319Test-246695941 tempest-GroupSnapshotsV319Test-246695941-project] Could not load cinder.keymgr.conf_key_mgr.ConfKeyManager
Sep 13 07:01:28.873435 dv-cinder-856941-4-iscsi devstack@c-api.service[113324]: WARNING castellan.key_manager [None req-adbf0975-c124-4f7c-af4c-e9ee5d71d2fe tempest-GroupSnapshotsV319Test-246695941 tempest-GroupSnapshotsV319Test-246695941-project] Deprecation Warning : cinder.keymgr.conf_key_mgr.ConfKeyManager is not a stevedore based driver, trying to load it as a class: stevedore.exception.NoMatches: No 'castellan.drivers' driver found, looking for 'cinder.keymgr.conf_key_mgr.ConfKeyManager'
Sep 13 07:01:28.904792 dv-cinder-856941-4-iscsi devstack@c-api.service[113324]: DEBUG oslo_db.sqlalchemy.engines [None req-adbf0975-c124-4f7c-af4c-e9ee5d71d2fe tempest-GroupSnapshotsV319Test-246695941 tempest-GroupSnapshotsV319Test-246695941-project] MySQL server mode set to STRICT_TRANS_TABLES,STRICT_ALL_TABLES,NO_ZERO_IN_DATE,NO_ZERO_DATE,ERROR_FOR_DIVISION_BY_ZERO,TRADITIONAL,NO_ENGINE_SUBSTITUTION {{(pid=113324) _check_effective_sql_mode /usr/local/lib/python3.8/dist-packages/oslo_db/sqlalchemy/engines.py:314}}
Sep 13 07:01:28.928350 dv-cinder-856941-4-iscsi devstack@c-api.service[113324]: /usr/local/lib/python3.8/dist-packages/oslo_context/context.py:100: DeprecationWarning: Policy enforcement is depending on the value of is_admin. This key is deprecated. Please update your policy file to use the standard policy values.
Sep 13 07:01:28.928350 dv-cinder-856941-4-iscsi devstack@c-api.service[113324]: warnings.warn('Policy enforcement is depending on the value of '
Sep 13 07:01:28.956818 dv-cinder-856941-4-iscsi devstack@c-api.service[113324]: INFO cinder.api.openstack.wsgi [None req-adbf0975-c124-4f7c-af4c-e9ee5d71d2fe tempest-GroupSnapshotsV319Test-246695941 tempest-GroupSnapshotsV319Test-246695941-project] http://10.222.0.25/volume/v3/6e308f70145b4bac88524fabdacc47bd/volumes returned with HTTP 202
Sep 13 07:01:28.957817 dv-cinder-856941-4-iscsi devstack@c-api.service[113324]: [pid: 113324|app: 0|req: 80/163] 10.222.0.25 () {62 vars in 1277 bytes} [Tue Sep 13 07:01:27 2022] POST /volume/v3/6e308f70145b4bac88524fabdacc47bd/volumes => generated 913 bytes in 986 msecs (HTTP/1.1 202) 7 headers in 292 bytes (1 switches on core 0)
Sep 13 07:01:28.978438 dv-cinder-856941-4-iscsi devstack@c-api.service[113324]: DEBUG cinder.api.middleware.request_id [None req-d2c491da-91b8-4f64-a1f0-295fff585bef None None] RequestId filter calling following filter/app {{(pid=113324) _context_setter /opt/stack/cinder/cinder/api/middleware/request_id.py:62}}
Sep 13 07:01:28.995324 dv-cinder-856941-4-iscsi devstack@c-api.service[113324]: INFO cinder.api.openstack.wsgi [None req-d2c491da-91b8-4f64-a1f0-295fff585bef tempest-SnapshotsActionsTest-796862800 tempest-SnapshotsActionsTest-796862800-project] GET http://10.222.0.25/volume/v3/250617554d634a3a95733753fc56512c/snapshots/1eec473b-3498-44e5-82a3-75dade911969
Sep 13 07:01:28.996142 dv-cinder-856941-4-iscsi devstack@c-api.service[113324]: DEBUG cinder.api.openstack.wsgi [None req-d2c491da-91b8-4f64-a1f0-295fff585bef tempest-SnapshotsActionsTest-796862800 tempest-SnapshotsActionsTest-796862800-project] Empty body provided in request {{(pid=113324) get_body /opt/stack/cinder/cinder/api/openstack/wsgi.py:715}}
Sep 13 07:01:28.996588 dv-cinder-856941-4-iscsi devstack@c-api.service[113324]: DEBUG cinder.api.openstack.wsgi [None req-d2c491da-91b8-4f64-a1f0-295fff585bef tempest-SnapshotsActionsTest-796862800 tempest-SnapshotsActionsTest-796862800-project] Calling method 'show' {{(pid=113324) _process_stack /opt/stack/cinder/cinder/api/openstack/wsgi.py:868}}
Sep 13 07:01:29.020938 dv-cinder-856941-4-iscsi devstack@c-api.service[113324]: INFO cinder.api.openstack.wsgi [None req-d2c491da-91b8-4f64-a1f0-295fff585bef tempest-SnapshotsActionsTest-796862800 tempest-SnapshotsActionsTest-796862800-project] http://10.222.0.25/volume/v3/250617554d634a3a95733753fc56512c/snapshots/1eec473b-3498-44e5-82a3-75dade911969 returned with HTTP 404
Sep 13 07:01:29.029071 dv-cinder-856941-4-iscsi devstack@c-api.service[113324]: [pid: 113324|app: 0|req: 81/164] 10.222.0.25 () {58 vars in 1331 bytes} [Tue Sep 13 07:01:28 2022] GET /volume/v3/250617554d634a3a95733753fc56512c/snapshots/1eec473b-3498-44e5-82a3-75dade911969 => generated 111 bytes in 56 msecs (HTTP/1.1 404) 7 headers in 292 bytes (1 switches on core 0)
Sep 13 07:01:29.031190 dv-cinder-856941-4-iscsi devstack@c-api.service[113324]: DEBUG cinder.api.middleware.request_id [None req-2ee9da49-9d37-461c-ada0-34993b730d28 None None] RequestId filter calling following filter/app {{(pid=113324) _context_setter /opt/stack/cinder/cinder/api/middleware/request_id.py:62}}
Sep 13 07:01:29.043734 dv-cinder-856941-4-iscsi devstack@c-api.service[113324]: INFO cinder.api.openstack.wsgi [None req-2ee9da49-9d37-461c-ada0-34993b730d28 tempest-GroupSnapshotsV319Test-246695941 tempest-GroupSnapshotsV319Test-246695941-project] GET http://10.222.0.25/volume/v3/6e308f70145b4bac88524fabdacc47bd/volumes/97e45e1d-97f8-4de1-ac88-e2ea19d7c316
Sep 13 07:01:29.056648 dv-cinder-856941-4-iscsi devstack@c-api.service[113324]: DEBUG cinder.api.openstack.wsgi [None req-2ee9da49-9d37-461c-ada0-34993b730d28 tempest-GroupSnapshotsV319Test-246695941 tempest-GroupSnapshotsV319Test-246695941-project] Empty body provided in request {{(pid=113324) get_body /opt/stack/cinder/cinder/api/openstack/wsgi.py:715}}
Sep 13 07:01:29.057392 dv-cinder-856941-4-iscsi devstack@c-api.service[113324]: DEBUG cinder.api.openstack.wsgi [None req-2ee9da49-9d37-461c-ada0-34993b730d28 tempest-GroupSnapshotsV319Test-246695941 tempest-GroupSnapshotsV319Test-246695941-project] Calling method 'show' {{(pid=113324) _process_stack /opt/stack/cinder/cinder/api/openstack/wsgi.py:868}}
Sep 13 07:01:29.116762 dv-cinder-856941-4-iscsi devstack@c-api.service[113325]: DEBUG cinder.quota [None req-e192b7c5-362c-41c3-9a06-062372a65df8 tempest-VolumesListAdminTestJSON-1431611156 tempest-VolumesListAdminTestJSON-1431611156-project-admin] Created reservations ['df7e3838-7633-4327-aee0-87ed2ac95c98', '2e4aab09-d755-4261-8e4c-5bdcc90ec807', '8df6400d-7bf9-472e-abb7-da174fa71968', '85aebef2-e3db-4e4a-86be-60036d8b187f'] {{(pid=113325) reserve /opt/stack/cinder/cinder/quota.py:755}}
Sep 13 07:01:29.119210 dv-cinder-856941-4-iscsi devstack@c-api.service[113325]: DEBUG cinder.volume.api [None req-e192b7c5-362c-41c3-9a06-062372a65df8 tempest-VolumesListAdminTestJSON-1431611156 tempest-VolumesListAdminTestJSON-1431611156-project-admin] Task 'cinder.volume.flows.api.create_volume.QuotaReserveTask;volume:create' (8526bebd-1bee-4ad6-bf2b-7afdd2d167fe) transitioned into state 'SUCCESS' from state 'RUNNING' with result '{'reservations': ['df7e3838-7633-4327-aee0-87ed2ac95c98', '2e4aab09-d755-4261-8e4c-5bdcc90ec807', '8df6400d-7bf9-472e-abb7-da174fa71968', '85aebef2-e3db-4e4a-86be-60036d8b187f']}' {{(pid=113325) _task_receiver /usr/local/lib/python3.8/dist-packages/taskflow/listeners/logging.py:178}}
Sep 13 07:01:29.121679 dv-cinder-856941-4-iscsi devstack@c-api.service[113325]: DEBUG cinder.volume.api [None req-e192b7c5-362c-41c3-9a06-062372a65df8 tempest-VolumesListAdminTestJSON-1431611156 tempest-VolumesListAdminTestJSON-1431611156-project-admin] Task 'cinder.volume.flows.api.create_volume.EntryCreateTask;volume:create' (2879a86b-4ad9-4769-893a-178adb9de7df) transitioned into state 'RUNNING' from state 'PENDING' {{(pid=113325) _task_receiver /usr/local/lib/python3.8/dist-packages/taskflow/listeners/logging.py:190}}
Sep 13 07:01:29.122654 dv-cinder-856941-4-iscsi devstack@c-api.service[113324]: /usr/local/lib/python3.8/dist-packages/oslo_context/context.py:100: DeprecationWarning: Policy enforcement is depending on the value of is_admin. This key is deprecated. Please update your policy file to use the standard policy values.
Sep 13 07:01:29.122654 dv-cinder-856941-4-iscsi devstack@c-api.service[113324]: warnings.warn('Policy enforcement is depending on the value of '
Sep 13 07:01:29.139754 dv-cinder-856941-4-iscsi devstack@c-api.service[113324]: INFO cinder.volume.api [None req-2ee9da49-9d37-461c-ada0-34993b730d28 tempest-GroupSnapshotsV319Test-246695941 tempest-GroupSnapshotsV319Test-246695941-project] Volume info retrieved successfully.
Sep 13 07:01:29.144741 dv-cinder-856941-4-iscsi devstack@c-api.service[113324]: WARNING stevedore.named [None req-2ee9da49-9d37-461c-ada0-34993b730d28 tempest-GroupSnapshotsV319Test-246695941 tempest-GroupSnapshotsV319Test-246695941-project] Could not load cinder.keymgr.conf_key_mgr.ConfKeyManager
Sep 13 07:01:29.146502 dv-cinder-856941-4-iscsi devstack@c-api.service[113324]: WARNING castellan.key_manager [None req-2ee9da49-9d37-461c-ada0-34993b730d28 tempest-GroupSnapshotsV319Test-246695941 tempest-GroupSnapshotsV319Test-246695941-project] Deprecation Warning : cinder.keymgr.conf_key_mgr.ConfKeyManager is not a stevedore based driver, trying to load it as a class: stevedore.exception.NoMatches: No 'castellan.drivers' driver found, looking for 'cinder.keymgr.conf_key_mgr.ConfKeyManager'
Sep 13 07:01:29.166552 dv-cinder-856941-4-iscsi devstack@c-api.service[113324]: DEBUG oslo_db.sqlalchemy.engines [None req-2ee9da49-9d37-461c-ada0-34993b730d28 tempest-GroupSnapshotsV319Test-246695941 tempest-GroupSnapshotsV319Test-246695941-project] MySQL server mode set to STRICT_TRANS_TABLES,STRICT_ALL_TABLES,NO_ZERO_IN_DATE,NO_ZERO_DATE,ERROR_FOR_DIVISION_BY_ZERO,TRADITIONAL,NO_ENGINE_SUBSTITUTION {{(pid=113324) _check_effective_sql_mode /usr/local/lib/python3.8/dist-packages/oslo_db/sqlalchemy/engines.py:314}}
Sep 13 07:01:29.184082 dv-cinder-856941-4-iscsi devstack@c-api.service[113324]: /usr/local/lib/python3.8/dist-packages/oslo_context/context.py:100: DeprecationWarning: Policy enforcement is depending on the value of is_admin. This key is deprecated. Please update your policy file to use the standard policy values.
Sep 13 07:01:29.184082 dv-cinder-856941-4-iscsi devstack@c-api.service[113324]: warnings.warn('Policy enforcement is depending on the value of '
Sep 13 07:01:29.193685 dv-cinder-856941-4-iscsi devstack@c-api.service[113325]: DEBUG cinder.volume.api [None req-e192b7c5-362c-41c3-9a06-062372a65df8 tempest-VolumesListAdminTestJSON-1431611156 tempest-VolumesListAdminTestJSON-1431611156-project-admin] Task 'cinder.volume.flows.api.create_volume.EntryCreateTask;volume:create' (2879a86b-4ad9-4769-893a-178adb9de7df) transitioned into state 'SUCCESS' from state 'RUNNING' with result '{'volume_id': '98661763-b056-434e-9df0-5d017631d363', 'volume_properties': VolumeProperties(attach_status='detached',availability_zone='nova',cgsnapshot_id=None,consistencygroup_id=None,display_description=None,display_name=None,encryption_key_id=None,group_id=None,group_type_id=,metadata={},multiattach=False,project_id='879272babecc4dfda0b9bffab5cb5432',qos_specs=None,replication_status=,reservations=['df7e3838-7633-4327-aee0-87ed2ac95c98','2e4aab09-d755-4261-8e4c-5bdcc90ec807','8df6400d-7bf9-472e-abb7-da174fa71968','85aebef2-e3db-4e4a-86be-60036d8b187f'],size=1,snapshot_id=None,source_replicaid=,source_volid=None,status='creating',user_id='f04adee616c041bf8a108a9465cbacae',volume_type_id=dac57f07-6f33-468b-ac29-2b9d14f4f0d0), 'volume': Volume(_name_id=None,admin_metadata={},attach_status='detached',availability_zone='nova',bootable=False,cluster=,cluster_name=None,consistencygroup=,consistencygroup_id=None,created_at=2022-09-13T07:01:29Z,deleted=False,deleted_at=None,display_description=None,display_name=None,ec2_id=None,encryption_key_id=None,glance_metadata=,group=,group_id=None,host=None,id=98661763-b056-434e-9df0-5d017631d363,launched_at=None,metadata={},migration_status=None,multiattach=False,previous_status=None,project_id='879272babecc4dfda0b9bffab5cb5432',provider_auth=None,provider_geometry=None,provider_id=None,provider_location=None,replication_driver_data=None,replication_extended_status=None,replication_status=None,scheduled_at=None,service_uuid=None,shared_targets=True,size=1,snapshot_id=None,snapshots=,source_volid=None,status='creating',terminated_at=None,updated_at=None,use_quota=True,user_id='f04adee616c041bf8a108a9465cbacae',volume_attachment=VolumeAttachmentList,volume_type=VolumeType(dac57f07-6f33-468b-ac29-2b9d14f4f0d0),volume_type_id=dac57f07-6f33-468b-ac29-2b9d14f4f0d0)}' {{(pid=113325) _task_receiver /usr/local/lib/python3.8/dist-packages/taskflow/listeners/logging.py:178}}
Sep 13 07:01:29.199124 dv-cinder-856941-4-iscsi devstack@c-api.service[113325]: DEBUG cinder.volume.api [None req-e192b7c5-362c-41c3-9a06-062372a65df8 tempest-VolumesListAdminTestJSON-1431611156 tempest-VolumesListAdminTestJSON-1431611156-project-admin] Task 'cinder.volume.flows.api.create_volume.QuotaCommitTask;volume:create' (862d7e12-8b2e-4e11-89a8-ee7807c3ff91) transitioned into state 'RUNNING' from state 'PENDING' {{(pid=113325) _task_receiver /usr/local/lib/python3.8/dist-packages/taskflow/listeners/logging.py:190}}
Sep 13 07:01:29.244586 dv-cinder-856941-4-iscsi devstack@c-api.service[113324]: INFO cinder.api.openstack.wsgi [None req-2ee9da49-9d37-461c-ada0-34993b730d28 tempest-GroupSnapshotsV319Test-246695941 tempest-GroupSnapshotsV319Test-246695941-project] http://10.222.0.25/volume/v3/6e308f70145b4bac88524fabdacc47bd/volumes/97e45e1d-97f8-4de1-ac88-e2ea19d7c316 returned with HTTP 200
Sep 13 07:01:29.267323 dv-cinder-856941-4-iscsi devstack@c-api.service[113324]: [pid: 113324|app: 0|req: 82/165] 10.222.0.25 () {60 vars in 1366 bytes} [Tue Sep 13 07:01:29 2022] GET /volume/v3/6e308f70145b4bac88524fabdacc47bd/volumes/97e45e1d-97f8-4de1-ac88-e2ea19d7c316 => generated 981 bytes in 217 msecs (HTTP/1.1 200) 7 headers in 286 bytes (1 switches on core 0)
Sep 13 07:01:29.276549 dv-cinder-856941-4-iscsi devstack@c-api.service[113325]: DEBUG cinder.volume.api [None req-e192b7c5-362c-41c3-9a06-062372a65df8 tempest-VolumesListAdminTestJSON-1431611156 tempest-VolumesListAdminTestJSON-1431611156-project-admin] Task 'cinder.volume.flows.api.create_volume.QuotaCommitTask;volume:create' (862d7e12-8b2e-4e11-89a8-ee7807c3ff91) transitioned into state 'SUCCESS' from state 'RUNNING' with result '{'volume_properties': VolumeProperties(attach_status='detached',availability_zone='nova',cgsnapshot_id=None,consistencygroup_id=None,display_description=None,display_name=None,encryption_key_id=None,group_id=None,group_type_id=,metadata={},multiattach=False,project_id='879272babecc4dfda0b9bffab5cb5432',qos_specs=None,replication_status=,reservations=['df7e3838-7633-4327-aee0-87ed2ac95c98','2e4aab09-d755-4261-8e4c-5bdcc90ec807','8df6400d-7bf9-472e-abb7-da174fa71968','85aebef2-e3db-4e4a-86be-60036d8b187f'],size=1,snapshot_id=None,source_replicaid=,source_volid=None,status='creating',user_id='f04adee616c041bf8a108a9465cbacae',volume_type_id=dac57f07-6f33-468b-ac29-2b9d14f4f0d0)}' {{(pid=113325) _task_receiver /usr/local/lib/python3.8/dist-packages/taskflow/listeners/logging.py:178}}
Sep 13 07:01:29.277543 dv-cinder-856941-4-iscsi devstack@c-api.service[113324]: DEBUG cinder.api.middleware.request_id [None req-3e02d4b7-7e0f-48a2-97f6-6d4d67b795c8 None None] RequestId filter calling following filter/app {{(pid=113324) _context_setter /opt/stack/cinder/cinder/api/middleware/request_id.py:62}}
Sep 13 07:01:29.284162 dv-cinder-856941-4-iscsi devstack@c-api.service[113325]: DEBUG cinder.volume.api [None req-e192b7c5-362c-41c3-9a06-062372a65df8 tempest-VolumesListAdminTestJSON-1431611156 tempest-VolumesListAdminTestJSON-1431611156-project-admin] Task 'cinder.volume.flows.api.create_volume.VolumeCastTask;volume:create' (2fdcda3b-c254-4f45-acd7-585daaf32223) transitioned into state 'RUNNING' from state 'PENDING' {{(pid=113325) _task_receiver /usr/local/lib/python3.8/dist-packages/taskflow/listeners/logging.py:190}}
Sep 13 07:01:29.292210 dv-cinder-856941-4-iscsi devstack@c-api.service[113324]: INFO cinder.api.openstack.wsgi [None req-3e02d4b7-7e0f-48a2-97f6-6d4d67b795c8 tempest-SnapshotsActionsTest-464426085 tempest-SnapshotsActionsTest-464426085-project-admin] POST http://10.222.0.25/volume/v3/a64d84dec39f4257835f17fbbb2bd534/snapshots/3b7befa3-e03f-4586-97bb-b471c69e9030/action
Sep 13 07:01:29.293417 dv-cinder-856941-4-iscsi devstack@c-api.service[113324]: DEBUG cinder.api.openstack.wsgi [None req-3e02d4b7-7e0f-48a2-97f6-6d4d67b795c8 tempest-SnapshotsActionsTest-464426085 tempest-SnapshotsActionsTest-464426085-project-admin] Action body: b'{"os-reset_status": {"status": "available"}}' {{(pid=113324) get_method /opt/stack/cinder/cinder/api/openstack/wsgi.py:983}}
Sep 13 07:01:29.293943 dv-cinder-856941-4-iscsi devstack@c-api.service[113324]: DEBUG cinder.api.openstack.wsgi [None req-3e02d4b7-7e0f-48a2-97f6-6d4d67b795c8 tempest-SnapshotsActionsTest-464426085 tempest-SnapshotsActionsTest-464426085-project-admin] Action: 'action', calling method: _reset_status, body: {"os-reset_status": {"status": "available"}} {{(pid=113324) _process_stack /opt/stack/cinder/cinder/api/openstack/wsgi.py:866}}
Sep 13 07:01:29.297514 dv-cinder-856941-4-iscsi devstack@c-api.service[113324]: DEBUG cinder.api.contrib.admin_actions [None req-3e02d4b7-7e0f-48a2-97f6-6d4d67b795c8 tempest-SnapshotsActionsTest-464426085 tempest-SnapshotsActionsTest-464426085-project-admin] Updating snapshot '3b7befa3-e03f-4586-97bb-b471c69e9030' with '{'status': 'available'}' {{(pid=113324) _reset_status /opt/stack/cinder/cinder/api/contrib/admin_actions.py:100}}
Sep 13 07:01:29.341030 dv-cinder-856941-4-iscsi devstack@c-api.service[113325]: DEBUG cinder.volume.api [None req-e192b7c5-362c-41c3-9a06-062372a65df8 tempest-VolumesListAdminTestJSON-1431611156 tempest-VolumesListAdminTestJSON-1431611156-project-admin] Task 'cinder.volume.flows.api.create_volume.VolumeCastTask;volume:create' (2fdcda3b-c254-4f45-acd7-585daaf32223) transitioned into state 'SUCCESS' from state 'RUNNING' with result 'None' {{(pid=113325) _task_receiver /usr/local/lib/python3.8/dist-packages/taskflow/listeners/logging.py:178}}
Sep 13 07:01:29.347347 dv-cinder-856941-4-iscsi devstack@c-api.service[113325]: DEBUG cinder.volume.api [None req-e192b7c5-362c-41c3-9a06-062372a65df8 tempest-VolumesListAdminTestJSON-1431611156 tempest-VolumesListAdminTestJSON-1431611156-project-admin] Flow 'volume_create_api' (ba6dc268-b7fb-45a1-a394-a449e1013815) transitioned into state 'SUCCESS' from state 'RUNNING' {{(pid=113325) _flow_receiver /usr/local/lib/python3.8/dist-packages/taskflow/listeners/logging.py:141}}
Sep 13 07:01:29.349819 dv-cinder-856941-4-iscsi devstack@c-api.service[113324]: /usr/local/lib/python3.8/dist-packages/oslo_context/context.py:100: DeprecationWarning: Policy enforcement is depending on the value of is_admin. This key is deprecated. Please update your policy file to use the standard policy values.
Sep 13 07:01:29.349819 dv-cinder-856941-4-iscsi devstack@c-api.service[113324]: warnings.warn('Policy enforcement is depending on the value of '
Sep 13 07:01:29.353882 dv-cinder-856941-4-iscsi devstack@c-api.service[113325]: INFO cinder.volume.api [None req-e192b7c5-362c-41c3-9a06-062372a65df8 tempest-VolumesListAdminTestJSON-1431611156 tempest-VolumesListAdminTestJSON-1431611156-project-admin] Create volume request issued successfully.
Sep 13 07:01:29.363595 dv-cinder-856941-4-iscsi devstack@c-api.service[113325]: INFO cinder.api.openstack.wsgi [None req-e192b7c5-362c-41c3-9a06-062372a65df8 tempest-VolumesListAdminTestJSON-1431611156 tempest-VolumesListAdminTestJSON-1431611156-project-admin] http://10.222.0.25/volume/v3/879272babecc4dfda0b9bffab5cb5432/volumes returned with HTTP 202
Sep 13 07:01:29.369104 dv-cinder-856941-4-iscsi devstack@c-api.service[113325]: [pid: 113325|app: 0|req: 84/166] 10.222.0.25 () {60 vars in 1235 bytes} [Tue Sep 13 07:01:27 2022] POST /volume/v3/879272babecc4dfda0b9bffab5cb5432/volumes => generated 802 bytes in 1547 msecs (HTTP/1.1 202) 7 headers in 291 bytes (2 switches on core 0)
Sep 13 07:01:29.392008 dv-cinder-856941-4-iscsi devstack@c-api.service[113325]: DEBUG cinder.api.middleware.request_id [None req-31c3b611-c716-44c1-a101-a183390f254a None None] RequestId filter calling following filter/app {{(pid=113325) _context_setter /opt/stack/cinder/cinder/api/middleware/request_id.py:62}}
Sep 13 07:01:29.397677 dv-cinder-856941-4-iscsi devstack@c-api.service[113325]: INFO cinder.api.openstack.wsgi [None req-31c3b611-c716-44c1-a101-a183390f254a tempest-VolumesListAdminTestJSON-1431611156 tempest-VolumesListAdminTestJSON-1431611156-project-admin] GET http://10.222.0.25/volume/v3/879272babecc4dfda0b9bffab5cb5432/volumes/98661763-b056-434e-9df0-5d017631d363
Sep 13 07:01:29.398578 dv-cinder-856941-4-iscsi devstack@c-api.service[113325]: DEBUG cinder.api.openstack.wsgi [None req-31c3b611-c716-44c1-a101-a183390f254a tempest-VolumesListAdminTestJSON-1431611156 tempest-VolumesListAdminTestJSON-1431611156-project-admin] Empty body provided in request {{(pid=113325) get_body /opt/stack/cinder/cinder/api/openstack/wsgi.py:715}}
Sep 13 07:01:29.399249 dv-cinder-856941-4-iscsi devstack@c-api.service[113325]: DEBUG cinder.api.openstack.wsgi [None req-31c3b611-c716-44c1-a101-a183390f254a tempest-VolumesListAdminTestJSON-1431611156 tempest-VolumesListAdminTestJSON-1431611156-project-admin] Calling method 'show' {{(pid=113325) _process_stack /opt/stack/cinder/cinder/api/openstack/wsgi.py:868}}
Sep 13 07:01:29.414858 dv-cinder-856941-4-iscsi devstack@c-api.service[113324]: INFO cinder.api.openstack.wsgi [None req-3e02d4b7-7e0f-48a2-97f6-6d4d67b795c8 tempest-SnapshotsActionsTest-464426085 tempest-SnapshotsActionsTest-464426085-project-admin] http://10.222.0.25/volume/v3/a64d84dec39f4257835f17fbbb2bd534/snapshots/3b7befa3-e03f-4586-97bb-b471c69e9030/action returned with HTTP 202
Sep 13 07:01:29.427374 dv-cinder-856941-4-iscsi devstack@c-api.service[113324]: [pid: 113324|app: 0|req: 83/167] 10.222.0.25 () {60 vars in 1373 bytes} [Tue Sep 13 07:01:29 2022] POST /volume/v3/a64d84dec39f4257835f17fbbb2bd534/snapshots/3b7befa3-e03f-4586-97bb-b471c69e9030/action => generated 0 bytes in 159 msecs (HTTP/1.1 202) 7 headers in 289 bytes (1 switches on core 0)
Sep 13 07:01:29.433298 dv-cinder-856941-4-iscsi devstack@c-api.service[113324]: DEBUG cinder.api.middleware.request_id [None req-d49ff2bf-411f-420e-8170-ed85469350d3 None None] RequestId filter calling following filter/app {{(pid=113324) _context_setter /opt/stack/cinder/cinder/api/middleware/request_id.py:62}}
Sep 13 07:01:29.435999 dv-cinder-856941-4-iscsi devstack@c-api.service[113325]: /usr/local/lib/python3.8/dist-packages/oslo_context/context.py:100: DeprecationWarning: Policy enforcement is depending on the value of is_admin. This key is deprecated. Please update your policy file to use the standard policy values.
Sep 13 07:01:29.435999 dv-cinder-856941-4-iscsi devstack@c-api.service[113325]: warnings.warn('Policy enforcement is depending on the value of '
Sep 13 07:01:29.458728 dv-cinder-856941-4-iscsi devstack@c-api.service[113324]: INFO cinder.api.openstack.wsgi [None req-d49ff2bf-411f-420e-8170-ed85469350d3 tempest-SnapshotsActionsTest-796862800 tempest-SnapshotsActionsTest-796862800-project] GET http://10.222.0.25/volume/v3/250617554d634a3a95733753fc56512c/snapshots/3b7befa3-e03f-4586-97bb-b471c69e9030
Sep 13 07:01:29.459566 dv-cinder-856941-4-iscsi devstack@c-api.service[113324]: DEBUG cinder.api.openstack.wsgi [None req-d49ff2bf-411f-420e-8170-ed85469350d3 tempest-SnapshotsActionsTest-796862800 tempest-SnapshotsActionsTest-796862800-project] Empty body provided in request {{(pid=113324) get_body /opt/stack/cinder/cinder/api/openstack/wsgi.py:715}}
Sep 13 07:01:29.460239 dv-cinder-856941-4-iscsi devstack@c-api.service[113324]: DEBUG cinder.api.openstack.wsgi [None req-d49ff2bf-411f-420e-8170-ed85469350d3 tempest-SnapshotsActionsTest-796862800 tempest-SnapshotsActionsTest-796862800-project] Calling method 'show' {{(pid=113324) _process_stack /opt/stack/cinder/cinder/api/openstack/wsgi.py:868}}
Sep 13 07:01:29.463899 dv-cinder-856941-4-iscsi devstack@c-api.service[113325]: INFO cinder.volume.api [None req-31c3b611-c716-44c1-a101-a183390f254a tempest-VolumesListAdminTestJSON-1431611156 tempest-VolumesListAdminTestJSON-1431611156-project-admin] Volume info retrieved successfully.
Sep 13 07:01:29.486063 dv-cinder-856941-4-iscsi devstack@c-api.service[113325]: INFO cinder.api.openstack.wsgi [None req-31c3b611-c716-44c1-a101-a183390f254a tempest-VolumesListAdminTestJSON-1431611156 tempest-VolumesListAdminTestJSON-1431611156-project-admin] http://10.222.0.25/volume/v3/879272babecc4dfda0b9bffab5cb5432/volumes/98661763-b056-434e-9df0-5d017631d363 returned with HTTP 200
Sep 13 07:01:29.489540 dv-cinder-856941-4-iscsi devstack@c-api.service[113325]: [pid: 113325|app: 0|req: 85/168] 10.222.0.25 () {58 vars in 1325 bytes} [Tue Sep 13 07:01:29 2022] GET /volume/v3/879272babecc4dfda0b9bffab5cb5432/volumes/98661763-b056-434e-9df0-5d017631d363 => generated 981 bytes in 100 msecs (HTTP/1.1 200) 7 headers in 285 bytes (2 switches on core 0)
Sep 13 07:01:29.490124 dv-cinder-856941-4-iscsi devstack@c-api.service[113324]: /usr/local/lib/python3.8/dist-packages/oslo_context/context.py:100: DeprecationWarning: Policy enforcement is depending on the value of is_admin. This key is deprecated. Please update your policy file to use the standard policy values.
Sep 13 07:01:29.490124 dv-cinder-856941-4-iscsi devstack@c-api.service[113324]: warnings.warn('Policy enforcement is depending on the value of '
Sep 13 07:01:29.492821 dv-cinder-856941-4-iscsi devstack@c-api.service[113324]: INFO cinder.volume.api [None req-d49ff2bf-411f-420e-8170-ed85469350d3 tempest-SnapshotsActionsTest-796862800 tempest-SnapshotsActionsTest-796862800-project] Snapshot retrieved successfully.
Sep 13 07:01:29.498824 dv-cinder-856941-4-iscsi devstack@c-api.service[113324]: INFO cinder.api.openstack.wsgi [None req-d49ff2bf-411f-420e-8170-ed85469350d3 tempest-SnapshotsActionsTest-796862800 tempest-SnapshotsActionsTest-796862800-project] http://10.222.0.25/volume/v3/250617554d634a3a95733753fc56512c/snapshots/3b7befa3-e03f-4586-97bb-b471c69e9030 returned with HTTP 200
Sep 13 07:01:29.500088 dv-cinder-856941-4-iscsi devstack@c-api.service[113324]: [pid: 113324|app: 0|req: 84/169] 10.222.0.25 () {58 vars in 1331 bytes} [Tue Sep 13 07:01:29 2022] GET /volume/v3/250617554d634a3a95733753fc56512c/snapshots/3b7befa3-e03f-4586-97bb-b471c69e9030 => generated 465 bytes in 68 msecs (HTTP/1.1 200) 7 headers in 285 bytes (1 switches on core 0)
Sep 13 07:01:29.512390 dv-cinder-856941-4-iscsi devstack@c-api.service[113325]: DEBUG cinder.api.middleware.request_id [None req-ad6fc2be-1dad-4688-917c-b2a634e3ecce None None] RequestId filter calling following filter/app {{(pid=113325) _context_setter /opt/stack/cinder/cinder/api/middleware/request_id.py:62}}
Sep 13 07:01:29.516894 dv-cinder-856941-4-iscsi devstack@c-api.service[113325]: INFO cinder.api.openstack.wsgi [None req-ad6fc2be-1dad-4688-917c-b2a634e3ecce tempest-SnapshotsActionsTest-796862800 tempest-SnapshotsActionsTest-796862800-project] POST http://10.222.0.25/volume/v3/250617554d634a3a95733753fc56512c/snapshots
Sep 13 07:01:29.517739 dv-cinder-856941-4-iscsi devstack@c-api.service[113325]: DEBUG cinder.api.openstack.wsgi [None req-ad6fc2be-1dad-4688-917c-b2a634e3ecce tempest-SnapshotsActionsTest-796862800 tempest-SnapshotsActionsTest-796862800-project] Action: 'create', calling method: create, body: {"snapshot": {"volume_id": "416b8fd0-5db7-423b-8696-ddb4d151045f", "name": "tempest-SnapshotsActionsTest-Snapshot-88938750"}} {{(pid=113325) _process_stack /opt/stack/cinder/cinder/api/openstack/wsgi.py:866}}
Sep 13 07:01:29.558355 dv-cinder-856941-4-iscsi devstack@c-api.service[113325]: /usr/local/lib/python3.8/dist-packages/oslo_context/context.py:100: DeprecationWarning: Policy enforcement is depending on the value of is_admin. This key is deprecated. Please update your policy file to use the standard policy values.
Sep 13 07:01:29.558355 dv-cinder-856941-4-iscsi devstack@c-api.service[113325]: warnings.warn('Policy enforcement is depending on the value of '
Sep 13 07:01:29.559996 dv-cinder-856941-4-iscsi devstack@c-api.service[113325]: INFO cinder.volume.api [None req-ad6fc2be-1dad-4688-917c-b2a634e3ecce tempest-SnapshotsActionsTest-796862800 tempest-SnapshotsActionsTest-796862800-project] Volume info retrieved successfully.
Sep 13 07:01:29.560292 dv-cinder-856941-4-iscsi devstack@c-api.service[113325]: INFO cinder.api.v3.snapshots [None req-ad6fc2be-1dad-4688-917c-b2a634e3ecce tempest-SnapshotsActionsTest-796862800 tempest-SnapshotsActionsTest-796862800-project] Create snapshot from volume 416b8fd0-5db7-423b-8696-ddb4d151045f
Sep 13 07:01:29.664088 dv-cinder-856941-4-iscsi devstack@c-api.service[113325]: DEBUG cinder.quota [None req-ad6fc2be-1dad-4688-917c-b2a634e3ecce tempest-SnapshotsActionsTest-796862800 tempest-SnapshotsActionsTest-796862800-project] Created reservations ['71f233d0-939b-4248-8203-7623580078e2', '2bc734a6-078b-42dd-8553-e2a67c0e23de', 'fafb1fe9-32c0-4236-ad87-6c5eaabdb1ee', 'ebfc47f9-cc03-48d6-8a46-f4282fa5af8f'] {{(pid=113325) reserve /opt/stack/cinder/cinder/quota.py:755}}
Sep 13 07:01:29.827123 dv-cinder-856941-4-iscsi devstack@c-api.service[113325]: INFO cinder.volume.api [None req-ad6fc2be-1dad-4688-917c-b2a634e3ecce tempest-SnapshotsActionsTest-796862800 tempest-SnapshotsActionsTest-796862800-project] Snapshot create request issued successfully.
Sep 13 07:01:29.828071 dv-cinder-856941-4-iscsi devstack@c-api.service[113325]: INFO cinder.api.openstack.wsgi [None req-ad6fc2be-1dad-4688-917c-b2a634e3ecce tempest-SnapshotsActionsTest-796862800 tempest-SnapshotsActionsTest-796862800-project] http://10.222.0.25/volume/v3/250617554d634a3a95733753fc56512c/snapshots returned with HTTP 202
Sep 13 07:01:29.829978 dv-cinder-856941-4-iscsi devstack@c-api.service[113325]: [pid: 113325|app: 0|req: 86/170] 10.222.0.25 () {60 vars in 1242 bytes} [Tue Sep 13 07:01:29 2022] POST /volume/v3/250617554d634a3a95733753fc56512c/snapshots => generated 305 bytes in 319 msecs (HTTP/1.1 202) 7 headers in 291 bytes (1 switches on core 0)
Sep 13 07:01:29.837798 dv-cinder-856941-4-iscsi devstack@c-api.service[113324]: DEBUG cinder.api.middleware.request_id [None req-3453e818-e061-42a0-9bd8-a144575650aa None None] RequestId filter calling following filter/app {{(pid=113324) _context_setter /opt/stack/cinder/cinder/api/middleware/request_id.py:62}}
Sep 13 07:01:29.855405 dv-cinder-856941-4-iscsi devstack@c-api.service[113324]: INFO cinder.api.openstack.wsgi [None req-3453e818-e061-42a0-9bd8-a144575650aa tempest-SnapshotsActionsTest-796862800 tempest-SnapshotsActionsTest-796862800-project] GET http://10.222.0.25/volume/v3/250617554d634a3a95733753fc56512c/snapshots/18fcf5b9-3ee0-4bfd-9509-def270ca0e3d
