Sep 11 08:47:28.985085 dv-cinder-856941-2-smb devstack@c-api.service[120541]: DEBUG cinder.api.openstack.wsgi [None req-072b3859-128e-4223-9d46-0695b5b0f626 tempest-GroupTypeSpecsTest-1403655331 tempest-GroupTypeSpecsTest-1403655331-project-admin] Empty body provided in request {{(pid=120541) get_body /opt/stack/cinder/cinder/api/openstack/wsgi.py:715}}
Sep 11 08:47:28.985694 dv-cinder-856941-2-smb devstack@c-api.service[120541]: DEBUG cinder.api.openstack.wsgi [None req-072b3859-128e-4223-9d46-0695b5b0f626 tempest-GroupTypeSpecsTest-1403655331 tempest-GroupTypeSpecsTest-1403655331-project-admin] Calling method 'version_select' {{(pid=120541) _process_stack /opt/stack/cinder/cinder/api/openstack/wsgi.py:868}}
Sep 11 08:47:29.032326 dv-cinder-856941-2-smb devstack@c-api.service[120541]: INFO cinder.api.openstack.wsgi [None req-072b3859-128e-4223-9d46-0695b5b0f626 tempest-GroupTypeSpecsTest-1403655331 tempest-GroupTypeSpecsTest-1403655331-project-admin] HTTP exception thrown: Group Type 5c459d8e-40db-451d-a1fa-32ef43542d33 has no extra spec with key key1.
Sep 11 08:47:29.036883 dv-cinder-856941-2-smb devstack@c-api.service[120541]: INFO cinder.api.openstack.wsgi [None req-072b3859-128e-4223-9d46-0695b5b0f626 tempest-GroupTypeSpecsTest-1403655331 tempest-GroupTypeSpecsTest-1403655331-project-admin] http://10.222.0.26/volume/v3/eae65ac638b7457aa9cb35880d705ac5/group_types/5c459d8e-40db-451d-a1fa-32ef43542d33/group_specs/key1 returned with HTTP 404
Sep 11 08:47:29.042425 dv-cinder-856941-2-smb devstack@c-api.service[120541]: [pid: 120541|app: 0|req: 51/104] 10.222.0.26 () {60 vars in 1429 bytes} [Sun Sep 11 08:47:28 2022] GET /volume/v3/eae65ac638b7457aa9cb35880d705ac5/group_types/5c459d8e-40db-451d-a1fa-32ef43542d33/group_specs/key1 => generated 126 bytes in 63 msecs (HTTP/1.1 404) 7 headers in 293 bytes (1 switches on core 0)
Sep 11 08:47:29.045236 dv-cinder-856941-2-smb devstack@c-api.service[120540]: DEBUG cinder.api.middleware.request_id [None req-a71ec381-5943-4244-a342-d5ff90cc780f None None] RequestId filter calling following filter/app {{(pid=120540) _context_setter /opt/stack/cinder/cinder/api/middleware/request_id.py:62}}
Sep 11 08:47:29.063843 dv-cinder-856941-2-smb devstack@c-api.service[120540]: INFO cinder.api.openstack.wsgi [None req-a71ec381-5943-4244-a342-d5ff90cc780f tempest-GroupTypeSpecsTest-1403655331 tempest-GroupTypeSpecsTest-1403655331-project-admin] DELETE http://10.222.0.26/volume/v3/eae65ac638b7457aa9cb35880d705ac5/group_types/5c459d8e-40db-451d-a1fa-32ef43542d33/group_specs/key2
Sep 11 08:47:29.068597 dv-cinder-856941-2-smb devstack@c-api.service[120540]: DEBUG cinder.api.openstack.wsgi [None req-a71ec381-5943-4244-a342-d5ff90cc780f tempest-GroupTypeSpecsTest-1403655331 tempest-GroupTypeSpecsTest-1403655331-project-admin] Empty body provided in request {{(pid=120540) get_body /opt/stack/cinder/cinder/api/openstack/wsgi.py:715}}
Sep 11 08:47:29.069477 dv-cinder-856941-2-smb devstack@c-api.service[120540]: DEBUG cinder.api.openstack.wsgi [None req-a71ec381-5943-4244-a342-d5ff90cc780f tempest-GroupTypeSpecsTest-1403655331 tempest-GroupTypeSpecsTest-1403655331-project-admin] Calling method 'version_select' {{(pid=120540) _process_stack /opt/stack/cinder/cinder/api/openstack/wsgi.py:868}}
Sep 11 08:47:29.354051 dv-cinder-856941-2-smb devstack@c-api.service[120540]: INFO cinder.api.openstack.wsgi [None req-a71ec381-5943-4244-a342-d5ff90cc780f tempest-GroupTypeSpecsTest-1403655331 tempest-GroupTypeSpecsTest-1403655331-project-admin] http://10.222.0.26/volume/v3/eae65ac638b7457aa9cb35880d705ac5/group_types/5c459d8e-40db-451d-a1fa-32ef43542d33/group_specs/key2 returned with HTTP 202
Sep 11 08:47:29.358211 dv-cinder-856941-2-smb devstack@c-api.service[120540]: [pid: 120540|app: 0|req: 54/105] 10.222.0.26 () {60 vars in 1432 bytes} [Sun Sep 11 08:47:29 2022] DELETE /volume/v3/eae65ac638b7457aa9cb35880d705ac5/group_types/5c459d8e-40db-451d-a1fa-32ef43542d33/group_specs/key2 => generated 0 bytes in 312 msecs (HTTP/1.1 202) 6 headers in 234 bytes (1 switches on core 0)
Sep 11 08:47:29.361552 dv-cinder-856941-2-smb devstack@c-api.service[120541]: DEBUG cinder.api.middleware.request_id [None req-e8224e6c-d1de-4362-988b-bd36edc00dda None None] RequestId filter calling following filter/app {{(pid=120541) _context_setter /opt/stack/cinder/cinder/api/middleware/request_id.py:62}}
Sep 11 08:47:29.369809 dv-cinder-856941-2-smb devstack@c-api.service[120541]: INFO cinder.api.openstack.wsgi [None req-e8224e6c-d1de-4362-988b-bd36edc00dda tempest-GroupTypeSpecsTest-1403655331 tempest-GroupTypeSpecsTest-1403655331-project-admin] GET http://10.222.0.26/volume/v3/eae65ac638b7457aa9cb35880d705ac5/group_types/5c459d8e-40db-451d-a1fa-32ef43542d33/group_specs/key2
Sep 11 08:47:29.370424 dv-cinder-856941-2-smb devstack@c-api.service[120541]: DEBUG cinder.api.openstack.wsgi [None req-e8224e6c-d1de-4362-988b-bd36edc00dda tempest-GroupTypeSpecsTest-1403655331 tempest-GroupTypeSpecsTest-1403655331-project-admin] Empty body provided in request {{(pid=120541) get_body /opt/stack/cinder/cinder/api/openstack/wsgi.py:715}}
Sep 11 08:47:29.371426 dv-cinder-856941-2-smb devstack@c-api.service[120541]: DEBUG cinder.api.openstack.wsgi [None req-e8224e6c-d1de-4362-988b-bd36edc00dda tempest-GroupTypeSpecsTest-1403655331 tempest-GroupTypeSpecsTest-1403655331-project-admin] Calling method 'version_select' {{(pid=120541) _process_stack /opt/stack/cinder/cinder/api/openstack/wsgi.py:868}}
Sep 11 08:47:29.410697 dv-cinder-856941-2-smb devstack@c-api.service[120541]: INFO cinder.api.openstack.wsgi [None req-e8224e6c-d1de-4362-988b-bd36edc00dda tempest-GroupTypeSpecsTest-1403655331 tempest-GroupTypeSpecsTest-1403655331-project-admin] HTTP exception thrown: Group Type 5c459d8e-40db-451d-a1fa-32ef43542d33 has no extra spec with key key2.
Sep 11 08:47:29.413780 dv-cinder-856941-2-smb devstack@c-api.service[120541]: INFO cinder.api.openstack.wsgi [None req-e8224e6c-d1de-4362-988b-bd36edc00dda tempest-GroupTypeSpecsTest-1403655331 tempest-GroupTypeSpecsTest-1403655331-project-admin] http://10.222.0.26/volume/v3/eae65ac638b7457aa9cb35880d705ac5/group_types/5c459d8e-40db-451d-a1fa-32ef43542d33/group_specs/key2 returned with HTTP 404
Sep 11 08:47:29.415629 dv-cinder-856941-2-smb devstack@c-api.service[120541]: [pid: 120541|app: 0|req: 52/106] 10.222.0.26 () {60 vars in 1429 bytes} [Sun Sep 11 08:47:29 2022] GET /volume/v3/eae65ac638b7457aa9cb35880d705ac5/group_types/5c459d8e-40db-451d-a1fa-32ef43542d33/group_specs/key2 => generated 126 bytes in 57 msecs (HTTP/1.1 404) 7 headers in 293 bytes (1 switches on core 0)
Sep 11 08:47:29.423802 dv-cinder-856941-2-smb devstack@c-api.service[120540]: DEBUG cinder.api.middleware.request_id [None req-5d36cdc8-9f1d-4b10-8939-d2e8bf6c21be None None] RequestId filter calling following filter/app {{(pid=120540) _context_setter /opt/stack/cinder/cinder/api/middleware/request_id.py:62}}
Sep 11 08:47:29.434776 dv-cinder-856941-2-smb devstack@c-api.service[120540]: INFO cinder.api.openstack.wsgi [None req-5d36cdc8-9f1d-4b10-8939-d2e8bf6c21be tempest-GroupTypeSpecsTest-1403655331 tempest-GroupTypeSpecsTest-1403655331-project-admin] DELETE http://10.222.0.26/volume/v3/eae65ac638b7457aa9cb35880d705ac5/group_types/5c459d8e-40db-451d-a1fa-32ef43542d33/group_specs/key3
Sep 11 08:47:29.436073 dv-cinder-856941-2-smb devstack@c-api.service[120540]: DEBUG cinder.api.openstack.wsgi [None req-5d36cdc8-9f1d-4b10-8939-d2e8bf6c21be tempest-GroupTypeSpecsTest-1403655331 tempest-GroupTypeSpecsTest-1403655331-project-admin] Empty body provided in request {{(pid=120540) get_body /opt/stack/cinder/cinder/api/openstack/wsgi.py:715}}
Sep 11 08:47:29.438742 dv-cinder-856941-2-smb devstack@c-api.service[120540]: DEBUG cinder.api.openstack.wsgi [None req-5d36cdc8-9f1d-4b10-8939-d2e8bf6c21be tempest-GroupTypeSpecsTest-1403655331 tempest-GroupTypeSpecsTest-1403655331-project-admin] Calling method 'version_select' {{(pid=120540) _process_stack /opt/stack/cinder/cinder/api/openstack/wsgi.py:868}}
Sep 11 08:47:29.568194 dv-cinder-856941-2-smb devstack@c-api.service[120540]: INFO cinder.api.openstack.wsgi [None req-5d36cdc8-9f1d-4b10-8939-d2e8bf6c21be tempest-GroupTypeSpecsTest-1403655331 tempest-GroupTypeSpecsTest-1403655331-project-admin] http://10.222.0.26/volume/v3/eae65ac638b7457aa9cb35880d705ac5/group_types/5c459d8e-40db-451d-a1fa-32ef43542d33/group_specs/key3 returned with HTTP 202
Sep 11 08:47:29.581276 dv-cinder-856941-2-smb devstack@c-api.service[120540]: [pid: 120540|app: 0|req: 55/107] 10.222.0.26 () {60 vars in 1432 bytes} [Sun Sep 11 08:47:29 2022] DELETE /volume/v3/eae65ac638b7457aa9cb35880d705ac5/group_types/5c459d8e-40db-451d-a1fa-32ef43542d33/group_specs/key3 => generated 0 bytes in 162 msecs (HTTP/1.1 202) 6 headers in 234 bytes (1 switches on core 0)
Sep 11 08:47:29.599076 dv-cinder-856941-2-smb devstack@c-api.service[120541]: DEBUG cinder.api.middleware.request_id [None req-7458d545-7aba-4198-9bbb-45e6b294c06f None None] RequestId filter calling following filter/app {{(pid=120541) _context_setter /opt/stack/cinder/cinder/api/middleware/request_id.py:62}}
Sep 11 08:47:29.604687 dv-cinder-856941-2-smb devstack@c-api.service[120541]: INFO cinder.api.openstack.wsgi [None req-7458d545-7aba-4198-9bbb-45e6b294c06f tempest-GroupTypeSpecsTest-1403655331 tempest-GroupTypeSpecsTest-1403655331-project-admin] GET http://10.222.0.26/volume/v3/eae65ac638b7457aa9cb35880d705ac5/group_types/5c459d8e-40db-451d-a1fa-32ef43542d33/group_specs/key3
Sep 11 08:47:29.604687 dv-cinder-856941-2-smb devstack@c-api.service[120541]: DEBUG cinder.api.openstack.wsgi [None req-7458d545-7aba-4198-9bbb-45e6b294c06f tempest-GroupTypeSpecsTest-1403655331 tempest-GroupTypeSpecsTest-1403655331-project-admin] Empty body provided in request {{(pid=120541) get_body /opt/stack/cinder/cinder/api/openstack/wsgi.py:715}}
Sep 11 08:47:29.605706 dv-cinder-856941-2-smb devstack@c-api.service[120541]: DEBUG cinder.api.openstack.wsgi [None req-7458d545-7aba-4198-9bbb-45e6b294c06f tempest-GroupTypeSpecsTest-1403655331 tempest-GroupTypeSpecsTest-1403655331-project-admin] Calling method 'version_select' {{(pid=120541) _process_stack /opt/stack/cinder/cinder/api/openstack/wsgi.py:868}}
Sep 11 08:47:29.632220 dv-cinder-856941-2-smb devstack@c-api.service[120541]: INFO cinder.api.openstack.wsgi [None req-7458d545-7aba-4198-9bbb-45e6b294c06f tempest-GroupTypeSpecsTest-1403655331 tempest-GroupTypeSpecsTest-1403655331-project-admin] HTTP exception thrown: Group Type 5c459d8e-40db-451d-a1fa-32ef43542d33 has no extra spec with key key3.
Sep 11 08:47:29.632590 dv-cinder-856941-2-smb devstack@c-api.service[120541]: INFO cinder.api.openstack.wsgi [None req-7458d545-7aba-4198-9bbb-45e6b294c06f tempest-GroupTypeSpecsTest-1403655331 tempest-GroupTypeSpecsTest-1403655331-project-admin] http://10.222.0.26/volume/v3/eae65ac638b7457aa9cb35880d705ac5/group_types/5c459d8e-40db-451d-a1fa-32ef43542d33/group_specs/key3 returned with HTTP 404
Sep 11 08:47:29.638528 dv-cinder-856941-2-smb devstack@c-api.service[120541]: [pid: 120541|app: 0|req: 53/108] 10.222.0.26 () {60 vars in 1429 bytes} [Sun Sep 11 08:47:29 2022] GET /volume/v3/eae65ac638b7457aa9cb35880d705ac5/group_types/5c459d8e-40db-451d-a1fa-32ef43542d33/group_specs/key3 => generated 126 bytes in 40 msecs (HTTP/1.1 404) 7 headers in 293 bytes (1 switches on core 0)
Sep 11 08:47:29.643440 dv-cinder-856941-2-smb devstack@c-api.service[120540]: DEBUG cinder.api.middleware.request_id [None req-4669f125-e6b4-422a-b309-6e155a70df97 None None] RequestId filter calling following filter/app {{(pid=120540) _context_setter /opt/stack/cinder/cinder/api/middleware/request_id.py:62}}
Sep 11 08:47:29.650058 dv-cinder-856941-2-smb devstack@c-api.service[120540]: INFO cinder.api.openstack.wsgi [None req-4669f125-e6b4-422a-b309-6e155a70df97 tempest-GroupTypeSpecsTest-1403655331 tempest-GroupTypeSpecsTest-1403655331-project-admin] DELETE http://10.222.0.26/volume/v3/eae65ac638b7457aa9cb35880d705ac5/group_types/5c459d8e-40db-451d-a1fa-32ef43542d33
Sep 11 08:47:29.650863 dv-cinder-856941-2-smb devstack@c-api.service[120540]: DEBUG cinder.api.openstack.wsgi [None req-4669f125-e6b4-422a-b309-6e155a70df97 tempest-GroupTypeSpecsTest-1403655331 tempest-GroupTypeSpecsTest-1403655331-project-admin] Empty body provided in request {{(pid=120540) get_body /opt/stack/cinder/cinder/api/openstack/wsgi.py:715}}
Sep 11 08:47:29.651551 dv-cinder-856941-2-smb devstack@c-api.service[120540]: DEBUG cinder.api.openstack.wsgi [None req-4669f125-e6b4-422a-b309-6e155a70df97 tempest-GroupTypeSpecsTest-1403655331 tempest-GroupTypeSpecsTest-1403655331-project-admin] Calling method 'version_select' {{(pid=120540) _process_stack /opt/stack/cinder/cinder/api/openstack/wsgi.py:868}}
Sep 11 08:47:29.781742 dv-cinder-856941-2-smb devstack@c-api.service[120540]: INFO cinder.api.openstack.wsgi [None req-4669f125-e6b4-422a-b309-6e155a70df97 tempest-GroupTypeSpecsTest-1403655331 tempest-GroupTypeSpecsTest-1403655331-project-admin] http://10.222.0.26/volume/v3/eae65ac638b7457aa9cb35880d705ac5/group_types/5c459d8e-40db-451d-a1fa-32ef43542d33 returned with HTTP 202
Sep 11 08:47:29.784564 dv-cinder-856941-2-smb devstack@c-api.service[120540]: [pid: 120540|app: 0|req: 56/109] 10.222.0.26 () {60 vars in 1381 bytes} [Sun Sep 11 08:47:29 2022] DELETE /volume/v3/eae65ac638b7457aa9cb35880d705ac5/group_types/5c459d8e-40db-451d-a1fa-32ef43542d33 => generated 0 bytes in 143 msecs (HTTP/1.1 202) 6 headers in 234 bytes (2 switches on core 0)
Sep 11 08:47:30.198460 dv-cinder-856941-2-smb devstack@c-api.service[120541]: DEBUG cinder.api.middleware.request_id [None req-e9f77d6d-51b9-471b-969f-fed5401df809 None None] RequestId filter calling following filter/app {{(pid=120541) _context_setter /opt/stack/cinder/cinder/api/middleware/request_id.py:62}}
Sep 11 08:47:31.458741 dv-cinder-856941-2-smb devstack@c-api.service[120541]: INFO cinder.api.openstack.wsgi [None req-e9f77d6d-51b9-471b-969f-fed5401df809 tempest-GroupsTest-785989532 tempest-GroupsTest-785989532-project-admin] POST http://10.222.0.26/volume/v3/a3b505825c1a48f3bb007f1430e439cd/types
Sep 11 08:47:31.462539 dv-cinder-856941-2-smb devstack@c-api.service[120541]: DEBUG cinder.api.openstack.wsgi [None req-e9f77d6d-51b9-471b-969f-fed5401df809 tempest-GroupsTest-785989532 tempest-GroupsTest-785989532-project-admin] Action: 'create', calling method: _create, body: {"volume_type": {"name": "tempest-GroupsTest-volume-type-1867190621"}} {{(pid=120541) _process_stack /opt/stack/cinder/cinder/api/openstack/wsgi.py:866}}
Sep 11 08:47:31.599991 dv-cinder-856941-2-smb devstack@c-api.service[120541]: INFO cinder.api.openstack.wsgi [None req-e9f77d6d-51b9-471b-969f-fed5401df809 tempest-GroupsTest-785989532 tempest-GroupsTest-785989532-project-admin] http://10.222.0.26/volume/v3/a3b505825c1a48f3bb007f1430e439cd/types returned with HTTP 200
Sep 11 08:47:31.601642 dv-cinder-856941-2-smb devstack@c-api.service[120541]: [pid: 120541|app: 0|req: 54/110] 10.222.0.26 () {60 vars in 1229 bytes} [Sun Sep 11 08:47:30 2022] POST /volume/v3/a3b505825c1a48f3bb007f1430e439cd/types => generated 216 bytes in 1404 msecs (HTTP/1.1 200) 7 headers in 285 bytes (1 switches on core 0)
Sep 11 08:47:31.609916 dv-cinder-856941-2-smb devstack@c-api.service[120540]: DEBUG cinder.api.middleware.request_id [None req-de68689a-64a2-4257-9b65-8c686b7f18af None None] RequestId filter calling following filter/app {{(pid=120540) _context_setter /opt/stack/cinder/cinder/api/middleware/request_id.py:62}}
Sep 11 08:47:31.615009 dv-cinder-856941-2-smb devstack@c-api.service[120540]: INFO cinder.api.openstack.wsgi [None req-de68689a-64a2-4257-9b65-8c686b7f18af tempest-GroupsTest-785989532 tempest-GroupsTest-785989532-project-admin] POST http://10.222.0.26/volume/v3/a3b505825c1a48f3bb007f1430e439cd/group_types
Sep 11 08:47:31.616214 dv-cinder-856941-2-smb devstack@c-api.service[120540]: DEBUG cinder.api.openstack.wsgi [None req-de68689a-64a2-4257-9b65-8c686b7f18af tempest-GroupsTest-785989532 tempest-GroupsTest-785989532-project-admin] Action: 'create', calling method: version_select, body: {"group_type": {"name": "tempest-GroupsTest-group-type-1603419955"}} {{(pid=120540) _process_stack /opt/stack/cinder/cinder/api/openstack/wsgi.py:866}}
Sep 11 08:47:31.755724 dv-cinder-856941-2-smb devstack@c-api.service[120540]: INFO cinder.api.openstack.wsgi [None req-de68689a-64a2-4257-9b65-8c686b7f18af tempest-GroupsTest-785989532 tempest-GroupsTest-785989532-project-admin] http://10.222.0.26/volume/v3/a3b505825c1a48f3bb007f1430e439cd/group_types returned with HTTP 202
Sep 11 08:47:31.756518 dv-cinder-856941-2-smb devstack@c-api.service[120540]: [pid: 120540|app: 0|req: 57/111] 10.222.0.26 () {62 vars in 1288 bytes} [Sun Sep 11 08:47:31 2022] POST /volume/v3/a3b505825c1a48f3bb007f1430e439cd/group_types => generated 173 bytes in 148 msecs (HTTP/1.1 202) 7 headers in 292 bytes (1 switches on core 0)
Sep 11 08:47:31.764873 dv-cinder-856941-2-smb devstack@c-api.service[120541]: DEBUG cinder.api.middleware.request_id [None req-ed71947c-c9ff-4bb6-af39-d952c8041971 None None] RequestId filter calling following filter/app {{(pid=120541) _context_setter /opt/stack/cinder/cinder/api/middleware/request_id.py:62}}
Sep 11 08:47:32.488949 dv-cinder-856941-2-smb devstack@c-api.service[120541]: INFO cinder.api.openstack.wsgi [None req-ed71947c-c9ff-4bb6-af39-d952c8041971 tempest-GroupsTest-865951205 tempest-GroupsTest-865951205-project] POST http://10.222.0.26/volume/v3/81629cda6d8942f0b89359a283c3ff4b/groups
Sep 11 08:47:32.493350 dv-cinder-856941-2-smb devstack@c-api.service[120541]: DEBUG cinder.api.openstack.wsgi [None req-ed71947c-c9ff-4bb6-af39-d952c8041971 tempest-GroupsTest-865951205 tempest-GroupsTest-865951205-project] Action: 'create', calling method: version_select, body: {"group": {"group_type": "cc2c0057-9145-4205-89e0-56d0a2f6d27d", "volume_types": ["220a7fda-3838-45dd-b82c-d3a32409c997"], "name": "tempest-Group1-473534210"}} {{(pid=120541) _process_stack /opt/stack/cinder/cinder/api/openstack/wsgi.py:866}}
Sep 11 08:47:32.528386 dv-cinder-856941-2-smb devstack@c-api.service[120541]: DEBUG cinder.api.v3.groups [None req-ed71947c-c9ff-4bb6-af39-d952c8041971 tempest-GroupsTest-865951205 tempest-GroupsTest-865951205-project] Creating new group {'group': {'group_type': 'cc2c0057-9145-4205-89e0-56d0a2f6d27d', 'volume_types': ['220a7fda-3838-45dd-b82c-d3a32409c997'], 'name': 'tempest-Group1-473534210'}} {{(pid=120541) create /opt/stack/cinder/cinder/api/v3/groups.py:190}}
Sep 11 08:47:32.577638 dv-cinder-856941-2-smb devstack@c-api.service[120541]: INFO cinder.api.v3.groups [None req-ed71947c-c9ff-4bb6-af39-d952c8041971 tempest-GroupsTest-865951205 tempest-GroupsTest-865951205-project] Creating group tempest-Group1-473534210.
Sep 11 08:47:32.724604 dv-cinder-856941-2-smb devstack@c-api.service[120541]: DEBUG cinder.volume.api [None req-ed71947c-c9ff-4bb6-af39-d952c8041971 tempest-GroupsTest-865951205 tempest-GroupsTest-865951205-project] Availability zone cache updated, next update will occur around 2022-09-11 09:47:32.722559. {{(pid=120541) list_availability_zones /opt/stack/cinder/cinder/volume/api.py:153}}
Sep 11 08:47:32.724940 dv-cinder-856941-2-smb devstack@c-api.service[120541]: INFO cinder.volume.api [None req-ed71947c-c9ff-4bb6-af39-d952c8041971 tempest-GroupsTest-865951205 tempest-GroupsTest-865951205-project] Availability Zones retrieved successfully.
Sep 11 08:47:33.177049 dv-cinder-856941-2-smb devstack@c-api.service[120541]: DEBUG cinder.quota [None req-ed71947c-c9ff-4bb6-af39-d952c8041971 tempest-GroupsTest-865951205 tempest-GroupsTest-865951205-project] Created reservations ['83a0719a-5866-4ec5-ba1b-c99e76ada5f9'] {{(pid=120541) reserve /opt/stack/cinder/cinder/quota.py:755}}
Sep 11 08:47:33.534010 dv-cinder-856941-2-smb devstack@c-api.service[120541]: INFO cinder.api.openstack.wsgi [None req-ed71947c-c9ff-4bb6-af39-d952c8041971 tempest-GroupsTest-865951205 tempest-GroupsTest-865951205-project] http://10.222.0.26/volume/v3/81629cda6d8942f0b89359a283c3ff4b/groups returned with HTTP 202
Sep 11 08:47:33.536520 dv-cinder-856941-2-smb devstack@c-api.service[120541]: [pid: 120541|app: 0|req: 55/112] 10.222.0.26 () {62 vars in 1274 bytes} [Sun Sep 11 08:47:31 2022] POST /volume/v3/81629cda6d8942f0b89359a283c3ff4b/groups => generated 93 bytes in 1773 msecs (HTTP/1.1 202) 7 headers in 291 bytes (2 switches on core 0)
Sep 11 08:47:33.543582 dv-cinder-856941-2-smb devstack@c-api.service[120540]: DEBUG cinder.api.middleware.request_id [None req-6ba3a8af-27ad-4091-9964-f9926a574334 None None] RequestId filter calling following filter/app {{(pid=120540) _context_setter /opt/stack/cinder/cinder/api/middleware/request_id.py:62}}
Sep 11 08:47:33.549854 dv-cinder-856941-2-smb devstack@c-api.service[120540]: INFO cinder.api.openstack.wsgi [None req-6ba3a8af-27ad-4091-9964-f9926a574334 tempest-GroupsTest-865951205 tempest-GroupsTest-865951205-project] GET http://10.222.0.26/volume/v3/81629cda6d8942f0b89359a283c3ff4b/groups/35b02575-74b7-4d54-8208-437de5d8ab9a
Sep 11 08:47:33.550663 dv-cinder-856941-2-smb devstack@c-api.service[120540]: DEBUG cinder.api.openstack.wsgi [None req-6ba3a8af-27ad-4091-9964-f9926a574334 tempest-GroupsTest-865951205 tempest-GroupsTest-865951205-project] Empty body provided in request {{(pid=120540) get_body /opt/stack/cinder/cinder/api/openstack/wsgi.py:715}}
Sep 11 08:47:33.551292 dv-cinder-856941-2-smb devstack@c-api.service[120540]: DEBUG cinder.api.openstack.wsgi [None req-6ba3a8af-27ad-4091-9964-f9926a574334 tempest-GroupsTest-865951205 tempest-GroupsTest-865951205-project] Calling method 'version_select' {{(pid=120540) _process_stack /opt/stack/cinder/cinder/api/openstack/wsgi.py:868}}
Sep 11 08:47:33.551756 dv-cinder-856941-2-smb devstack@c-api.service[120540]: DEBUG cinder.api.v3.groups [None req-6ba3a8af-27ad-4091-9964-f9926a574334 tempest-GroupsTest-865951205 tempest-GroupsTest-865951205-project] show called for member 35b02575-74b7-4d54-8208-437de5d8ab9a {{(pid=120540) show /opt/stack/cinder/cinder/api/v3/groups.py:58}}
Sep 11 08:47:33.593204 dv-cinder-856941-2-smb devstack@c-api.service[120540]: /usr/local/lib/python3.8/dist-packages/oslo_context/context.py:100: DeprecationWarning: Policy enforcement is depending on the value of is_admin. This key is deprecated. Please update your policy file to use the standard policy values.
Sep 11 08:47:33.593204 dv-cinder-856941-2-smb devstack@c-api.service[120540]: warnings.warn('Policy enforcement is depending on the value of '
Sep 11 08:47:33.664067 dv-cinder-856941-2-smb devstack@c-api.service[120540]: INFO cinder.api.openstack.wsgi [None req-6ba3a8af-27ad-4091-9964-f9926a574334 tempest-GroupsTest-865951205 tempest-GroupsTest-865951205-project] http://10.222.0.26/volume/v3/81629cda6d8942f0b89359a283c3ff4b/groups/35b02575-74b7-4d54-8208-437de5d8ab9a returned with HTTP 200
Sep 11 08:47:33.670276 dv-cinder-856941-2-smb devstack@c-api.service[120540]: [pid: 120540|app: 0|req: 58/113] 10.222.0.26 () {60 vars in 1363 bytes} [Sun Sep 11 08:47:33 2022] GET /volume/v3/81629cda6d8942f0b89359a283c3ff4b/groups/35b02575-74b7-4d54-8208-437de5d8ab9a => generated 321 bytes in 128 msecs (HTTP/1.1 200) 7 headers in 286 bytes (1 switches on core 0)
Sep 11 08:47:34.171645 dv-cinder-856941-2-smb devstack@c-api.service[120541]: DEBUG cinder.api.middleware.request_id [None req-cc673c4b-af6b-4b70-b068-6cdfd8c6bd74 None None] RequestId filter calling following filter/app {{(pid=120541) _context_setter /opt/stack/cinder/cinder/api/middleware/request_id.py:62}}
Sep 11 08:47:34.682960 dv-cinder-856941-2-smb devstack@c-api.service[120540]: DEBUG cinder.api.middleware.request_id [None req-5022222b-865e-4cf7-8420-0e1bb94a8884 None None] RequestId filter calling following filter/app {{(pid=120540) _context_setter /opt/stack/cinder/cinder/api/middleware/request_id.py:62}}
Sep 11 08:47:34.704783 dv-cinder-856941-2-smb devstack@c-api.service[120540]: INFO cinder.api.openstack.wsgi [None req-5022222b-865e-4cf7-8420-0e1bb94a8884 tempest-GroupsTest-865951205 tempest-GroupsTest-865951205-project] GET http://10.222.0.26/volume/v3/81629cda6d8942f0b89359a283c3ff4b/groups/35b02575-74b7-4d54-8208-437de5d8ab9a
Sep 11 08:47:34.709241 dv-cinder-856941-2-smb devstack@c-api.service[120541]: INFO cinder.api.openstack.wsgi [None req-cc673c4b-af6b-4b70-b068-6cdfd8c6bd74 tempest-VolumeSnapshotQuotasNegativeTestJSON-851069081 tempest-VolumeSnapshotQuotasNegativeTestJSON-851069081-project-admin] GET http://10.222.0.26/volume/v3/483c11b3243a473392118c67ce4b9fa5/os-quota-sets/d80cbe7f2391495cb74997b7429a59b8
Sep 11 08:47:34.719787 dv-cinder-856941-2-smb devstack@c-api.service[120541]: DEBUG cinder.api.openstack.wsgi [None req-cc673c4b-af6b-4b70-b068-6cdfd8c6bd74 tempest-VolumeSnapshotQuotasNegativeTestJSON-851069081 tempest-VolumeSnapshotQuotasNegativeTestJSON-851069081-project-admin] Empty body provided in request {{(pid=120541) get_body /opt/stack/cinder/cinder/api/openstack/wsgi.py:715}}
Sep 11 08:47:34.719787 dv-cinder-856941-2-smb devstack@c-api.service[120541]: DEBUG cinder.api.openstack.wsgi [None req-cc673c4b-af6b-4b70-b068-6cdfd8c6bd74 tempest-VolumeSnapshotQuotasNegativeTestJSON-851069081 tempest-VolumeSnapshotQuotasNegativeTestJSON-851069081-project-admin] Calling method 'show' {{(pid=120541) _process_stack /opt/stack/cinder/cinder/api/openstack/wsgi.py:868}}
Sep 11 08:47:34.719787 dv-cinder-856941-2-smb devstack@c-api.service[120541]: /usr/local/lib/python3.8/dist-packages/oslo_context/context.py:100: DeprecationWarning: Policy enforcement is depending on the value of is_admin. This key is deprecated. Please update your policy file to use the standard policy values.
Sep 11 08:47:34.719787 dv-cinder-856941-2-smb devstack@c-api.service[120541]: warnings.warn('Policy enforcement is depending on the value of '
Sep 11 08:47:34.720957 dv-cinder-856941-2-smb devstack@c-api.service[120540]: DEBUG cinder.api.openstack.wsgi [None req-5022222b-865e-4cf7-8420-0e1bb94a8884 tempest-GroupsTest-865951205 tempest-GroupsTest-865951205-project] Empty body provided in request {{(pid=120540) get_body /opt/stack/cinder/cinder/api/openstack/wsgi.py:715}}
Sep 11 08:47:34.724487 dv-cinder-856941-2-smb devstack@c-api.service[120540]: DEBUG cinder.api.openstack.wsgi [None req-5022222b-865e-4cf7-8420-0e1bb94a8884 tempest-GroupsTest-865951205 tempest-GroupsTest-865951205-project] Calling method 'version_select' {{(pid=120540) _process_stack /opt/stack/cinder/cinder/api/openstack/wsgi.py:868}}
Sep 11 08:47:34.729296 dv-cinder-856941-2-smb devstack@c-api.service[120540]: DEBUG cinder.api.v3.groups [None req-5022222b-865e-4cf7-8420-0e1bb94a8884 tempest-GroupsTest-865951205 tempest-GroupsTest-865951205-project] show called for member 35b02575-74b7-4d54-8208-437de5d8ab9a {{(pid=120540) show /opt/stack/cinder/cinder/api/v3/groups.py:58}}
Sep 11 08:47:34.767294 dv-cinder-856941-2-smb devstack@c-api.service[120540]: /usr/local/lib/python3.8/dist-packages/oslo_context/context.py:100: DeprecationWarning: Policy enforcement is depending on the value of is_admin. This key is deprecated. Please update your policy file to use the standard policy values.
Sep 11 08:47:34.767294 dv-cinder-856941-2-smb devstack@c-api.service[120540]: warnings.warn('Policy enforcement is depending on the value of '
Sep 11 08:47:34.775716 dv-cinder-856941-2-smb devstack@c-api.service[120541]: WARNING cinder.quota [None req-cc673c4b-af6b-4b70-b068-6cdfd8c6bd74 tempest-VolumeSnapshotQuotasNegativeTestJSON-851069081 tempest-VolumeSnapshotQuotasNegativeTestJSON-851069081-project-admin] Deprecated: Default quota for resource: backups is set by the default quota flag: quota_backups, it is now deprecated. Please use the default quota class for default quota.
Sep 11 08:47:34.777131 dv-cinder-856941-2-smb devstack@c-api.service[120541]: WARNING cinder.quota [None req-cc673c4b-af6b-4b70-b068-6cdfd8c6bd74 tempest-VolumeSnapshotQuotasNegativeTestJSON-851069081 tempest-VolumeSnapshotQuotasNegativeTestJSON-851069081-project-admin] Deprecated: Default quota for resource: backup_gigabytes is set by the default quota flag: quota_backup_gigabytes, it is now deprecated. Please use the default quota class for default quota.
Sep 11 08:47:34.778258 dv-cinder-856941-2-smb devstack@c-api.service[120541]: WARNING cinder.quota [None req-cc673c4b-af6b-4b70-b068-6cdfd8c6bd74 tempest-VolumeSnapshotQuotasNegativeTestJSON-851069081 tempest-VolumeSnapshotQuotasNegativeTestJSON-851069081-project-admin] Deprecated: Default quota for resource: volumes_tempest-GroupsTest-volume-type-1867190621 is set by the default quota flag: quota_volumes_tempest-GroupsTest-volume-type-1867190621, it is now deprecated. Please use the default quota class for default quota.
Sep 11 08:47:34.779569 dv-cinder-856941-2-smb devstack@c-api.service[120541]: WARNING cinder.quota [None req-cc673c4b-af6b-4b70-b068-6cdfd8c6bd74 tempest-VolumeSnapshotQuotasNegativeTestJSON-851069081 tempest-VolumeSnapshotQuotasNegativeTestJSON-851069081-project-admin] Deprecated: Default quota for resource: gigabytes_tempest-GroupsTest-volume-type-1867190621 is set by the default quota flag: quota_gigabytes_tempest-GroupsTest-volume-type-1867190621, it is now deprecated. Please use the default quota class for default quota.
Sep 11 08:47:34.781862 dv-cinder-856941-2-smb devstack@c-api.service[120541]: WARNING cinder.quota [None req-cc673c4b-af6b-4b70-b068-6cdfd8c6bd74 tempest-VolumeSnapshotQuotasNegativeTestJSON-851069081 tempest-VolumeSnapshotQuotasNegativeTestJSON-851069081-project-admin] Deprecated: Default quota for resource: snapshots_tempest-GroupsTest-volume-type-1867190621 is set by the default quota flag: quota_snapshots_tempest-GroupsTest-volume-type-1867190621, it is now deprecated. Please use the default quota class for default quota.
Sep 11 08:47:34.781862 dv-cinder-856941-2-smb devstack@c-api.service[120541]: WARNING cinder.quota [None req-cc673c4b-af6b-4b70-b068-6cdfd8c6bd74 tempest-VolumeSnapshotQuotasNegativeTestJSON-851069081 tempest-VolumeSnapshotQuotasNegativeTestJSON-851069081-project-admin] Deprecated: Default quota for resource: volumes_lvmdriver-1 is set by the default quota flag: quota_volumes_lvmdriver-1, it is now deprecated. Please use the default quota class for default quota.
Sep 11 08:47:34.782619 dv-cinder-856941-2-smb devstack@c-api.service[120541]: WARNING cinder.quota [None req-cc673c4b-af6b-4b70-b068-6cdfd8c6bd74 tempest-VolumeSnapshotQuotasNegativeTestJSON-851069081 tempest-VolumeSnapshotQuotasNegativeTestJSON-851069081-project-admin] Deprecated: Default quota for resource: gigabytes_lvmdriver-1 is set by the default quota flag: quota_gigabytes_lvmdriver-1, it is now deprecated. Please use the default quota class for default quota.
Sep 11 08:47:34.783891 dv-cinder-856941-2-smb devstack@c-api.service[120541]: WARNING cinder.quota [None req-cc673c4b-af6b-4b70-b068-6cdfd8c6bd74 tempest-VolumeSnapshotQuotasNegativeTestJSON-851069081 tempest-VolumeSnapshotQuotasNegativeTestJSON-851069081-project-admin] Deprecated: Default quota for resource: snapshots_lvmdriver-1 is set by the default quota flag: quota_snapshots_lvmdriver-1, it is now deprecated. Please use the default quota class for default quota.
Sep 11 08:47:34.796695 dv-cinder-856941-2-smb devstack@c-api.service[120541]: WARNING cinder.quota [None req-cc673c4b-af6b-4b70-b068-6cdfd8c6bd74 tempest-VolumeSnapshotQuotasNegativeTestJSON-851069081 tempest-VolumeSnapshotQuotasNegativeTestJSON-851069081-project-admin] Deprecated: Default quota for resource: snapshots___DEFAULT__ is set by the default quota flag: quota_snapshots___DEFAULT__, it is now deprecated. Please use the default quota class for default quota.
Sep 11 08:47:34.856354 dv-cinder-856941-2-smb devstack@c-api.service[120541]: INFO cinder.api.openstack.wsgi [None req-cc673c4b-af6b-4b70-b068-6cdfd8c6bd74 tempest-VolumeSnapshotQuotasNegativeTestJSON-851069081 tempest-VolumeSnapshotQuotasNegativeTestJSON-851069081-project-admin] http://10.222.0.26/volume/v3/483c11b3243a473392118c67ce4b9fa5/os-quota-sets/d80cbe7f2391495cb74997b7429a59b8 returned with HTTP 200
Sep 11 08:47:34.860651 dv-cinder-856941-2-smb devstack@c-api.service[120541]: [pid: 120541|app: 0|req: 56/114] 10.222.0.26 () {58 vars in 1331 bytes} [Sun Sep 11 08:47:34 2022] GET /volume/v3/483c11b3243a473392118c67ce4b9fa5/os-quota-sets/d80cbe7f2391495cb74997b7429a59b8 => generated 536 bytes in 690 msecs (HTTP/1.1 200) 7 headers in 285 bytes (2 switches on core 0)
Sep 11 08:47:34.894325 dv-cinder-856941-2-smb devstack@c-api.service[120541]: DEBUG cinder.api.middleware.request_id [None req-343cc78f-9b10-4dcd-8910-c79c0b55abab None None] RequestId filter calling following filter/app {{(pid=120541) _context_setter /opt/stack/cinder/cinder/api/middleware/request_id.py:62}}
Sep 11 08:47:34.894783 dv-cinder-856941-2-smb devstack@c-api.service[120540]: INFO cinder.api.openstack.wsgi [None req-5022222b-865e-4cf7-8420-0e1bb94a8884 tempest-GroupsTest-865951205 tempest-GroupsTest-865951205-project] http://10.222.0.26/volume/v3/81629cda6d8942f0b89359a283c3ff4b/groups/35b02575-74b7-4d54-8208-437de5d8ab9a returned with HTTP 200
Sep 11 08:47:34.906304 dv-cinder-856941-2-smb devstack@c-api.service[120540]: [pid: 120540|app: 0|req: 59/115] 10.222.0.26 () {60 vars in 1363 bytes} [Sun Sep 11 08:47:34 2022] GET /volume/v3/81629cda6d8942f0b89359a283c3ff4b/groups/35b02575-74b7-4d54-8208-437de5d8ab9a => generated 322 bytes in 226 msecs (HTTP/1.1 200) 7 headers in 286 bytes (1 switches on core 0)
Sep 11 08:47:34.918877 dv-cinder-856941-2-smb devstack@c-api.service[120540]: DEBUG cinder.api.middleware.request_id [None req-17015550-e769-464a-b069-3a80bd0d3b8b None None] RequestId filter calling following filter/app {{(pid=120540) _context_setter /opt/stack/cinder/cinder/api/middleware/request_id.py:62}}
Sep 11 08:47:34.938995 dv-cinder-856941-2-smb devstack@c-api.service[120541]: INFO cinder.api.openstack.wsgi [None req-343cc78f-9b10-4dcd-8910-c79c0b55abab tempest-VolumeSnapshotQuotasNegativeTestJSON-851069081 tempest-VolumeSnapshotQuotasNegativeTestJSON-851069081-project-admin] PUT http://10.222.0.26/volume/v3/483c11b3243a473392118c67ce4b9fa5/os-quota-sets/d80cbe7f2391495cb74997b7429a59b8
Sep 11 08:47:34.958787 dv-cinder-856941-2-smb devstack@c-api.service[120540]: INFO cinder.api.openstack.wsgi [None req-17015550-e769-464a-b069-3a80bd0d3b8b tempest-GroupsTest-865951205 tempest-GroupsTest-865951205-project] POST http://10.222.0.26/volume/v3/81629cda6d8942f0b89359a283c3ff4b/groups
Sep 11 08:47:34.965736 dv-cinder-856941-2-smb devstack@c-api.service[120540]: DEBUG cinder.api.openstack.wsgi [None req-17015550-e769-464a-b069-3a80bd0d3b8b tempest-GroupsTest-865951205 tempest-GroupsTest-865951205-project] Action: 'create', calling method: version_select, body: {"group": {"group_type": "cc2c0057-9145-4205-89e0-56d0a2f6d27d", "volume_types": ["220a7fda-3838-45dd-b82c-d3a32409c997"], "name": "tempest-Group2-1791801508"}} {{(pid=120540) _process_stack /opt/stack/cinder/cinder/api/openstack/wsgi.py:866}}
Sep 11 08:47:34.966141 dv-cinder-856941-2-smb devstack@c-api.service[120541]: DEBUG cinder.api.openstack.wsgi [None req-343cc78f-9b10-4dcd-8910-c79c0b55abab tempest-VolumeSnapshotQuotasNegativeTestJSON-851069081 tempest-VolumeSnapshotQuotasNegativeTestJSON-851069081-project-admin] Action: 'update', calling method: update, body: {"quota_set": {"gigabytes": 3, "volumes": 1, "snapshots": 1}} {{(pid=120541) _process_stack /opt/stack/cinder/cinder/api/openstack/wsgi.py:866}}
Sep 11 08:47:34.986402 dv-cinder-856941-2-smb devstack@c-api.service[120540]: DEBUG cinder.api.v3.groups [None req-17015550-e769-464a-b069-3a80bd0d3b8b tempest-GroupsTest-865951205 tempest-GroupsTest-865951205-project] Creating new group {'group': {'group_type': 'cc2c0057-9145-4205-89e0-56d0a2f6d27d', 'volume_types': ['220a7fda-3838-45dd-b82c-d3a32409c997'], 'name': 'tempest-Group2-1791801508'}} {{(pid=120540) create /opt/stack/cinder/cinder/api/v3/groups.py:190}}
Sep 11 08:47:35.041313 dv-cinder-856941-2-smb devstack@c-api.service[120540]: INFO cinder.api.v3.groups [None req-17015550-e769-464a-b069-3a80bd0d3b8b tempest-GroupsTest-865951205 tempest-GroupsTest-865951205-project] Creating group tempest-Group2-1791801508.
Sep 11 08:47:35.042158 dv-cinder-856941-2-smb devstack@c-api.service[120540]: /usr/local/lib/python3.8/dist-packages/oslo_context/context.py:100: DeprecationWarning: Policy enforcement is depending on the value of is_admin. This key is deprecated. Please update your policy file to use the standard policy values.
Sep 11 08:47:35.042158 dv-cinder-856941-2-smb devstack@c-api.service[120540]: warnings.warn('Policy enforcement is depending on the value of '
Sep 11 08:47:35.198805 dv-cinder-856941-2-smb devstack@c-api.service[120540]: INFO cinder.volume.api [None req-17015550-e769-464a-b069-3a80bd0d3b8b tempest-GroupsTest-865951205 tempest-GroupsTest-865951205-project] Availability Zones retrieved successfully.
Sep 11 08:47:35.248858 dv-cinder-856941-2-smb devstack@c-api.service[120541]: DEBUG dbcounter [-] [120541] Writing DB stats cinder:SELECT=89,cinder:INSERT=7,cinder:UPDATE=4 {{(pid=120541) stat_writer /usr/local/lib/python3.8/dist-packages/dbcounter.py:114}}
Sep 11 08:47:35.385679 dv-cinder-856941-2-smb devstack@c-api.service[120540]: DEBUG cinder.quota [None req-17015550-e769-464a-b069-3a80bd0d3b8b tempest-GroupsTest-865951205 tempest-GroupsTest-865951205-project] Created reservations ['a3bcad8f-1bea-4111-bf71-0e6abf1a247e'] {{(pid=120540) reserve /opt/stack/cinder/cinder/quota.py:755}}
Sep 11 08:47:35.732300 dv-cinder-856941-2-smb devstack@c-api.service[120540]: DEBUG dbcounter [-] [120540] Writing DB stats cinder:SELECT=82,cinder:INSERT=7,cinder:UPDATE=11 {{(pid=120540) stat_writer /usr/local/lib/python3.8/dist-packages/dbcounter.py:114}}
Sep 11 08:47:35.753535 dv-cinder-856941-2-smb devstack@c-api.service[120540]: INFO cinder.api.openstack.wsgi [None req-17015550-e769-464a-b069-3a80bd0d3b8b tempest-GroupsTest-865951205 tempest-GroupsTest-865951205-project] http://10.222.0.26/volume/v3/81629cda6d8942f0b89359a283c3ff4b/groups returned with HTTP 202
Sep 11 08:47:35.754972 dv-cinder-856941-2-smb devstack@c-api.service[120540]: [pid: 120540|app: 0|req: 60/116] 10.222.0.26 () {62 vars in 1274 bytes} [Sun Sep 11 08:47:34 2022] POST /volume/v3/81629cda6d8942f0b89359a283c3ff4b/groups => generated 94 bytes in 843 msecs (HTTP/1.1 202) 7 headers in 291 bytes (1 switches on core 0)
Sep 11 08:47:35.764642 dv-cinder-856941-2-smb devstack@c-api.service[120541]: INFO cinder.api.openstack.wsgi [None req-343cc78f-9b10-4dcd-8910-c79c0b55abab tempest-VolumeSnapshotQuotasNegativeTestJSON-851069081 tempest-VolumeSnapshotQuotasNegativeTestJSON-851069081-project-admin] http://10.222.0.26/volume/v3/483c11b3243a473392118c67ce4b9fa5/os-quota-sets/d80cbe7f2391495cb74997b7429a59b8 returned with HTTP 200
Sep 11 08:47:35.773758 dv-cinder-856941-2-smb devstack@c-api.service[120540]: DEBUG cinder.api.middleware.request_id [None req-8d2f7fac-7e26-4c93-86ba-752b42f39eae None None] RequestId filter calling following filter/app {{(pid=120540) _context_setter /opt/stack/cinder/cinder/api/middleware/request_id.py:62}}
Sep 11 08:47:35.773758 dv-cinder-856941-2-smb devstack@c-api.service[120540]: INFO cinder.api.openstack.wsgi [None req-8d2f7fac-7e26-4c93-86ba-752b42f39eae tempest-GroupsTest-865951205 tempest-GroupsTest-865951205-project] GET http://10.222.0.26/volume/v3/81629cda6d8942f0b89359a283c3ff4b/groups/8349d048-616e-4da4-bc4f-6cea3a350f0d
Sep 11 08:47:35.773758 dv-cinder-856941-2-smb devstack@c-api.service[120540]: DEBUG cinder.api.openstack.wsgi [None req-8d2f7fac-7e26-4c93-86ba-752b42f39eae tempest-GroupsTest-865951205 tempest-GroupsTest-865951205-project] Empty body provided in request {{(pid=120540) get_body /opt/stack/cinder/cinder/api/openstack/wsgi.py:715}}
Sep 11 08:47:35.773758 dv-cinder-856941-2-smb devstack@c-api.service[120540]: DEBUG cinder.api.openstack.wsgi [None req-8d2f7fac-7e26-4c93-86ba-752b42f39eae tempest-GroupsTest-865951205 tempest-GroupsTest-865951205-project] Calling method 'version_select' {{(pid=120540) _process_stack /opt/stack/cinder/cinder/api/openstack/wsgi.py:868}}
Sep 11 08:47:35.773758 dv-cinder-856941-2-smb devstack@c-api.service[120540]: DEBUG cinder.api.v3.groups [None req-8d2f7fac-7e26-4c93-86ba-752b42f39eae tempest-GroupsTest-865951205 tempest-GroupsTest-865951205-project] show called for member 8349d048-616e-4da4-bc4f-6cea3a350f0d {{(pid=120540) show /opt/stack/cinder/cinder/api/v3/groups.py:58}}
Sep 11 08:47:35.774240 dv-cinder-856941-2-smb devstack@c-api.service[120541]: [pid: 120541|app: 0|req: 57/117] 10.222.0.26 () {60 vars in 1351 bytes} [Sun Sep 11 08:47:34 2022] PUT /volume/v3/483c11b3243a473392118c67ce4b9fa5/os-quota-sets/d80cbe7f2391495cb74997b7429a59b8 => generated 489 bytes in 880 msecs (HTTP/1.1 200) 7 headers in 285 bytes (1 switches on core 0)
Sep 11 08:47:35.785708 dv-cinder-856941-2-smb devstack@c-api.service[120541]: DEBUG cinder.api.middleware.request_id [None req-a98ab047-9cf9-4a1a-b200-1b529cf98bd7 None None] RequestId filter calling following filter/app {{(pid=120541) _context_setter /opt/stack/cinder/cinder/api/middleware/request_id.py:62}}
Sep 11 08:47:35.807511 dv-cinder-856941-2-smb devstack@c-api.service[120540]: /usr/local/lib/python3.8/dist-packages/oslo_context/context.py:100: DeprecationWarning: Policy enforcement is depending on the value of is_admin. This key is deprecated. Please update your policy file to use the standard policy values.
Sep 11 08:47:35.807511 dv-cinder-856941-2-smb devstack@c-api.service[120540]: warnings.warn('Policy enforcement is depending on the value of '
Sep 11 08:47:35.867558 dv-cinder-856941-2-smb devstack@c-api.service[120540]: INFO cinder.api.openstack.wsgi [None req-8d2f7fac-7e26-4c93-86ba-752b42f39eae tempest-GroupsTest-865951205 tempest-GroupsTest-865951205-project] http://10.222.0.26/volume/v3/81629cda6d8942f0b89359a283c3ff4b/groups/8349d048-616e-4da4-bc4f-6cea3a350f0d returned with HTTP 200
Sep 11 08:47:35.870090 dv-cinder-856941-2-smb devstack@c-api.service[120540]: [pid: 120540|app: 0|req: 61/118] 10.222.0.26 () {60 vars in 1363 bytes} [Sun Sep 11 08:47:35 2022] GET /volume/v3/81629cda6d8942f0b89359a283c3ff4b/groups/8349d048-616e-4da4-bc4f-6cea3a350f0d => generated 322 bytes in 106 msecs (HTTP/1.1 200) 7 headers in 286 bytes (1 switches on core 0)
Sep 11 08:47:36.120145 dv-cinder-856941-2-smb devstack@c-api.service[120540]: DEBUG cinder.api.middleware.request_id [None req-a9f49b24-de50-460e-8344-3b9e87bddb04 None None] RequestId filter calling following filter/app {{(pid=120540) _context_setter /opt/stack/cinder/cinder/api/middleware/request_id.py:62}}
Sep 11 08:47:36.264103 dv-cinder-856941-2-smb devstack@c-api.service[120540]: INFO cinder.api.openstack.wsgi [None req-a9f49b24-de50-460e-8344-3b9e87bddb04 tempest-VolumeServicesNegativeTest-1667143825 tempest-VolumeServicesNegativeTest-1667143825-project-admin] GET http://10.222.0.26/volume/v3/d9a59d3c5bf7449da69be5703af1cf95/os-services
Sep 11 08:47:36.268289 dv-cinder-856941-2-smb devstack@c-api.service[120540]: DEBUG cinder.api.openstack.wsgi [None req-a9f49b24-de50-460e-8344-3b9e87bddb04 tempest-VolumeServicesNegativeTest-1667143825 tempest-VolumeServicesNegativeTest-1667143825-project-admin] Empty body provided in request {{(pid=120540) get_body /opt/stack/cinder/cinder/api/openstack/wsgi.py:715}}
Sep 11 08:47:36.268289 dv-cinder-856941-2-smb devstack@c-api.service[120540]: DEBUG cinder.api.openstack.wsgi [None req-a9f49b24-de50-460e-8344-3b9e87bddb04 tempest-VolumeServicesNegativeTest-1667143825 tempest-VolumeServicesNegativeTest-1667143825-project-admin] Calling method 'index' {{(pid=120540) _process_stack /opt/stack/cinder/cinder/api/openstack/wsgi.py:868}}
Sep 11 08:47:36.268289 dv-cinder-856941-2-smb devstack@c-api.service[120540]: /usr/local/lib/python3.8/dist-packages/oslo_context/context.py:100: DeprecationWarning: Policy enforcement is depending on the value of is_admin. This key is deprecated. Please update your policy file to use the standard policy values.
Sep 11 08:47:36.268289 dv-cinder-856941-2-smb devstack@c-api.service[120540]: warnings.warn('Policy enforcement is depending on the value of '
Sep 11 08:47:36.281689 dv-cinder-856941-2-smb devstack@c-api.service[120540]: INFO cinder.api.openstack.wsgi [None req-a9f49b24-de50-460e-8344-3b9e87bddb04 tempest-VolumeServicesNegativeTest-1667143825 tempest-VolumeServicesNegativeTest-1667143825-project-admin] http://10.222.0.26/volume/v3/d9a59d3c5bf7449da69be5703af1cf95/os-services returned with HTTP 200
Sep 11 08:47:36.311457 dv-cinder-856941-2-smb devstack@c-api.service[120540]: [pid: 120540|app: 0|req: 62/119] 10.222.0.26 () {58 vars in 1226 bytes} [Sun Sep 11 08:47:36 2022] GET /volume/v3/d9a59d3c5bf7449da69be5703af1cf95/os-services => generated 640 bytes in 182 msecs (HTTP/1.1 200) 7 headers in 285 bytes (1 switches on core 0)
Sep 11 08:47:36.316920 dv-cinder-856941-2-smb devstack@c-api.service[120540]: DEBUG cinder.api.middleware.request_id [None req-7d22e1c3-f2f6-4a74-a2f1-7567191e8132 None None] RequestId filter calling following filter/app {{(pid=120540) _context_setter /opt/stack/cinder/cinder/api/middleware/request_id.py:62}}
Sep 11 08:47:36.321719 dv-cinder-856941-2-smb devstack@c-api.service[120541]: INFO cinder.api.openstack.wsgi [None req-a98ab047-9cf9-4a1a-b200-1b529cf98bd7 tempest-VolumeSnapshotQuotasNegativeTestJSON-235560525 tempest-VolumeSnapshotQuotasNegativeTestJSON-235560525-project] POST http://10.222.0.26/volume/v3/d80cbe7f2391495cb74997b7429a59b8/volumes
Sep 11 08:47:36.322438 dv-cinder-856941-2-smb devstack@c-api.service[120541]: DEBUG cinder.api.openstack.wsgi [None req-a98ab047-9cf9-4a1a-b200-1b529cf98bd7 tempest-VolumeSnapshotQuotasNegativeTestJSON-235560525 tempest-VolumeSnapshotQuotasNegativeTestJSON-235560525-project] Action: 'create', calling method: create, body: {"volume": {"size": 1, "name": "tempest-VolumeSnapshotQuotasNegativeTestJSON-Volume-1299978108"}} {{(pid=120541) _process_stack /opt/stack/cinder/cinder/api/openstack/wsgi.py:866}}
Sep 11 08:47:36.324787 dv-cinder-856941-2-smb devstack@c-api.service[120541]: DEBUG cinder.api.v3.volumes [None req-a98ab047-9cf9-4a1a-b200-1b529cf98bd7 tempest-VolumeSnapshotQuotasNegativeTestJSON-235560525 tempest-VolumeSnapshotQuotasNegativeTestJSON-235560525-project] Create volume request body: {'volume': {'size': 1, 'name': 'tempest-VolumeSnapshotQuotasNegativeTestJSON-Volume-1299978108'}} {{(pid=120541) create /opt/stack/cinder/cinder/api/v3/volumes.py:298}}
Sep 11 08:47:36.325110 dv-cinder-856941-2-smb devstack@c-api.service[120541]: INFO cinder.api.v3.volumes [None req-a98ab047-9cf9-4a1a-b200-1b529cf98bd7 tempest-VolumeSnapshotQuotasNegativeTestJSON-235560525 tempest-VolumeSnapshotQuotasNegativeTestJSON-235560525-project] Create volume of 1 GB
Sep 11 08:47:36.337511 dv-cinder-856941-2-smb devstack@c-api.service[120541]: INFO cinder.volume.api [None req-a98ab047-9cf9-4a1a-b200-1b529cf98bd7 tempest-VolumeSnapshotQuotasNegativeTestJSON-235560525 tempest-VolumeSnapshotQuotasNegativeTestJSON-235560525-project] Availability Zones retrieved successfully.
Sep 11 08:47:36.340509 dv-cinder-856941-2-smb devstack@c-api.service[120540]: INFO cinder.api.openstack.wsgi [None req-7d22e1c3-f2f6-4a74-a2f1-7567191e8132 tempest-VolumeServicesNegativeTest-1667143825 tempest-VolumeServicesNegativeTest-1667143825-project-admin] PUT http://10.222.0.26/volume/v3/d9a59d3c5bf7449da69be5703af1cf95/os-services/disable-log-reason
Sep 11 08:47:36.343610 dv-cinder-856941-2-smb devstack@c-api.service[120540]: DEBUG cinder.api.openstack.wsgi [None req-7d22e1c3-f2f6-4a74-a2f1-7567191e8132 tempest-VolumeServicesNegativeTest-1667143825 tempest-VolumeServicesNegativeTest-1667143825-project-admin] Action: 'update', calling method: update, body: {"host": "dv-cinder-856941-2-smb", "binary": "cinder-scheduler", "disabled_reason": null} {{(pid=120540) _process_stack /opt/stack/cinder/cinder/api/openstack/wsgi.py:866}}
Sep 11 08:47:36.361408 dv-cinder-856941-2-smb devstack@c-api.service[120540]: INFO cinder.api.openstack.wsgi [None req-7d22e1c3-f2f6-4a74-a2f1-7567191e8132 tempest-VolumeServicesNegativeTest-1667143825 tempest-VolumeServicesNegativeTest-1667143825-project-admin] http://10.222.0.26/volume/v3/d9a59d3c5bf7449da69be5703af1cf95/os-services/disable-log-reason returned with HTTP 400
Sep 11 08:47:36.362416 dv-cinder-856941-2-smb devstack@c-api.service[120541]: DEBUG cinder.volume.api [None req-a98ab047-9cf9-4a1a-b200-1b529cf98bd7 tempest-VolumeSnapshotQuotasNegativeTestJSON-235560525 tempest-VolumeSnapshotQuotasNegativeTestJSON-235560525-project] Flow 'volume_create_api' (907a736e-ec8f-4d50-91ff-b007aefb2323) transitioned into state 'RUNNING' from state 'PENDING' {{(pid=120541) _flow_receiver /usr/local/lib/python3.8/dist-packages/taskflow/listeners/logging.py:141}}
Sep 11 08:47:36.365693 dv-cinder-856941-2-smb devstack@c-api.service[120541]: DEBUG cinder.volume.api [None req-a98ab047-9cf9-4a1a-b200-1b529cf98bd7 tempest-VolumeSnapshotQuotasNegativeTestJSON-235560525 tempest-VolumeSnapshotQuotasNegativeTestJSON-235560525-project] Task 'cinder.volume.flows.api.create_volume.ExtractVolumeRequestTask;volume:create' (30efc2c6-f660-4159-96d2-124356b6962e) transitioned into state 'RUNNING' from state 'PENDING' {{(pid=120541) _task_receiver /usr/local/lib/python3.8/dist-packages/taskflow/listeners/logging.py:190}}
Sep 11 08:47:36.367180 dv-cinder-856941-2-smb devstack@c-api.service[120540]: [pid: 120540|app: 0|req: 63/120] 10.222.0.26 () {60 vars in 1303 bytes} [Sun Sep 11 08:47:36 2022] PUT /volume/v3/d9a59d3c5bf7449da69be5703af1cf95/os-services/disable-log-reason => generated 136 bytes in 56 msecs (HTTP/1.1 400) 7 headers in 294 bytes (2 switches on core 0)
