Sep 22 12:29:55.299429 dv-cinder-856463-4-iscsi devstack@c-api.service[113222]: /usr/local/lib/python3.8/dist-packages/oslo_context/context.py:100: DeprecationWarning: Policy enforcement is depending on the value of is_admin. This key is deprecated. Please update your policy file to use the standard policy values.
Sep 22 12:29:55.299429 dv-cinder-856463-4-iscsi devstack@c-api.service[113222]: warnings.warn('Policy enforcement is depending on the value of '
Sep 22 12:29:55.300697 dv-cinder-856463-4-iscsi devstack@c-api.service[113222]: INFO cinder.api.openstack.wsgi [None req-29f3544d-242b-42e5-a10f-6865910b28f3 tempest-GroupSnapshotsTest-974206897 tempest-GroupSnapshotsTest-974206897-project] http://10.222.0.33/volume/v3/cd67711e9def4c7f89a21fc1d464a055/snapshots/detail returned with HTTP 200
Sep 22 12:29:55.301652 dv-cinder-856463-4-iscsi devstack@c-api.service[113222]: [pid: 113222|app: 0|req: 159/311] 10.222.0.33 () {58 vars in 1241 bytes} [Thu Sep 22 12:29:55 2022] GET /volume/v3/cd67711e9def4c7f89a21fc1d464a055/snapshots/detail => generated 929 bytes in 20 msecs (HTTP/1.1 200) 7 headers in 285 bytes (1 switches on core 0)
Sep 22 12:29:55.310962 dv-cinder-856463-4-iscsi devstack@c-api.service[113221]: DEBUG cinder.api.middleware.request_id [None req-3d460566-08f0-43ff-8941-469e9d873d56 None None] RequestId filter calling following filter/app {{(pid=113221) _context_setter /opt/stack/cinder/cinder/api/middleware/request_id.py:62}}
Sep 22 12:29:55.315018 dv-cinder-856463-4-iscsi devstack@c-api.service[113221]: INFO cinder.api.openstack.wsgi [None req-3d460566-08f0-43ff-8941-469e9d873d56 tempest-GroupSnapshotsTest-974206897 tempest-GroupSnapshotsTest-974206897-project] GET http://10.222.0.33/volume/v3/cd67711e9def4c7f89a21fc1d464a055/snapshots/ff835aef-088c-4317-a220-243fcc4a6f6f
Sep 22 12:29:55.315909 dv-cinder-856463-4-iscsi devstack@c-api.service[113221]: DEBUG cinder.api.openstack.wsgi [None req-3d460566-08f0-43ff-8941-469e9d873d56 tempest-GroupSnapshotsTest-974206897 tempest-GroupSnapshotsTest-974206897-project] Empty body provided in request {{(pid=113221) get_body /opt/stack/cinder/cinder/api/openstack/wsgi.py:715}}
Sep 22 12:29:55.316384 dv-cinder-856463-4-iscsi devstack@c-api.service[113221]: DEBUG cinder.api.openstack.wsgi [None req-3d460566-08f0-43ff-8941-469e9d873d56 tempest-GroupSnapshotsTest-974206897 tempest-GroupSnapshotsTest-974206897-project] Calling method 'show' {{(pid=113221) _process_stack /opt/stack/cinder/cinder/api/openstack/wsgi.py:868}}
Sep 22 12:29:55.327397 dv-cinder-856463-4-iscsi devstack@c-api.service[113221]: /usr/local/lib/python3.8/dist-packages/oslo_context/context.py:100: DeprecationWarning: Policy enforcement is depending on the value of is_admin. This key is deprecated. Please update your policy file to use the standard policy values.
Sep 22 12:29:55.327397 dv-cinder-856463-4-iscsi devstack@c-api.service[113221]: warnings.warn('Policy enforcement is depending on the value of '
Sep 22 12:29:55.328646 dv-cinder-856463-4-iscsi devstack@c-api.service[113221]: INFO cinder.volume.api [None req-3d460566-08f0-43ff-8941-469e9d873d56 tempest-GroupSnapshotsTest-974206897 tempest-GroupSnapshotsTest-974206897-project] Snapshot retrieved successfully.
Sep 22 12:29:55.333717 dv-cinder-856463-4-iscsi devstack@c-api.service[113221]: INFO cinder.api.openstack.wsgi [None req-3d460566-08f0-43ff-8941-469e9d873d56 tempest-GroupSnapshotsTest-974206897 tempest-GroupSnapshotsTest-974206897-project] http://10.222.0.33/volume/v3/cd67711e9def4c7f89a21fc1d464a055/snapshots/ff835aef-088c-4317-a220-243fcc4a6f6f returned with HTTP 200
Sep 22 12:29:55.334619 dv-cinder-856463-4-iscsi devstack@c-api.service[113221]: [pid: 113221|app: 0|req: 153/312] 10.222.0.33 () {58 vars in 1331 bytes} [Thu Sep 22 12:29:55 2022] GET /volume/v3/cd67711e9def4c7f89a21fc1d464a055/snapshots/ff835aef-088c-4317-a220-243fcc4a6f6f => generated 469 bytes in 24 msecs (HTTP/1.1 200) 7 headers in 285 bytes (1 switches on core 0)
Sep 22 12:29:55.343557 dv-cinder-856463-4-iscsi devstack@c-api.service[113222]: DEBUG cinder.api.middleware.request_id [None req-2941cd64-6bad-4bd3-b63e-d5cb32398675 None None] RequestId filter calling following filter/app {{(pid=113222) _context_setter /opt/stack/cinder/cinder/api/middleware/request_id.py:62}}
Sep 22 12:29:55.348977 dv-cinder-856463-4-iscsi devstack@c-api.service[113222]: INFO cinder.api.openstack.wsgi [None req-2941cd64-6bad-4bd3-b63e-d5cb32398675 tempest-GroupSnapshotsTest-974206897 tempest-GroupSnapshotsTest-974206897-project] GET http://10.222.0.33/volume/v3/cd67711e9def4c7f89a21fc1d464a055/snapshots/fc58709e-738e-4ac9-8387-141260bea732
Sep 22 12:29:55.349562 dv-cinder-856463-4-iscsi devstack@c-api.service[113222]: DEBUG cinder.api.openstack.wsgi [None req-2941cd64-6bad-4bd3-b63e-d5cb32398675 tempest-GroupSnapshotsTest-974206897 tempest-GroupSnapshotsTest-974206897-project] Empty body provided in request {{(pid=113222) get_body /opt/stack/cinder/cinder/api/openstack/wsgi.py:715}}
Sep 22 12:29:55.350123 dv-cinder-856463-4-iscsi devstack@c-api.service[113222]: DEBUG cinder.api.openstack.wsgi [None req-2941cd64-6bad-4bd3-b63e-d5cb32398675 tempest-GroupSnapshotsTest-974206897 tempest-GroupSnapshotsTest-974206897-project] Calling method 'show' {{(pid=113222) _process_stack /opt/stack/cinder/cinder/api/openstack/wsgi.py:868}}
Sep 22 12:29:55.360656 dv-cinder-856463-4-iscsi devstack@c-api.service[113222]: /usr/local/lib/python3.8/dist-packages/oslo_context/context.py:100: DeprecationWarning: Policy enforcement is depending on the value of is_admin. This key is deprecated. Please update your policy file to use the standard policy values.
Sep 22 12:29:55.360656 dv-cinder-856463-4-iscsi devstack@c-api.service[113222]: warnings.warn('Policy enforcement is depending on the value of '
Sep 22 12:29:55.361751 dv-cinder-856463-4-iscsi devstack@c-api.service[113222]: INFO cinder.volume.api [None req-2941cd64-6bad-4bd3-b63e-d5cb32398675 tempest-GroupSnapshotsTest-974206897 tempest-GroupSnapshotsTest-974206897-project] Snapshot retrieved successfully.
Sep 22 12:29:55.363576 dv-cinder-856463-4-iscsi devstack@c-api.service[113222]: INFO cinder.api.openstack.wsgi [None req-2941cd64-6bad-4bd3-b63e-d5cb32398675 tempest-GroupSnapshotsTest-974206897 tempest-GroupSnapshotsTest-974206897-project] http://10.222.0.33/volume/v3/cd67711e9def4c7f89a21fc1d464a055/snapshots/fc58709e-738e-4ac9-8387-141260bea732 returned with HTTP 200
Sep 22 12:29:55.364266 dv-cinder-856463-4-iscsi devstack@c-api.service[113222]: [pid: 113222|app: 0|req: 160/313] 10.222.0.33 () {58 vars in 1331 bytes} [Thu Sep 22 12:29:55 2022] GET /volume/v3/cd67711e9def4c7f89a21fc1d464a055/snapshots/fc58709e-738e-4ac9-8387-141260bea732 => generated 469 bytes in 22 msecs (HTTP/1.1 200) 7 headers in 285 bytes (1 switches on core 0)
Sep 22 12:29:55.372925 dv-cinder-856463-4-iscsi devstack@c-api.service[113221]: DEBUG cinder.api.middleware.request_id [None req-9ff0549d-7026-4599-b602-d05665539a53 None None] RequestId filter calling following filter/app {{(pid=113221) _context_setter /opt/stack/cinder/cinder/api/middleware/request_id.py:62}}
Sep 22 12:29:55.376832 dv-cinder-856463-4-iscsi devstack@c-api.service[113221]: INFO cinder.api.openstack.wsgi [None req-9ff0549d-7026-4599-b602-d05665539a53 tempest-GroupSnapshotsTest-974206897 tempest-GroupSnapshotsTest-974206897-project] DELETE http://10.222.0.33/volume/v3/cd67711e9def4c7f89a21fc1d464a055/group_snapshots/96b84314-f262-426d-b287-89f49f32a92a
Sep 22 12:29:55.377318 dv-cinder-856463-4-iscsi devstack@c-api.service[113221]: DEBUG cinder.api.openstack.wsgi [None req-9ff0549d-7026-4599-b602-d05665539a53 tempest-GroupSnapshotsTest-974206897 tempest-GroupSnapshotsTest-974206897-project] Empty body provided in request {{(pid=113221) get_body /opt/stack/cinder/cinder/api/openstack/wsgi.py:715}}
Sep 22 12:29:55.378338 dv-cinder-856463-4-iscsi devstack@c-api.service[113221]: DEBUG cinder.api.openstack.wsgi [None req-9ff0549d-7026-4599-b602-d05665539a53 tempest-GroupSnapshotsTest-974206897 tempest-GroupSnapshotsTest-974206897-project] Calling method 'version_select' {{(pid=113221) _process_stack /opt/stack/cinder/cinder/api/openstack/wsgi.py:868}}
Sep 22 12:29:55.378714 dv-cinder-856463-4-iscsi devstack@c-api.service[113221]: DEBUG cinder.api.v3.group_snapshots [None req-9ff0549d-7026-4599-b602-d05665539a53 tempest-GroupSnapshotsTest-974206897 tempest-GroupSnapshotsTest-974206897-project] delete called for member 96b84314-f262-426d-b287-89f49f32a92a {{(pid=113221) delete /opt/stack/cinder/cinder/api/v3/group_snapshots.py:72}}
Sep 22 12:29:55.378991 dv-cinder-856463-4-iscsi devstack@c-api.service[113221]: INFO cinder.api.v3.group_snapshots [None req-9ff0549d-7026-4599-b602-d05665539a53 tempest-GroupSnapshotsTest-974206897 tempest-GroupSnapshotsTest-974206897-project] Delete group_snapshot with id: 96b84314-f262-426d-b287-89f49f32a92a
Sep 22 12:29:55.380924 dv-cinder-856463-4-iscsi devstack@c-api.service[113221]: DEBUG dbcounter [-] [113221] Writing DB stats cinder:SELECT=59,cinder:INSERT=17,cinder:UPDATE=24 {{(pid=113221) stat_writer /usr/local/lib/python3.8/dist-packages/dbcounter.py:114}}
Sep 22 12:29:55.386350 dv-cinder-856463-4-iscsi devstack@c-api.service[113221]: /usr/local/lib/python3.8/dist-packages/oslo_context/context.py:100: DeprecationWarning: Policy enforcement is depending on the value of is_admin. This key is deprecated. Please update your policy file to use the standard policy values.
Sep 22 12:29:55.386350 dv-cinder-856463-4-iscsi devstack@c-api.service[113221]: warnings.warn('Policy enforcement is depending on the value of '
Sep 22 12:29:55.444511 dv-cinder-856463-4-iscsi devstack@c-api.service[113221]: INFO cinder.api.openstack.wsgi [None req-9ff0549d-7026-4599-b602-d05665539a53 tempest-GroupSnapshotsTest-974206897 tempest-GroupSnapshotsTest-974206897-project] http://10.222.0.33/volume/v3/cd67711e9def4c7f89a21fc1d464a055/group_snapshots/96b84314-f262-426d-b287-89f49f32a92a returned with HTTP 202
Sep 22 12:29:55.445625 dv-cinder-856463-4-iscsi devstack@c-api.service[113221]: [pid: 113221|app: 0|req: 154/314] 10.222.0.33 () {60 vars in 1393 bytes} [Thu Sep 22 12:29:55 2022] DELETE /volume/v3/cd67711e9def4c7f89a21fc1d464a055/group_snapshots/96b84314-f262-426d-b287-89f49f32a92a => generated 0 bytes in 74 msecs (HTTP/1.1 202) 6 headers in 234 bytes (1 switches on core 0)
Sep 22 12:29:55.450701 dv-cinder-856463-4-iscsi devstack@c-api.service[113222]: DEBUG cinder.api.middleware.request_id [None req-517dbf66-64a5-4547-a927-64076fd8665b None None] RequestId filter calling following filter/app {{(pid=113222) _context_setter /opt/stack/cinder/cinder/api/middleware/request_id.py:62}}
Sep 22 12:29:55.454633 dv-cinder-856463-4-iscsi devstack@c-api.service[113222]: INFO cinder.api.openstack.wsgi [None req-517dbf66-64a5-4547-a927-64076fd8665b tempest-GroupSnapshotsTest-974206897 tempest-GroupSnapshotsTest-974206897-project] GET http://10.222.0.33/volume/v3/cd67711e9def4c7f89a21fc1d464a055/volumes/detail
Sep 22 12:29:55.455193 dv-cinder-856463-4-iscsi devstack@c-api.service[113222]: DEBUG cinder.api.openstack.wsgi [None req-517dbf66-64a5-4547-a927-64076fd8665b tempest-GroupSnapshotsTest-974206897 tempest-GroupSnapshotsTest-974206897-project] Empty body provided in request {{(pid=113222) get_body /opt/stack/cinder/cinder/api/openstack/wsgi.py:715}}
Sep 22 12:29:55.456440 dv-cinder-856463-4-iscsi devstack@c-api.service[113222]: DEBUG cinder.api.openstack.wsgi [None req-517dbf66-64a5-4547-a927-64076fd8665b tempest-GroupSnapshotsTest-974206897 tempest-GroupSnapshotsTest-974206897-project] Calling method 'detail' {{(pid=113222) _process_stack /opt/stack/cinder/cinder/api/openstack/wsgi.py:868}}
Sep 22 12:29:55.457174 dv-cinder-856463-4-iscsi devstack@c-api.service[113222]: DEBUG cinder.api.api_utils [None req-517dbf66-64a5-4547-a927-64076fd8665b tempest-GroupSnapshotsTest-974206897 tempest-GroupSnapshotsTest-974206897-project] Removing options '' from query. {{(pid=113222) remove_invalid_filter_options /opt/stack/cinder/cinder/api/api_utils.py:83}}
Sep 22 12:29:55.458014 dv-cinder-856463-4-iscsi devstack@c-api.service[113221]: DEBUG cinder.api.middleware.request_id [None req-b32a2b60-51a2-44cf-a5f8-ff92c880b489 None None] RequestId filter calling following filter/app {{(pid=113221) _context_setter /opt/stack/cinder/cinder/api/middleware/request_id.py:62}}
Sep 22 12:29:55.458824 dv-cinder-856463-4-iscsi devstack@c-api.service[113222]: DEBUG cinder.volume.api [None req-517dbf66-64a5-4547-a927-64076fd8665b tempest-GroupSnapshotsTest-974206897 tempest-GroupSnapshotsTest-974206897-project] Searching by: MultiDict([('no_migration_targets', True)]). {{(pid=113222) get_all /opt/stack/cinder/cinder/volume/api.py:664}}
Sep 22 12:29:55.462058 dv-cinder-856463-4-iscsi devstack@c-api.service[113221]: INFO cinder.api.openstack.wsgi [None req-b32a2b60-51a2-44cf-a5f8-ff92c880b489 tempest-VolumesActionsTest-559502351 tempest-VolumesActionsTest-559502351-project] GET http://10.222.0.33/volume/v3/a2fdd81304a7458cac5050ca53cabc4e/volumes/f4ec211c-7ae9-4c7c-b793-22215589975c
Sep 22 12:29:55.462500 dv-cinder-856463-4-iscsi devstack@c-api.service[113221]: DEBUG cinder.api.openstack.wsgi [None req-b32a2b60-51a2-44cf-a5f8-ff92c880b489 tempest-VolumesActionsTest-559502351 tempest-VolumesActionsTest-559502351-project] Empty body provided in request {{(pid=113221) get_body /opt/stack/cinder/cinder/api/openstack/wsgi.py:715}}
Sep 22 12:29:55.463277 dv-cinder-856463-4-iscsi devstack@c-api.service[113221]: DEBUG cinder.api.openstack.wsgi [None req-b32a2b60-51a2-44cf-a5f8-ff92c880b489 tempest-VolumesActionsTest-559502351 tempest-VolumesActionsTest-559502351-project] Calling method 'show' {{(pid=113221) _process_stack /opt/stack/cinder/cinder/api/openstack/wsgi.py:868}}
Sep 22 12:29:55.479754 dv-cinder-856463-4-iscsi devstack@c-api.service[113221]: /usr/local/lib/python3.8/dist-packages/oslo_context/context.py:100: DeprecationWarning: Policy enforcement is depending on the value of is_admin. This key is deprecated. Please update your policy file to use the standard policy values.
Sep 22 12:29:55.479754 dv-cinder-856463-4-iscsi devstack@c-api.service[113221]: warnings.warn('Policy enforcement is depending on the value of '
Sep 22 12:29:55.487503 dv-cinder-856463-4-iscsi devstack@c-api.service[113221]: INFO cinder.volume.api [None req-b32a2b60-51a2-44cf-a5f8-ff92c880b489 tempest-VolumesActionsTest-559502351 tempest-VolumesActionsTest-559502351-project] Volume info retrieved successfully.
Sep 22 12:29:55.497624 dv-cinder-856463-4-iscsi devstack@c-api.service[113221]: INFO cinder.api.openstack.wsgi [None req-b32a2b60-51a2-44cf-a5f8-ff92c880b489 tempest-VolumesActionsTest-559502351 tempest-VolumesActionsTest-559502351-project] http://10.222.0.33/volume/v3/a2fdd81304a7458cac5050ca53cabc4e/volumes/f4ec211c-7ae9-4c7c-b793-22215589975c returned with HTTP 200
Sep 22 12:29:55.512332 dv-cinder-856463-4-iscsi devstack@c-api.service[113221]: [pid: 113221|app: 0|req: 155/315] 10.222.0.33 () {58 vars in 1325 bytes} [Thu Sep 22 12:29:55 2022] GET /volume/v3/a2fdd81304a7458cac5050ca53cabc4e/volumes/f4ec211c-7ae9-4c7c-b793-22215589975c => generated 910 bytes in 41 msecs (HTTP/1.1 200) 7 headers in 285 bytes (1 switches on core 0)
Sep 22 12:29:55.512771 dv-cinder-856463-4-iscsi devstack@c-api.service[113222]: INFO cinder.volume.api [None req-517dbf66-64a5-4547-a927-64076fd8665b tempest-GroupSnapshotsTest-974206897 tempest-GroupSnapshotsTest-974206897-project] Get all volumes completed successfully.
Sep 22 12:29:55.512771 dv-cinder-856463-4-iscsi devstack@c-api.service[113222]: WARNING stevedore.named [None req-517dbf66-64a5-4547-a927-64076fd8665b tempest-GroupSnapshotsTest-974206897 tempest-GroupSnapshotsTest-974206897-project] Could not load cinder.keymgr.conf_key_mgr.ConfKeyManager
Sep 22 12:29:55.512771 dv-cinder-856463-4-iscsi devstack@c-api.service[113222]: WARNING castellan.key_manager [None req-517dbf66-64a5-4547-a927-64076fd8665b tempest-GroupSnapshotsTest-974206897 tempest-GroupSnapshotsTest-974206897-project] Deprecation Warning : cinder.keymgr.conf_key_mgr.ConfKeyManager is not a stevedore based driver, trying to load it as a class: stevedore.exception.NoMatches: No 'castellan.drivers' driver found, looking for 'cinder.keymgr.conf_key_mgr.ConfKeyManager'
Sep 22 12:29:55.518850 dv-cinder-856463-4-iscsi devstack@c-api.service[113222]: DEBUG oslo_db.sqlalchemy.engines [None req-517dbf66-64a5-4547-a927-64076fd8665b tempest-GroupSnapshotsTest-974206897 tempest-GroupSnapshotsTest-974206897-project] MySQL server mode set to STRICT_TRANS_TABLES,STRICT_ALL_TABLES,NO_ZERO_IN_DATE,NO_ZERO_DATE,ERROR_FOR_DIVISION_BY_ZERO,TRADITIONAL,NO_ENGINE_SUBSTITUTION {{(pid=113222) _check_effective_sql_mode /usr/local/lib/python3.8/dist-packages/oslo_db/sqlalchemy/engines.py:314}}
Sep 22 12:29:55.525129 dv-cinder-856463-4-iscsi devstack@c-api.service[113222]: /usr/local/lib/python3.8/dist-packages/oslo_context/context.py:100: DeprecationWarning: Policy enforcement is depending on the value of is_admin. This key is deprecated. Please update your policy file to use the standard policy values.
Sep 22 12:29:55.525129 dv-cinder-856463-4-iscsi devstack@c-api.service[113222]: warnings.warn('Policy enforcement is depending on the value of '
Sep 22 12:29:55.526101 dv-cinder-856463-4-iscsi devstack@c-api.service[113221]: DEBUG cinder.api.middleware.request_id [None req-1072fcc0-b4e7-4002-a7dd-e6a263616d86 None None] RequestId filter calling following filter/app {{(pid=113221) _context_setter /opt/stack/cinder/cinder/api/middleware/request_id.py:62}}
Sep 22 12:29:55.532316 dv-cinder-856463-4-iscsi devstack@c-api.service[113222]: WARNING stevedore.named [None req-517dbf66-64a5-4547-a927-64076fd8665b tempest-GroupSnapshotsTest-974206897 tempest-GroupSnapshotsTest-974206897-project] Could not load cinder.keymgr.conf_key_mgr.ConfKeyManager
Sep 22 12:29:55.532720 dv-cinder-856463-4-iscsi devstack@c-api.service[113222]: WARNING castellan.key_manager [None req-517dbf66-64a5-4547-a927-64076fd8665b tempest-GroupSnapshotsTest-974206897 tempest-GroupSnapshotsTest-974206897-project] Deprecation Warning : cinder.keymgr.conf_key_mgr.ConfKeyManager is not a stevedore based driver, trying to load it as a class: stevedore.exception.NoMatches: No 'castellan.drivers' driver found, looking for 'cinder.keymgr.conf_key_mgr.ConfKeyManager'
Sep 22 12:29:55.540535 dv-cinder-856463-4-iscsi devstack@c-api.service[113222]: DEBUG oslo_db.sqlalchemy.engines [None req-517dbf66-64a5-4547-a927-64076fd8665b tempest-GroupSnapshotsTest-974206897 tempest-GroupSnapshotsTest-974206897-project] MySQL server mode set to STRICT_TRANS_TABLES,STRICT_ALL_TABLES,NO_ZERO_IN_DATE,NO_ZERO_DATE,ERROR_FOR_DIVISION_BY_ZERO,TRADITIONAL,NO_ENGINE_SUBSTITUTION {{(pid=113222) _check_effective_sql_mode /usr/local/lib/python3.8/dist-packages/oslo_db/sqlalchemy/engines.py:314}}
Sep 22 12:29:55.547748 dv-cinder-856463-4-iscsi devstack@c-api.service[113222]: /usr/local/lib/python3.8/dist-packages/oslo_context/context.py:100: DeprecationWarning: Policy enforcement is depending on the value of is_admin. This key is deprecated. Please update your policy file to use the standard policy values.
Sep 22 12:29:55.547748 dv-cinder-856463-4-iscsi devstack@c-api.service[113222]: warnings.warn('Policy enforcement is depending on the value of '
Sep 22 12:29:55.564830 dv-cinder-856463-4-iscsi devstack@c-api.service[113222]: INFO cinder.api.openstack.wsgi [None req-517dbf66-64a5-4547-a927-64076fd8665b tempest-GroupSnapshotsTest-974206897 tempest-GroupSnapshotsTest-974206897-project] http://10.222.0.33/volume/v3/cd67711e9def4c7f89a21fc1d464a055/volumes/detail returned with HTTP 200
Sep 22 12:29:55.566385 dv-cinder-856463-4-iscsi devstack@c-api.service[113222]: [pid: 113222|app: 0|req: 161/316] 10.222.0.33 () {60 vars in 1276 bytes} [Thu Sep 22 12:29:55 2022] GET /volume/v3/cd67711e9def4c7f89a21fc1d464a055/volumes/detail => generated 1993 bytes in 117 msecs (HTTP/1.1 200) 7 headers in 287 bytes (1 switches on core 0)
Sep 22 12:29:55.584560 dv-cinder-856463-4-iscsi devstack@c-api.service[113222]: DEBUG cinder.api.middleware.request_id [None req-2e6d6d19-c7cc-4bf6-aefd-1975fbf80da9 None None] RequestId filter calling following filter/app {{(pid=113222) _context_setter /opt/stack/cinder/cinder/api/middleware/request_id.py:62}}
Sep 22 12:29:55.589702 dv-cinder-856463-4-iscsi devstack@c-api.service[113222]: INFO cinder.api.openstack.wsgi [None req-2e6d6d19-c7cc-4bf6-aefd-1975fbf80da9 tempest-GroupSnapshotsTest-974206897 tempest-GroupSnapshotsTest-974206897-project] GET http://10.222.0.33/volume/v3/cd67711e9def4c7f89a21fc1d464a055/snapshots/detail
Sep 22 12:29:55.590139 dv-cinder-856463-4-iscsi devstack@c-api.service[113222]: DEBUG cinder.api.openstack.wsgi [None req-2e6d6d19-c7cc-4bf6-aefd-1975fbf80da9 tempest-GroupSnapshotsTest-974206897 tempest-GroupSnapshotsTest-974206897-project] Empty body provided in request {{(pid=113222) get_body /opt/stack/cinder/cinder/api/openstack/wsgi.py:715}}
Sep 22 12:29:55.590591 dv-cinder-856463-4-iscsi devstack@c-api.service[113222]: DEBUG cinder.api.openstack.wsgi [None req-2e6d6d19-c7cc-4bf6-aefd-1975fbf80da9 tempest-GroupSnapshotsTest-974206897 tempest-GroupSnapshotsTest-974206897-project] Calling method 'detail' {{(pid=113222) _process_stack /opt/stack/cinder/cinder/api/openstack/wsgi.py:868}}
Sep 22 12:29:55.591092 dv-cinder-856463-4-iscsi devstack@c-api.service[113222]: DEBUG cinder.api.api_utils [None req-2e6d6d19-c7cc-4bf6-aefd-1975fbf80da9 tempest-GroupSnapshotsTest-974206897 tempest-GroupSnapshotsTest-974206897-project] Removing options '' from query. {{(pid=113222) remove_invalid_filter_options /opt/stack/cinder/cinder/api/api_utils.py:83}}
Sep 22 12:29:55.593522 dv-cinder-856463-4-iscsi devstack@c-api.service[113222]: DEBUG cinder.db.sqlalchemy.api [None req-2e6d6d19-c7cc-4bf6-aefd-1975fbf80da9 tempest-GroupSnapshotsTest-974206897 tempest-GroupSnapshotsTest-974206897-project] Building query based on filter {{(pid=113222) _process_snaps_filters /opt/stack/cinder/cinder/db/sqlalchemy/api.py:3885}}
Sep 22 12:29:55.601182 dv-cinder-856463-4-iscsi devstack@c-api.service[113222]: INFO cinder.volume.api [None req-2e6d6d19-c7cc-4bf6-aefd-1975fbf80da9 tempest-GroupSnapshotsTest-974206897 tempest-GroupSnapshotsTest-974206897-project] Get all snapshots completed successfully.
Sep 22 12:29:55.602475 dv-cinder-856463-4-iscsi devstack@c-api.service[113222]: /usr/local/lib/python3.8/dist-packages/oslo_context/context.py:100: DeprecationWarning: Policy enforcement is depending on the value of is_admin. This key is deprecated. Please update your policy file to use the standard policy values.
Sep 22 12:29:55.602475 dv-cinder-856463-4-iscsi devstack@c-api.service[113222]: warnings.warn('Policy enforcement is depending on the value of '
Sep 22 12:29:55.603870 dv-cinder-856463-4-iscsi devstack@c-api.service[113222]: INFO cinder.api.openstack.wsgi [None req-2e6d6d19-c7cc-4bf6-aefd-1975fbf80da9 tempest-GroupSnapshotsTest-974206897 tempest-GroupSnapshotsTest-974206897-project] http://10.222.0.33/volume/v3/cd67711e9def4c7f89a21fc1d464a055/snapshots/detail returned with HTTP 200
Sep 22 12:29:55.605214 dv-cinder-856463-4-iscsi devstack@c-api.service[113222]: [pid: 113222|app: 0|req: 162/317] 10.222.0.33 () {58 vars in 1241 bytes} [Thu Sep 22 12:29:55 2022] GET /volume/v3/cd67711e9def4c7f89a21fc1d464a055/snapshots/detail => generated 927 bytes in 22 msecs (HTTP/1.1 200) 7 headers in 285 bytes (2 switches on core 0)
Sep 22 12:29:55.615083 dv-cinder-856463-4-iscsi devstack@c-api.service[113222]: DEBUG cinder.api.middleware.request_id [None req-35484db2-a38f-40f7-b378-5c3cf5eedfb1 None None] RequestId filter calling following filter/app {{(pid=113222) _context_setter /opt/stack/cinder/cinder/api/middleware/request_id.py:62}}
Sep 22 12:29:55.619879 dv-cinder-856463-4-iscsi devstack@c-api.service[113222]: INFO cinder.api.openstack.wsgi [None req-35484db2-a38f-40f7-b378-5c3cf5eedfb1 tempest-GroupSnapshotsTest-974206897 tempest-GroupSnapshotsTest-974206897-project] GET http://10.222.0.33/volume/v3/cd67711e9def4c7f89a21fc1d464a055/snapshots/ff835aef-088c-4317-a220-243fcc4a6f6f
Sep 22 12:29:55.620338 dv-cinder-856463-4-iscsi devstack@c-api.service[113222]: DEBUG cinder.api.openstack.wsgi [None req-35484db2-a38f-40f7-b378-5c3cf5eedfb1 tempest-GroupSnapshotsTest-974206897 tempest-GroupSnapshotsTest-974206897-project] Empty body provided in request {{(pid=113222) get_body /opt/stack/cinder/cinder/api/openstack/wsgi.py:715}}
Sep 22 12:29:55.620795 dv-cinder-856463-4-iscsi devstack@c-api.service[113222]: DEBUG cinder.api.openstack.wsgi [None req-35484db2-a38f-40f7-b378-5c3cf5eedfb1 tempest-GroupSnapshotsTest-974206897 tempest-GroupSnapshotsTest-974206897-project] Calling method 'show' {{(pid=113222) _process_stack /opt/stack/cinder/cinder/api/openstack/wsgi.py:868}}
Sep 22 12:29:55.632482 dv-cinder-856463-4-iscsi devstack@c-api.service[113222]: /usr/local/lib/python3.8/dist-packages/oslo_context/context.py:100: DeprecationWarning: Policy enforcement is depending on the value of is_admin. This key is deprecated. Please update your policy file to use the standard policy values.
Sep 22 12:29:55.632482 dv-cinder-856463-4-iscsi devstack@c-api.service[113222]: warnings.warn('Policy enforcement is depending on the value of '
Sep 22 12:29:55.633423 dv-cinder-856463-4-iscsi devstack@c-api.service[113222]: INFO cinder.volume.api [None req-35484db2-a38f-40f7-b378-5c3cf5eedfb1 tempest-GroupSnapshotsTest-974206897 tempest-GroupSnapshotsTest-974206897-project] Snapshot retrieved successfully.
Sep 22 12:29:55.633801 dv-cinder-856463-4-iscsi devstack@c-api.service[113221]: INFO cinder.api.openstack.wsgi [None req-1072fcc0-b4e7-4002-a7dd-e6a263616d86 tempest-VolumesActionsTest-110718988 tempest-VolumesActionsTest-110718988-project-admin] POST http://10.222.0.33/volume/v3/3be211315de849bead860d49c2ed0a63/volumes/f4ec211c-7ae9-4c7c-b793-22215589975c/action
Sep 22 12:29:55.634646 dv-cinder-856463-4-iscsi devstack@c-api.service[113221]: DEBUG cinder.api.openstack.wsgi [None req-1072fcc0-b4e7-4002-a7dd-e6a263616d86 tempest-VolumesActionsTest-110718988 tempest-VolumesActionsTest-110718988-project-admin] Action body: b'{"os-reset_status": {"status": "attaching"}}' {{(pid=113221) get_method /opt/stack/cinder/cinder/api/openstack/wsgi.py:983}}
Sep 22 12:29:55.635036 dv-cinder-856463-4-iscsi devstack@c-api.service[113221]: DEBUG cinder.api.openstack.wsgi [None req-1072fcc0-b4e7-4002-a7dd-e6a263616d86 tempest-VolumesActionsTest-110718988 tempest-VolumesActionsTest-110718988-project-admin] Action: 'action', calling method: _reset_status, body: {"os-reset_status": {"status": "attaching"}} {{(pid=113221) _process_stack /opt/stack/cinder/cinder/api/openstack/wsgi.py:866}}
Sep 22 12:29:55.635214 dv-cinder-856463-4-iscsi devstack@c-api.service[113222]: INFO cinder.api.openstack.wsgi [None req-35484db2-a38f-40f7-b378-5c3cf5eedfb1 tempest-GroupSnapshotsTest-974206897 tempest-GroupSnapshotsTest-974206897-project] http://10.222.0.33/volume/v3/cd67711e9def4c7f89a21fc1d464a055/snapshots/ff835aef-088c-4317-a220-243fcc4a6f6f returned with HTTP 200
Sep 22 12:29:55.636033 dv-cinder-856463-4-iscsi devstack@c-api.service[113222]: [pid: 113222|app: 0|req: 163/318] 10.222.0.33 () {58 vars in 1331 bytes} [Thu Sep 22 12:29:55 2022] GET /volume/v3/cd67711e9def4c7f89a21fc1d464a055/snapshots/ff835aef-088c-4317-a220-243fcc4a6f6f => generated 468 bytes in 22 msecs (HTTP/1.1 200) 7 headers in 285 bytes (2 switches on core 0)
Sep 22 12:29:55.685290 dv-cinder-856463-4-iscsi devstack@c-api.service[113221]: /usr/local/lib/python3.8/dist-packages/oslo_context/context.py:100: DeprecationWarning: Policy enforcement is depending on the value of is_admin. This key is deprecated. Please update your policy file to use the standard policy values.
Sep 22 12:29:55.685290 dv-cinder-856463-4-iscsi devstack@c-api.service[113221]: warnings.warn('Policy enforcement is depending on the value of '
Sep 22 12:29:55.686045 dv-cinder-856463-4-iscsi devstack@c-api.service[113221]: DEBUG cinder.api.contrib.admin_actions [None req-1072fcc0-b4e7-4002-a7dd-e6a263616d86 tempest-VolumesActionsTest-110718988 tempest-VolumesActionsTest-110718988-project-admin] Updating volume 'f4ec211c-7ae9-4c7c-b793-22215589975c' with '{'status': 'attaching'}' {{(pid=113221) _reset_status /opt/stack/cinder/cinder/api/contrib/admin_actions.py:200}}
Sep 22 12:29:55.722105 dv-cinder-856463-4-iscsi devstack@c-api.service[113221]: INFO cinder.api.openstack.wsgi [None req-1072fcc0-b4e7-4002-a7dd-e6a263616d86 tempest-VolumesActionsTest-110718988 tempest-VolumesActionsTest-110718988-project-admin] http://10.222.0.33/volume/v3/3be211315de849bead860d49c2ed0a63/volumes/f4ec211c-7ae9-4c7c-b793-22215589975c/action returned with HTTP 202
Sep 22 12:29:55.722776 dv-cinder-856463-4-iscsi devstack@c-api.service[113221]: [pid: 113221|app: 0|req: 156/319] 10.222.0.33 () {60 vars in 1367 bytes} [Thu Sep 22 12:29:55 2022] POST /volume/v3/3be211315de849bead860d49c2ed0a63/volumes/f4ec211c-7ae9-4c7c-b793-22215589975c/action => generated 0 bytes in 198 msecs (HTTP/1.1 202) 7 headers in 289 bytes (1 switches on core 0)
Sep 22 12:29:55.727773 dv-cinder-856463-4-iscsi devstack@c-api.service[113222]: DEBUG cinder.api.middleware.request_id [None req-b29430cc-942c-4982-9b37-7d3869faa84d None None] RequestId filter calling following filter/app {{(pid=113222) _context_setter /opt/stack/cinder/cinder/api/middleware/request_id.py:62}}
Sep 22 12:29:55.731379 dv-cinder-856463-4-iscsi devstack@c-api.service[113222]: INFO cinder.api.openstack.wsgi [None req-b29430cc-942c-4982-9b37-7d3869faa84d tempest-VolumesActionsTest-559502351 tempest-VolumesActionsTest-559502351-project] GET http://10.222.0.33/volume/v3/a2fdd81304a7458cac5050ca53cabc4e/volumes/f4ec211c-7ae9-4c7c-b793-22215589975c
Sep 22 12:29:55.731816 dv-cinder-856463-4-iscsi devstack@c-api.service[113222]: DEBUG cinder.api.openstack.wsgi [None req-b29430cc-942c-4982-9b37-7d3869faa84d tempest-VolumesActionsTest-559502351 tempest-VolumesActionsTest-559502351-project] Empty body provided in request {{(pid=113222) get_body /opt/stack/cinder/cinder/api/openstack/wsgi.py:715}}
Sep 22 12:29:55.732263 dv-cinder-856463-4-iscsi devstack@c-api.service[113222]: DEBUG cinder.api.openstack.wsgi [None req-b29430cc-942c-4982-9b37-7d3869faa84d tempest-VolumesActionsTest-559502351 tempest-VolumesActionsTest-559502351-project] Calling method 'show' {{(pid=113222) _process_stack /opt/stack/cinder/cinder/api/openstack/wsgi.py:868}}
Sep 22 12:29:55.746723 dv-cinder-856463-4-iscsi devstack@c-api.service[113222]: /usr/local/lib/python3.8/dist-packages/oslo_context/context.py:100: DeprecationWarning: Policy enforcement is depending on the value of is_admin. This key is deprecated. Please update your policy file to use the standard policy values.
Sep 22 12:29:55.746723 dv-cinder-856463-4-iscsi devstack@c-api.service[113222]: warnings.warn('Policy enforcement is depending on the value of '
Sep 22 12:29:55.753640 dv-cinder-856463-4-iscsi devstack@c-api.service[113222]: INFO cinder.volume.api [None req-b29430cc-942c-4982-9b37-7d3869faa84d tempest-VolumesActionsTest-559502351 tempest-VolumesActionsTest-559502351-project] Volume info retrieved successfully.
Sep 22 12:29:55.762365 dv-cinder-856463-4-iscsi devstack@c-api.service[113222]: INFO cinder.api.openstack.wsgi [None req-b29430cc-942c-4982-9b37-7d3869faa84d tempest-VolumesActionsTest-559502351 tempest-VolumesActionsTest-559502351-project] http://10.222.0.33/volume/v3/a2fdd81304a7458cac5050ca53cabc4e/volumes/f4ec211c-7ae9-4c7c-b793-22215589975c returned with HTTP 200
Sep 22 12:29:55.763057 dv-cinder-856463-4-iscsi devstack@c-api.service[113222]: [pid: 113222|app: 0|req: 164/320] 10.222.0.33 () {58 vars in 1325 bytes} [Thu Sep 22 12:29:55 2022] GET /volume/v3/a2fdd81304a7458cac5050ca53cabc4e/volumes/f4ec211c-7ae9-4c7c-b793-22215589975c => generated 910 bytes in 37 msecs (HTTP/1.1 200) 7 headers in 285 bytes (1 switches on core 0)
Sep 22 12:29:55.779429 dv-cinder-856463-4-iscsi devstack@c-api.service[113221]: DEBUG cinder.api.middleware.request_id [None req-dcadbfd9-b216-402a-879b-8f66d6972dc4 None None] RequestId filter calling following filter/app {{(pid=113221) _context_setter /opt/stack/cinder/cinder/api/middleware/request_id.py:62}}
Sep 22 12:29:55.780237 dv-cinder-856463-4-iscsi devstack@c-api.service[113222]: DEBUG cinder.api.middleware.request_id [None req-813c0587-a51a-4a9b-869e-d4c90381557e None None] RequestId filter calling following filter/app {{(pid=113222) _context_setter /opt/stack/cinder/cinder/api/middleware/request_id.py:62}}
Sep 22 12:29:55.782910 dv-cinder-856463-4-iscsi devstack@c-api.service[113221]: INFO cinder.api.openstack.wsgi [None req-dcadbfd9-b216-402a-879b-8f66d6972dc4 tempest-VolumesActionsTest-110718988 tempest-VolumesActionsTest-110718988-project-admin] POST http://10.222.0.33/volume/v3/3be211315de849bead860d49c2ed0a63/volumes/f4ec211c-7ae9-4c7c-b793-22215589975c/action
Sep 22 12:29:55.783621 dv-cinder-856463-4-iscsi devstack@c-api.service[113221]: DEBUG cinder.api.openstack.wsgi [None req-dcadbfd9-b216-402a-879b-8f66d6972dc4 tempest-VolumesActionsTest-110718988 tempest-VolumesActionsTest-110718988-project-admin] Action body: b'{"os-force_delete": {}}' {{(pid=113221) get_method /opt/stack/cinder/cinder/api/openstack/wsgi.py:983}}
Sep 22 12:29:55.783721 dv-cinder-856463-4-iscsi devstack@c-api.service[113222]: INFO cinder.api.openstack.wsgi [None req-813c0587-a51a-4a9b-869e-d4c90381557e tempest-VolumesImageMetadata-868977417 tempest-VolumesImageMetadata-868977417-project] GET http://10.222.0.33/volume/v3/2265e4f50bd34b37a0144856670df4cc/volumes/49f7bb82-1113-403d-9e7d-e2d453f31a2c
Sep 22 12:29:55.784071 dv-cinder-856463-4-iscsi devstack@c-api.service[113221]: DEBUG cinder.api.openstack.wsgi [None req-dcadbfd9-b216-402a-879b-8f66d6972dc4 tempest-VolumesActionsTest-110718988 tempest-VolumesActionsTest-110718988-project-admin] Action: 'action', calling method: _force_delete, body: {"os-force_delete": {}} {{(pid=113221) _process_stack /opt/stack/cinder/cinder/api/openstack/wsgi.py:866}}
Sep 22 12:29:55.784173 dv-cinder-856463-4-iscsi devstack@c-api.service[113222]: DEBUG cinder.api.openstack.wsgi [None req-813c0587-a51a-4a9b-869e-d4c90381557e tempest-VolumesImageMetadata-868977417 tempest-VolumesImageMetadata-868977417-project] Empty body provided in request {{(pid=113222) get_body /opt/stack/cinder/cinder/api/openstack/wsgi.py:715}}
Sep 22 12:29:55.784617 dv-cinder-856463-4-iscsi devstack@c-api.service[113222]: DEBUG cinder.api.openstack.wsgi [None req-813c0587-a51a-4a9b-869e-d4c90381557e tempest-VolumesImageMetadata-868977417 tempest-VolumesImageMetadata-868977417-project] Calling method 'show' {{(pid=113222) _process_stack /opt/stack/cinder/cinder/api/openstack/wsgi.py:868}}
Sep 22 12:29:55.798063 dv-cinder-856463-4-iscsi devstack@c-api.service[113222]: /usr/local/lib/python3.8/dist-packages/oslo_context/context.py:100: DeprecationWarning: Policy enforcement is depending on the value of is_admin. This key is deprecated. Please update your policy file to use the standard policy values.
Sep 22 12:29:55.798063 dv-cinder-856463-4-iscsi devstack@c-api.service[113222]: warnings.warn('Policy enforcement is depending on the value of '
Sep 22 12:29:55.798352 dv-cinder-856463-4-iscsi devstack@c-api.service[113221]: /usr/local/lib/python3.8/dist-packages/oslo_context/context.py:100: DeprecationWarning: Policy enforcement is depending on the value of is_admin. This key is deprecated. Please update your policy file to use the standard policy values.
Sep 22 12:29:55.798352 dv-cinder-856463-4-iscsi devstack@c-api.service[113221]: warnings.warn('Policy enforcement is depending on the value of '
Sep 22 12:29:55.799032 dv-cinder-856463-4-iscsi devstack@c-api.service[113221]: INFO cinder.volume.api [None req-dcadbfd9-b216-402a-879b-8f66d6972dc4 tempest-VolumesActionsTest-110718988 tempest-VolumesActionsTest-110718988-project-admin] Volume info retrieved successfully.
Sep 22 12:29:55.805339 dv-cinder-856463-4-iscsi devstack@c-api.service[113222]: INFO cinder.volume.api [None req-813c0587-a51a-4a9b-869e-d4c90381557e tempest-VolumesImageMetadata-868977417 tempest-VolumesImageMetadata-868977417-project] Volume info retrieved successfully.
Sep 22 12:29:55.820424 dv-cinder-856463-4-iscsi devstack@c-api.service[113222]: INFO cinder.api.openstack.wsgi [None req-813c0587-a51a-4a9b-869e-d4c90381557e tempest-VolumesImageMetadata-868977417 tempest-VolumesImageMetadata-868977417-project] http://10.222.0.33/volume/v3/2265e4f50bd34b37a0144856670df4cc/volumes/49f7bb82-1113-403d-9e7d-e2d453f31a2c returned with HTTP 200
Sep 22 12:29:55.821355 dv-cinder-856463-4-iscsi devstack@c-api.service[113222]: [pid: 113222|app: 0|req: 165/321] 10.222.0.33 () {58 vars in 1325 bytes} [Thu Sep 22 12:29:55 2022] GET /volume/v3/2265e4f50bd34b37a0144856670df4cc/volumes/49f7bb82-1113-403d-9e7d-e2d453f31a2c => generated 912 bytes in 42 msecs (HTTP/1.1 200) 7 headers in 285 bytes (2 switches on core 0)
Sep 22 12:29:55.836708 dv-cinder-856463-4-iscsi devstack@c-api.service[113221]: INFO cinder.volume.api [None req-dcadbfd9-b216-402a-879b-8f66d6972dc4 tempest-VolumesActionsTest-110718988 tempest-VolumesActionsTest-110718988-project-admin] Delete volume request issued successfully.
Sep 22 12:29:55.837192 dv-cinder-856463-4-iscsi devstack@c-api.service[113221]: INFO cinder.api.openstack.wsgi [None req-dcadbfd9-b216-402a-879b-8f66d6972dc4 tempest-VolumesActionsTest-110718988 tempest-VolumesActionsTest-110718988-project-admin] http://10.222.0.33/volume/v3/3be211315de849bead860d49c2ed0a63/volumes/f4ec211c-7ae9-4c7c-b793-22215589975c/action returned with HTTP 202
Sep 22 12:29:55.840918 dv-cinder-856463-4-iscsi devstack@c-api.service[113221]: [pid: 113221|app: 0|req: 157/322] 10.222.0.33 () {60 vars in 1367 bytes} [Thu Sep 22 12:29:55 2022] POST /volume/v3/3be211315de849bead860d49c2ed0a63/volumes/f4ec211c-7ae9-4c7c-b793-22215589975c/action => generated 0 bytes in 59 msecs (HTTP/1.1 202) 7 headers in 289 bytes (1 switches on core 0)
Sep 22 12:29:55.842477 dv-cinder-856463-4-iscsi devstack@c-api.service[113222]: DEBUG cinder.api.middleware.request_id [None req-a444119b-2480-45af-b280-f3992ab27872 None None] RequestId filter calling following filter/app {{(pid=113222) _context_setter /opt/stack/cinder/cinder/api/middleware/request_id.py:62}}
Sep 22 12:29:55.845994 dv-cinder-856463-4-iscsi devstack@c-api.service[113222]: INFO cinder.api.openstack.wsgi [None req-a444119b-2480-45af-b280-f3992ab27872 tempest-VolumesActionsTest-559502351 tempest-VolumesActionsTest-559502351-project] GET http://10.222.0.33/volume/v3/a2fdd81304a7458cac5050ca53cabc4e/volumes/f4ec211c-7ae9-4c7c-b793-22215589975c
Sep 22 12:29:55.846464 dv-cinder-856463-4-iscsi devstack@c-api.service[113222]: DEBUG cinder.api.openstack.wsgi [None req-a444119b-2480-45af-b280-f3992ab27872 tempest-VolumesActionsTest-559502351 tempest-VolumesActionsTest-559502351-project] Empty body provided in request {{(pid=113222) get_body /opt/stack/cinder/cinder/api/openstack/wsgi.py:715}}
Sep 22 12:29:55.846912 dv-cinder-856463-4-iscsi devstack@c-api.service[113222]: DEBUG cinder.api.openstack.wsgi [None req-a444119b-2480-45af-b280-f3992ab27872 tempest-VolumesActionsTest-559502351 tempest-VolumesActionsTest-559502351-project] Calling method 'show' {{(pid=113222) _process_stack /opt/stack/cinder/cinder/api/openstack/wsgi.py:868}}
Sep 22 12:29:55.861051 dv-cinder-856463-4-iscsi devstack@c-api.service[113222]: /usr/local/lib/python3.8/dist-packages/oslo_context/context.py:100: DeprecationWarning: Policy enforcement is depending on the value of is_admin. This key is deprecated. Please update your policy file to use the standard policy values.
Sep 22 12:29:55.861051 dv-cinder-856463-4-iscsi devstack@c-api.service[113222]: warnings.warn('Policy enforcement is depending on the value of '
Sep 22 12:29:55.867869 dv-cinder-856463-4-iscsi devstack@c-api.service[113222]: INFO cinder.volume.api [None req-a444119b-2480-45af-b280-f3992ab27872 tempest-VolumesActionsTest-559502351 tempest-VolumesActionsTest-559502351-project] Volume info retrieved successfully.
Sep 22 12:29:55.876673 dv-cinder-856463-4-iscsi devstack@c-api.service[113222]: INFO cinder.api.openstack.wsgi [None req-a444119b-2480-45af-b280-f3992ab27872 tempest-VolumesActionsTest-559502351 tempest-VolumesActionsTest-559502351-project] http://10.222.0.33/volume/v3/a2fdd81304a7458cac5050ca53cabc4e/volumes/f4ec211c-7ae9-4c7c-b793-22215589975c returned with HTTP 200
Sep 22 12:29:55.877376 dv-cinder-856463-4-iscsi devstack@c-api.service[113222]: [pid: 113222|app: 0|req: 166/323] 10.222.0.33 () {58 vars in 1325 bytes} [Thu Sep 22 12:29:55 2022] GET /volume/v3/a2fdd81304a7458cac5050ca53cabc4e/volumes/f4ec211c-7ae9-4c7c-b793-22215589975c => generated 909 bytes in 36 msecs (HTTP/1.1 200) 7 headers in 285 bytes (1 switches on core 0)
Sep 22 12:29:56.251050 dv-cinder-856463-4-iscsi devstack@c-api.service[113221]: DEBUG cinder.api.middleware.request_id [None req-5fbabf81-08a0-4be0-8b69-c6d9ec436ffb None None] RequestId filter calling following filter/app {{(pid=113221) _context_setter /opt/stack/cinder/cinder/api/middleware/request_id.py:62}}
Sep 22 12:29:56.255019 dv-cinder-856463-4-iscsi devstack@c-api.service[113221]: INFO cinder.api.openstack.wsgi [None req-5fbabf81-08a0-4be0-8b69-c6d9ec436ffb tempest-VolumeSnapshotQuotasNegativeTestJSON-1935706936 tempest-VolumeSnapshotQuotasNegativeTestJSON-1935706936-project] GET http://10.222.0.33/volume/v3/2c7d8fc1168546ea8cfd61bf8cd69a1b/snapshots/f55b8fc9-5d87-47bf-b477-55788a897b6e
Sep 22 12:29:56.255459 dv-cinder-856463-4-iscsi devstack@c-api.service[113221]: DEBUG cinder.api.openstack.wsgi [None req-5fbabf81-08a0-4be0-8b69-c6d9ec436ffb tempest-VolumeSnapshotQuotasNegativeTestJSON-1935706936 tempest-VolumeSnapshotQuotasNegativeTestJSON-1935706936-project] Empty body provided in request {{(pid=113221) get_body /opt/stack/cinder/cinder/api/openstack/wsgi.py:715}}
Sep 22 12:29:56.255914 dv-cinder-856463-4-iscsi devstack@c-api.service[113221]: DEBUG cinder.api.openstack.wsgi [None req-5fbabf81-08a0-4be0-8b69-c6d9ec436ffb tempest-VolumeSnapshotQuotasNegativeTestJSON-1935706936 tempest-VolumeSnapshotQuotasNegativeTestJSON-1935706936-project] Calling method 'show' {{(pid=113221) _process_stack /opt/stack/cinder/cinder/api/openstack/wsgi.py:868}}
Sep 22 12:29:56.266930 dv-cinder-856463-4-iscsi devstack@c-api.service[113221]: /usr/local/lib/python3.8/dist-packages/oslo_context/context.py:100: DeprecationWarning: Policy enforcement is depending on the value of is_admin. This key is deprecated. Please update your policy file to use the standard policy values.
Sep 22 12:29:56.266930 dv-cinder-856463-4-iscsi devstack@c-api.service[113221]: warnings.warn('Policy enforcement is depending on the value of '
Sep 22 12:29:56.267777 dv-cinder-856463-4-iscsi devstack@c-api.service[113221]: INFO cinder.volume.api [None req-5fbabf81-08a0-4be0-8b69-c6d9ec436ffb tempest-VolumeSnapshotQuotasNegativeTestJSON-1935706936 tempest-VolumeSnapshotQuotasNegativeTestJSON-1935706936-project] Snapshot retrieved successfully.
Sep 22 12:29:56.270060 dv-cinder-856463-4-iscsi devstack@c-api.service[113221]: INFO cinder.api.openstack.wsgi [None req-5fbabf81-08a0-4be0-8b69-c6d9ec436ffb tempest-VolumeSnapshotQuotasNegativeTestJSON-1935706936 tempest-VolumeSnapshotQuotasNegativeTestJSON-1935706936-project] http://10.222.0.33/volume/v3/2c7d8fc1168546ea8cfd61bf8cd69a1b/snapshots/f55b8fc9-5d87-47bf-b477-55788a897b6e returned with HTTP 200
Sep 22 12:29:56.270721 dv-cinder-856463-4-iscsi devstack@c-api.service[113221]: [pid: 113221|app: 0|req: 158/324] 10.222.0.33 () {58 vars in 1331 bytes} [Thu Sep 22 12:29:56 2022] GET /volume/v3/2c7d8fc1168546ea8cfd61bf8cd69a1b/snapshots/f55b8fc9-5d87-47bf-b477-55788a897b6e => generated 455 bytes in 21 msecs (HTTP/1.1 200) 7 headers in 285 bytes (1 switches on core 0)
Sep 22 12:29:56.646229 dv-cinder-856463-4-iscsi devstack@c-api.service[113222]: DEBUG cinder.api.middleware.request_id [None req-88791c9e-b6fb-42d1-be1d-e634d69eb21d None None] RequestId filter calling following filter/app {{(pid=113222) _context_setter /opt/stack/cinder/cinder/api/middleware/request_id.py:62}}
Sep 22 12:29:56.651588 dv-cinder-856463-4-iscsi devstack@c-api.service[113222]: INFO cinder.api.openstack.wsgi [None req-88791c9e-b6fb-42d1-be1d-e634d69eb21d tempest-GroupSnapshotsTest-974206897 tempest-GroupSnapshotsTest-974206897-project] GET http://10.222.0.33/volume/v3/cd67711e9def4c7f89a21fc1d464a055/snapshots/ff835aef-088c-4317-a220-243fcc4a6f6f
Sep 22 12:29:56.652061 dv-cinder-856463-4-iscsi devstack@c-api.service[113222]: DEBUG cinder.api.openstack.wsgi [None req-88791c9e-b6fb-42d1-be1d-e634d69eb21d tempest-GroupSnapshotsTest-974206897 tempest-GroupSnapshotsTest-974206897-project] Empty body provided in request {{(pid=113222) get_body /opt/stack/cinder/cinder/api/openstack/wsgi.py:715}}
Sep 22 12:29:56.652640 dv-cinder-856463-4-iscsi devstack@c-api.service[113222]: DEBUG cinder.api.openstack.wsgi [None req-88791c9e-b6fb-42d1-be1d-e634d69eb21d tempest-GroupSnapshotsTest-974206897 tempest-GroupSnapshotsTest-974206897-project] Calling method 'show' {{(pid=113222) _process_stack /opt/stack/cinder/cinder/api/openstack/wsgi.py:868}}
Sep 22 12:29:56.663306 dv-cinder-856463-4-iscsi devstack@c-api.service[113222]: /usr/local/lib/python3.8/dist-packages/oslo_context/context.py:100: DeprecationWarning: Policy enforcement is depending on the value of is_admin. This key is deprecated. Please update your policy file to use the standard policy values.
Sep 22 12:29:56.663306 dv-cinder-856463-4-iscsi devstack@c-api.service[113222]: warnings.warn('Policy enforcement is depending on the value of '
Sep 22 12:29:56.664678 dv-cinder-856463-4-iscsi devstack@c-api.service[113222]: INFO cinder.volume.api [None req-88791c9e-b6fb-42d1-be1d-e634d69eb21d tempest-GroupSnapshotsTest-974206897 tempest-GroupSnapshotsTest-974206897-project] Snapshot retrieved successfully.
Sep 22 12:29:56.666816 dv-cinder-856463-4-iscsi devstack@c-api.service[113222]: INFO cinder.api.openstack.wsgi [None req-88791c9e-b6fb-42d1-be1d-e634d69eb21d tempest-GroupSnapshotsTest-974206897 tempest-GroupSnapshotsTest-974206897-project] http://10.222.0.33/volume/v3/cd67711e9def4c7f89a21fc1d464a055/snapshots/ff835aef-088c-4317-a220-243fcc4a6f6f returned with HTTP 200
Sep 22 12:29:56.667607 dv-cinder-856463-4-iscsi devstack@c-api.service[113222]: [pid: 113222|app: 0|req: 167/325] 10.222.0.33 () {58 vars in 1331 bytes} [Thu Sep 22 12:29:56 2022] GET /volume/v3/cd67711e9def4c7f89a21fc1d464a055/snapshots/ff835aef-088c-4317-a220-243fcc4a6f6f => generated 468 bytes in 22 msecs (HTTP/1.1 200) 7 headers in 285 bytes (1 switches on core 0)
Sep 22 12:29:56.842193 dv-cinder-856463-4-iscsi devstack@c-api.service[113221]: DEBUG cinder.api.middleware.request_id [None req-7f62a8a4-0f64-4b48-91c5-87a3b726d70d None None] RequestId filter calling following filter/app {{(pid=113221) _context_setter /opt/stack/cinder/cinder/api/middleware/request_id.py:62}}
Sep 22 12:29:56.845708 dv-cinder-856463-4-iscsi devstack@c-api.service[113221]: INFO cinder.api.openstack.wsgi [None req-7f62a8a4-0f64-4b48-91c5-87a3b726d70d tempest-VolumesImageMetadata-868977417 tempest-VolumesImageMetadata-868977417-project] GET http://10.222.0.33/volume/v3/2265e4f50bd34b37a0144856670df4cc/volumes/49f7bb82-1113-403d-9e7d-e2d453f31a2c
Sep 22 12:29:56.846155 dv-cinder-856463-4-iscsi devstack@c-api.service[113221]: DEBUG cinder.api.openstack.wsgi [None req-7f62a8a4-0f64-4b48-91c5-87a3b726d70d tempest-VolumesImageMetadata-868977417 tempest-VolumesImageMetadata-868977417-project] Empty body provided in request {{(pid=113221) get_body /opt/stack/cinder/cinder/api/openstack/wsgi.py:715}}
Sep 22 12:29:56.846607 dv-cinder-856463-4-iscsi devstack@c-api.service[113221]: DEBUG cinder.api.openstack.wsgi [None req-7f62a8a4-0f64-4b48-91c5-87a3b726d70d tempest-VolumesImageMetadata-868977417 tempest-VolumesImageMetadata-868977417-project] Calling method 'show' {{(pid=113221) _process_stack /opt/stack/cinder/cinder/api/openstack/wsgi.py:868}}
Sep 22 12:29:56.896362 dv-cinder-856463-4-iscsi devstack@c-api.service[113222]: DEBUG cinder.api.middleware.request_id [None req-10c0b23d-8077-4651-919f-cc9d559a791c None None] RequestId filter calling following filter/app {{(pid=113222) _context_setter /opt/stack/cinder/cinder/api/middleware/request_id.py:62}}
Sep 22 12:29:56.900100 dv-cinder-856463-4-iscsi devstack@c-api.service[113222]: INFO cinder.api.openstack.wsgi [None req-10c0b23d-8077-4651-919f-cc9d559a791c tempest-VolumesActionsTest-559502351 tempest-VolumesActionsTest-559502351-project] GET http://10.222.0.33/volume/v3/a2fdd81304a7458cac5050ca53cabc4e/volumes/f4ec211c-7ae9-4c7c-b793-22215589975c
Sep 22 12:29:56.900665 dv-cinder-856463-4-iscsi devstack@c-api.service[113222]: DEBUG cinder.api.openstack.wsgi [None req-10c0b23d-8077-4651-919f-cc9d559a791c tempest-VolumesActionsTest-559502351 tempest-VolumesActionsTest-559502351-project] Empty body provided in request {{(pid=113222) get_body /opt/stack/cinder/cinder/api/openstack/wsgi.py:715}}
Sep 22 12:29:56.901121 dv-cinder-856463-4-iscsi devstack@c-api.service[113222]: DEBUG cinder.api.openstack.wsgi [None req-10c0b23d-8077-4651-919f-cc9d559a791c tempest-VolumesActionsTest-559502351 tempest-VolumesActionsTest-559502351-project] Calling method 'show' {{(pid=113222) _process_stack /opt/stack/cinder/cinder/api/openstack/wsgi.py:868}}
Sep 22 12:29:56.917135 dv-cinder-856463-4-iscsi devstack@c-api.service[113222]: /usr/local/lib/python3.8/dist-packages/oslo_context/context.py:100: DeprecationWarning: Policy enforcement is depending on the value of is_admin. This key is deprecated. Please update your policy file to use the standard policy values.
