Sep 09 11:45:52.478660 dv-cinder-856460-2-smb devstack@c-api.service[120409]: DEBUG cinder.api.middleware.request_id [None req-7fcce3e2-f111-4d14-ab8c-a24440925c5c None None] RequestId filter calling following filter/app {{(pid=120409) _context_setter /opt/stack/cinder/cinder/api/middleware/request_id.py:62}}
Sep 09 11:45:52.484918 dv-cinder-856460-2-smb devstack@c-api.service[120409]: INFO cinder.api.openstack.wsgi [None req-7fcce3e2-f111-4d14-ab8c-a24440925c5c tempest-QosSpecsTestJSON-1586329509 tempest-QosSpecsTestJSON-1586329509-project-admin] PUT http://10.222.0.64/volume/v3/1879b36efdd64c3599dd3430a108de9b/qos-specs/1d254d15-36cf-4c9b-9725-d39828dc0346
Sep 09 11:45:52.486794 dv-cinder-856460-2-smb devstack@c-api.service[120409]: DEBUG cinder.api.openstack.wsgi [None req-7fcce3e2-f111-4d14-ab8c-a24440925c5c tempest-QosSpecsTestJSON-1586329509 tempest-QosSpecsTestJSON-1586329509-project-admin] Action: 'update', calling method: update, body: {"qos_specs": {"iops_bytes": "500"}} {{(pid=120409) _process_stack /opt/stack/cinder/cinder/api/openstack/wsgi.py:866}}
Sep 09 11:45:52.489745 dv-cinder-856460-2-smb devstack@c-api.service[120409]: /usr/local/lib/python3.8/dist-packages/oslo_context/context.py:100: DeprecationWarning: Policy enforcement is depending on the value of is_admin. This key is deprecated. Please update your policy file to use the standard policy values.
Sep 09 11:45:52.489745 dv-cinder-856460-2-smb devstack@c-api.service[120409]: warnings.warn('Policy enforcement is depending on the value of '
Sep 09 11:45:52.498346 dv-cinder-856460-2-smb devstack@c-api.service[120409]: DEBUG cinder.volume.qos_specs [None req-7fcce3e2-f111-4d14-ab8c-a24440925c5c tempest-QosSpecsTestJSON-1586329509 tempest-QosSpecsTestJSON-1586329509-project-admin] qos_specs.update(): specs {'iops_bytes': '500'} {{(pid=120409) update /opt/stack/cinder/cinder/volume/qos_specs.py:79}}
Sep 09 11:45:52.516083 dv-cinder-856460-2-smb devstack@c-api.service[120409]: DEBUG cinder.db.sqlalchemy.api [None req-7fcce3e2-f111-4d14-ab8c-a24440925c5c tempest-QosSpecsTestJSON-1586329509 tempest-QosSpecsTestJSON-1586329509-project-admin] qos_specs_update() value: {'id': '8898b6e4-5605-47a4-96cf-d81057fc95da', 'key': 'iops_bytes', 'value': '500', 'specs_id': '1d254d15-36cf-4c9b-9725-d39828dc0346', 'deleted': False} {{(pid=120409) qos_specs_update /opt/stack/cinder/cinder/db/sqlalchemy/api.py:5948}}
Sep 09 11:45:52.644801 dv-cinder-856460-2-smb devstack@c-api.service[120409]: INFO cinder.api.openstack.wsgi [None req-7fcce3e2-f111-4d14-ab8c-a24440925c5c tempest-QosSpecsTestJSON-1586329509 tempest-QosSpecsTestJSON-1586329509-project-admin] http://10.222.0.64/volume/v3/1879b36efdd64c3599dd3430a108de9b/qos-specs/1d254d15-36cf-4c9b-9725-d39828dc0346 returned with HTTP 200
Sep 09 11:45:52.651765 dv-cinder-856460-2-smb devstack@c-api.service[120409]: [pid: 120409|app: 0|req: 25/58] 10.222.0.64 () {60 vars in 1351 bytes} [Fri Sep 9 11:45:52 2022] PUT /volume/v3/1879b36efdd64c3599dd3430a108de9b/qos-specs/1d254d15-36cf-4c9b-9725-d39828dc0346 => generated 36 bytes in 174 msecs (HTTP/1.1 200) 7 headers in 284 bytes (1 switches on core 0)
Sep 09 11:45:52.652953 dv-cinder-856460-2-smb devstack@c-api.service[120410]: DEBUG cinder.api.middleware.request_id [None req-52753fbc-dedd-417f-b9ad-41034dd68265 None None] RequestId filter calling following filter/app {{(pid=120410) _context_setter /opt/stack/cinder/cinder/api/middleware/request_id.py:62}}
Sep 09 11:45:52.658290 dv-cinder-856460-2-smb devstack@c-api.service[120410]: INFO cinder.api.openstack.wsgi [None req-52753fbc-dedd-417f-b9ad-41034dd68265 tempest-QosSpecsTestJSON-1586329509 tempest-QosSpecsTestJSON-1586329509-project-admin] GET http://10.222.0.64/volume/v3/1879b36efdd64c3599dd3430a108de9b/qos-specs/1d254d15-36cf-4c9b-9725-d39828dc0346
Sep 09 11:45:52.658847 dv-cinder-856460-2-smb devstack@c-api.service[120410]: DEBUG cinder.api.openstack.wsgi [None req-52753fbc-dedd-417f-b9ad-41034dd68265 tempest-QosSpecsTestJSON-1586329509 tempest-QosSpecsTestJSON-1586329509-project-admin] Empty body provided in request {{(pid=120410) get_body /opt/stack/cinder/cinder/api/openstack/wsgi.py:715}}
Sep 09 11:45:52.659705 dv-cinder-856460-2-smb devstack@c-api.service[120410]: DEBUG cinder.api.openstack.wsgi [None req-52753fbc-dedd-417f-b9ad-41034dd68265 tempest-QosSpecsTestJSON-1586329509 tempest-QosSpecsTestJSON-1586329509-project-admin] Calling method 'show' {{(pid=120410) _process_stack /opt/stack/cinder/cinder/api/openstack/wsgi.py:868}}
Sep 09 11:45:52.660390 dv-cinder-856460-2-smb devstack@c-api.service[120410]: /usr/local/lib/python3.8/dist-packages/oslo_context/context.py:100: DeprecationWarning: Policy enforcement is depending on the value of is_admin. This key is deprecated. Please update your policy file to use the standard policy values.
Sep 09 11:45:52.660390 dv-cinder-856460-2-smb devstack@c-api.service[120410]: warnings.warn('Policy enforcement is depending on the value of '
Sep 09 11:45:52.671055 dv-cinder-856460-2-smb devstack@c-api.service[120410]: INFO cinder.api.openstack.wsgi [None req-52753fbc-dedd-417f-b9ad-41034dd68265 tempest-QosSpecsTestJSON-1586329509 tempest-QosSpecsTestJSON-1586329509-project-admin] http://10.222.0.64/volume/v3/1879b36efdd64c3599dd3430a108de9b/qos-specs/1d254d15-36cf-4c9b-9725-d39828dc0346 returned with HTTP 200
Sep 09 11:45:52.680218 dv-cinder-856460-2-smb devstack@c-api.service[120410]: [pid: 120410|app: 0|req: 34/59] 10.222.0.64 () {58 vars in 1331 bytes} [Fri Sep 9 11:45:52 2022] GET /volume/v3/1879b36efdd64c3599dd3430a108de9b/qos-specs/1d254d15-36cf-4c9b-9725-d39828dc0346 => generated 480 bytes in 29 msecs (HTTP/1.1 200) 7 headers in 285 bytes (1 switches on core 0)
Sep 09 11:45:52.681433 dv-cinder-856460-2-smb devstack@c-api.service[120409]: DEBUG cinder.api.middleware.request_id [None req-0c4c8b25-bc72-4738-8189-29fa2b949b51 None None] RequestId filter calling following filter/app {{(pid=120409) _context_setter /opt/stack/cinder/cinder/api/middleware/request_id.py:62}}
Sep 09 11:45:52.687703 dv-cinder-856460-2-smb devstack@c-api.service[120409]: INFO cinder.api.openstack.wsgi [None req-0c4c8b25-bc72-4738-8189-29fa2b949b51 tempest-QosSpecsTestJSON-1586329509 tempest-QosSpecsTestJSON-1586329509-project-admin] PUT http://10.222.0.64/volume/v3/1879b36efdd64c3599dd3430a108de9b/qos-specs/1d254d15-36cf-4c9b-9725-d39828dc0346/delete_keys
Sep 09 11:45:52.688632 dv-cinder-856460-2-smb devstack@c-api.service[120409]: DEBUG cinder.api.openstack.wsgi [None req-0c4c8b25-bc72-4738-8189-29fa2b949b51 tempest-QosSpecsTestJSON-1586329509 tempest-QosSpecsTestJSON-1586329509-project-admin] Action: 'delete_keys', calling method: delete_keys, body: {"keys": ["iops_bytes"]} {{(pid=120409) _process_stack /opt/stack/cinder/cinder/api/openstack/wsgi.py:866}}
Sep 09 11:45:52.694355 dv-cinder-856460-2-smb devstack@c-api.service[120409]: /usr/local/lib/python3.8/dist-packages/oslo_context/context.py:100: DeprecationWarning: Policy enforcement is depending on the value of is_admin. This key is deprecated. Please update your policy file to use the standard policy values.
Sep 09 11:45:52.694355 dv-cinder-856460-2-smb devstack@c-api.service[120409]: warnings.warn('Policy enforcement is depending on the value of '
Sep 09 11:45:52.695712 dv-cinder-856460-2-smb devstack@c-api.service[120409]: DEBUG cinder.api.contrib.qos_specs_manage [None req-0c4c8b25-bc72-4738-8189-29fa2b949b51 tempest-QosSpecsTestJSON-1586329509 tempest-QosSpecsTestJSON-1586329509-project-admin] Delete_key spec: 1d254d15-36cf-4c9b-9725-d39828dc0346, keys: ['iops_bytes'] {{(pid=120409) delete_keys /opt/stack/cinder/cinder/api/contrib/qos_specs_manage.py:207}}
Sep 09 11:45:52.890620 dv-cinder-856460-2-smb devstack@c-api.service[120409]: INFO cinder.api.openstack.wsgi [None req-0c4c8b25-bc72-4738-8189-29fa2b949b51 tempest-QosSpecsTestJSON-1586329509 tempest-QosSpecsTestJSON-1586329509-project-admin] http://10.222.0.64/volume/v3/1879b36efdd64c3599dd3430a108de9b/qos-specs/1d254d15-36cf-4c9b-9725-d39828dc0346/delete_keys returned with HTTP 202
Sep 09 11:45:52.892632 dv-cinder-856460-2-smb devstack@c-api.service[120409]: [pid: 120409|app: 0|req: 26/60] 10.222.0.64 () {60 vars in 1387 bytes} [Fri Sep 9 11:45:52 2022] PUT /volume/v3/1879b36efdd64c3599dd3430a108de9b/qos-specs/1d254d15-36cf-4c9b-9725-d39828dc0346/delete_keys => generated 0 bytes in 212 msecs (HTTP/1.1 202) 6 headers in 233 bytes (1 switches on core 0)
Sep 09 11:45:52.897152 dv-cinder-856460-2-smb devstack@c-api.service[120410]: DEBUG cinder.api.middleware.request_id [None req-b6b89e06-d2d9-4459-84cc-c538bb4153f6 None None] RequestId filter calling following filter/app {{(pid=120410) _context_setter /opt/stack/cinder/cinder/api/middleware/request_id.py:62}}
Sep 09 11:45:52.902399 dv-cinder-856460-2-smb devstack@c-api.service[120410]: INFO cinder.api.openstack.wsgi [None req-b6b89e06-d2d9-4459-84cc-c538bb4153f6 tempest-QosSpecsTestJSON-1586329509 tempest-QosSpecsTestJSON-1586329509-project-admin] GET http://10.222.0.64/volume/v3/1879b36efdd64c3599dd3430a108de9b/qos-specs/1d254d15-36cf-4c9b-9725-d39828dc0346
Sep 09 11:45:52.903037 dv-cinder-856460-2-smb devstack@c-api.service[120410]: DEBUG cinder.api.openstack.wsgi [None req-b6b89e06-d2d9-4459-84cc-c538bb4153f6 tempest-QosSpecsTestJSON-1586329509 tempest-QosSpecsTestJSON-1586329509-project-admin] Empty body provided in request {{(pid=120410) get_body /opt/stack/cinder/cinder/api/openstack/wsgi.py:715}}
Sep 09 11:45:52.903737 dv-cinder-856460-2-smb devstack@c-api.service[120410]: DEBUG cinder.api.openstack.wsgi [None req-b6b89e06-d2d9-4459-84cc-c538bb4153f6 tempest-QosSpecsTestJSON-1586329509 tempest-QosSpecsTestJSON-1586329509-project-admin] Calling method 'show' {{(pid=120410) _process_stack /opt/stack/cinder/cinder/api/openstack/wsgi.py:868}}
Sep 09 11:45:52.904530 dv-cinder-856460-2-smb devstack@c-api.service[120410]: /usr/local/lib/python3.8/dist-packages/oslo_context/context.py:100: DeprecationWarning: Policy enforcement is depending on the value of is_admin. This key is deprecated. Please update your policy file to use the standard policy values.
Sep 09 11:45:52.904530 dv-cinder-856460-2-smb devstack@c-api.service[120410]: warnings.warn('Policy enforcement is depending on the value of '
Sep 09 11:45:52.909976 dv-cinder-856460-2-smb devstack@c-api.service[120410]: DEBUG dbcounter [-] [120410] Writing DB stats cinder:SELECT=76,cinder:INSERT=12,cinder:UPDATE=12 {{(pid=120410) stat_writer /usr/local/lib/python3.8/dist-packages/dbcounter.py:114}}
Sep 09 11:45:52.918493 dv-cinder-856460-2-smb devstack@c-api.service[120410]: INFO cinder.api.openstack.wsgi [None req-b6b89e06-d2d9-4459-84cc-c538bb4153f6 tempest-QosSpecsTestJSON-1586329509 tempest-QosSpecsTestJSON-1586329509-project-admin] http://10.222.0.64/volume/v3/1879b36efdd64c3599dd3430a108de9b/qos-specs/1d254d15-36cf-4c9b-9725-d39828dc0346 returned with HTTP 200
Sep 09 11:45:52.928996 dv-cinder-856460-2-smb devstack@c-api.service[120409]: DEBUG cinder.api.middleware.request_id [None req-47e7f9f3-fe04-4133-bb90-b46fdf648335 None None] RequestId filter calling following filter/app {{(pid=120409) _context_setter /opt/stack/cinder/cinder/api/middleware/request_id.py:62}}
Sep 09 11:45:52.929201 dv-cinder-856460-2-smb devstack@c-api.service[120410]: [pid: 120410|app: 0|req: 35/61] 10.222.0.64 () {58 vars in 1331 bytes} [Fri Sep 9 11:45:52 2022] GET /volume/v3/1879b36efdd64c3599dd3430a108de9b/qos-specs/1d254d15-36cf-4c9b-9725-d39828dc0346 => generated 459 bytes in 33 msecs (HTTP/1.1 200) 7 headers in 285 bytes (1 switches on core 0)
Sep 09 11:45:52.932000 dv-cinder-856460-2-smb devstack@c-api.service[120410]: DEBUG cinder.api.middleware.request_id [None req-c6b50c9b-130f-49ab-bc4a-63ae267ccbee None None] RequestId filter calling following filter/app {{(pid=120410) _context_setter /opt/stack/cinder/cinder/api/middleware/request_id.py:62}}
Sep 09 11:45:52.933530 dv-cinder-856460-2-smb devstack@c-api.service[120409]: INFO cinder.api.openstack.wsgi [None req-47e7f9f3-fe04-4133-bb90-b46fdf648335 tempest-GroupSnapshotsTest-1944169860 tempest-GroupSnapshotsTest-1944169860-project] GET http://10.222.0.64/volume/v3/d374c56641724f7890861f8f3cb505cf/volumes/e9a24c07-90ae-4ae9-b4fc-9da41027637f
Sep 09 11:45:52.934037 dv-cinder-856460-2-smb devstack@c-api.service[120409]: DEBUG cinder.api.openstack.wsgi [None req-47e7f9f3-fe04-4133-bb90-b46fdf648335 tempest-GroupSnapshotsTest-1944169860 tempest-GroupSnapshotsTest-1944169860-project] Empty body provided in request {{(pid=120409) get_body /opt/stack/cinder/cinder/api/openstack/wsgi.py:715}}
Sep 09 11:45:52.934679 dv-cinder-856460-2-smb devstack@c-api.service[120409]: DEBUG cinder.api.openstack.wsgi [None req-47e7f9f3-fe04-4133-bb90-b46fdf648335 tempest-GroupSnapshotsTest-1944169860 tempest-GroupSnapshotsTest-1944169860-project] Calling method 'show' {{(pid=120409) _process_stack /opt/stack/cinder/cinder/api/openstack/wsgi.py:868}}
Sep 09 11:45:52.945489 dv-cinder-856460-2-smb devstack@c-api.service[120410]: INFO cinder.api.openstack.wsgi [None req-c6b50c9b-130f-49ab-bc4a-63ae267ccbee tempest-QosSpecsTestJSON-1586329509 tempest-QosSpecsTestJSON-1586329509-project-admin] GET http://10.222.0.64/volume/v3/1879b36efdd64c3599dd3430a108de9b/qos-specs/1d254d15-36cf-4c9b-9725-d39828dc0346
Sep 09 11:45:52.946467 dv-cinder-856460-2-smb devstack@c-api.service[120410]: DEBUG cinder.api.openstack.wsgi [None req-c6b50c9b-130f-49ab-bc4a-63ae267ccbee tempest-QosSpecsTestJSON-1586329509 tempest-QosSpecsTestJSON-1586329509-project-admin] Empty body provided in request {{(pid=120410) get_body /opt/stack/cinder/cinder/api/openstack/wsgi.py:715}}
Sep 09 11:45:52.949200 dv-cinder-856460-2-smb devstack@c-api.service[120410]: DEBUG cinder.api.openstack.wsgi [None req-c6b50c9b-130f-49ab-bc4a-63ae267ccbee tempest-QosSpecsTestJSON-1586329509 tempest-QosSpecsTestJSON-1586329509-project-admin] Calling method 'show' {{(pid=120410) _process_stack /opt/stack/cinder/cinder/api/openstack/wsgi.py:868}}
Sep 09 11:45:52.951256 dv-cinder-856460-2-smb devstack@c-api.service[120410]: /usr/local/lib/python3.8/dist-packages/oslo_context/context.py:100: DeprecationWarning: Policy enforcement is depending on the value of is_admin. This key is deprecated. Please update your policy file to use the standard policy values.
Sep 09 11:45:52.951256 dv-cinder-856460-2-smb devstack@c-api.service[120410]: warnings.warn('Policy enforcement is depending on the value of '
Sep 09 11:45:52.964375 dv-cinder-856460-2-smb devstack@c-api.service[120410]: INFO cinder.api.openstack.wsgi [None req-c6b50c9b-130f-49ab-bc4a-63ae267ccbee tempest-QosSpecsTestJSON-1586329509 tempest-QosSpecsTestJSON-1586329509-project-admin] http://10.222.0.64/volume/v3/1879b36efdd64c3599dd3430a108de9b/qos-specs/1d254d15-36cf-4c9b-9725-d39828dc0346 returned with HTTP 200
Sep 09 11:45:52.966718 dv-cinder-856460-2-smb devstack@c-api.service[120410]: [pid: 120410|app: 0|req: 36/62] 10.222.0.64 () {58 vars in 1331 bytes} [Fri Sep 9 11:45:52 2022] GET /volume/v3/1879b36efdd64c3599dd3430a108de9b/qos-specs/1d254d15-36cf-4c9b-9725-d39828dc0346 => generated 459 bytes in 37 msecs (HTTP/1.1 200) 7 headers in 285 bytes (1 switches on core 0)
Sep 09 11:45:52.976521 dv-cinder-856460-2-smb devstack@c-api.service[120410]: DEBUG cinder.api.middleware.request_id [None req-1f3b52fc-c04d-44ac-becd-61d58b2b7453 None None] RequestId filter calling following filter/app {{(pid=120410) _context_setter /opt/stack/cinder/cinder/api/middleware/request_id.py:62}}
Sep 09 11:45:52.977490 dv-cinder-856460-2-smb devstack@c-api.service[120409]: /usr/local/lib/python3.8/dist-packages/oslo_context/context.py:100: DeprecationWarning: Policy enforcement is depending on the value of is_admin. This key is deprecated. Please update your policy file to use the standard policy values.
Sep 09 11:45:52.977490 dv-cinder-856460-2-smb devstack@c-api.service[120409]: warnings.warn('Policy enforcement is depending on the value of '
Sep 09 11:45:52.983936 dv-cinder-856460-2-smb devstack@c-api.service[120410]: INFO cinder.api.openstack.wsgi [None req-1f3b52fc-c04d-44ac-becd-61d58b2b7453 tempest-QosSpecsTestJSON-1586329509 tempest-QosSpecsTestJSON-1586329509-project-admin] DELETE http://10.222.0.64/volume/v3/1879b36efdd64c3599dd3430a108de9b/qos-specs/a54611f8-9d49-4bc6-9c5b-20d1056e2561?force=False
Sep 09 11:45:52.984568 dv-cinder-856460-2-smb devstack@c-api.service[120410]: DEBUG cinder.api.openstack.wsgi [None req-1f3b52fc-c04d-44ac-becd-61d58b2b7453 tempest-QosSpecsTestJSON-1586329509 tempest-QosSpecsTestJSON-1586329509-project-admin] Empty body provided in request {{(pid=120410) get_body /opt/stack/cinder/cinder/api/openstack/wsgi.py:715}}
Sep 09 11:45:52.985161 dv-cinder-856460-2-smb devstack@c-api.service[120410]: DEBUG cinder.api.openstack.wsgi [None req-1f3b52fc-c04d-44ac-becd-61d58b2b7453 tempest-QosSpecsTestJSON-1586329509 tempest-QosSpecsTestJSON-1586329509-project-admin] Calling method 'delete' {{(pid=120410) _process_stack /opt/stack/cinder/cinder/api/openstack/wsgi.py:868}}
Sep 09 11:45:52.986361 dv-cinder-856460-2-smb devstack@c-api.service[120410]: /usr/local/lib/python3.8/dist-packages/oslo_context/context.py:100: DeprecationWarning: Policy enforcement is depending on the value of is_admin. This key is deprecated. Please update your policy file to use the standard policy values.
Sep 09 11:45:52.986361 dv-cinder-856460-2-smb devstack@c-api.service[120410]: warnings.warn('Policy enforcement is depending on the value of '
Sep 09 11:45:52.991847 dv-cinder-856460-2-smb devstack@c-api.service[120410]: DEBUG cinder.api.contrib.qos_specs_manage [None req-1f3b52fc-c04d-44ac-becd-61d58b2b7453 tempest-QosSpecsTestJSON-1586329509 tempest-QosSpecsTestJSON-1586329509-project-admin] Delete qos_spec: a54611f8-9d49-4bc6-9c5b-20d1056e2561, force: False {{(pid=120410) delete /opt/stack/cinder/cinder/api/contrib/qos_specs_manage.py:168}}
Sep 09 11:45:52.997055 dv-cinder-856460-2-smb devstack@c-api.service[120410]: INFO cinder.api.openstack.wsgi [None req-1f3b52fc-c04d-44ac-becd-61d58b2b7453 tempest-QosSpecsTestJSON-1586329509 tempest-QosSpecsTestJSON-1586329509-project-admin] http://10.222.0.64/volume/v3/1879b36efdd64c3599dd3430a108de9b/qos-specs/a54611f8-9d49-4bc6-9c5b-20d1056e2561?force=False returned with HTTP 404
Sep 09 11:45:53.002417 dv-cinder-856460-2-smb devstack@c-api.service[120409]: INFO cinder.volume.api [None req-47e7f9f3-fe04-4133-bb90-b46fdf648335 tempest-GroupSnapshotsTest-1944169860 tempest-GroupSnapshotsTest-1944169860-project] Volume info retrieved successfully.
Sep 09 11:45:53.003640 dv-cinder-856460-2-smb devstack@c-api.service[120410]: [pid: 120410|app: 0|req: 37/63] 10.222.0.64 () {58 vars in 1357 bytes} [Fri Sep 9 11:45:52 2022] DELETE /volume/v3/1879b36efdd64c3599dd3430a108de9b/qos-specs/a54611f8-9d49-4bc6-9c5b-20d1056e2561?force=False => generated 100 bytes in 28 msecs (HTTP/1.1 404) 7 headers in 292 bytes (1 switches on core 0)
Sep 09 11:45:53.005517 dv-cinder-856460-2-smb devstack@c-api.service[120410]: DEBUG cinder.api.middleware.request_id [None req-777f7d12-9b12-45a7-9ba9-57379e5fdc2d None None] RequestId filter calling following filter/app {{(pid=120410) _context_setter /opt/stack/cinder/cinder/api/middleware/request_id.py:62}}
Sep 09 11:45:53.009178 dv-cinder-856460-2-smb devstack@c-api.service[120409]: WARNING stevedore.named [None req-47e7f9f3-fe04-4133-bb90-b46fdf648335 tempest-GroupSnapshotsTest-1944169860 tempest-GroupSnapshotsTest-1944169860-project] Could not load cinder.keymgr.conf_key_mgr.ConfKeyManager
Sep 09 11:45:53.011893 dv-cinder-856460-2-smb devstack@c-api.service[120410]: INFO cinder.api.openstack.wsgi [None req-777f7d12-9b12-45a7-9ba9-57379e5fdc2d tempest-QosSpecsTestJSON-1586329509 tempest-QosSpecsTestJSON-1586329509-project-admin] GET http://10.222.0.64/volume/v3/1879b36efdd64c3599dd3430a108de9b/qos-specs/a54611f8-9d49-4bc6-9c5b-20d1056e2561
Sep 09 11:45:53.013678 dv-cinder-856460-2-smb devstack@c-api.service[120409]: WARNING castellan.key_manager [None req-47e7f9f3-fe04-4133-bb90-b46fdf648335 tempest-GroupSnapshotsTest-1944169860 tempest-GroupSnapshotsTest-1944169860-project] Deprecation Warning : cinder.keymgr.conf_key_mgr.ConfKeyManager is not a stevedore based driver, trying to load it as a class: stevedore.exception.NoMatches: No 'castellan.drivers' driver found, looking for 'cinder.keymgr.conf_key_mgr.ConfKeyManager'
Sep 09 11:45:53.024623 dv-cinder-856460-2-smb devstack@c-api.service[120410]: DEBUG cinder.api.openstack.wsgi [None req-777f7d12-9b12-45a7-9ba9-57379e5fdc2d tempest-QosSpecsTestJSON-1586329509 tempest-QosSpecsTestJSON-1586329509-project-admin] Empty body provided in request {{(pid=120410) get_body /opt/stack/cinder/cinder/api/openstack/wsgi.py:715}}
Sep 09 11:45:53.025468 dv-cinder-856460-2-smb devstack@c-api.service[120410]: DEBUG cinder.api.openstack.wsgi [None req-777f7d12-9b12-45a7-9ba9-57379e5fdc2d tempest-QosSpecsTestJSON-1586329509 tempest-QosSpecsTestJSON-1586329509-project-admin] Calling method 'show' {{(pid=120410) _process_stack /opt/stack/cinder/cinder/api/openstack/wsgi.py:868}}
Sep 09 11:45:53.029495 dv-cinder-856460-2-smb devstack@c-api.service[120409]: DEBUG oslo_db.sqlalchemy.engines [None req-47e7f9f3-fe04-4133-bb90-b46fdf648335 tempest-GroupSnapshotsTest-1944169860 tempest-GroupSnapshotsTest-1944169860-project] MySQL server mode set to STRICT_TRANS_TABLES,STRICT_ALL_TABLES,NO_ZERO_IN_DATE,NO_ZERO_DATE,ERROR_FOR_DIVISION_BY_ZERO,TRADITIONAL,NO_ENGINE_SUBSTITUTION {{(pid=120409) _check_effective_sql_mode /usr/local/lib/python3.8/dist-packages/oslo_db/sqlalchemy/engines.py:314}}
Sep 09 11:45:53.033991 dv-cinder-856460-2-smb devstack@c-api.service[120410]: INFO cinder.api.openstack.wsgi [None req-777f7d12-9b12-45a7-9ba9-57379e5fdc2d tempest-QosSpecsTestJSON-1586329509 tempest-QosSpecsTestJSON-1586329509-project-admin] http://10.222.0.64/volume/v3/1879b36efdd64c3599dd3430a108de9b/qos-specs/a54611f8-9d49-4bc6-9c5b-20d1056e2561 returned with HTTP 404
Sep 09 11:45:53.041112 dv-cinder-856460-2-smb devstack@c-api.service[120410]: [pid: 120410|app: 0|req: 38/64] 10.222.0.64 () {58 vars in 1331 bytes} [Fri Sep 9 11:45:53 2022] GET /volume/v3/1879b36efdd64c3599dd3430a108de9b/qos-specs/a54611f8-9d49-4bc6-9c5b-20d1056e2561 => generated 100 bytes in 36 msecs (HTTP/1.1 404) 7 headers in 292 bytes (1 switches on core 0)
Sep 09 11:45:53.042758 dv-cinder-856460-2-smb devstack@c-api.service[120410]: DEBUG cinder.api.middleware.request_id [None req-8e0a22f0-b846-4488-a35d-b22c4aa2a8bd None None] RequestId filter calling following filter/app {{(pid=120410) _context_setter /opt/stack/cinder/cinder/api/middleware/request_id.py:62}}
Sep 09 11:45:53.046129 dv-cinder-856460-2-smb devstack@c-api.service[120409]: /usr/local/lib/python3.8/dist-packages/oslo_context/context.py:100: DeprecationWarning: Policy enforcement is depending on the value of is_admin. This key is deprecated. Please update your policy file to use the standard policy values.
Sep 09 11:45:53.046129 dv-cinder-856460-2-smb devstack@c-api.service[120409]: warnings.warn('Policy enforcement is depending on the value of '
Sep 09 11:45:53.055534 dv-cinder-856460-2-smb devstack@c-api.service[120410]: INFO cinder.api.openstack.wsgi [None req-8e0a22f0-b846-4488-a35d-b22c4aa2a8bd tempest-QosSpecsTestJSON-1586329509 tempest-QosSpecsTestJSON-1586329509-project-admin] DELETE http://10.222.0.64/volume/v3/1879b36efdd64c3599dd3430a108de9b/qos-specs/e488c9b7-cc4b-40ef-85cd-662f5ceb7948?force=False
Sep 09 11:45:53.059243 dv-cinder-856460-2-smb devstack@c-api.service[120410]: DEBUG cinder.api.openstack.wsgi [None req-8e0a22f0-b846-4488-a35d-b22c4aa2a8bd tempest-QosSpecsTestJSON-1586329509 tempest-QosSpecsTestJSON-1586329509-project-admin] Empty body provided in request {{(pid=120410) get_body /opt/stack/cinder/cinder/api/openstack/wsgi.py:715}}
Sep 09 11:45:53.060849 dv-cinder-856460-2-smb devstack@c-api.service[120410]: DEBUG cinder.api.openstack.wsgi [None req-8e0a22f0-b846-4488-a35d-b22c4aa2a8bd tempest-QosSpecsTestJSON-1586329509 tempest-QosSpecsTestJSON-1586329509-project-admin] Calling method 'delete' {{(pid=120410) _process_stack /opt/stack/cinder/cinder/api/openstack/wsgi.py:868}}
Sep 09 11:45:53.064599 dv-cinder-856460-2-smb devstack@c-api.service[120410]: DEBUG cinder.api.contrib.qos_specs_manage [None req-8e0a22f0-b846-4488-a35d-b22c4aa2a8bd tempest-QosSpecsTestJSON-1586329509 tempest-QosSpecsTestJSON-1586329509-project-admin] Delete qos_spec: e488c9b7-cc4b-40ef-85cd-662f5ceb7948, force: False {{(pid=120410) delete /opt/stack/cinder/cinder/api/contrib/qos_specs_manage.py:168}}
Sep 09 11:45:53.071578 dv-cinder-856460-2-smb devstack@c-api.service[120410]: INFO cinder.api.openstack.wsgi [None req-8e0a22f0-b846-4488-a35d-b22c4aa2a8bd tempest-QosSpecsTestJSON-1586329509 tempest-QosSpecsTestJSON-1586329509-project-admin] http://10.222.0.64/volume/v3/1879b36efdd64c3599dd3430a108de9b/qos-specs/e488c9b7-cc4b-40ef-85cd-662f5ceb7948?force=False returned with HTTP 404
Sep 09 11:45:53.083307 dv-cinder-856460-2-smb devstack@c-api.service[120410]: [pid: 120410|app: 0|req: 39/65] 10.222.0.64 () {58 vars in 1357 bytes} [Fri Sep 9 11:45:53 2022] DELETE /volume/v3/1879b36efdd64c3599dd3430a108de9b/qos-specs/e488c9b7-cc4b-40ef-85cd-662f5ceb7948?force=False => generated 100 bytes in 31 msecs (HTTP/1.1 404) 7 headers in 292 bytes (1 switches on core 0)
Sep 09 11:45:53.087869 dv-cinder-856460-2-smb devstack@c-api.service[120410]: DEBUG cinder.api.middleware.request_id [None req-1135af6a-b1bd-4278-9cca-95d99f5408bc None None] RequestId filter calling following filter/app {{(pid=120410) _context_setter /opt/stack/cinder/cinder/api/middleware/request_id.py:62}}
Sep 09 11:45:53.106679 dv-cinder-856460-2-smb devstack@c-api.service[120410]: INFO cinder.api.openstack.wsgi [None req-1135af6a-b1bd-4278-9cca-95d99f5408bc tempest-QosSpecsTestJSON-1586329509 tempest-QosSpecsTestJSON-1586329509-project-admin] GET http://10.222.0.64/volume/v3/1879b36efdd64c3599dd3430a108de9b/qos-specs/e488c9b7-cc4b-40ef-85cd-662f5ceb7948
Sep 09 11:45:53.108812 dv-cinder-856460-2-smb devstack@c-api.service[120410]: DEBUG cinder.api.openstack.wsgi [None req-1135af6a-b1bd-4278-9cca-95d99f5408bc tempest-QosSpecsTestJSON-1586329509 tempest-QosSpecsTestJSON-1586329509-project-admin] Empty body provided in request {{(pid=120410) get_body /opt/stack/cinder/cinder/api/openstack/wsgi.py:715}}
Sep 09 11:45:53.111622 dv-cinder-856460-2-smb devstack@c-api.service[120410]: DEBUG cinder.api.openstack.wsgi [None req-1135af6a-b1bd-4278-9cca-95d99f5408bc tempest-QosSpecsTestJSON-1586329509 tempest-QosSpecsTestJSON-1586329509-project-admin] Calling method 'show' {{(pid=120410) _process_stack /opt/stack/cinder/cinder/api/openstack/wsgi.py:868}}
Sep 09 11:45:53.115590 dv-cinder-856460-2-smb devstack@c-api.service[120409]: INFO cinder.api.openstack.wsgi [None req-47e7f9f3-fe04-4133-bb90-b46fdf648335 tempest-GroupSnapshotsTest-1944169860 tempest-GroupSnapshotsTest-1944169860-project] http://10.222.0.64/volume/v3/d374c56641724f7890861f8f3cb505cf/volumes/e9a24c07-90ae-4ae9-b4fc-9da41027637f returned with HTTP 200
Sep 09 11:45:53.118387 dv-cinder-856460-2-smb devstack@c-api.service[120409]: [pid: 120409|app: 0|req: 27/66] 10.222.0.64 () {60 vars in 1366 bytes} [Fri Sep 9 11:45:52 2022] GET /volume/v3/d374c56641724f7890861f8f3cb505cf/volumes/e9a24c07-90ae-4ae9-b4fc-9da41027637f => generated 1000 bytes in 190 msecs (HTTP/1.1 200) 7 headers in 287 bytes (2 switches on core 0)
Sep 09 11:45:53.139106 dv-cinder-856460-2-smb devstack@c-api.service[120410]: INFO cinder.api.openstack.wsgi [None req-1135af6a-b1bd-4278-9cca-95d99f5408bc tempest-QosSpecsTestJSON-1586329509 tempest-QosSpecsTestJSON-1586329509-project-admin] http://10.222.0.64/volume/v3/1879b36efdd64c3599dd3430a108de9b/qos-specs/e488c9b7-cc4b-40ef-85cd-662f5ceb7948 returned with HTTP 404
Sep 09 11:45:53.140262 dv-cinder-856460-2-smb devstack@c-api.service[120410]: [pid: 120410|app: 0|req: 40/67] 10.222.0.64 () {58 vars in 1331 bytes} [Fri Sep 9 11:45:53 2022] GET /volume/v3/1879b36efdd64c3599dd3430a108de9b/qos-specs/e488c9b7-cc4b-40ef-85cd-662f5ceb7948 => generated 100 bytes in 54 msecs (HTTP/1.1 404) 7 headers in 292 bytes (1 switches on core 0)
Sep 09 11:45:53.146883 dv-cinder-856460-2-smb devstack@c-api.service[120410]: DEBUG cinder.api.middleware.request_id [None req-73adf548-f439-4d60-b46c-a6d6bac11679 None None] RequestId filter calling following filter/app {{(pid=120410) _context_setter /opt/stack/cinder/cinder/api/middleware/request_id.py:62}}
Sep 09 11:45:53.148783 dv-cinder-856460-2-smb devstack@c-api.service[120409]: DEBUG cinder.api.middleware.request_id [None req-5a710710-4997-421a-8f4c-8aac8ed90b75 None None] RequestId filter calling following filter/app {{(pid=120409) _context_setter /opt/stack/cinder/cinder/api/middleware/request_id.py:62}}
Sep 09 11:45:53.159053 dv-cinder-856460-2-smb devstack@c-api.service[120410]: INFO cinder.api.openstack.wsgi [None req-73adf548-f439-4d60-b46c-a6d6bac11679 tempest-QosSpecsTestJSON-1586329509 tempest-QosSpecsTestJSON-1586329509-project-admin] DELETE http://10.222.0.64/volume/v3/1879b36efdd64c3599dd3430a108de9b/qos-specs/1698caaf-5ffd-4a02-a49e-f468ba06dda4?force=False
Sep 09 11:45:53.159515 dv-cinder-856460-2-smb devstack@c-api.service[120409]: INFO cinder.api.openstack.wsgi [None req-5a710710-4997-421a-8f4c-8aac8ed90b75 tempest-GroupSnapshotsTest-1944169860 tempest-GroupSnapshotsTest-1944169860-project] POST http://10.222.0.64/volume/v3/d374c56641724f7890861f8f3cb505cf/group_snapshots
Sep 09 11:45:53.160420 dv-cinder-856460-2-smb devstack@c-api.service[120409]: DEBUG cinder.api.openstack.wsgi [None req-5a710710-4997-421a-8f4c-8aac8ed90b75 tempest-GroupSnapshotsTest-1944169860 tempest-GroupSnapshotsTest-1944169860-project] Action: 'create', calling method: version_select, body: {"group_snapshot": {"group_id": "82c3d003-0145-4fe5-abd0-202afcb41576", "name": "tempest-group_snapshot-653037150"}} {{(pid=120409) _process_stack /opt/stack/cinder/cinder/api/openstack/wsgi.py:866}}
Sep 09 11:45:53.160953 dv-cinder-856460-2-smb devstack@c-api.service[120410]: DEBUG cinder.api.openstack.wsgi [None req-73adf548-f439-4d60-b46c-a6d6bac11679 tempest-QosSpecsTestJSON-1586329509 tempest-QosSpecsTestJSON-1586329509-project-admin] Empty body provided in request {{(pid=120410) get_body /opt/stack/cinder/cinder/api/openstack/wsgi.py:715}}
Sep 09 11:45:53.162190 dv-cinder-856460-2-smb devstack@c-api.service[120410]: DEBUG cinder.api.openstack.wsgi [None req-73adf548-f439-4d60-b46c-a6d6bac11679 tempest-QosSpecsTestJSON-1586329509 tempest-QosSpecsTestJSON-1586329509-project-admin] Calling method 'delete' {{(pid=120410) _process_stack /opt/stack/cinder/cinder/api/openstack/wsgi.py:868}}
Sep 09 11:45:53.165242 dv-cinder-856460-2-smb devstack@c-api.service[120409]: DEBUG cinder.api.v3.group_snapshots [None req-5a710710-4997-421a-8f4c-8aac8ed90b75 tempest-GroupSnapshotsTest-1944169860 tempest-GroupSnapshotsTest-1944169860-project] Creating new group_snapshot {'group_snapshot': {'group_id': '82c3d003-0145-4fe5-abd0-202afcb41576', 'name': 'tempest-group_snapshot-653037150'}} {{(pid=120409) create /opt/stack/cinder/cinder/api/v3/group_snapshots.py:154}}
Sep 09 11:45:53.166180 dv-cinder-856460-2-smb devstack@c-api.service[120410]: DEBUG cinder.api.contrib.qos_specs_manage [None req-73adf548-f439-4d60-b46c-a6d6bac11679 tempest-QosSpecsTestJSON-1586329509 tempest-QosSpecsTestJSON-1586329509-project-admin] Delete qos_spec: 1698caaf-5ffd-4a02-a49e-f468ba06dda4, force: False {{(pid=120410) delete /opt/stack/cinder/cinder/api/contrib/qos_specs_manage.py:168}}
Sep 09 11:45:53.186858 dv-cinder-856460-2-smb devstack@c-api.service[120410]: INFO cinder.api.openstack.wsgi [None req-73adf548-f439-4d60-b46c-a6d6bac11679 tempest-QosSpecsTestJSON-1586329509 tempest-QosSpecsTestJSON-1586329509-project-admin] http://10.222.0.64/volume/v3/1879b36efdd64c3599dd3430a108de9b/qos-specs/1698caaf-5ffd-4a02-a49e-f468ba06dda4?force=False returned with HTTP 404
Sep 09 11:45:53.194769 dv-cinder-856460-2-smb devstack@c-api.service[120410]: [pid: 120410|app: 0|req: 41/68] 10.222.0.64 () {58 vars in 1357 bytes} [Fri Sep 9 11:45:53 2022] DELETE /volume/v3/1879b36efdd64c3599dd3430a108de9b/qos-specs/1698caaf-5ffd-4a02-a49e-f468ba06dda4?force=False => generated 100 bytes in 49 msecs (HTTP/1.1 404) 7 headers in 292 bytes (1 switches on core 0)
Sep 09 11:45:53.195672 dv-cinder-856460-2-smb devstack@c-api.service[120409]: /usr/local/lib/python3.8/dist-packages/oslo_context/context.py:100: DeprecationWarning: Policy enforcement is depending on the value of is_admin. This key is deprecated. Please update your policy file to use the standard policy values.
Sep 09 11:45:53.195672 dv-cinder-856460-2-smb devstack@c-api.service[120409]: warnings.warn('Policy enforcement is depending on the value of '
Sep 09 11:45:53.200097 dv-cinder-856460-2-smb devstack@c-api.service[120410]: DEBUG cinder.api.middleware.request_id [None req-bc1114cb-3331-4b81-9181-97962ea89661 None None] RequestId filter calling following filter/app {{(pid=120410) _context_setter /opt/stack/cinder/cinder/api/middleware/request_id.py:62}}
Sep 09 11:45:53.213774 dv-cinder-856460-2-smb devstack@c-api.service[120409]: INFO cinder.api.v3.group_snapshots [None req-5a710710-4997-421a-8f4c-8aac8ed90b75 tempest-GroupSnapshotsTest-1944169860 tempest-GroupSnapshotsTest-1944169860-project] Creating group_snapshot tempest-group_snapshot-653037150.
Sep 09 11:45:53.214159 dv-cinder-856460-2-smb devstack@c-api.service[120410]: INFO cinder.api.openstack.wsgi [None req-bc1114cb-3331-4b81-9181-97962ea89661 tempest-QosSpecsTestJSON-1586329509 tempest-QosSpecsTestJSON-1586329509-project-admin] GET http://10.222.0.64/volume/v3/1879b36efdd64c3599dd3430a108de9b/qos-specs/1698caaf-5ffd-4a02-a49e-f468ba06dda4
Sep 09 11:45:53.214780 dv-cinder-856460-2-smb devstack@c-api.service[120410]: DEBUG cinder.api.openstack.wsgi [None req-bc1114cb-3331-4b81-9181-97962ea89661 tempest-QosSpecsTestJSON-1586329509 tempest-QosSpecsTestJSON-1586329509-project-admin] Empty body provided in request {{(pid=120410) get_body /opt/stack/cinder/cinder/api/openstack/wsgi.py:715}}
Sep 09 11:45:53.215389 dv-cinder-856460-2-smb devstack@c-api.service[120410]: DEBUG cinder.api.openstack.wsgi [None req-bc1114cb-3331-4b81-9181-97962ea89661 tempest-QosSpecsTestJSON-1586329509 tempest-QosSpecsTestJSON-1586329509-project-admin] Calling method 'show' {{(pid=120410) _process_stack /opt/stack/cinder/cinder/api/openstack/wsgi.py:868}}
Sep 09 11:45:53.241442 dv-cinder-856460-2-smb devstack@c-api.service[120410]: INFO cinder.api.openstack.wsgi [None req-bc1114cb-3331-4b81-9181-97962ea89661 tempest-QosSpecsTestJSON-1586329509 tempest-QosSpecsTestJSON-1586329509-project-admin] http://10.222.0.64/volume/v3/1879b36efdd64c3599dd3430a108de9b/qos-specs/1698caaf-5ffd-4a02-a49e-f468ba06dda4 returned with HTTP 404
Sep 09 11:45:53.244967 dv-cinder-856460-2-smb devstack@c-api.service[120410]: [pid: 120410|app: 0|req: 42/69] 10.222.0.64 () {58 vars in 1331 bytes} [Fri Sep 9 11:45:53 2022] GET /volume/v3/1879b36efdd64c3599dd3430a108de9b/qos-specs/1698caaf-5ffd-4a02-a49e-f468ba06dda4 => generated 100 bytes in 46 msecs (HTTP/1.1 404) 7 headers in 292 bytes (1 switches on core 0)
Sep 09 11:45:53.247144 dv-cinder-856460-2-smb devstack@c-api.service[120410]: DEBUG cinder.api.middleware.request_id [req-a0065f6a-df5f-4741-b056-5cbee0c89140 req-ba75ac93-27fb-4d5a-b8ce-00a9e5d07c64 None None] RequestId filter calling following filter/app {{(pid=120410) _context_setter /opt/stack/cinder/cinder/api/middleware/request_id.py:62}}
Sep 09 11:45:53.255333 dv-cinder-856460-2-smb devstack@c-api.service[120410]: INFO cinder.api.openstack.wsgi [req-a0065f6a-df5f-4741-b056-5cbee0c89140 req-ba75ac93-27fb-4d5a-b8ce-00a9e5d07c64 tempest-VolumesSnapshotsTestJSON-152076496 tempest-VolumesSnapshotsTestJSON-152076496-project] GET http://10.222.0.64/volume/v3/06ef6423a8f0492a97951c8cee660142/snapshots/4f50d86e-aa20-4ee0-907a-e67213a61af3
Sep 09 11:45:53.256026 dv-cinder-856460-2-smb devstack@c-api.service[120410]: DEBUG cinder.api.openstack.wsgi [req-a0065f6a-df5f-4741-b056-5cbee0c89140 req-ba75ac93-27fb-4d5a-b8ce-00a9e5d07c64 tempest-VolumesSnapshotsTestJSON-152076496 tempest-VolumesSnapshotsTestJSON-152076496-project] Empty body provided in request {{(pid=120410) get_body /opt/stack/cinder/cinder/api/openstack/wsgi.py:715}}
Sep 09 11:45:53.256630 dv-cinder-856460-2-smb devstack@c-api.service[120410]: DEBUG cinder.api.openstack.wsgi [req-a0065f6a-df5f-4741-b056-5cbee0c89140 req-ba75ac93-27fb-4d5a-b8ce-00a9e5d07c64 tempest-VolumesSnapshotsTestJSON-152076496 tempest-VolumesSnapshotsTestJSON-152076496-project] Calling method 'show' {{(pid=120410) _process_stack /opt/stack/cinder/cinder/api/openstack/wsgi.py:868}}
Sep 09 11:45:53.314690 dv-cinder-856460-2-smb devstack@c-api.service[120410]: /usr/local/lib/python3.8/dist-packages/oslo_context/context.py:100: DeprecationWarning: Policy enforcement is depending on the value of is_admin. This key is deprecated. Please update your policy file to use the standard policy values.
Sep 09 11:45:53.314690 dv-cinder-856460-2-smb devstack@c-api.service[120410]: warnings.warn('Policy enforcement is depending on the value of '
Sep 09 11:45:53.316502 dv-cinder-856460-2-smb devstack@c-api.service[120410]: INFO cinder.volume.api [req-a0065f6a-df5f-4741-b056-5cbee0c89140 req-ba75ac93-27fb-4d5a-b8ce-00a9e5d07c64 tempest-VolumesSnapshotsTestJSON-152076496 tempest-VolumesSnapshotsTestJSON-152076496-project] Snapshot retrieved successfully.
Sep 09 11:45:53.318716 dv-cinder-856460-2-smb devstack@c-api.service[120410]: INFO cinder.api.openstack.wsgi [req-a0065f6a-df5f-4741-b056-5cbee0c89140 req-ba75ac93-27fb-4d5a-b8ce-00a9e5d07c64 tempest-VolumesSnapshotsTestJSON-152076496 tempest-VolumesSnapshotsTestJSON-152076496-project] http://10.222.0.64/volume/v3/06ef6423a8f0492a97951c8cee660142/snapshots/4f50d86e-aa20-4ee0-907a-e67213a61af3 returned with HTTP 200
Sep 09 11:45:53.319903 dv-cinder-856460-2-smb devstack@c-api.service[120410]: [pid: 120410|app: 0|req: 43/70] 10.222.0.64 () {60 vars in 1584 bytes} [Fri Sep 9 11:45:53 2022] GET /volume/v3/06ef6423a8f0492a97951c8cee660142/snapshots/4f50d86e-aa20-4ee0-907a-e67213a61af3 => generated 534 bytes in 74 msecs (HTTP/1.1 200) 7 headers in 285 bytes (1 switches on core 0)
Sep 09 11:45:53.344946 dv-cinder-856460-2-smb devstack@c-api.service[120410]: DEBUG cinder.api.middleware.request_id [None req-8c721cbf-cbcd-49bd-bf1f-e4da991f8e24 None None] RequestId filter calling following filter/app {{(pid=120410) _context_setter /opt/stack/cinder/cinder/api/middleware/request_id.py:62}}
Sep 09 11:45:53.352537 dv-cinder-856460-2-smb devstack@c-api.service[120410]: INFO cinder.api.openstack.wsgi [None req-8c721cbf-cbcd-49bd-bf1f-e4da991f8e24 tempest-QosSpecsTestJSON-1586329509 tempest-QosSpecsTestJSON-1586329509-project-admin] DELETE http://10.222.0.64/volume/v3/1879b36efdd64c3599dd3430a108de9b/types/501805ae-204f-4bdc-b92b-eecf723f862f
Sep 09 11:45:53.359687 dv-cinder-856460-2-smb devstack@c-api.service[120410]: DEBUG cinder.api.openstack.wsgi [None req-8c721cbf-cbcd-49bd-bf1f-e4da991f8e24 tempest-QosSpecsTestJSON-1586329509 tempest-QosSpecsTestJSON-1586329509-project-admin] Empty body provided in request {{(pid=120410) get_body /opt/stack/cinder/cinder/api/openstack/wsgi.py:715}}
Sep 09 11:45:53.359687 dv-cinder-856460-2-smb devstack@c-api.service[120410]: DEBUG cinder.api.openstack.wsgi [None req-8c721cbf-cbcd-49bd-bf1f-e4da991f8e24 tempest-QosSpecsTestJSON-1586329509 tempest-QosSpecsTestJSON-1586329509-project-admin] Calling method '_delete' {{(pid=120410) _process_stack /opt/stack/cinder/cinder/api/openstack/wsgi.py:868}}
Sep 09 11:45:53.490166 dv-cinder-856460-2-smb devstack@c-api.service[120409]: /usr/local/lib/python3.8/dist-packages/oslo_context/context.py:100: DeprecationWarning: Policy enforcement is depending on the value of is_admin. This key is deprecated. Please update your policy file to use the standard policy values.
Sep 09 11:45:53.490166 dv-cinder-856460-2-smb devstack@c-api.service[120409]: warnings.warn('Policy enforcement is depending on the value of '
Sep 09 11:45:53.540477 dv-cinder-856460-2-smb devstack@c-api.service[120409]: WARNING cinder.quota [None req-5a710710-4997-421a-8f4c-8aac8ed90b75 tempest-GroupSnapshotsTest-1944169860 tempest-GroupSnapshotsTest-1944169860-project] Deprecated: Default quota for resource: gigabytes_tempest-GroupSnapshotsTest-volume-type-309635343 is set by the default quota flag: quota_gigabytes_tempest-GroupSnapshotsTest-volume-type-309635343, it is now deprecated. Please use the default quota class for default quota.
Sep 09 11:45:53.541652 dv-cinder-856460-2-smb devstack@c-api.service[120409]: WARNING cinder.quota [None req-5a710710-4997-421a-8f4c-8aac8ed90b75 tempest-GroupSnapshotsTest-1944169860 tempest-GroupSnapshotsTest-1944169860-project] Deprecated: Default quota for resource: snapshots_tempest-GroupSnapshotsTest-volume-type-309635343 is set by the default quota flag: quota_snapshots_tempest-GroupSnapshotsTest-volume-type-309635343, it is now deprecated. Please use the default quota class for default quota.
Sep 09 11:45:53.638079 dv-cinder-856460-2-smb devstack@c-api.service[120410]: INFO cinder.api.openstack.wsgi [None req-8c721cbf-cbcd-49bd-bf1f-e4da991f8e24 tempest-QosSpecsTestJSON-1586329509 tempest-QosSpecsTestJSON-1586329509-project-admin] http://10.222.0.64/volume/v3/1879b36efdd64c3599dd3430a108de9b/types/501805ae-204f-4bdc-b92b-eecf723f862f returned with HTTP 202
Sep 09 11:45:53.639312 dv-cinder-856460-2-smb devstack@c-api.service[120410]: [pid: 120410|app: 0|req: 44/71] 10.222.0.64 () {58 vars in 1322 bytes} [Fri Sep 9 11:45:53 2022] DELETE /volume/v3/1879b36efdd64c3599dd3430a108de9b/types/501805ae-204f-4bdc-b92b-eecf723f862f => generated 0 bytes in 313 msecs (HTTP/1.1 202) 6 headers in 233 bytes (1 switches on core 0)
Sep 09 11:45:53.640971 dv-cinder-856460-2-smb devstack@c-api.service[120410]: DEBUG cinder.api.middleware.request_id [req-9f0acaf2-f7ec-49c6-9ebe-32b666c0d376 req-532e6290-4375-4302-8569-1cb7466364aa None None] RequestId filter calling following filter/app {{(pid=120410) _context_setter /opt/stack/cinder/cinder/api/middleware/request_id.py:62}}
Sep 09 11:45:53.645996 dv-cinder-856460-2-smb devstack@c-api.service[120410]: INFO cinder.api.openstack.wsgi [req-9f0acaf2-f7ec-49c6-9ebe-32b666c0d376 req-532e6290-4375-4302-8569-1cb7466364aa tempest-VolumesSnapshotsTestJSON-152076496 tempest-VolumesSnapshotsTestJSON-152076496-project] DELETE http://10.222.0.64/volume/v3/06ef6423a8f0492a97951c8cee660142/snapshots/4f50d86e-aa20-4ee0-907a-e67213a61af3
Sep 09 11:45:53.646517 dv-cinder-856460-2-smb devstack@c-api.service[120410]: DEBUG cinder.api.openstack.wsgi [req-9f0acaf2-f7ec-49c6-9ebe-32b666c0d376 req-532e6290-4375-4302-8569-1cb7466364aa tempest-VolumesSnapshotsTestJSON-152076496 tempest-VolumesSnapshotsTestJSON-152076496-project] Empty body provided in request {{(pid=120410) get_body /opt/stack/cinder/cinder/api/openstack/wsgi.py:715}}
Sep 09 11:45:53.647040 dv-cinder-856460-2-smb devstack@c-api.service[120410]: DEBUG cinder.api.openstack.wsgi [req-9f0acaf2-f7ec-49c6-9ebe-32b666c0d376 req-532e6290-4375-4302-8569-1cb7466364aa tempest-VolumesSnapshotsTestJSON-152076496 tempest-VolumesSnapshotsTestJSON-152076496-project] Calling method 'delete' {{(pid=120410) _process_stack /opt/stack/cinder/cinder/api/openstack/wsgi.py:868}}
Sep 09 11:45:53.647418 dv-cinder-856460-2-smb devstack@c-api.service[120410]: INFO cinder.api.v2.snapshots [req-9f0acaf2-f7ec-49c6-9ebe-32b666c0d376 req-532e6290-4375-4302-8569-1cb7466364aa tempest-VolumesSnapshotsTestJSON-152076496 tempest-VolumesSnapshotsTestJSON-152076496-project] Delete snapshot with id: 4f50d86e-aa20-4ee0-907a-e67213a61af3
Sep 09 11:45:53.672318 dv-cinder-856460-2-smb devstack@c-api.service[120410]: /usr/local/lib/python3.8/dist-packages/oslo_context/context.py:100: DeprecationWarning: Policy enforcement is depending on the value of is_admin. This key is deprecated. Please update your policy file to use the standard policy values.
Sep 09 11:45:53.672318 dv-cinder-856460-2-smb devstack@c-api.service[120410]: warnings.warn('Policy enforcement is depending on the value of '
Sep 09 11:45:53.673870 dv-cinder-856460-2-smb devstack@c-api.service[120410]: INFO cinder.volume.api [req-9f0acaf2-f7ec-49c6-9ebe-32b666c0d376 req-532e6290-4375-4302-8569-1cb7466364aa tempest-VolumesSnapshotsTestJSON-152076496 tempest-VolumesSnapshotsTestJSON-152076496-project] Snapshot retrieved successfully.
Sep 09 11:45:53.687347 dv-cinder-856460-2-smb devstack@c-api.service[120409]: DEBUG dbcounter [-] [120409] Writing DB stats cinder:SELECT=73,cinder:INSERT=13,cinder:UPDATE=14 {{(pid=120409) stat_writer /usr/local/lib/python3.8/dist-packages/dbcounter.py:114}}
Sep 09 11:45:53.803882 dv-cinder-856460-2-smb devstack@c-api.service[120409]: DEBUG cinder.quota [None req-5a710710-4997-421a-8f4c-8aac8ed90b75 tempest-GroupSnapshotsTest-1944169860 tempest-GroupSnapshotsTest-1944169860-project] Created reservations ['1a4307f7-1ddb-49ef-b729-58948e1d2692', 'c03103ac-f528-4a67-880d-9e61c7e93d67', '4809e27c-6459-483d-98ef-a5c3f87c2c8e', 'f95db9f6-aa3d-420f-b6fa-d6affeda327a'] {{(pid=120409) reserve /opt/stack/cinder/cinder/quota.py:755}}
Sep 09 11:45:53.809549 dv-cinder-856460-2-smb devstack@c-api.service[120410]: INFO cinder.volume.api [req-9f0acaf2-f7ec-49c6-9ebe-32b666c0d376 req-532e6290-4375-4302-8569-1cb7466364aa tempest-VolumesSnapshotsTestJSON-152076496 tempest-VolumesSnapshotsTestJSON-152076496-project] Snapshot delete request issued successfully.
Sep 09 11:45:53.814684 dv-cinder-856460-2-smb devstack@c-api.service[120410]: INFO cinder.api.openstack.wsgi [req-9f0acaf2-f7ec-49c6-9ebe-32b666c0d376 req-532e6290-4375-4302-8569-1cb7466364aa tempest-VolumesSnapshotsTestJSON-152076496 tempest-VolumesSnapshotsTestJSON-152076496-project] http://10.222.0.64/volume/v3/06ef6423a8f0492a97951c8cee660142/snapshots/4f50d86e-aa20-4ee0-907a-e67213a61af3 returned with HTTP 202
Sep 09 11:45:53.814684 dv-cinder-856460-2-smb devstack@c-api.service[120410]: [pid: 120410|app: 0|req: 45/72] 10.222.0.64 () {62 vars in 1606 bytes} [Fri Sep 9 11:45:53 2022] DELETE /volume/v3/06ef6423a8f0492a97951c8cee660142/snapshots/4f50d86e-aa20-4ee0-907a-e67213a61af3 => generated 0 bytes in 171 msecs (HTTP/1.1 202) 6 headers in 233 bytes (1 switches on core 0)
Sep 09 11:45:53.814684 dv-cinder-856460-2-smb devstack@c-api.service[120410]: DEBUG cinder.api.middleware.request_id [None req-5c97fc7d-914d-476c-8c95-62beaff6b1ef None None] RequestId filter calling following filter/app {{(pid=120410) _context_setter /opt/stack/cinder/cinder/api/middleware/request_id.py:62}}
Sep 09 11:45:53.818712 dv-cinder-856460-2-smb devstack@c-api.service[120410]: INFO cinder.api.openstack.wsgi [None req-5c97fc7d-914d-476c-8c95-62beaff6b1ef tempest-QosSpecsTestJSON-1586329509 tempest-QosSpecsTestJSON-1586329509-project-admin] GET http://10.222.0.64/volume/v3/1879b36efdd64c3599dd3430a108de9b/types/501805ae-204f-4bdc-b92b-eecf723f862f
Sep 09 11:45:53.819520 dv-cinder-856460-2-smb devstack@c-api.service[120410]: DEBUG cinder.api.openstack.wsgi [None req-5c97fc7d-914d-476c-8c95-62beaff6b1ef tempest-QosSpecsTestJSON-1586329509 tempest-QosSpecsTestJSON-1586329509-project-admin] Empty body provided in request {{(pid=120410) get_body /opt/stack/cinder/cinder/api/openstack/wsgi.py:715}}
Sep 09 11:45:53.835230 dv-cinder-856460-2-smb devstack@c-api.service[120410]: DEBUG cinder.api.openstack.wsgi [None req-5c97fc7d-914d-476c-8c95-62beaff6b1ef tempest-QosSpecsTestJSON-1586329509 tempest-QosSpecsTestJSON-1586329509-project-admin] Calling method 'show' {{(pid=120410) _process_stack /opt/stack/cinder/cinder/api/openstack/wsgi.py:868}}
Sep 09 11:45:53.854839 dv-cinder-856460-2-smb devstack@c-api.service[120410]: INFO cinder.api.openstack.wsgi [None req-5c97fc7d-914d-476c-8c95-62beaff6b1ef tempest-QosSpecsTestJSON-1586329509 tempest-QosSpecsTestJSON-1586329509-project-admin] http://10.222.0.64/volume/v3/1879b36efdd64c3599dd3430a108de9b/types/501805ae-204f-4bdc-b92b-eecf723f862f returned with HTTP 404
Sep 09 11:45:53.857400 dv-cinder-856460-2-smb devstack@c-api.service[120410]: [pid: 120410|app: 0|req: 46/73] 10.222.0.64 () {58 vars in 1319 bytes} [Fri Sep 9 11:45:53 2022] GET /volume/v3/1879b36efdd64c3599dd3430a108de9b/types/501805ae-204f-4bdc-b92b-eecf723f862f => generated 114 bytes in 46 msecs (HTTP/1.1 404) 7 headers in 292 bytes (1 switches on core 0)
Sep 09 11:45:53.858995 dv-cinder-856460-2-smb devstack@c-api.service[120410]: DEBUG cinder.api.middleware.request_id [req-c24bb234-a499-403f-ba26-3ccde6cb5ab4 req-a00c133b-8d4a-48bf-9244-77e9fa81b17b None None] RequestId filter calling following filter/app {{(pid=120410) _context_setter /opt/stack/cinder/cinder/api/middleware/request_id.py:62}}
Sep 09 11:45:53.869317 dv-cinder-856460-2-smb devstack@c-api.service[120410]: INFO cinder.api.openstack.wsgi [req-c24bb234-a499-403f-ba26-3ccde6cb5ab4 req-a00c133b-8d4a-48bf-9244-77e9fa81b17b tempest-VolumesSnapshotsTestJSON-152076496 tempest-VolumesSnapshotsTestJSON-152076496-project] GET http://10.222.0.64/volume/v3/06ef6423a8f0492a97951c8cee660142/snapshots/4f50d86e-aa20-4ee0-907a-e67213a61af3
Sep 09 11:45:53.869317 dv-cinder-856460-2-smb devstack@c-api.service[120410]: DEBUG cinder.api.openstack.wsgi [req-c24bb234-a499-403f-ba26-3ccde6cb5ab4 req-a00c133b-8d4a-48bf-9244-77e9fa81b17b tempest-VolumesSnapshotsTestJSON-152076496 tempest-VolumesSnapshotsTestJSON-152076496-project] Empty body provided in request {{(pid=120410) get_body /opt/stack/cinder/cinder/api/openstack/wsgi.py:715}}
