Sep 09 11:46:42.729790 dv-cinder-856460-2-smb devstack@c-api.service[120409]: DEBUG cinder.api.openstack.wsgi [req-1decc53c-2def-468f-bb6f-cf9844739fc3 req-5fb39973-899c-423d-91f0-f4a5a4819387 tempest-DeleteServersTestJSON-2146974937 tempest-DeleteServersTestJSON-2146974937-project] Calling method 'show' {{(pid=120409) _process_stack /opt/stack/cinder/cinder/api/openstack/wsgi.py:868}}
Sep 09 11:46:42.732361 dv-cinder-856460-2-smb devstack@c-api.service[120410]: INFO cinder.api.openstack.wsgi [None req-866c4284-50c4-4c20-af23-de26feee0bab tempest-VolumeTypesAccessTest-1012083162 tempest-VolumeTypesAccessTest-1012083162-project-admin] POST http://10.222.0.64/volume/v3/c07599c3794242cb96de8f78ab83d3af/types/b701f3ca-eba9-49ea-b7bc-9d9b988aad68/action
Sep 09 11:46:42.733555 dv-cinder-856460-2-smb devstack@c-api.service[120410]: DEBUG cinder.api.openstack.wsgi [None req-866c4284-50c4-4c20-af23-de26feee0bab tempest-VolumeTypesAccessTest-1012083162 tempest-VolumeTypesAccessTest-1012083162-project-admin] Action body: b'{"removeProjectAccess": {"project": "994e415f91f94aed8f705a8be21f39eb"}}' {{(pid=120410) get_method /opt/stack/cinder/cinder/api/openstack/wsgi.py:983}}
Sep 09 11:46:42.734096 dv-cinder-856460-2-smb devstack@c-api.service[120410]: DEBUG cinder.api.openstack.wsgi [None req-866c4284-50c4-4c20-af23-de26feee0bab tempest-VolumeTypesAccessTest-1012083162 tempest-VolumeTypesAccessTest-1012083162-project-admin] Action: 'action', calling method: _removeProjectAccess, body: {"removeProjectAccess": {"project": "994e415f91f94aed8f705a8be21f39eb"}} {{(pid=120410) _process_stack /opt/stack/cinder/cinder/api/openstack/wsgi.py:866}}
Sep 09 11:46:42.762435 dv-cinder-856460-2-smb devstack@c-api.service[120409]: /usr/local/lib/python3.8/dist-packages/oslo_context/context.py:100: DeprecationWarning: Policy enforcement is depending on the value of is_admin. This key is deprecated. Please update your policy file to use the standard policy values.
Sep 09 11:46:42.762435 dv-cinder-856460-2-smb devstack@c-api.service[120409]: warnings.warn('Policy enforcement is depending on the value of '
Sep 09 11:46:42.771793 dv-cinder-856460-2-smb devstack@c-api.service[120409]: INFO cinder.volume.api [req-1decc53c-2def-468f-bb6f-cf9844739fc3 req-5fb39973-899c-423d-91f0-f4a5a4819387 tempest-DeleteServersTestJSON-2146974937 tempest-DeleteServersTestJSON-2146974937-project] Volume info retrieved successfully.
Sep 09 11:46:42.782570 dv-cinder-856460-2-smb devstack@c-api.service[120409]: INFO cinder.api.openstack.wsgi [req-1decc53c-2def-468f-bb6f-cf9844739fc3 req-5fb39973-899c-423d-91f0-f4a5a4819387 tempest-DeleteServersTestJSON-2146974937 tempest-DeleteServersTestJSON-2146974937-project] http://10.222.0.64/volume/v3/4a17c4018eb644b3b766e698e66bf1bd/volumes/9d422b1e-ee4d-4324-b930-f07481854b42 returned with HTTP 200
Sep 09 11:46:42.783697 dv-cinder-856460-2-smb devstack@c-api.service[120409]: [pid: 120409|app: 0|req: 154/301] 10.222.0.65 () {60 vars in 1412 bytes} [Fri Sep 9 11:46:42 2022] GET /volume/v3/4a17c4018eb644b3b766e698e66bf1bd/volumes/9d422b1e-ee4d-4324-b930-f07481854b42 => generated 1012 bytes in 61 msecs (HTTP/1.1 200) 7 headers in 287 bytes (1 switches on core 0)
Sep 09 11:46:42.802656 dv-cinder-856460-2-smb devstack@c-api.service[120409]: DEBUG cinder.api.middleware.request_id [None req-c1945fb3-d0c0-4f70-b994-7ec787537782 None None] RequestId filter calling following filter/app {{(pid=120409) _context_setter /opt/stack/cinder/cinder/api/middleware/request_id.py:62}}
Sep 09 11:46:42.809936 dv-cinder-856460-2-smb devstack@c-api.service[120409]: INFO cinder.api.openstack.wsgi [None req-c1945fb3-d0c0-4f70-b994-7ec787537782 tempest-VolumesTransfersTest-897299739 tempest-VolumesTransfersTest-897299739-project-admin] GET http://10.222.0.64/volume/v3/fc5309b344c2491cbe0ba39c0af3431c/volumes/86cdf948-b501-400b-9d45-4e6687d95215
Sep 09 11:46:42.809936 dv-cinder-856460-2-smb devstack@c-api.service[120409]: DEBUG cinder.api.openstack.wsgi [None req-c1945fb3-d0c0-4f70-b994-7ec787537782 tempest-VolumesTransfersTest-897299739 tempest-VolumesTransfersTest-897299739-project-admin] Empty body provided in request {{(pid=120409) get_body /opt/stack/cinder/cinder/api/openstack/wsgi.py:715}}
Sep 09 11:46:42.809936 dv-cinder-856460-2-smb devstack@c-api.service[120409]: DEBUG cinder.api.openstack.wsgi [None req-c1945fb3-d0c0-4f70-b994-7ec787537782 tempest-VolumesTransfersTest-897299739 tempest-VolumesTransfersTest-897299739-project-admin] Calling method 'show' {{(pid=120409) _process_stack /opt/stack/cinder/cinder/api/openstack/wsgi.py:868}}
Sep 09 11:46:42.822399 dv-cinder-856460-2-smb devstack@c-api.service[120409]: INFO cinder.api.openstack.wsgi [None req-c1945fb3-d0c0-4f70-b994-7ec787537782 tempest-VolumesTransfersTest-897299739 tempest-VolumesTransfersTest-897299739-project-admin] http://10.222.0.64/volume/v3/fc5309b344c2491cbe0ba39c0af3431c/volumes/86cdf948-b501-400b-9d45-4e6687d95215 returned with HTTP 404
Sep 09 11:46:42.823463 dv-cinder-856460-2-smb devstack@c-api.service[120409]: [pid: 120409|app: 0|req: 155/302] 10.222.0.64 () {58 vars in 1325 bytes} [Fri Sep 9 11:46:42 2022] GET /volume/v3/fc5309b344c2491cbe0ba39c0af3431c/volumes/86cdf948-b501-400b-9d45-4e6687d95215 => generated 109 bytes in 22 msecs (HTTP/1.1 404) 7 headers in 292 bytes (1 switches on core 0)
Sep 09 11:46:42.832422 dv-cinder-856460-2-smb devstack@c-api.service[120409]: DEBUG cinder.api.middleware.request_id [None req-2b271fa6-81c8-44bd-8f21-3f77c9b21958 None None] RequestId filter calling following filter/app {{(pid=120409) _context_setter /opt/stack/cinder/cinder/api/middleware/request_id.py:62}}
Sep 09 11:46:42.836314 dv-cinder-856460-2-smb devstack@c-api.service[120409]: INFO cinder.api.openstack.wsgi [None req-2b271fa6-81c8-44bd-8f21-3f77c9b21958 tempest-GroupSnapshotsTest-1944169860 tempest-GroupSnapshotsTest-1944169860-project] GET http://10.222.0.64/volume/v3/d374c56641724f7890861f8f3cb505cf/volumes/190fdea8-2c2d-4298-b5fe-7e8419e91da7
Sep 09 11:46:42.836610 dv-cinder-856460-2-smb devstack@c-api.service[120409]: DEBUG cinder.api.openstack.wsgi [None req-2b271fa6-81c8-44bd-8f21-3f77c9b21958 tempest-GroupSnapshotsTest-1944169860 tempest-GroupSnapshotsTest-1944169860-project] Empty body provided in request {{(pid=120409) get_body /opt/stack/cinder/cinder/api/openstack/wsgi.py:715}}
Sep 09 11:46:42.837141 dv-cinder-856460-2-smb devstack@c-api.service[120409]: DEBUG cinder.api.openstack.wsgi [None req-2b271fa6-81c8-44bd-8f21-3f77c9b21958 tempest-GroupSnapshotsTest-1944169860 tempest-GroupSnapshotsTest-1944169860-project] Calling method 'show' {{(pid=120409) _process_stack /opt/stack/cinder/cinder/api/openstack/wsgi.py:868}}
Sep 09 11:46:42.849882 dv-cinder-856460-2-smb devstack@c-api.service[120409]: INFO cinder.api.openstack.wsgi [None req-2b271fa6-81c8-44bd-8f21-3f77c9b21958 tempest-GroupSnapshotsTest-1944169860 tempest-GroupSnapshotsTest-1944169860-project] http://10.222.0.64/volume/v3/d374c56641724f7890861f8f3cb505cf/volumes/190fdea8-2c2d-4298-b5fe-7e8419e91da7 returned with HTTP 404
Sep 09 11:46:42.850893 dv-cinder-856460-2-smb devstack@c-api.service[120409]: [pid: 120409|app: 0|req: 156/303] 10.222.0.64 () {60 vars in 1366 bytes} [Fri Sep 9 11:46:42 2022] GET /volume/v3/d374c56641724f7890861f8f3cb505cf/volumes/190fdea8-2c2d-4298-b5fe-7e8419e91da7 => generated 109 bytes in 20 msecs (HTTP/1.1 404) 7 headers in 293 bytes (1 switches on core 0)
Sep 09 11:46:42.852665 dv-cinder-856460-2-smb devstack@c-api.service[120409]: DEBUG cinder.api.middleware.request_id [None req-6e359098-266b-41bb-bca9-3785a551731f None None] RequestId filter calling following filter/app {{(pid=120409) _context_setter /opt/stack/cinder/cinder/api/middleware/request_id.py:62}}
Sep 09 11:46:42.855640 dv-cinder-856460-2-smb devstack@c-api.service[120409]: INFO cinder.api.openstack.wsgi [None req-6e359098-266b-41bb-bca9-3785a551731f tempest-VolumesTransfersTest-1181576970 tempest-VolumesTransfersTest-1181576970-project] POST http://10.222.0.64/volume/v3/12f6cdbc21c24c0da6584b9187a82c5f/volumes
Sep 09 11:46:42.856310 dv-cinder-856460-2-smb devstack@c-api.service[120409]: DEBUG cinder.api.openstack.wsgi [None req-6e359098-266b-41bb-bca9-3785a551731f tempest-VolumesTransfersTest-1181576970 tempest-VolumesTransfersTest-1181576970-project] Action: 'create', calling method: create, body: {"volume": {"size": 1, "name": "tempest-VolumesTransfersTest-Volume-402321409"}} {{(pid=120409) _process_stack /opt/stack/cinder/cinder/api/openstack/wsgi.py:866}}
Sep 09 11:46:42.859116 dv-cinder-856460-2-smb devstack@c-api.service[120409]: DEBUG cinder.api.v3.volumes [None req-6e359098-266b-41bb-bca9-3785a551731f tempest-VolumesTransfersTest-1181576970 tempest-VolumesTransfersTest-1181576970-project] Create volume request body: {'volume': {'size': 1, 'name': 'tempest-VolumesTransfersTest-Volume-402321409'}} {{(pid=120409) create /opt/stack/cinder/cinder/api/v3/volumes.py:298}}
Sep 09 11:46:42.859498 dv-cinder-856460-2-smb devstack@c-api.service[120409]: INFO cinder.api.v3.volumes [None req-6e359098-266b-41bb-bca9-3785a551731f tempest-VolumesTransfersTest-1181576970 tempest-VolumesTransfersTest-1181576970-project] Create volume of 1 GB
Sep 09 11:46:42.865468 dv-cinder-856460-2-smb devstack@c-api.service[120410]: INFO cinder.api.openstack.wsgi [None req-866c4284-50c4-4c20-af23-de26feee0bab tempest-VolumeTypesAccessTest-1012083162 tempest-VolumeTypesAccessTest-1012083162-project-admin] http://10.222.0.64/volume/v3/c07599c3794242cb96de8f78ab83d3af/types/b701f3ca-eba9-49ea-b7bc-9d9b988aad68/action returned with HTTP 202
Sep 09 11:46:42.866428 dv-cinder-856460-2-smb devstack@c-api.service[120410]: [pid: 120410|app: 0|req: 148/304] 10.222.0.64 () {60 vars in 1361 bytes} [Fri Sep 9 11:46:42 2022] POST /volume/v3/c07599c3794242cb96de8f78ab83d3af/types/b701f3ca-eba9-49ea-b7bc-9d9b988aad68/action => generated 0 bytes in 150 msecs (HTTP/1.1 202) 6 headers in 233 bytes (1 switches on core 0)
Sep 09 11:46:42.867290 dv-cinder-856460-2-smb devstack@c-api.service[120409]: INFO cinder.volume.api [None req-6e359098-266b-41bb-bca9-3785a551731f tempest-VolumesTransfersTest-1181576970 tempest-VolumesTransfersTest-1181576970-project] Availability Zones retrieved successfully.
Sep 09 11:46:42.878667 dv-cinder-856460-2-smb devstack@c-api.service[120410]: DEBUG cinder.api.middleware.request_id [None req-d2dee9b7-8145-4491-8ab9-cabff2852d11 None None] RequestId filter calling following filter/app {{(pid=120410) _context_setter /opt/stack/cinder/cinder/api/middleware/request_id.py:62}}
Sep 09 11:46:42.878667 dv-cinder-856460-2-smb devstack@c-api.service[120410]: INFO cinder.api.openstack.wsgi [None req-d2dee9b7-8145-4491-8ab9-cabff2852d11 tempest-GroupSnapshotsTest-1944169860 tempest-GroupSnapshotsTest-1944169860-project] GET http://10.222.0.64/volume/v3/d374c56641724f7890861f8f3cb505cf/groups/c6930ecc-52bb-4c53-bac2-a653863b6ca5
Sep 09 11:46:42.878667 dv-cinder-856460-2-smb devstack@c-api.service[120410]: DEBUG cinder.api.openstack.wsgi [None req-d2dee9b7-8145-4491-8ab9-cabff2852d11 tempest-GroupSnapshotsTest-1944169860 tempest-GroupSnapshotsTest-1944169860-project] Empty body provided in request {{(pid=120410) get_body /opt/stack/cinder/cinder/api/openstack/wsgi.py:715}}
Sep 09 11:46:42.878667 dv-cinder-856460-2-smb devstack@c-api.service[120410]: DEBUG cinder.api.openstack.wsgi [None req-d2dee9b7-8145-4491-8ab9-cabff2852d11 tempest-GroupSnapshotsTest-1944169860 tempest-GroupSnapshotsTest-1944169860-project] Calling method 'version_select' {{(pid=120410) _process_stack /opt/stack/cinder/cinder/api/openstack/wsgi.py:868}}
Sep 09 11:46:42.878667 dv-cinder-856460-2-smb devstack@c-api.service[120410]: DEBUG cinder.api.v3.groups [None req-d2dee9b7-8145-4491-8ab9-cabff2852d11 tempest-GroupSnapshotsTest-1944169860 tempest-GroupSnapshotsTest-1944169860-project] show called for member c6930ecc-52bb-4c53-bac2-a653863b6ca5 {{(pid=120410) show /opt/stack/cinder/cinder/api/v3/groups.py:58}}
Sep 09 11:46:42.884308 dv-cinder-856460-2-smb devstack@c-api.service[120410]: /usr/local/lib/python3.8/dist-packages/oslo_context/context.py:100: DeprecationWarning: Policy enforcement is depending on the value of is_admin. This key is deprecated. Please update your policy file to use the standard policy values.
Sep 09 11:46:42.884308 dv-cinder-856460-2-smb devstack@c-api.service[120410]: warnings.warn('Policy enforcement is depending on the value of '
Sep 09 11:46:42.886245 dv-cinder-856460-2-smb devstack@c-api.service[120409]: DEBUG cinder.volume.api [None req-6e359098-266b-41bb-bca9-3785a551731f tempest-VolumesTransfersTest-1181576970 tempest-VolumesTransfersTest-1181576970-project] Flow 'volume_create_api' (e91c291d-fe2f-4eff-8c59-073346489ccb) transitioned into state 'RUNNING' from state 'PENDING' {{(pid=120409) _flow_receiver /usr/local/lib/python3.8/dist-packages/taskflow/listeners/logging.py:141}}
Sep 09 11:46:42.888720 dv-cinder-856460-2-smb devstack@c-api.service[120409]: DEBUG cinder.volume.api [None req-6e359098-266b-41bb-bca9-3785a551731f tempest-VolumesTransfersTest-1181576970 tempest-VolumesTransfersTest-1181576970-project] Task 'cinder.volume.flows.api.create_volume.ExtractVolumeRequestTask;volume:create' (c47046f1-1391-4cc3-9794-e0fb0ca6ac2e) transitioned into state 'RUNNING' from state 'PENDING' {{(pid=120409) _task_receiver /usr/local/lib/python3.8/dist-packages/taskflow/listeners/logging.py:190}}
Sep 09 11:46:42.892615 dv-cinder-856460-2-smb devstack@c-api.service[120409]: DEBUG cinder.volume.flows.api.create_volume [None req-6e359098-266b-41bb-bca9-3785a551731f tempest-VolumesTransfersTest-1181576970 tempest-VolumesTransfersTest-1181576970-project] Validating volume size '1' using validate_int {{(pid=120409) _extract_size /opt/stack/cinder/cinder/volume/flows/api/create_volume.py:228}}
Sep 09 11:46:42.899356 dv-cinder-856460-2-smb devstack@c-api.service[120410]: INFO cinder.api.openstack.wsgi [None req-d2dee9b7-8145-4491-8ab9-cabff2852d11 tempest-GroupSnapshotsTest-1944169860 tempest-GroupSnapshotsTest-1944169860-project] http://10.222.0.64/volume/v3/d374c56641724f7890861f8f3cb505cf/groups/c6930ecc-52bb-4c53-bac2-a653863b6ca5 returned with HTTP 200
Sep 09 11:46:42.900117 dv-cinder-856460-2-smb devstack@c-api.service[120410]: [pid: 120410|app: 0|req: 149/305] 10.222.0.64 () {60 vars in 1363 bytes} [Fri Sep 9 11:46:42 2022] GET /volume/v3/d374c56641724f7890861f8f3cb505cf/groups/c6930ecc-52bb-4c53-bac2-a653863b6ca5 => generated 392 bytes in 29 msecs (HTTP/1.1 200) 7 headers in 286 bytes (1 switches on core 0)
Sep 09 11:46:42.908532 dv-cinder-856460-2-smb devstack@c-api.service[120410]: DEBUG cinder.api.middleware.request_id [None req-04fde7c1-6741-48b4-bc7a-5c5da35761d4 None None] RequestId filter calling following filter/app {{(pid=120410) _context_setter /opt/stack/cinder/cinder/api/middleware/request_id.py:62}}
Sep 09 11:46:42.912415 dv-cinder-856460-2-smb devstack@c-api.service[120410]: INFO cinder.api.openstack.wsgi [None req-04fde7c1-6741-48b4-bc7a-5c5da35761d4 tempest-VolumeTypesAccessTest-1012083162 tempest-VolumeTypesAccessTest-1012083162-project-admin] DELETE http://10.222.0.64/volume/v3/c07599c3794242cb96de8f78ab83d3af/types/b701f3ca-eba9-49ea-b7bc-9d9b988aad68
Sep 09 11:46:42.912874 dv-cinder-856460-2-smb devstack@c-api.service[120410]: DEBUG cinder.api.openstack.wsgi [None req-04fde7c1-6741-48b4-bc7a-5c5da35761d4 tempest-VolumeTypesAccessTest-1012083162 tempest-VolumeTypesAccessTest-1012083162-project-admin] Empty body provided in request {{(pid=120410) get_body /opt/stack/cinder/cinder/api/openstack/wsgi.py:715}}
Sep 09 11:46:42.913472 dv-cinder-856460-2-smb devstack@c-api.service[120410]: DEBUG cinder.api.openstack.wsgi [None req-04fde7c1-6741-48b4-bc7a-5c5da35761d4 tempest-VolumeTypesAccessTest-1012083162 tempest-VolumeTypesAccessTest-1012083162-project-admin] Calling method '_delete' {{(pid=120410) _process_stack /opt/stack/cinder/cinder/api/openstack/wsgi.py:868}}
Sep 09 11:46:42.914098 dv-cinder-856460-2-smb devstack@c-api.service[120410]: /usr/local/lib/python3.8/dist-packages/oslo_context/context.py:100: DeprecationWarning: Policy enforcement is depending on the value of is_admin. This key is deprecated. Please update your policy file to use the standard policy values.
Sep 09 11:46:42.914098 dv-cinder-856460-2-smb devstack@c-api.service[120410]: warnings.warn('Policy enforcement is depending on the value of '
Sep 09 11:46:42.944312 dv-cinder-856460-2-smb devstack@c-api.service[120409]: DEBUG cinder.volume.api [None req-6e359098-266b-41bb-bca9-3785a551731f tempest-VolumesTransfersTest-1181576970 tempest-VolumesTransfersTest-1181576970-project] Task 'cinder.volume.flows.api.create_volume.ExtractVolumeRequestTask;volume:create' (c47046f1-1391-4cc3-9794-e0fb0ca6ac2e) transitioned into state 'SUCCESS' from state 'RUNNING' with result '{'size': 1, 'snapshot_id': None, 'source_volid': None, 'volume_type': VolumeType(created_at=2022-09-09T11:29:36Z,deleted=False,deleted_at=None,description='Default Volume Type',extra_specs={},id=8527831e-c77b-4307-8152-6fcab0637c12,is_public=True,name='__DEFAULT__',projects=[],qos_specs=,qos_specs_id=None,updated_at=2022-09-09T11:29:36Z), 'volume_type_id': '8527831e-c77b-4307-8152-6fcab0637c12', 'encryption_key_id': None, 'qos_specs': None, 'consistencygroup_id': None, 'cgsnapshot_id': None, 'group_id': None, 'replication_status': 'disabled', 'refresh_az': False, 'backup_id': None, 'multiattach': False, 'availability_zones': ['nova']}' {{(pid=120409) _task_receiver /usr/local/lib/python3.8/dist-packages/taskflow/listeners/logging.py:178}}
Sep 09 11:46:42.950177 dv-cinder-856460-2-smb devstack@c-api.service[120409]: DEBUG cinder.volume.api [None req-6e359098-266b-41bb-bca9-3785a551731f tempest-VolumesTransfersTest-1181576970 tempest-VolumesTransfersTest-1181576970-project] Task 'cinder.volume.flows.api.create_volume.QuotaReserveTask;volume:create' (d7d21dc7-ceb5-46a1-8c2b-27cc65af1f4b) transitioned into state 'RUNNING' from state 'PENDING' {{(pid=120409) _task_receiver /usr/local/lib/python3.8/dist-packages/taskflow/listeners/logging.py:190}}
Sep 09 11:46:43.109608 dv-cinder-856460-2-smb devstack@c-api.service[120410]: INFO cinder.api.openstack.wsgi [None req-04fde7c1-6741-48b4-bc7a-5c5da35761d4 tempest-VolumeTypesAccessTest-1012083162 tempest-VolumeTypesAccessTest-1012083162-project-admin] http://10.222.0.64/volume/v3/c07599c3794242cb96de8f78ab83d3af/types/b701f3ca-eba9-49ea-b7bc-9d9b988aad68 returned with HTTP 202
Sep 09 11:46:43.110294 dv-cinder-856460-2-smb devstack@c-api.service[120409]: DEBUG cinder.quota [None req-6e359098-266b-41bb-bca9-3785a551731f tempest-VolumesTransfersTest-1181576970 tempest-VolumesTransfersTest-1181576970-project] Created reservations ['bcc3d491-46f7-4ee4-8648-0ff6f6edc97f', 'abcc61b3-d35e-47c1-be72-2c2077f8076a', '9d29597d-391b-413f-8121-ed0bf7e5d5b2', '4fc38894-40e0-4900-b934-12303401fcbd'] {{(pid=120409) reserve /opt/stack/cinder/cinder/quota.py:755}}
Sep 09 11:46:43.113818 dv-cinder-856460-2-smb devstack@c-api.service[120410]: DEBUG dbcounter [-] [120410] Writing DB stats cinder:SELECT=76,cinder:INSERT=11,cinder:UPDATE=13 {{(pid=120410) stat_writer /usr/local/lib/python3.8/dist-packages/dbcounter.py:114}}
Sep 09 11:46:43.114720 dv-cinder-856460-2-smb devstack@c-api.service[120410]: [pid: 120410|app: 0|req: 150/306] 10.222.0.64 () {58 vars in 1322 bytes} [Fri Sep 9 11:46:42 2022] DELETE /volume/v3/c07599c3794242cb96de8f78ab83d3af/types/b701f3ca-eba9-49ea-b7bc-9d9b988aad68 => generated 0 bytes in 212 msecs (HTTP/1.1 202) 6 headers in 233 bytes (1 switches on core 0)
Sep 09 11:46:43.114868 dv-cinder-856460-2-smb devstack@c-api.service[120409]: DEBUG cinder.volume.api [None req-6e359098-266b-41bb-bca9-3785a551731f tempest-VolumesTransfersTest-1181576970 tempest-VolumesTransfersTest-1181576970-project] Task 'cinder.volume.flows.api.create_volume.QuotaReserveTask;volume:create' (d7d21dc7-ceb5-46a1-8c2b-27cc65af1f4b) transitioned into state 'SUCCESS' from state 'RUNNING' with result '{'reservations': ['bcc3d491-46f7-4ee4-8648-0ff6f6edc97f', 'abcc61b3-d35e-47c1-be72-2c2077f8076a', '9d29597d-391b-413f-8121-ed0bf7e5d5b2', '4fc38894-40e0-4900-b934-12303401fcbd']}' {{(pid=120409) _task_receiver /usr/local/lib/python3.8/dist-packages/taskflow/listeners/logging.py:178}}
Sep 09 11:46:43.116796 dv-cinder-856460-2-smb devstack@c-api.service[120410]: DEBUG cinder.api.middleware.request_id [req-1decc53c-2def-468f-bb6f-cf9844739fc3 req-f293ea9c-4c88-408e-948f-04b47b0a4c0a None None] RequestId filter calling following filter/app {{(pid=120410) _context_setter /opt/stack/cinder/cinder/api/middleware/request_id.py:62}}
Sep 09 11:46:43.117676 dv-cinder-856460-2-smb devstack@c-api.service[120409]: DEBUG cinder.volume.api [None req-6e359098-266b-41bb-bca9-3785a551731f tempest-VolumesTransfersTest-1181576970 tempest-VolumesTransfersTest-1181576970-project] Task 'cinder.volume.flows.api.create_volume.EntryCreateTask;volume:create' (47b32b9c-887e-4b3b-9f34-26735568c508) transitioned into state 'RUNNING' from state 'PENDING' {{(pid=120409) _task_receiver /usr/local/lib/python3.8/dist-packages/taskflow/listeners/logging.py:190}}
Sep 09 11:46:43.121319 dv-cinder-856460-2-smb devstack@c-api.service[120410]: INFO cinder.api.openstack.wsgi [req-1decc53c-2def-468f-bb6f-cf9844739fc3 req-f293ea9c-4c88-408e-948f-04b47b0a4c0a tempest-DeleteServersTestJSON-2146974937 tempest-DeleteServersTestJSON-2146974937-project] PUT http://10.222.0.64/volume/v3/4a17c4018eb644b3b766e698e66bf1bd/attachments/3f780c98-fe1a-4492-bd0e-fb7fd1a6a3a1
Sep 09 11:46:43.122128 dv-cinder-856460-2-smb devstack@c-api.service[120410]: DEBUG cinder.api.openstack.wsgi [req-1decc53c-2def-468f-bb6f-cf9844739fc3 req-f293ea9c-4c88-408e-948f-04b47b0a4c0a tempest-DeleteServersTestJSON-2146974937 tempest-DeleteServersTestJSON-2146974937-project] Action: 'update', calling method: version_select, body: {"attachment": {"connector": {"platform": "AMD64", "os_type": "win32", "ip": "10.222.0.65", "host": "hv-cinder-85646", "multipath": false, "initiator": "iqn.1991-05.com.microsoft:hv-cinder-85646", "mountpoint": "/dev/sdb"}}} {{(pid=120410) _process_stack /opt/stack/cinder/cinder/api/openstack/wsgi.py:866}}
Sep 09 11:46:43.161382 dv-cinder-856460-2-smb devstack@c-api.service[120410]: DEBUG cinder.coordination [req-1decc53c-2def-468f-bb6f-cf9844739fc3 req-f293ea9c-4c88-408e-948f-04b47b0a4c0a tempest-DeleteServersTestJSON-2146974937 tempest-DeleteServersTestJSON-2146974937-project] Acquiring lock "cinder-attachment_update-9d422b1e-ee4d-4324-b930-f07481854b42-hv-cinder-85646" by "attachment_update" {{(pid=120410) _synchronized /opt/stack/cinder/cinder/coordination.py:192}}
Sep 09 11:46:43.173816 dv-cinder-856460-2-smb devstack@c-api.service[120410]: DEBUG cinder.coordination [req-1decc53c-2def-468f-bb6f-cf9844739fc3 req-f293ea9c-4c88-408e-948f-04b47b0a4c0a tempest-DeleteServersTestJSON-2146974937 tempest-DeleteServersTestJSON-2146974937-project] Lock "cinder-attachment_update-9d422b1e-ee4d-4324-b930-f07481854b42-hv-cinder-85646" acquired by "attachment_update" :: waited 0.012s {{(pid=120410) _synchronized /opt/stack/cinder/cinder/coordination.py:196}}
Sep 09 11:46:43.175901 dv-cinder-856460-2-smb devstack@c-api.service[120410]: /usr/local/lib/python3.8/dist-packages/oslo_context/context.py:100: DeprecationWarning: Policy enforcement is depending on the value of is_admin. This key is deprecated. Please update your policy file to use the standard policy values.
Sep 09 11:46:43.175901 dv-cinder-856460-2-smb devstack@c-api.service[120410]: warnings.warn('Policy enforcement is depending on the value of '
Sep 09 11:46:43.262364 dv-cinder-856460-2-smb devstack@c-api.service[120409]: DEBUG cinder.volume.api [None req-6e359098-266b-41bb-bca9-3785a551731f tempest-VolumesTransfersTest-1181576970 tempest-VolumesTransfersTest-1181576970-project] Task 'cinder.volume.flows.api.create_volume.EntryCreateTask;volume:create' (47b32b9c-887e-4b3b-9f34-26735568c508) transitioned into state 'SUCCESS' from state 'RUNNING' with result '{'volume_id': 'b0938809-ce65-46bf-95eb-c09de9860ed8', 'volume_properties': VolumeProperties(attach_status='detached',availability_zone='nova',cgsnapshot_id=None,consistencygroup_id=None,display_description=None,display_name='tempest-VolumesTransfersTest-Volume-402321409',encryption_key_id=None,group_id=None,group_type_id=,metadata={},multiattach=False,project_id='12f6cdbc21c24c0da6584b9187a82c5f',qos_specs=None,replication_status=,reservations=['bcc3d491-46f7-4ee4-8648-0ff6f6edc97f','abcc61b3-d35e-47c1-be72-2c2077f8076a','9d29597d-391b-413f-8121-ed0bf7e5d5b2','4fc38894-40e0-4900-b934-12303401fcbd'],size=1,snapshot_id=None,source_replicaid=,source_volid=None,status='creating',user_id='ced19102c5a546f3b6b44300f8a8c912',volume_type_id=8527831e-c77b-4307-8152-6fcab0637c12), 'volume': Volume(_name_id=None,admin_metadata=,attach_status='detached',availability_zone='nova',bootable=False,cluster=,cluster_name=None,consistencygroup=,consistencygroup_id=None,created_at=2022-09-09T11:46:43Z,deleted=False,deleted_at=None,display_description=None,display_name='tempest-VolumesTransfersTest-Volume-402321409',ec2_id=None,encryption_key_id=None,glance_metadata=,group=,group_id=None,host=None,id=b0938809-ce65-46bf-95eb-c09de9860ed8,launched_at=None,metadata={},migration_status=None,multiattach=False,previous_status=None,project_id='12f6cdbc21c24c0da6584b9187a82c5f',provider_auth=None,provider_geometry=None,provider_id=None,provider_location=None,replication_driver_data=None,replication_extended_status=None,replication_status=None,scheduled_at=None,service_uuid=None,shared_targets=True,size=1,snapshot_id=None,snapshots=,source_volid=None,status='creating',terminated_at=None,updated_at=None,use_quota=True,user_id='ced19102c5a546f3b6b44300f8a8c912',volume_attachment=VolumeAttachmentList,volume_type=VolumeType(8527831e-c77b-4307-8152-6fcab0637c12),volume_type_id=8527831e-c77b-4307-8152-6fcab0637c12)}' {{(pid=120409) _task_receiver /usr/local/lib/python3.8/dist-packages/taskflow/listeners/logging.py:178}}
Sep 09 11:46:43.265127 dv-cinder-856460-2-smb devstack@c-api.service[120409]: DEBUG cinder.volume.api [None req-6e359098-266b-41bb-bca9-3785a551731f tempest-VolumesTransfersTest-1181576970 tempest-VolumesTransfersTest-1181576970-project] Task 'cinder.volume.flows.api.create_volume.QuotaCommitTask;volume:create' (d858012d-b697-46f7-856a-7930947ea48a) transitioned into state 'RUNNING' from state 'PENDING' {{(pid=120409) _task_receiver /usr/local/lib/python3.8/dist-packages/taskflow/listeners/logging.py:190}}
Sep 09 11:46:43.405279 dv-cinder-856460-2-smb devstack@c-api.service[120409]: DEBUG cinder.volume.api [None req-6e359098-266b-41bb-bca9-3785a551731f tempest-VolumesTransfersTest-1181576970 tempest-VolumesTransfersTest-1181576970-project] Task 'cinder.volume.flows.api.create_volume.QuotaCommitTask;volume:create' (d858012d-b697-46f7-856a-7930947ea48a) transitioned into state 'SUCCESS' from state 'RUNNING' with result '{'volume_properties': VolumeProperties(attach_status='detached',availability_zone='nova',cgsnapshot_id=None,consistencygroup_id=None,display_description=None,display_name='tempest-VolumesTransfersTest-Volume-402321409',encryption_key_id=None,group_id=None,group_type_id=,metadata={},multiattach=False,project_id='12f6cdbc21c24c0da6584b9187a82c5f',qos_specs=None,replication_status=,reservations=['bcc3d491-46f7-4ee4-8648-0ff6f6edc97f','abcc61b3-d35e-47c1-be72-2c2077f8076a','9d29597d-391b-413f-8121-ed0bf7e5d5b2','4fc38894-40e0-4900-b934-12303401fcbd'],size=1,snapshot_id=None,source_replicaid=,source_volid=None,status='creating',user_id='ced19102c5a546f3b6b44300f8a8c912',volume_type_id=8527831e-c77b-4307-8152-6fcab0637c12)}' {{(pid=120409) _task_receiver /usr/local/lib/python3.8/dist-packages/taskflow/listeners/logging.py:178}}
Sep 09 11:46:43.407147 dv-cinder-856460-2-smb devstack@c-api.service[120409]: DEBUG cinder.volume.api [None req-6e359098-266b-41bb-bca9-3785a551731f tempest-VolumesTransfersTest-1181576970 tempest-VolumesTransfersTest-1181576970-project] Task 'cinder.volume.flows.api.create_volume.VolumeCastTask;volume:create' (bb070047-3e8b-44bb-b4cb-027a7e3ad7fd) transitioned into state 'RUNNING' from state 'PENDING' {{(pid=120409) _task_receiver /usr/local/lib/python3.8/dist-packages/taskflow/listeners/logging.py:190}}
Sep 09 11:46:43.559039 dv-cinder-856460-2-smb devstack@c-api.service[120409]: DEBUG cinder.volume.api [None req-6e359098-266b-41bb-bca9-3785a551731f tempest-VolumesTransfersTest-1181576970 tempest-VolumesTransfersTest-1181576970-project] Task 'cinder.volume.flows.api.create_volume.VolumeCastTask;volume:create' (bb070047-3e8b-44bb-b4cb-027a7e3ad7fd) transitioned into state 'SUCCESS' from state 'RUNNING' with result 'None' {{(pid=120409) _task_receiver /usr/local/lib/python3.8/dist-packages/taskflow/listeners/logging.py:178}}
Sep 09 11:46:43.586425 dv-cinder-856460-2-smb devstack@c-api.service[120409]: DEBUG cinder.volume.api [None req-6e359098-266b-41bb-bca9-3785a551731f tempest-VolumesTransfersTest-1181576970 tempest-VolumesTransfersTest-1181576970-project] Flow 'volume_create_api' (e91c291d-fe2f-4eff-8c59-073346489ccb) transitioned into state 'SUCCESS' from state 'RUNNING' {{(pid=120409) _flow_receiver /usr/local/lib/python3.8/dist-packages/taskflow/listeners/logging.py:141}}
Sep 09 11:46:43.586425 dv-cinder-856460-2-smb devstack@c-api.service[120409]: INFO cinder.volume.api [None req-6e359098-266b-41bb-bca9-3785a551731f tempest-VolumesTransfersTest-1181576970 tempest-VolumesTransfersTest-1181576970-project] Create volume request issued successfully.
Sep 09 11:46:43.586425 dv-cinder-856460-2-smb devstack@c-api.service[120409]: INFO cinder.api.openstack.wsgi [None req-6e359098-266b-41bb-bca9-3785a551731f tempest-VolumesTransfersTest-1181576970 tempest-VolumesTransfersTest-1181576970-project] http://10.222.0.64/volume/v3/12f6cdbc21c24c0da6584b9187a82c5f/volumes returned with HTTP 202
Sep 09 11:46:43.586425 dv-cinder-856460-2-smb devstack@c-api.service[120409]: [pid: 120409|app: 0|req: 157/307] 10.222.0.64 () {60 vars in 1235 bytes} [Fri Sep 9 11:46:42 2022] POST /volume/v3/12f6cdbc21c24c0da6584b9187a82c5f/volumes => generated 819 bytes in 719 msecs (HTTP/1.1 202) 7 headers in 291 bytes (1 switches on core 0)
Sep 09 11:46:43.586425 dv-cinder-856460-2-smb devstack@c-api.service[120409]: DEBUG cinder.api.middleware.request_id [None req-a2ed7754-0127-4e81-8f0e-887ac2920423 None None] RequestId filter calling following filter/app {{(pid=120409) _context_setter /opt/stack/cinder/cinder/api/middleware/request_id.py:62}}
Sep 09 11:46:43.586425 dv-cinder-856460-2-smb devstack@c-api.service[120409]: INFO cinder.api.openstack.wsgi [None req-a2ed7754-0127-4e81-8f0e-887ac2920423 tempest-VolumeTypesAccessTest-1012083162 tempest-VolumeTypesAccessTest-1012083162-project-admin] GET http://10.222.0.64/volume/v3/c07599c3794242cb96de8f78ab83d3af/types/b701f3ca-eba9-49ea-b7bc-9d9b988aad68
Sep 09 11:46:43.586425 dv-cinder-856460-2-smb devstack@c-api.service[120409]: DEBUG cinder.api.openstack.wsgi [None req-a2ed7754-0127-4e81-8f0e-887ac2920423 tempest-VolumeTypesAccessTest-1012083162 tempest-VolumeTypesAccessTest-1012083162-project-admin] Empty body provided in request {{(pid=120409) get_body /opt/stack/cinder/cinder/api/openstack/wsgi.py:715}}
Sep 09 11:46:43.586425 dv-cinder-856460-2-smb devstack@c-api.service[120409]: DEBUG cinder.api.openstack.wsgi [None req-a2ed7754-0127-4e81-8f0e-887ac2920423 tempest-VolumeTypesAccessTest-1012083162 tempest-VolumeTypesAccessTest-1012083162-project-admin] Calling method 'show' {{(pid=120409) _process_stack /opt/stack/cinder/cinder/api/openstack/wsgi.py:868}}
Sep 09 11:46:43.596585 dv-cinder-856460-2-smb devstack@c-api.service[120409]: INFO cinder.api.openstack.wsgi [None req-a2ed7754-0127-4e81-8f0e-887ac2920423 tempest-VolumeTypesAccessTest-1012083162 tempest-VolumeTypesAccessTest-1012083162-project-admin] http://10.222.0.64/volume/v3/c07599c3794242cb96de8f78ab83d3af/types/b701f3ca-eba9-49ea-b7bc-9d9b988aad68 returned with HTTP 404
Sep 09 11:46:43.600586 dv-cinder-856460-2-smb devstack@c-api.service[120409]: [pid: 120409|app: 0|req: 158/308] 10.222.0.64 () {58 vars in 1319 bytes} [Fri Sep 9 11:46:43 2022] GET /volume/v3/c07599c3794242cb96de8f78ab83d3af/types/b701f3ca-eba9-49ea-b7bc-9d9b988aad68 => generated 114 bytes in 29 msecs (HTTP/1.1 404) 7 headers in 292 bytes (1 switches on core 0)
Sep 09 11:46:43.602183 dv-cinder-856460-2-smb devstack@c-api.service[120409]: DEBUG cinder.api.middleware.request_id [None req-2a6fe771-b2d3-4eaa-a126-2717a147a1dd None None] RequestId filter calling following filter/app {{(pid=120409) _context_setter /opt/stack/cinder/cinder/api/middleware/request_id.py:62}}
Sep 09 11:46:43.605869 dv-cinder-856460-2-smb devstack@c-api.service[120409]: INFO cinder.api.openstack.wsgi [None req-2a6fe771-b2d3-4eaa-a126-2717a147a1dd tempest-DeleteServersTestJSON-2146974937 tempest-DeleteServersTestJSON-2146974937-project] GET http://10.222.0.64/volume/v3/4a17c4018eb644b3b766e698e66bf1bd/volumes/9d422b1e-ee4d-4324-b930-f07481854b42
Sep 09 11:46:43.606247 dv-cinder-856460-2-smb devstack@c-api.service[120409]: DEBUG cinder.api.openstack.wsgi [None req-2a6fe771-b2d3-4eaa-a126-2717a147a1dd tempest-DeleteServersTestJSON-2146974937 tempest-DeleteServersTestJSON-2146974937-project] Empty body provided in request {{(pid=120409) get_body /opt/stack/cinder/cinder/api/openstack/wsgi.py:715}}
Sep 09 11:46:43.606860 dv-cinder-856460-2-smb devstack@c-api.service[120409]: DEBUG cinder.api.openstack.wsgi [None req-2a6fe771-b2d3-4eaa-a126-2717a147a1dd tempest-DeleteServersTestJSON-2146974937 tempest-DeleteServersTestJSON-2146974937-project] Calling method 'show' {{(pid=120409) _process_stack /opt/stack/cinder/cinder/api/openstack/wsgi.py:868}}
Sep 09 11:46:43.628356 dv-cinder-856460-2-smb devstack@c-api.service[120409]: /usr/local/lib/python3.8/dist-packages/oslo_context/context.py:100: DeprecationWarning: Policy enforcement is depending on the value of is_admin. This key is deprecated. Please update your policy file to use the standard policy values.
Sep 09 11:46:43.628356 dv-cinder-856460-2-smb devstack@c-api.service[120409]: warnings.warn('Policy enforcement is depending on the value of '
Sep 09 11:46:43.634822 dv-cinder-856460-2-smb devstack@c-api.service[120409]: INFO cinder.volume.api [None req-2a6fe771-b2d3-4eaa-a126-2717a147a1dd tempest-DeleteServersTestJSON-2146974937 tempest-DeleteServersTestJSON-2146974937-project] Volume info retrieved successfully.
Sep 09 11:46:43.644027 dv-cinder-856460-2-smb devstack@c-api.service[120409]: INFO cinder.api.openstack.wsgi [None req-2a6fe771-b2d3-4eaa-a126-2717a147a1dd tempest-DeleteServersTestJSON-2146974937 tempest-DeleteServersTestJSON-2146974937-project] http://10.222.0.64/volume/v3/4a17c4018eb644b3b766e698e66bf1bd/volumes/9d422b1e-ee4d-4324-b930-f07481854b42 returned with HTTP 200
Sep 09 11:46:43.644776 dv-cinder-856460-2-smb devstack@c-api.service[120409]: [pid: 120409|app: 0|req: 159/309] 10.222.0.64 () {58 vars in 1325 bytes} [Fri Sep 9 11:46:43 2022] GET /volume/v3/4a17c4018eb644b3b766e698e66bf1bd/volumes/9d422b1e-ee4d-4324-b930-f07481854b42 => generated 913 bytes in 43 msecs (HTTP/1.1 200) 7 headers in 285 bytes (1 switches on core 0)
Sep 09 11:46:43.654593 dv-cinder-856460-2-smb devstack@c-api.service[120409]: DEBUG cinder.api.middleware.request_id [None req-bd21c378-04c3-4bf0-bb66-8450f332b3aa None None] RequestId filter calling following filter/app {{(pid=120409) _context_setter /opt/stack/cinder/cinder/api/middleware/request_id.py:62}}
Sep 09 11:46:43.658500 dv-cinder-856460-2-smb devstack@c-api.service[120409]: INFO cinder.api.openstack.wsgi [None req-bd21c378-04c3-4bf0-bb66-8450f332b3aa tempest-VolumesTransfersTest-1181576970 tempest-VolumesTransfersTest-1181576970-project] GET http://10.222.0.64/volume/v3/12f6cdbc21c24c0da6584b9187a82c5f/volumes/b0938809-ce65-46bf-95eb-c09de9860ed8
Sep 09 11:46:43.659052 dv-cinder-856460-2-smb devstack@c-api.service[120409]: DEBUG cinder.api.openstack.wsgi [None req-bd21c378-04c3-4bf0-bb66-8450f332b3aa tempest-VolumesTransfersTest-1181576970 tempest-VolumesTransfersTest-1181576970-project] Empty body provided in request {{(pid=120409) get_body /opt/stack/cinder/cinder/api/openstack/wsgi.py:715}}
Sep 09 11:46:43.659592 dv-cinder-856460-2-smb devstack@c-api.service[120409]: DEBUG cinder.api.openstack.wsgi [None req-bd21c378-04c3-4bf0-bb66-8450f332b3aa tempest-VolumesTransfersTest-1181576970 tempest-VolumesTransfersTest-1181576970-project] Calling method 'show' {{(pid=120409) _process_stack /opt/stack/cinder/cinder/api/openstack/wsgi.py:868}}
Sep 09 11:46:43.674148 dv-cinder-856460-2-smb devstack@c-api.service[120409]: /usr/local/lib/python3.8/dist-packages/oslo_context/context.py:100: DeprecationWarning: Policy enforcement is depending on the value of is_admin. This key is deprecated. Please update your policy file to use the standard policy values.
Sep 09 11:46:43.674148 dv-cinder-856460-2-smb devstack@c-api.service[120409]: warnings.warn('Policy enforcement is depending on the value of '
Sep 09 11:46:43.680467 dv-cinder-856460-2-smb devstack@c-api.service[120409]: INFO cinder.volume.api [None req-bd21c378-04c3-4bf0-bb66-8450f332b3aa tempest-VolumesTransfersTest-1181576970 tempest-VolumesTransfersTest-1181576970-project] Volume info retrieved successfully.
Sep 09 11:46:43.690033 dv-cinder-856460-2-smb devstack@c-api.service[120409]: INFO cinder.api.openstack.wsgi [None req-bd21c378-04c3-4bf0-bb66-8450f332b3aa tempest-VolumesTransfersTest-1181576970 tempest-VolumesTransfersTest-1181576970-project] http://10.222.0.64/volume/v3/12f6cdbc21c24c0da6584b9187a82c5f/volumes/b0938809-ce65-46bf-95eb-c09de9860ed8 returned with HTTP 200
Sep 09 11:46:43.690760 dv-cinder-856460-2-smb devstack@c-api.service[120409]: [pid: 120409|app: 0|req: 160/310] 10.222.0.64 () {58 vars in 1325 bytes} [Fri Sep 9 11:46:43 2022] GET /volume/v3/12f6cdbc21c24c0da6584b9187a82c5f/volumes/b0938809-ce65-46bf-95eb-c09de9860ed8 => generated 887 bytes in 45 msecs (HTTP/1.1 200) 7 headers in 285 bytes (1 switches on core 0)
Sep 09 11:46:43.692006 dv-cinder-856460-2-smb devstack@c-api.service[120409]: DEBUG cinder.api.middleware.request_id [None req-4ff2ec09-98e5-4550-8ea6-470d815f9736 None None] RequestId filter calling following filter/app {{(pid=120409) _context_setter /opt/stack/cinder/cinder/api/middleware/request_id.py:62}}
Sep 09 11:46:43.695418 dv-cinder-856460-2-smb devstack@c-api.service[120409]: INFO cinder.api.openstack.wsgi [None req-4ff2ec09-98e5-4550-8ea6-470d815f9736 tempest-VolumeTypesAccessTest-763767754 tempest-VolumeTypesAccessTest-763767754-project] DELETE http://10.222.0.64/volume/v3/994e415f91f94aed8f705a8be21f39eb/volumes/68c87c69-0868-4161-9851-d64e9112eb79
Sep 09 11:46:43.695861 dv-cinder-856460-2-smb devstack@c-api.service[120409]: DEBUG cinder.api.openstack.wsgi [None req-4ff2ec09-98e5-4550-8ea6-470d815f9736 tempest-VolumeTypesAccessTest-763767754 tempest-VolumeTypesAccessTest-763767754-project] Empty body provided in request {{(pid=120409) get_body /opt/stack/cinder/cinder/api/openstack/wsgi.py:715}}
Sep 09 11:46:43.696314 dv-cinder-856460-2-smb devstack@c-api.service[120409]: DEBUG cinder.api.openstack.wsgi [None req-4ff2ec09-98e5-4550-8ea6-470d815f9736 tempest-VolumeTypesAccessTest-763767754 tempest-VolumeTypesAccessTest-763767754-project] Calling method 'delete' {{(pid=120409) _process_stack /opt/stack/cinder/cinder/api/openstack/wsgi.py:868}}
Sep 09 11:46:43.696710 dv-cinder-856460-2-smb devstack@c-api.service[120409]: INFO cinder.api.v3.volumes [None req-4ff2ec09-98e5-4550-8ea6-470d815f9736 tempest-VolumeTypesAccessTest-763767754 tempest-VolumeTypesAccessTest-763767754-project] Delete volume with id: 68c87c69-0868-4161-9851-d64e9112eb79
Sep 09 11:46:43.710693 dv-cinder-856460-2-smb devstack@c-api.service[120409]: /usr/local/lib/python3.8/dist-packages/oslo_context/context.py:100: DeprecationWarning: Policy enforcement is depending on the value of is_admin. This key is deprecated. Please update your policy file to use the standard policy values.
Sep 09 11:46:43.710693 dv-cinder-856460-2-smb devstack@c-api.service[120409]: warnings.warn('Policy enforcement is depending on the value of '
Sep 09 11:46:43.711724 dv-cinder-856460-2-smb devstack@c-api.service[120409]: INFO cinder.volume.api [None req-4ff2ec09-98e5-4550-8ea6-470d815f9736 tempest-VolumeTypesAccessTest-763767754 tempest-VolumeTypesAccessTest-763767754-project] Volume info retrieved successfully.
Sep 09 11:46:43.905085 dv-cinder-856460-2-smb devstack@c-api.service[120409]: INFO cinder.volume.api [None req-4ff2ec09-98e5-4550-8ea6-470d815f9736 tempest-VolumeTypesAccessTest-763767754 tempest-VolumeTypesAccessTest-763767754-project] Delete volume request issued successfully.
Sep 09 11:46:43.905085 dv-cinder-856460-2-smb devstack@c-api.service[120409]: INFO cinder.api.openstack.wsgi [None req-4ff2ec09-98e5-4550-8ea6-470d815f9736 tempest-VolumeTypesAccessTest-763767754 tempest-VolumeTypesAccessTest-763767754-project] http://10.222.0.64/volume/v3/994e415f91f94aed8f705a8be21f39eb/volumes/68c87c69-0868-4161-9851-d64e9112eb79 returned with HTTP 202
Sep 09 11:46:43.906350 dv-cinder-856460-2-smb devstack@c-api.service[120409]: [pid: 120409|app: 0|req: 161/311] 10.222.0.64 () {58 vars in 1328 bytes} [Fri Sep 9 11:46:43 2022] DELETE /volume/v3/994e415f91f94aed8f705a8be21f39eb/volumes/68c87c69-0868-4161-9851-d64e9112eb79 => generated 0 bytes in 215 msecs (HTTP/1.1 202) 6 headers in 233 bytes (1 switches on core 0)
Sep 09 11:46:43.911451 dv-cinder-856460-2-smb devstack@c-api.service[120409]: DEBUG cinder.api.middleware.request_id [None req-5f2dc34a-9ffe-44be-b582-ff5c98b35871 None None] RequestId filter calling following filter/app {{(pid=120409) _context_setter /opt/stack/cinder/cinder/api/middleware/request_id.py:62}}
Sep 09 11:46:43.915638 dv-cinder-856460-2-smb devstack@c-api.service[120410]: DEBUG cinder.coordination [req-1decc53c-2def-468f-bb6f-cf9844739fc3 req-f293ea9c-4c88-408e-948f-04b47b0a4c0a tempest-DeleteServersTestJSON-2146974937 tempest-DeleteServersTestJSON-2146974937-project] Lock "cinder-attachment_update-9d422b1e-ee4d-4324-b930-f07481854b42-hv-cinder-85646" released by "attachment_update" :: held 0.742s {{(pid=120410) _synchronized /opt/stack/cinder/cinder/coordination.py:207}}
Sep 09 11:46:43.917278 dv-cinder-856460-2-smb devstack@c-api.service[120409]: INFO cinder.api.openstack.wsgi [None req-5f2dc34a-9ffe-44be-b582-ff5c98b35871 tempest-VolumeTypesAccessTest-763767754 tempest-VolumeTypesAccessTest-763767754-project] GET http://10.222.0.64/volume/v3/994e415f91f94aed8f705a8be21f39eb/volumes/68c87c69-0868-4161-9851-d64e9112eb79
Sep 09 11:46:43.917535 dv-cinder-856460-2-smb devstack@c-api.service[120410]: INFO cinder.api.openstack.wsgi [req-1decc53c-2def-468f-bb6f-cf9844739fc3 req-f293ea9c-4c88-408e-948f-04b47b0a4c0a tempest-DeleteServersTestJSON-2146974937 tempest-DeleteServersTestJSON-2146974937-project] http://10.222.0.64/volume/v3/4a17c4018eb644b3b766e698e66bf1bd/attachments/3f780c98-fe1a-4492-bd0e-fb7fd1a6a3a1 returned with HTTP 200
Sep 09 11:46:43.917746 dv-cinder-856460-2-smb devstack@c-api.service[120409]: DEBUG cinder.api.openstack.wsgi [None req-5f2dc34a-9ffe-44be-b582-ff5c98b35871 tempest-VolumeTypesAccessTest-763767754 tempest-VolumeTypesAccessTest-763767754-project] Empty body provided in request {{(pid=120409) get_body /opt/stack/cinder/cinder/api/openstack/wsgi.py:715}}
Sep 09 11:46:43.918264 dv-cinder-856460-2-smb devstack@c-api.service[120409]: DEBUG cinder.api.openstack.wsgi [None req-5f2dc34a-9ffe-44be-b582-ff5c98b35871 tempest-VolumeTypesAccessTest-763767754 tempest-VolumeTypesAccessTest-763767754-project] Calling method 'show' {{(pid=120409) _process_stack /opt/stack/cinder/cinder/api/openstack/wsgi.py:868}}
Sep 09 11:46:43.919048 dv-cinder-856460-2-smb devstack@c-api.service[120410]: [pid: 120410|app: 0|req: 151/312] 10.222.0.65 () {64 vars in 1477 bytes} [Fri Sep 9 11:46:43 2022] PUT /volume/v3/4a17c4018eb644b3b766e698e66bf1bd/attachments/3f780c98-fe1a-4492-bd0e-fb7fd1a6a3a1 => generated 652 bytes in 803 msecs (HTTP/1.1 200) 7 headers in 286 bytes (1 switches on core 0)
Sep 09 11:46:43.920731 dv-cinder-856460-2-smb devstack@c-api.service[120410]: DEBUG cinder.api.middleware.request_id [None req-2d3b17d5-b724-4ab7-8977-e080434e6ce1 None None] RequestId filter calling following filter/app {{(pid=120410) _context_setter /opt/stack/cinder/cinder/api/middleware/request_id.py:62}}
Sep 09 11:46:43.926769 dv-cinder-856460-2-smb devstack@c-api.service[120410]: INFO cinder.api.openstack.wsgi [None req-2d3b17d5-b724-4ab7-8977-e080434e6ce1 tempest-GroupSnapshotsTest-1944169860 tempest-GroupSnapshotsTest-1944169860-project] GET http://10.222.0.64/volume/v3/d374c56641724f7890861f8f3cb505cf/groups/c6930ecc-52bb-4c53-bac2-a653863b6ca5
Sep 09 11:46:43.927880 dv-cinder-856460-2-smb devstack@c-api.service[120410]: DEBUG cinder.api.openstack.wsgi [None req-2d3b17d5-b724-4ab7-8977-e080434e6ce1 tempest-GroupSnapshotsTest-1944169860 tempest-GroupSnapshotsTest-1944169860-project] Empty body provided in request {{(pid=120410) get_body /opt/stack/cinder/cinder/api/openstack/wsgi.py:715}}
Sep 09 11:46:43.929087 dv-cinder-856460-2-smb devstack@c-api.service[120410]: DEBUG cinder.api.openstack.wsgi [None req-2d3b17d5-b724-4ab7-8977-e080434e6ce1 tempest-GroupSnapshotsTest-1944169860 tempest-GroupSnapshotsTest-1944169860-project] Calling method 'version_select' {{(pid=120410) _process_stack /opt/stack/cinder/cinder/api/openstack/wsgi.py:868}}
Sep 09 11:46:43.930692 dv-cinder-856460-2-smb devstack@c-api.service[120410]: DEBUG cinder.api.v3.groups [None req-2d3b17d5-b724-4ab7-8977-e080434e6ce1 tempest-GroupSnapshotsTest-1944169860 tempest-GroupSnapshotsTest-1944169860-project] show called for member c6930ecc-52bb-4c53-bac2-a653863b6ca5 {{(pid=120410) show /opt/stack/cinder/cinder/api/v3/groups.py:58}}
Sep 09 11:46:43.941155 dv-cinder-856460-2-smb devstack@c-api.service[120409]: /usr/local/lib/python3.8/dist-packages/oslo_context/context.py:100: DeprecationWarning: Policy enforcement is depending on the value of is_admin. This key is deprecated. Please update your policy file to use the standard policy values.
Sep 09 11:46:43.941155 dv-cinder-856460-2-smb devstack@c-api.service[120409]: warnings.warn('Policy enforcement is depending on the value of '
Sep 09 11:46:43.944743 dv-cinder-856460-2-smb devstack@c-api.service[120410]: INFO cinder.api.openstack.wsgi [None req-2d3b17d5-b724-4ab7-8977-e080434e6ce1 tempest-GroupSnapshotsTest-1944169860 tempest-GroupSnapshotsTest-1944169860-project] http://10.222.0.64/volume/v3/d374c56641724f7890861f8f3cb505cf/groups/c6930ecc-52bb-4c53-bac2-a653863b6ca5 returned with HTTP 404
Sep 09 11:46:43.945752 dv-cinder-856460-2-smb devstack@c-api.service[120410]: [pid: 120410|app: 0|req: 152/313] 10.222.0.64 () {60 vars in 1363 bytes} [Fri Sep 9 11:46:43 2022] GET /volume/v3/d374c56641724f7890861f8f3cb505cf/groups/c6930ecc-52bb-4c53-bac2-a653863b6ca5 => generated 108 bytes in 26 msecs (HTTP/1.1 404) 7 headers in 293 bytes (1 switches on core 0)
Sep 09 11:46:43.950140 dv-cinder-856460-2-smb devstack@c-api.service[120409]: INFO cinder.volume.api [None req-5f2dc34a-9ffe-44be-b582-ff5c98b35871 tempest-VolumeTypesAccessTest-763767754 tempest-VolumeTypesAccessTest-763767754-project] Volume info retrieved successfully.
Sep 09 11:46:43.952858 dv-cinder-856460-2-smb devstack@c-api.service[120410]: DEBUG cinder.api.middleware.request_id [None req-0800d2b7-ee38-47f1-95ea-1fc9dbd0178a None None] RequestId filter calling following filter/app {{(pid=120410) _context_setter /opt/stack/cinder/cinder/api/middleware/request_id.py:62}}
Sep 09 11:46:43.958121 dv-cinder-856460-2-smb devstack@c-api.service[120410]: INFO cinder.api.openstack.wsgi [None req-0800d2b7-ee38-47f1-95ea-1fc9dbd0178a tempest-GroupSnapshotsTest-601196995 tempest-GroupSnapshotsTest-601196995-project-admin] DELETE http://10.222.0.64/volume/v3/080339901d74477fa2524b1764c4941e/group_types/04685169-88f8-402e-bf2b-9ebf7a197b07
Sep 09 11:46:43.958797 dv-cinder-856460-2-smb devstack@c-api.service[120410]: DEBUG cinder.api.openstack.wsgi [None req-0800d2b7-ee38-47f1-95ea-1fc9dbd0178a tempest-GroupSnapshotsTest-601196995 tempest-GroupSnapshotsTest-601196995-project-admin] Empty body provided in request {{(pid=120410) get_body /opt/stack/cinder/cinder/api/openstack/wsgi.py:715}}
Sep 09 11:46:43.959406 dv-cinder-856460-2-smb devstack@c-api.service[120410]: DEBUG cinder.api.openstack.wsgi [None req-0800d2b7-ee38-47f1-95ea-1fc9dbd0178a tempest-GroupSnapshotsTest-601196995 tempest-GroupSnapshotsTest-601196995-project-admin] Calling method 'version_select' {{(pid=120410) _process_stack /opt/stack/cinder/cinder/api/openstack/wsgi.py:868}}
Sep 09 11:46:43.960394 dv-cinder-856460-2-smb devstack@c-api.service[120410]: /usr/local/lib/python3.8/dist-packages/oslo_context/context.py:100: DeprecationWarning: Policy enforcement is depending on the value of is_admin. This key is deprecated. Please update your policy file to use the standard policy values.
Sep 09 11:46:43.960394 dv-cinder-856460-2-smb devstack@c-api.service[120410]: warnings.warn('Policy enforcement is depending on the value of '
Sep 09 11:46:43.965881 dv-cinder-856460-2-smb devstack@c-api.service[120409]: INFO cinder.api.openstack.wsgi [None req-5f2dc34a-9ffe-44be-b582-ff5c98b35871 tempest-VolumeTypesAccessTest-763767754 tempest-VolumeTypesAccessTest-763767754-project] http://10.222.0.64/volume/v3/994e415f91f94aed8f705a8be21f39eb/volumes/68c87c69-0868-4161-9851-d64e9112eb79 returned with HTTP 200
Sep 09 11:46:43.968360 dv-cinder-856460-2-smb devstack@c-api.service[120409]: [pid: 120409|app: 0|req: 162/314] 10.222.0.64 () {58 vars in 1325 bytes} [Fri Sep 9 11:46:43 2022] GET /volume/v3/994e415f91f94aed8f705a8be21f39eb/volumes/68c87c69-0868-4161-9851-d64e9112eb79 => generated 954 bytes in 58 msecs (HTTP/1.1 200) 7 headers in 285 bytes (1 switches on core 0)
