Sep 08 16:26:39.612955 dv-cinder-856259-2-smb devstack@placement-api.service[107263]: [pid: 107263|app: 0|req: 220/444] 10.222.0.23 () {58 vars in 1362 bytes} [Thu Sep 8 16:26:39 2022] GET /placement/resource_providers/a8515646-736a-48d5-b349-fdd8b6c77c14/aggregates => generated 235 bytes in 11 msecs (HTTP/1.1 404) 5 headers in 202 bytes (1 switches on core 0)
Sep 08 16:26:39.638747 dv-cinder-856259-2-smb devstack@placement-api.service[107264]: DEBUG placement.requestlog [None req-d23deb65-5737-49b4-bc92-6585c1247ef3 None None] Starting request: 10.222.0.23 "DELETE /placement/resource_providers/a8515646-736a-48d5-b349-fdd8b6c77c14" {{(pid=107264) __call__ /opt/stack/placement/placement/requestlog.py:55}}
Sep 08 16:26:39.648832 dv-cinder-856259-2-smb devstack@placement-api.service[107264]: DEBUG placement.wsgi_wrapper [None req-d23deb65-5737-49b4-bc92-6585c1247ef3 service placement] Placement API returning an error response: No resource provider with uuid a8515646-736a-48d5-b349-fdd8b6c77c14 found for delete {{(pid=107264) call_func /opt/stack/placement/placement/wsgi_wrapper.py:31}}
Sep 08 16:26:39.649704 dv-cinder-856259-2-smb devstack@placement-api.service[107264]: INFO placement.requestlog [None req-d23deb65-5737-49b4-bc92-6585c1247ef3 service placement] 10.222.0.23 "DELETE /placement/resource_providers/a8515646-736a-48d5-b349-fdd8b6c77c14" status: 404 len: 246 microversion: 1.1
Sep 08 16:26:39.650086 dv-cinder-856259-2-smb devstack@placement-api.service[107264]: [pid: 107264|app: 0|req: 225/445] 10.222.0.23 () {60 vars in 1351 bytes} [Thu Sep 8 16:26:39 2022] DELETE /placement/resource_providers/a8515646-736a-48d5-b349-fdd8b6c77c14 => generated 246 bytes in 12 msecs (HTTP/1.1 404) 6 headers in 231 bytes (1 switches on core 0)
Sep 08 16:26:49.610570 dv-cinder-856259-2-smb devstack@placement-api.service[107263]: DEBUG dbcounter [-] [107263] Writing DB stats placement:SELECT=20 {{(pid=107263) stat_writer /usr/local/lib/python3.8/dist-packages/dbcounter.py:114}}
Sep 08 16:26:49.646932 dv-cinder-856259-2-smb devstack@placement-api.service[107264]: DEBUG dbcounter [-] [107264] Writing DB stats placement:SELECT=21,placement:DELETE=2 {{(pid=107264) stat_writer /usr/local/lib/python3.8/dist-packages/dbcounter.py:114}}
Sep 08 16:26:56.901304 dv-cinder-856259-2-smb devstack@placement-api.service[107263]: DEBUG placement.requestlog [req-5461cd2e-8e43-4bf3-ad32-298aef9783a7 req-beb3895f-334a-4b6a-9631-5cc7a5f2f6ba None None] Starting request: 10.222.0.43 "GET /placement/resource_providers/f8aa47a5-5572-4c32-801c-612971ee8045/allocations" {{(pid=107263) __call__ /opt/stack/placement/placement/requestlog.py:55}}
Sep 08 16:26:56.921997 dv-cinder-856259-2-smb devstack@placement-api.service[107263]: INFO placement.requestlog [req-5461cd2e-8e43-4bf3-ad32-298aef9783a7 req-beb3895f-334a-4b6a-9631-5cc7a5f2f6ba service placement] 10.222.0.43 "GET /placement/resource_providers/f8aa47a5-5572-4c32-801c-612971ee8045/allocations" status: 200 len: 356 microversion: 1.0
Sep 08 16:26:56.924195 dv-cinder-856259-2-smb devstack@placement-api.service[107263]: [pid: 107263|app: 0|req: 221/446] 10.222.0.43 () {58 vars in 1390 bytes} [Thu Sep 8 16:26:56 2022] GET /placement/resource_providers/f8aa47a5-5572-4c32-801c-612971ee8045/allocations => generated 356 bytes in 21 msecs (HTTP/1.1 200) 6 headers in 224 bytes (1 switches on core 0)
Sep 08 16:26:57.065758 dv-cinder-856259-2-smb devstack@placement-api.service[107264]: DEBUG placement.requestlog [req-5461cd2e-8e43-4bf3-ad32-298aef9783a7 req-9b35c86b-b5f5-4663-ab5c-9d21e196a877 None None] Starting request: 10.222.0.43 "GET /placement/resource_providers/f8aa47a5-5572-4c32-801c-612971ee8045/allocations" {{(pid=107264) __call__ /opt/stack/placement/placement/requestlog.py:55}}
Sep 08 16:26:57.091264 dv-cinder-856259-2-smb devstack@placement-api.service[107264]: INFO placement.requestlog [req-5461cd2e-8e43-4bf3-ad32-298aef9783a7 req-9b35c86b-b5f5-4663-ab5c-9d21e196a877 service placement] 10.222.0.43 "GET /placement/resource_providers/f8aa47a5-5572-4c32-801c-612971ee8045/allocations" status: 200 len: 356 microversion: 1.0
Sep 08 16:26:57.091912 dv-cinder-856259-2-smb devstack@placement-api.service[107264]: [pid: 107264|app: 0|req: 226/447] 10.222.0.43 () {58 vars in 1390 bytes} [Thu Sep 8 16:26:57 2022] GET /placement/resource_providers/f8aa47a5-5572-4c32-801c-612971ee8045/allocations => generated 356 bytes in 27 msecs (HTTP/1.1 200) 6 headers in 224 bytes (1 switches on core 0)
Sep 08 16:26:57.099004 dv-cinder-856259-2-smb devstack@placement-api.service[107263]: DEBUG placement.requestlog [req-5461cd2e-8e43-4bf3-ad32-298aef9783a7 req-6640bbf9-8b96-422c-a1ac-590ec8d8a946 None None] Starting request: 10.222.0.43 "GET /placement/allocations/72bb0219-4f0f-4075-b152-3f2e8adc0e1b" {{(pid=107263) __call__ /opt/stack/placement/placement/requestlog.py:55}}
Sep 08 16:26:57.116206 dv-cinder-856259-2-smb devstack@placement-api.service[107263]: INFO placement.requestlog [req-5461cd2e-8e43-4bf3-ad32-298aef9783a7 req-6640bbf9-8b96-422c-a1ac-590ec8d8a946 service placement] 10.222.0.43 "GET /placement/allocations/72bb0219-4f0f-4075-b152-3f2e8adc0e1b" status: 200 len: 259 microversion: 1.28
Sep 08 16:26:57.116831 dv-cinder-856259-2-smb devstack@placement-api.service[107263]: [pid: 107263|app: 0|req: 222/448] 10.222.0.43 () {60 vars in 1377 bytes} [Thu Sep 8 16:26:57 2022] GET /placement/allocations/72bb0219-4f0f-4075-b152-3f2e8adc0e1b => generated 259 bytes in 18 msecs (HTTP/1.1 200) 8 headers in 296 bytes (2 switches on core 0)
Sep 08 16:26:57.123724 dv-cinder-856259-2-smb devstack@placement-api.service[107264]: DEBUG placement.requestlog [req-5461cd2e-8e43-4bf3-ad32-298aef9783a7 req-0e2b236a-75be-4851-959e-db0cb8005707 None None] Starting request: 10.222.0.43 "GET /placement/allocations/7a535016-0028-4d79-8e8b-62e3918adae1" {{(pid=107264) __call__ /opt/stack/placement/placement/requestlog.py:55}}
Sep 08 16:26:57.141112 dv-cinder-856259-2-smb devstack@placement-api.service[107264]: INFO placement.requestlog [req-5461cd2e-8e43-4bf3-ad32-298aef9783a7 req-0e2b236a-75be-4851-959e-db0cb8005707 service placement] 10.222.0.43 "GET /placement/allocations/7a535016-0028-4d79-8e8b-62e3918adae1" status: 200 len: 259 microversion: 1.28
Sep 08 16:26:57.141615 dv-cinder-856259-2-smb devstack@placement-api.service[107264]: [pid: 107264|app: 0|req: 227/449] 10.222.0.43 () {60 vars in 1377 bytes} [Thu Sep 8 16:26:57 2022] GET /placement/allocations/7a535016-0028-4d79-8e8b-62e3918adae1 => generated 259 bytes in 18 msecs (HTTP/1.1 200) 8 headers in 296 bytes (1 switches on core 0)
Sep 08 16:26:57.149081 dv-cinder-856259-2-smb devstack@placement-api.service[107263]: DEBUG placement.requestlog [req-5461cd2e-8e43-4bf3-ad32-298aef9783a7 req-3ba405b1-597b-453d-aab6-ba0a58c3cb4d None None] Starting request: 10.222.0.43 "GET /placement/allocations/00bd56b7-eb87-4276-b138-85e05e64a650" {{(pid=107263) __call__ /opt/stack/placement/placement/requestlog.py:55}}
Sep 08 16:26:57.176108 dv-cinder-856259-2-smb devstack@placement-api.service[107263]: INFO placement.requestlog [req-5461cd2e-8e43-4bf3-ad32-298aef9783a7 req-3ba405b1-597b-453d-aab6-ba0a58c3cb4d service placement] 10.222.0.43 "GET /placement/allocations/00bd56b7-eb87-4276-b138-85e05e64a650" status: 200 len: 259 microversion: 1.28
Sep 08 16:26:57.177154 dv-cinder-856259-2-smb devstack@placement-api.service[107263]: [pid: 107263|app: 0|req: 223/450] 10.222.0.43 () {60 vars in 1377 bytes} [Thu Sep 8 16:26:57 2022] GET /placement/allocations/00bd56b7-eb87-4276-b138-85e05e64a650 => generated 259 bytes in 28 msecs (HTTP/1.1 200) 8 headers in 296 bytes (2 switches on core 0)
Sep 08 16:26:58.262891 dv-cinder-856259-2-smb devstack@placement-api.service[107264]: DEBUG placement.requestlog [req-1d3af070-6022-437d-872f-323ba764a647 req-aa1382db-5e3c-489b-8037-1b9c37cd46b3 None None] Starting request: 10.222.0.43 "GET /placement/resource_providers/f8aa47a5-5572-4c32-801c-612971ee8045/allocations" {{(pid=107264) __call__ /opt/stack/placement/placement/requestlog.py:55}}
Sep 08 16:26:58.288995 dv-cinder-856259-2-smb devstack@placement-api.service[107264]: INFO placement.requestlog [req-1d3af070-6022-437d-872f-323ba764a647 req-aa1382db-5e3c-489b-8037-1b9c37cd46b3 service placement] 10.222.0.43 "GET /placement/resource_providers/f8aa47a5-5572-4c32-801c-612971ee8045/allocations" status: 200 len: 356 microversion: 1.0
Sep 08 16:26:58.290033 dv-cinder-856259-2-smb devstack@placement-api.service[107264]: [pid: 107264|app: 0|req: 228/451] 10.222.0.43 () {58 vars in 1390 bytes} [Thu Sep 8 16:26:58 2022] GET /placement/resource_providers/f8aa47a5-5572-4c32-801c-612971ee8045/allocations => generated 356 bytes in 27 msecs (HTTP/1.1 200) 6 headers in 224 bytes (1 switches on core 0)
Sep 08 16:26:58.296646 dv-cinder-856259-2-smb devstack@placement-api.service[107263]: DEBUG placement.requestlog [req-1d3af070-6022-437d-872f-323ba764a647 req-5a460e16-ef54-4459-9dfd-b19edcae2651 None None] Starting request: 10.222.0.43 "GET /placement/allocations/72bb0219-4f0f-4075-b152-3f2e8adc0e1b" {{(pid=107263) __call__ /opt/stack/placement/placement/requestlog.py:55}}
Sep 08 16:26:58.312637 dv-cinder-856259-2-smb devstack@placement-api.service[107263]: INFO placement.requestlog [req-1d3af070-6022-437d-872f-323ba764a647 req-5a460e16-ef54-4459-9dfd-b19edcae2651 service placement] 10.222.0.43 "GET /placement/allocations/72bb0219-4f0f-4075-b152-3f2e8adc0e1b" status: 200 len: 259 microversion: 1.28
Sep 08 16:26:58.313340 dv-cinder-856259-2-smb devstack@placement-api.service[107263]: [pid: 107263|app: 0|req: 224/452] 10.222.0.43 () {60 vars in 1377 bytes} [Thu Sep 8 16:26:58 2022] GET /placement/allocations/72bb0219-4f0f-4075-b152-3f2e8adc0e1b => generated 259 bytes in 17 msecs (HTTP/1.1 200) 8 headers in 296 bytes (1 switches on core 0)
Sep 08 16:26:58.321607 dv-cinder-856259-2-smb devstack@placement-api.service[107264]: DEBUG placement.requestlog [req-1d3af070-6022-437d-872f-323ba764a647 req-18265909-a07f-4ae4-8aef-32be44812597 None None] Starting request: 10.222.0.43 "GET /placement/allocations/7a535016-0028-4d79-8e8b-62e3918adae1" {{(pid=107264) __call__ /opt/stack/placement/placement/requestlog.py:55}}
Sep 08 16:26:58.341715 dv-cinder-856259-2-smb devstack@placement-api.service[107264]: INFO placement.requestlog [req-1d3af070-6022-437d-872f-323ba764a647 req-18265909-a07f-4ae4-8aef-32be44812597 service placement] 10.222.0.43 "GET /placement/allocations/7a535016-0028-4d79-8e8b-62e3918adae1" status: 200 len: 259 microversion: 1.28
Sep 08 16:26:58.342344 dv-cinder-856259-2-smb devstack@placement-api.service[107264]: [pid: 107264|app: 0|req: 229/453] 10.222.0.43 () {60 vars in 1377 bytes} [Thu Sep 8 16:26:58 2022] GET /placement/allocations/7a535016-0028-4d79-8e8b-62e3918adae1 => generated 259 bytes in 22 msecs (HTTP/1.1 200) 8 headers in 296 bytes (1 switches on core 0)
Sep 08 16:26:58.367835 dv-cinder-856259-2-smb devstack@placement-api.service[107263]: DEBUG placement.requestlog [req-1d3af070-6022-437d-872f-323ba764a647 req-0775ed13-65ea-4325-97a4-8c224a083a8f None None] Starting request: 10.222.0.43 "GET /placement/allocations/00bd56b7-eb87-4276-b138-85e05e64a650" {{(pid=107263) __call__ /opt/stack/placement/placement/requestlog.py:55}}
Sep 08 16:26:58.381259 dv-cinder-856259-2-smb devstack@placement-api.service[107263]: INFO placement.requestlog [req-1d3af070-6022-437d-872f-323ba764a647 req-0775ed13-65ea-4325-97a4-8c224a083a8f service placement] 10.222.0.43 "GET /placement/allocations/00bd56b7-eb87-4276-b138-85e05e64a650" status: 200 len: 259 microversion: 1.28
Sep 08 16:26:58.381775 dv-cinder-856259-2-smb devstack@placement-api.service[107263]: [pid: 107263|app: 0|req: 225/454] 10.222.0.43 () {60 vars in 1377 bytes} [Thu Sep 8 16:26:58 2022] GET /placement/allocations/00bd56b7-eb87-4276-b138-85e05e64a650 => generated 259 bytes in 18 msecs (HTTP/1.1 200) 8 headers in 296 bytes (1 switches on core 0)
Sep 08 16:26:58.611521 dv-cinder-856259-2-smb devstack@placement-api.service[107264]: DEBUG placement.requestlog [req-1d3af070-6022-437d-872f-323ba764a647 req-7258d21c-68fd-48d5-b4d9-d6de264d7484 None None] Starting request: 10.222.0.43 "DELETE /placement/allocations/7a535016-0028-4d79-8e8b-62e3918adae1" {{(pid=107264) __call__ /opt/stack/placement/placement/requestlog.py:55}}
Sep 08 16:26:58.808982 dv-cinder-856259-2-smb devstack@placement-api.service[107264]: DEBUG placement.handlers.allocation [req-1d3af070-6022-437d-872f-323ba764a647 req-7258d21c-68fd-48d5-b4d9-d6de264d7484 service placement] Successfully deleted allocations [, , ] {{(pid=107264) delete_allocations /opt/stack/placement/placement/handlers/allocation.py:627}}
Sep 08 16:26:58.809814 dv-cinder-856259-2-smb devstack@placement-api.service[107264]: INFO placement.requestlog [req-1d3af070-6022-437d-872f-323ba764a647 req-7258d21c-68fd-48d5-b4d9-d6de264d7484 service placement] 10.222.0.43 "DELETE /placement/allocations/7a535016-0028-4d79-8e8b-62e3918adae1" status: 204 len: 0 microversion: 1.0
Sep 08 16:26:58.810438 dv-cinder-856259-2-smb devstack@placement-api.service[107264]: [pid: 107264|app: 0|req: 230/455] 10.222.0.43 () {60 vars in 1355 bytes} [Thu Sep 8 16:26:58 2022] DELETE /placement/allocations/7a535016-0028-4d79-8e8b-62e3918adae1 => generated 0 bytes in 199 msecs (HTTP/1.1 204) 5 headers in 198 bytes (1 switches on core 0)
Sep 08 16:27:07.805108 dv-cinder-856259-2-smb devstack@placement-api.service[107263]: DEBUG placement.requestlog [None req-48cfe63d-f694-4578-a8e6-5c699f3002a8 None None] Starting request: 10.222.0.23 "GET /placement/resource_providers/497ec083-ff78-4112-9618-fa8d39526cc1/aggregates" {{(pid=107263) __call__ /opt/stack/placement/placement/requestlog.py:55}}
Sep 08 16:27:07.815634 dv-cinder-856259-2-smb devstack@placement-api.service[107263]: INFO placement.requestlog [None req-48cfe63d-f694-4578-a8e6-5c699f3002a8 service placement] 10.222.0.23 "GET /placement/resource_providers/497ec083-ff78-4112-9618-fa8d39526cc1/aggregates" status: 404 len: 235 microversion: 1.1
Sep 08 16:27:07.816089 dv-cinder-856259-2-smb devstack@placement-api.service[107263]: [pid: 107263|app: 0|req: 226/456] 10.222.0.23 () {58 vars in 1362 bytes} [Thu Sep 8 16:27:07 2022] GET /placement/resource_providers/497ec083-ff78-4112-9618-fa8d39526cc1/aggregates => generated 235 bytes in 11 msecs (HTTP/1.1 404) 5 headers in 202 bytes (2 switches on core 0)
Sep 08 16:27:07.842469 dv-cinder-856259-2-smb devstack@placement-api.service[107264]: DEBUG placement.requestlog [None req-3b08fb22-93ee-495c-bdce-964cfbdf0b55 None None] Starting request: 10.222.0.23 "DELETE /placement/resource_providers/497ec083-ff78-4112-9618-fa8d39526cc1" {{(pid=107264) __call__ /opt/stack/placement/placement/requestlog.py:55}}
Sep 08 16:27:07.852804 dv-cinder-856259-2-smb devstack@placement-api.service[107264]: DEBUG placement.wsgi_wrapper [None req-3b08fb22-93ee-495c-bdce-964cfbdf0b55 service placement] Placement API returning an error response: No resource provider with uuid 497ec083-ff78-4112-9618-fa8d39526cc1 found for delete {{(pid=107264) call_func /opt/stack/placement/placement/wsgi_wrapper.py:31}}
Sep 08 16:27:07.853776 dv-cinder-856259-2-smb devstack@placement-api.service[107264]: INFO placement.requestlog [None req-3b08fb22-93ee-495c-bdce-964cfbdf0b55 service placement] 10.222.0.23 "DELETE /placement/resource_providers/497ec083-ff78-4112-9618-fa8d39526cc1" status: 404 len: 246 microversion: 1.1
Sep 08 16:27:07.854107 dv-cinder-856259-2-smb devstack@placement-api.service[107264]: [pid: 107264|app: 0|req: 231/457] 10.222.0.23 () {60 vars in 1351 bytes} [Thu Sep 8 16:27:07 2022] DELETE /placement/resource_providers/497ec083-ff78-4112-9618-fa8d39526cc1 => generated 246 bytes in 12 msecs (HTTP/1.1 404) 6 headers in 231 bytes (1 switches on core 0)
Sep 08 16:27:17.813386 dv-cinder-856259-2-smb devstack@placement-api.service[107263]: DEBUG dbcounter [-] [107263] Writing DB stats placement:SELECT=24 {{(pid=107263) stat_writer /usr/local/lib/python3.8/dist-packages/dbcounter.py:114}}
Sep 08 16:27:17.850600 dv-cinder-856259-2-smb devstack@placement-api.service[107264]: DEBUG dbcounter [-] [107264] Writing DB stats placement:SELECT=29,placement:DELETE=2 {{(pid=107264) stat_writer /usr/local/lib/python3.8/dist-packages/dbcounter.py:114}}
Sep 08 16:27:19.199091 dv-cinder-856259-2-smb devstack@placement-api.service[107263]: DEBUG placement.requestlog [None req-7408d38e-60e4-4b9d-9df9-b84e369761f7 None None] Starting request: 10.222.0.23 "GET /placement/resource_providers/45ad839b-3f9a-476e-8f71-5d3bfcd58f4f/aggregates" {{(pid=107263) __call__ /opt/stack/placement/placement/requestlog.py:55}}
Sep 08 16:27:19.213572 dv-cinder-856259-2-smb devstack@placement-api.service[107263]: INFO placement.requestlog [None req-7408d38e-60e4-4b9d-9df9-b84e369761f7 service placement] 10.222.0.23 "GET /placement/resource_providers/45ad839b-3f9a-476e-8f71-5d3bfcd58f4f/aggregates" status: 404 len: 235 microversion: 1.1
Sep 08 16:27:19.214157 dv-cinder-856259-2-smb devstack@placement-api.service[107263]: [pid: 107263|app: 0|req: 227/458] 10.222.0.23 () {58 vars in 1362 bytes} [Thu Sep 8 16:27:19 2022] GET /placement/resource_providers/45ad839b-3f9a-476e-8f71-5d3bfcd58f4f/aggregates => generated 235 bytes in 16 msecs (HTTP/1.1 404) 5 headers in 202 bytes (1 switches on core 0)
Sep 08 16:27:19.232066 dv-cinder-856259-2-smb devstack@placement-api.service[107264]: DEBUG placement.requestlog [None req-a6516c27-2dcd-4650-971e-b31317aa7f80 None None] Starting request: 10.222.0.23 "DELETE /placement/resource_providers/45ad839b-3f9a-476e-8f71-5d3bfcd58f4f" {{(pid=107264) __call__ /opt/stack/placement/placement/requestlog.py:55}}
Sep 08 16:27:19.251703 dv-cinder-856259-2-smb devstack@placement-api.service[107264]: DEBUG placement.wsgi_wrapper [None req-a6516c27-2dcd-4650-971e-b31317aa7f80 service placement] Placement API returning an error response: No resource provider with uuid 45ad839b-3f9a-476e-8f71-5d3bfcd58f4f found for delete {{(pid=107264) call_func /opt/stack/placement/placement/wsgi_wrapper.py:31}}
Sep 08 16:27:19.252457 dv-cinder-856259-2-smb devstack@placement-api.service[107264]: INFO placement.requestlog [None req-a6516c27-2dcd-4650-971e-b31317aa7f80 service placement] 10.222.0.23 "DELETE /placement/resource_providers/45ad839b-3f9a-476e-8f71-5d3bfcd58f4f" status: 404 len: 246 microversion: 1.1
Sep 08 16:27:19.252995 dv-cinder-856259-2-smb devstack@placement-api.service[107264]: [pid: 107264|app: 0|req: 232/459] 10.222.0.23 () {60 vars in 1351 bytes} [Thu Sep 8 16:27:19 2022] DELETE /placement/resource_providers/45ad839b-3f9a-476e-8f71-5d3bfcd58f4f => generated 246 bytes in 21 msecs (HTTP/1.1 404) 6 headers in 231 bytes (1 switches on core 0)
Sep 08 16:27:19.624565 dv-cinder-856259-2-smb devstack@placement-api.service[107263]: DEBUG placement.requestlog [req-5eb29111-72c9-4ebf-83af-9cb28c2430b0 req-a90d6700-7a0a-4c39-9932-aa6da77851de None None] Starting request: 10.222.0.43 "GET /placement/resource_providers/f8aa47a5-5572-4c32-801c-612971ee8045/allocations" {{(pid=107263) __call__ /opt/stack/placement/placement/requestlog.py:55}}
Sep 08 16:27:19.647333 dv-cinder-856259-2-smb devstack@placement-api.service[107263]: INFO placement.requestlog [req-5eb29111-72c9-4ebf-83af-9cb28c2430b0 req-a90d6700-7a0a-4c39-9932-aa6da77851de service placement] 10.222.0.43 "GET /placement/resource_providers/f8aa47a5-5572-4c32-801c-612971ee8045/allocations" status: 200 len: 255 microversion: 1.0
Sep 08 16:27:19.647767 dv-cinder-856259-2-smb devstack@placement-api.service[107263]: [pid: 107263|app: 0|req: 228/460] 10.222.0.43 () {58 vars in 1390 bytes} [Thu Sep 8 16:27:19 2022] GET /placement/resource_providers/f8aa47a5-5572-4c32-801c-612971ee8045/allocations => generated 255 bytes in 24 msecs (HTTP/1.1 200) 6 headers in 224 bytes (1 switches on core 0)
Sep 08 16:27:19.654343 dv-cinder-856259-2-smb devstack@placement-api.service[107264]: DEBUG placement.requestlog [req-5eb29111-72c9-4ebf-83af-9cb28c2430b0 req-1893383c-6ac6-4e61-b3d3-214290f198f8 None None] Starting request: 10.222.0.43 "GET /placement/allocations/72bb0219-4f0f-4075-b152-3f2e8adc0e1b" {{(pid=107264) __call__ /opt/stack/placement/placement/requestlog.py:55}}
Sep 08 16:27:19.669734 dv-cinder-856259-2-smb devstack@placement-api.service[107264]: INFO placement.requestlog [req-5eb29111-72c9-4ebf-83af-9cb28c2430b0 req-1893383c-6ac6-4e61-b3d3-214290f198f8 service placement] 10.222.0.43 "GET /placement/allocations/72bb0219-4f0f-4075-b152-3f2e8adc0e1b" status: 200 len: 259 microversion: 1.28
Sep 08 16:27:19.670090 dv-cinder-856259-2-smb devstack@placement-api.service[107264]: [pid: 107264|app: 0|req: 233/461] 10.222.0.43 () {60 vars in 1377 bytes} [Thu Sep 8 16:27:19 2022] GET /placement/allocations/72bb0219-4f0f-4075-b152-3f2e8adc0e1b => generated 259 bytes in 16 msecs (HTTP/1.1 200) 8 headers in 296 bytes (1 switches on core 0)
Sep 08 16:27:19.676478 dv-cinder-856259-2-smb devstack@placement-api.service[107263]: DEBUG placement.requestlog [req-5eb29111-72c9-4ebf-83af-9cb28c2430b0 req-d3dd7074-ab88-442d-9a4c-690c61c4e387 None None] Starting request: 10.222.0.43 "GET /placement/allocations/00bd56b7-eb87-4276-b138-85e05e64a650" {{(pid=107263) __call__ /opt/stack/placement/placement/requestlog.py:55}}
Sep 08 16:27:19.692421 dv-cinder-856259-2-smb devstack@placement-api.service[107263]: INFO placement.requestlog [req-5eb29111-72c9-4ebf-83af-9cb28c2430b0 req-d3dd7074-ab88-442d-9a4c-690c61c4e387 service placement] 10.222.0.43 "GET /placement/allocations/00bd56b7-eb87-4276-b138-85e05e64a650" status: 200 len: 259 microversion: 1.28
Sep 08 16:27:19.692798 dv-cinder-856259-2-smb devstack@placement-api.service[107263]: [pid: 107263|app: 0|req: 229/462] 10.222.0.43 () {60 vars in 1377 bytes} [Thu Sep 8 16:27:19 2022] GET /placement/allocations/00bd56b7-eb87-4276-b138-85e05e64a650 => generated 259 bytes in 17 msecs (HTTP/1.1 200) 8 headers in 296 bytes (2 switches on core 0)
Sep 08 16:27:19.933286 dv-cinder-856259-2-smb devstack@placement-api.service[107264]: DEBUG placement.requestlog [req-5eb29111-72c9-4ebf-83af-9cb28c2430b0 req-690e2305-2b11-4f53-a7a7-3388c0a1728a None None] Starting request: 10.222.0.43 "DELETE /placement/allocations/00bd56b7-eb87-4276-b138-85e05e64a650" {{(pid=107264) __call__ /opt/stack/placement/placement/requestlog.py:55}}
Sep 08 16:27:19.983318 dv-cinder-856259-2-smb devstack@placement-api.service[107263]: DEBUG placement.requestlog [None req-47fdaf79-1bc7-43cb-b794-1880e819589d None None] Starting request: 10.222.0.23 "GET /placement/resource_providers/1fee5241-48fe-42cc-ab72-36a709d7a915/aggregates" {{(pid=107263) __call__ /opt/stack/placement/placement/requestlog.py:55}}
Sep 08 16:27:19.995147 dv-cinder-856259-2-smb devstack@placement-api.service[107263]: INFO placement.requestlog [None req-47fdaf79-1bc7-43cb-b794-1880e819589d service placement] 10.222.0.23 "GET /placement/resource_providers/1fee5241-48fe-42cc-ab72-36a709d7a915/aggregates" status: 404 len: 235 microversion: 1.1
Sep 08 16:27:19.995597 dv-cinder-856259-2-smb devstack@placement-api.service[107263]: [pid: 107263|app: 0|req: 230/463] 10.222.0.23 () {58 vars in 1362 bytes} [Thu Sep 8 16:27:19 2022] GET /placement/resource_providers/1fee5241-48fe-42cc-ab72-36a709d7a915/aggregates => generated 235 bytes in 13 msecs (HTTP/1.1 404) 5 headers in 202 bytes (2 switches on core 0)
Sep 08 16:27:20.015528 dv-cinder-856259-2-smb devstack@placement-api.service[107263]: DEBUG placement.requestlog [None req-70dfcfd4-85fd-4f71-ab9a-80dd3e472b6c None None] Starting request: 10.222.0.23 "DELETE /placement/resource_providers/1fee5241-48fe-42cc-ab72-36a709d7a915" {{(pid=107263) __call__ /opt/stack/placement/placement/requestlog.py:55}}
Sep 08 16:27:20.024995 dv-cinder-856259-2-smb devstack@placement-api.service[107263]: DEBUG placement.wsgi_wrapper [None req-70dfcfd4-85fd-4f71-ab9a-80dd3e472b6c service placement] Placement API returning an error response: No resource provider with uuid 1fee5241-48fe-42cc-ab72-36a709d7a915 found for delete {{(pid=107263) call_func /opt/stack/placement/placement/wsgi_wrapper.py:31}}
Sep 08 16:27:20.026310 dv-cinder-856259-2-smb devstack@placement-api.service[107263]: INFO placement.requestlog [None req-70dfcfd4-85fd-4f71-ab9a-80dd3e472b6c service placement] 10.222.0.23 "DELETE /placement/resource_providers/1fee5241-48fe-42cc-ab72-36a709d7a915" status: 404 len: 246 microversion: 1.1
Sep 08 16:27:20.026855 dv-cinder-856259-2-smb devstack@placement-api.service[107263]: [pid: 107263|app: 0|req: 231/464] 10.222.0.23 () {60 vars in 1351 bytes} [Thu Sep 8 16:27:20 2022] DELETE /placement/resource_providers/1fee5241-48fe-42cc-ab72-36a709d7a915 => generated 246 bytes in 12 msecs (HTTP/1.1 404) 6 headers in 231 bytes (2 switches on core 0)
Sep 08 16:27:20.162430 dv-cinder-856259-2-smb devstack@placement-api.service[107264]: DEBUG placement.handlers.allocation [req-5eb29111-72c9-4ebf-83af-9cb28c2430b0 req-690e2305-2b11-4f53-a7a7-3388c0a1728a service placement] Successfully deleted allocations [, , ] {{(pid=107264) delete_allocations /opt/stack/placement/placement/handlers/allocation.py:627}}
Sep 08 16:27:20.162865 dv-cinder-856259-2-smb devstack@placement-api.service[107264]: INFO placement.requestlog [req-5eb29111-72c9-4ebf-83af-9cb28c2430b0 req-690e2305-2b11-4f53-a7a7-3388c0a1728a service placement] 10.222.0.43 "DELETE /placement/allocations/00bd56b7-eb87-4276-b138-85e05e64a650" status: 204 len: 0 microversion: 1.0
Sep 08 16:27:20.163563 dv-cinder-856259-2-smb devstack@placement-api.service[107264]: [pid: 107264|app: 0|req: 234/465] 10.222.0.43 () {60 vars in 1355 bytes} [Thu Sep 8 16:27:19 2022] DELETE /placement/allocations/00bd56b7-eb87-4276-b138-85e05e64a650 => generated 0 bytes in 230 msecs (HTTP/1.1 204) 5 headers in 198 bytes (1 switches on core 0)
Sep 08 16:27:28.532131 dv-cinder-856259-2-smb devstack@placement-api.service[107263]: DEBUG placement.requestlog [None req-a42b0559-6a1f-419e-a633-3641b9e81b69 None None] Starting request: 10.222.0.23 "GET /placement/resource_providers/724096d9-0c8b-464a-88bc-34870315940b/aggregates" {{(pid=107263) __call__ /opt/stack/placement/placement/requestlog.py:55}}
Sep 08 16:27:28.543157 dv-cinder-856259-2-smb devstack@placement-api.service[107263]: INFO placement.requestlog [None req-a42b0559-6a1f-419e-a633-3641b9e81b69 service placement] 10.222.0.23 "GET /placement/resource_providers/724096d9-0c8b-464a-88bc-34870315940b/aggregates" status: 404 len: 235 microversion: 1.1
Sep 08 16:27:28.543663 dv-cinder-856259-2-smb devstack@placement-api.service[107263]: [pid: 107263|app: 0|req: 232/466] 10.222.0.23 () {58 vars in 1362 bytes} [Thu Sep 8 16:27:28 2022] GET /placement/resource_providers/724096d9-0c8b-464a-88bc-34870315940b/aggregates => generated 235 bytes in 12 msecs (HTTP/1.1 404) 5 headers in 202 bytes (1 switches on core 0)
Sep 08 16:27:28.555883 dv-cinder-856259-2-smb devstack@placement-api.service[107264]: DEBUG placement.requestlog [req-196a38c8-75fe-422d-977a-5656e487a77a req-2f736745-d382-43f6-b28d-4627e7631c4d None None] Starting request: 10.222.0.43 "GET /placement/resource_providers/f8aa47a5-5572-4c32-801c-612971ee8045/allocations" {{(pid=107264) __call__ /opt/stack/placement/placement/requestlog.py:55}}
Sep 08 16:27:28.575762 dv-cinder-856259-2-smb devstack@placement-api.service[107264]: INFO placement.requestlog [req-196a38c8-75fe-422d-977a-5656e487a77a req-2f736745-d382-43f6-b28d-4627e7631c4d service placement] 10.222.0.43 "GET /placement/resource_providers/f8aa47a5-5572-4c32-801c-612971ee8045/allocations" status: 200 len: 154 microversion: 1.0
Sep 08 16:27:28.576064 dv-cinder-856259-2-smb devstack@placement-api.service[107264]: [pid: 107264|app: 0|req: 235/467] 10.222.0.43 () {58 vars in 1390 bytes} [Thu Sep 8 16:27:28 2022] GET /placement/resource_providers/f8aa47a5-5572-4c32-801c-612971ee8045/allocations => generated 154 bytes in 21 msecs (HTTP/1.1 200) 6 headers in 224 bytes (2 switches on core 0)
Sep 08 16:27:28.577361 dv-cinder-856259-2-smb devstack@placement-api.service[107263]: DEBUG placement.requestlog [None req-c6a842b0-bff3-4717-bceb-ebcc6de862ae None None] Starting request: 10.222.0.23 "DELETE /placement/resource_providers/724096d9-0c8b-464a-88bc-34870315940b" {{(pid=107263) __call__ /opt/stack/placement/placement/requestlog.py:55}}
Sep 08 16:27:28.583225 dv-cinder-856259-2-smb devstack@placement-api.service[107264]: DEBUG placement.requestlog [req-196a38c8-75fe-422d-977a-5656e487a77a req-b4b4ec8f-63f0-4b36-b792-eec75d086b0f None None] Starting request: 10.222.0.43 "GET /placement/allocations/72bb0219-4f0f-4075-b152-3f2e8adc0e1b" {{(pid=107264) __call__ /opt/stack/placement/placement/requestlog.py:55}}
Sep 08 16:27:28.589003 dv-cinder-856259-2-smb devstack@placement-api.service[107263]: DEBUG placement.wsgi_wrapper [None req-c6a842b0-bff3-4717-bceb-ebcc6de862ae service placement] Placement API returning an error response: No resource provider with uuid 724096d9-0c8b-464a-88bc-34870315940b found for delete {{(pid=107263) call_func /opt/stack/placement/placement/wsgi_wrapper.py:31}}
Sep 08 16:27:28.590182 dv-cinder-856259-2-smb devstack@placement-api.service[107263]: INFO placement.requestlog [None req-c6a842b0-bff3-4717-bceb-ebcc6de862ae service placement] 10.222.0.23 "DELETE /placement/resource_providers/724096d9-0c8b-464a-88bc-34870315940b" status: 404 len: 246 microversion: 1.1
Sep 08 16:27:28.590898 dv-cinder-856259-2-smb devstack@placement-api.service[107263]: [pid: 107263|app: 0|req: 233/468] 10.222.0.23 () {60 vars in 1351 bytes} [Thu Sep 8 16:27:28 2022] DELETE /placement/resource_providers/724096d9-0c8b-464a-88bc-34870315940b => generated 246 bytes in 14 msecs (HTTP/1.1 404) 6 headers in 231 bytes (2 switches on core 0)
Sep 08 16:27:28.599073 dv-cinder-856259-2-smb devstack@placement-api.service[107264]: INFO placement.requestlog [req-196a38c8-75fe-422d-977a-5656e487a77a req-b4b4ec8f-63f0-4b36-b792-eec75d086b0f service placement] 10.222.0.43 "GET /placement/allocations/72bb0219-4f0f-4075-b152-3f2e8adc0e1b" status: 200 len: 259 microversion: 1.28
Sep 08 16:27:28.599415 dv-cinder-856259-2-smb devstack@placement-api.service[107264]: [pid: 107264|app: 0|req: 236/469] 10.222.0.43 () {60 vars in 1377 bytes} [Thu Sep 8 16:27:28 2022] GET /placement/allocations/72bb0219-4f0f-4075-b152-3f2e8adc0e1b => generated 259 bytes in 16 msecs (HTTP/1.1 200) 8 headers in 296 bytes (2 switches on core 0)
Sep 08 16:27:28.814817 dv-cinder-856259-2-smb devstack@placement-api.service[107263]: DEBUG placement.requestlog [req-196a38c8-75fe-422d-977a-5656e487a77a req-319a7033-df42-4fac-9491-5c5bb567f1c6 None None] Starting request: 10.222.0.43 "DELETE /placement/allocations/72bb0219-4f0f-4075-b152-3f2e8adc0e1b" {{(pid=107263) __call__ /opt/stack/placement/placement/requestlog.py:55}}
Sep 08 16:27:28.957204 dv-cinder-856259-2-smb devstack@placement-api.service[107263]: DEBUG placement.handlers.allocation [req-196a38c8-75fe-422d-977a-5656e487a77a req-319a7033-df42-4fac-9491-5c5bb567f1c6 service placement] Successfully deleted allocations [, , ] {{(pid=107263) delete_allocations /opt/stack/placement/placement/handlers/allocation.py:627}}
Sep 08 16:27:28.962328 dv-cinder-856259-2-smb devstack@placement-api.service[107263]: INFO placement.requestlog [req-196a38c8-75fe-422d-977a-5656e487a77a req-319a7033-df42-4fac-9491-5c5bb567f1c6 service placement] 10.222.0.43 "DELETE /placement/allocations/72bb0219-4f0f-4075-b152-3f2e8adc0e1b" status: 204 len: 0 microversion: 1.0
Sep 08 16:27:28.962328 dv-cinder-856259-2-smb devstack@placement-api.service[107263]: [pid: 107263|app: 0|req: 234/470] 10.222.0.43 () {60 vars in 1355 bytes} [Thu Sep 8 16:27:28 2022] DELETE /placement/allocations/72bb0219-4f0f-4075-b152-3f2e8adc0e1b => generated 0 bytes in 144 msecs (HTTP/1.1 204) 5 headers in 198 bytes (1 switches on core 0)
Sep 08 16:27:34.220938 dv-cinder-856259-2-smb devstack@placement-api.service[107264]: DEBUG placement.requestlog [req-2f374b3d-99e2-4621-956f-4814b15c4107 req-8f1e8970-f9eb-4eae-8992-99815653bb26 None None] Starting request: 10.222.0.23 "GET /placement/allocation_candidates?limit=1000&resources=DISK_GB%3A1%2CMEMORY_MB%3A1024%2CVCPU%3A1&root_required=%21COMPUTE_STATUS_DISABLED" {{(pid=107264) __call__ /opt/stack/placement/placement/requestlog.py:55}}
Sep 08 16:27:34.279613 dv-cinder-856259-2-smb devstack@placement-api.service[107264]: DEBUG placement.objects.research_context [req-2f374b3d-99e2-4621-956f-4814b15c4107 req-8f1e8970-f9eb-4eae-8992-99815653bb26 service placement] getting providers with 1 DISK_GB {{(pid=107264) __init__ /opt/stack/placement/placement/objects/research_context.py:136}}
Sep 08 16:27:34.285167 dv-cinder-856259-2-smb devstack@placement-api.service[107264]: DEBUG placement.objects.research_context [req-2f374b3d-99e2-4621-956f-4814b15c4107 req-8f1e8970-f9eb-4eae-8992-99815653bb26 service placement] getting providers with 1024 MEMORY_MB {{(pid=107264) __init__ /opt/stack/placement/placement/objects/research_context.py:136}}
Sep 08 16:27:34.290690 dv-cinder-856259-2-smb devstack@placement-api.service[107264]: DEBUG placement.objects.research_context [req-2f374b3d-99e2-4621-956f-4814b15c4107 req-8f1e8970-f9eb-4eae-8992-99815653bb26 service placement] getting providers with 1 VCPU {{(pid=107264) __init__ /opt/stack/placement/placement/objects/research_context.py:136}}
Sep 08 16:27:34.302010 dv-cinder-856259-2-smb devstack@placement-api.service[107264]: DEBUG placement.objects.research_context [req-2f374b3d-99e2-4621-956f-4814b15c4107 req-8f1e8970-f9eb-4eae-8992-99815653bb26 service placement] found 1 providers with available 1 DISK_GB {{(pid=107264) get_provider_ids_matching /opt/stack/placement/placement/objects/research_context.py:563}}
Sep 08 16:27:34.302010 dv-cinder-856259-2-smb devstack@placement-api.service[107264]: DEBUG placement.objects.research_context [req-2f374b3d-99e2-4621-956f-4814b15c4107 req-8f1e8970-f9eb-4eae-8992-99815653bb26 service placement] found 1 providers with available 1024 MEMORY_MB {{(pid=107264) get_provider_ids_matching /opt/stack/placement/placement/objects/research_context.py:563}}
Sep 08 16:27:34.302010 dv-cinder-856259-2-smb devstack@placement-api.service[107264]: DEBUG placement.objects.research_context [req-2f374b3d-99e2-4621-956f-4814b15c4107 req-8f1e8970-f9eb-4eae-8992-99815653bb26 service placement] found 1 providers after filtering by previous result {{(pid=107264) get_provider_ids_matching /opt/stack/placement/placement/objects/research_context.py:594}}
Sep 08 16:27:34.302010 dv-cinder-856259-2-smb devstack@placement-api.service[107264]: DEBUG placement.objects.research_context [req-2f374b3d-99e2-4621-956f-4814b15c4107 req-8f1e8970-f9eb-4eae-8992-99815653bb26 service placement] found 1 providers with available 1 VCPU {{(pid=107264) get_provider_ids_matching /opt/stack/placement/placement/objects/research_context.py:563}}
Sep 08 16:27:34.302010 dv-cinder-856259-2-smb devstack@placement-api.service[107264]: DEBUG placement.objects.research_context [req-2f374b3d-99e2-4621-956f-4814b15c4107 req-8f1e8970-f9eb-4eae-8992-99815653bb26 service placement] found 1 providers after filtering by previous result {{(pid=107264) get_provider_ids_matching /opt/stack/placement/placement/objects/research_context.py:594}}
Sep 08 16:27:34.308754 dv-cinder-856259-2-smb devstack@placement-api.service[107264]: DEBUG placement.objects.allocation_candidate [req-2f374b3d-99e2-4621-956f-4814b15c4107 req-8f1e8970-f9eb-4eae-8992-99815653bb26 service placement] RequestGroup(use_same_provider=False, resources={DISK_GB:1, MEMORY_MB:1024, VCPU:1}, traits=(), aggregates=[]) (suffix '') returned 1 matches {{(pid=107264) _get_by_requests /opt/stack/placement/placement/objects/allocation_candidate.py:156}}
Sep 08 16:27:34.309093 dv-cinder-856259-2-smb devstack@placement-api.service[107264]: DEBUG placement.objects.allocation_candidate [req-2f374b3d-99e2-4621-956f-4814b15c4107 req-8f1e8970-f9eb-4eae-8992-99815653bb26 service placement] Merging candidates yields 1 allocation requests and 1 provider summaries {{(pid=107264) _merge_candidates /opt/stack/placement/placement/objects/allocation_candidate.py:809}}
Sep 08 16:27:34.310513 dv-cinder-856259-2-smb devstack@placement-api.service[107264]: INFO placement.requestlog [req-2f374b3d-99e2-4621-956f-4814b15c4107 req-8f1e8970-f9eb-4eae-8992-99815653bb26 service placement] 10.222.0.23 "GET /placement/allocation_candidates?limit=1000&resources=DISK_GB%3A1%2CMEMORY_MB%3A1024%2CVCPU%3A1&root_required=%21COMPUTE_STATUS_DISABLED" status: 200 len: 764 microversion: 1.36
Sep 08 16:27:34.310920 dv-cinder-856259-2-smb devstack@placement-api.service[107264]: [pid: 107264|app: 0|req: 237/471] 10.222.0.23 () {60 vars in 1506 bytes} [Thu Sep 8 16:27:34 2022] GET /placement/allocation_candidates?limit=1000&resources=DISK_GB%3A1%2CMEMORY_MB%3A1024%2CVCPU%3A1&root_required=%21COMPUTE_STATUS_DISABLED => generated 764 bytes in 91 msecs (HTTP/1.1 200) 8 headers in 296 bytes (2 switches on core 0)
Sep 08 16:27:34.350947 dv-cinder-856259-2-smb devstack@placement-api.service[107263]: DEBUG placement.requestlog [req-2f374b3d-99e2-4621-956f-4814b15c4107 req-cdc9c7da-646c-4af5-8ad6-d73b037b5b7d None None] Starting request: 10.222.0.23 "GET /placement/allocations/62702455-a548-4281-81a5-48a950789fd4" {{(pid=107263) __call__ /opt/stack/placement/placement/requestlog.py:55}}
Sep 08 16:27:34.365919 dv-cinder-856259-2-smb devstack@placement-api.service[107263]: INFO placement.requestlog [req-2f374b3d-99e2-4621-956f-4814b15c4107 req-cdc9c7da-646c-4af5-8ad6-d73b037b5b7d service placement] 10.222.0.23 "GET /placement/allocations/62702455-a548-4281-81a5-48a950789fd4" status: 200 len: 19 microversion: 1.28
Sep 08 16:27:34.368209 dv-cinder-856259-2-smb devstack@placement-api.service[107263]: [pid: 107263|app: 0|req: 235/472] 10.222.0.23 () {60 vars in 1380 bytes} [Thu Sep 8 16:27:34 2022] GET /placement/allocations/62702455-a548-4281-81a5-48a950789fd4 => generated 19 bytes in 16 msecs (HTTP/1.1 200) 8 headers in 295 bytes (1 switches on core 0)
Sep 08 16:27:34.372614 dv-cinder-856259-2-smb devstack@placement-api.service[107264]: DEBUG placement.requestlog [req-2f374b3d-99e2-4621-956f-4814b15c4107 req-bbb6c90a-135a-4a53-b1f6-89f29e5f18c3 None None] Starting request: 10.222.0.23 "PUT /placement/allocations/62702455-a548-4281-81a5-48a950789fd4" {{(pid=107264) __call__ /opt/stack/placement/placement/requestlog.py:55}}
Sep 08 16:27:34.515662 dv-cinder-856259-2-smb devstack@placement-api.service[107264]: DEBUG placement.handlers.allocation [req-2f374b3d-99e2-4621-956f-4814b15c4107 req-bbb6c90a-135a-4a53-b1f6-89f29e5f18c3 service placement] Successfully wrote allocations [, , ] {{(pid=107264) _update_consumers_and_create_allocations /opt/stack/placement/placement/handlers/allocation.py:462}}
Sep 08 16:27:34.607210 dv-cinder-856259-2-smb devstack@placement-api.service[107264]: INFO placement.requestlog [req-2f374b3d-99e2-4621-956f-4814b15c4107 req-bbb6c90a-135a-4a53-b1f6-89f29e5f18c3 service placement] 10.222.0.23 "PUT /placement/allocations/62702455-a548-4281-81a5-48a950789fd4" status: 204 len: 0 microversion: 1.36
Sep 08 16:27:34.607614 dv-cinder-856259-2-smb devstack@placement-api.service[107264]: [pid: 107264|app: 0|req: 238/473] 10.222.0.23 () {64 vars in 1433 bytes} [Thu Sep 8 16:27:34 2022] PUT /placement/allocations/62702455-a548-4281-81a5-48a950789fd4 => generated 0 bytes in 235 msecs (HTTP/1.1 204) 5 headers in 199 bytes (2 switches on core 0)
Sep 08 16:27:35.391900 dv-cinder-856259-2-smb devstack@placement-api.service[107263]: DEBUG placement.requestlog [req-2f374b3d-99e2-4621-956f-4814b15c4107 req-1cb9f0ae-f7b3-4813-beea-b6929ded67d7 None None] Starting request: 10.222.0.43 "GET /placement/allocations/62702455-a548-4281-81a5-48a950789fd4" {{(pid=107263) __call__ /opt/stack/placement/placement/requestlog.py:55}}
Sep 08 16:27:35.414400 dv-cinder-856259-2-smb devstack@placement-api.service[107263]: INFO placement.requestlog [req-2f374b3d-99e2-4621-956f-4814b15c4107 req-1cb9f0ae-f7b3-4813-beea-b6929ded67d7 service placement] 10.222.0.43 "GET /placement/allocations/62702455-a548-4281-81a5-48a950789fd4" status: 200 len: 259 microversion: 1.28
Sep 08 16:27:35.415071 dv-cinder-856259-2-smb devstack@placement-api.service[107263]: [pid: 107263|app: 0|req: 236/474] 10.222.0.43 () {60 vars in 1377 bytes} [Thu Sep 8 16:27:35 2022] GET /placement/allocations/62702455-a548-4281-81a5-48a950789fd4 => generated 259 bytes in 23 msecs (HTTP/1.1 200) 8 headers in 296 bytes (1 switches on core 0)
Sep 08 16:27:35.693751 dv-cinder-856259-2-smb devstack@placement-api.service[107264]: DEBUG placement.requestlog [req-2f374b3d-99e2-4621-956f-4814b15c4107 req-16e169eb-d49f-4db8-aebf-db8b0b68e454 None None] Starting request: 10.222.0.43 "GET /placement/resource_providers/f8aa47a5-5572-4c32-801c-612971ee8045/allocations" {{(pid=107264) __call__ /opt/stack/placement/placement/requestlog.py:55}}
Sep 08 16:27:35.713467 dv-cinder-856259-2-smb devstack@placement-api.service[107264]: INFO placement.requestlog [req-2f374b3d-99e2-4621-956f-4814b15c4107 req-16e169eb-d49f-4db8-aebf-db8b0b68e454 service placement] 10.222.0.43 "GET /placement/resource_providers/f8aa47a5-5572-4c32-801c-612971ee8045/allocations" status: 200 len: 154 microversion: 1.0
Sep 08 16:27:35.713794 dv-cinder-856259-2-smb devstack@placement-api.service[107264]: [pid: 107264|app: 0|req: 239/475] 10.222.0.43 () {58 vars in 1390 bytes} [Thu Sep 8 16:27:35 2022] GET /placement/resource_providers/f8aa47a5-5572-4c32-801c-612971ee8045/allocations => generated 154 bytes in 20 msecs (HTTP/1.1 200) 6 headers in 224 bytes (1 switches on core 0)
Sep 08 16:27:35.720572 dv-cinder-856259-2-smb devstack@placement-api.service[107263]: DEBUG placement.requestlog [req-2f374b3d-99e2-4621-956f-4814b15c4107 req-dac1c0a6-8ee3-4f7f-aa7d-f73b77ecda2a None None] Starting request: 10.222.0.43 "GET /placement/allocations/62702455-a548-4281-81a5-48a950789fd4" {{(pid=107263) __call__ /opt/stack/placement/placement/requestlog.py:55}}
Sep 08 16:27:35.735605 dv-cinder-856259-2-smb devstack@placement-api.service[107263]: INFO placement.requestlog [req-2f374b3d-99e2-4621-956f-4814b15c4107 req-dac1c0a6-8ee3-4f7f-aa7d-f73b77ecda2a service placement] 10.222.0.43 "GET /placement/allocations/62702455-a548-4281-81a5-48a950789fd4" status: 200 len: 259 microversion: 1.28
Sep 08 16:27:35.735936 dv-cinder-856259-2-smb devstack@placement-api.service[107263]: [pid: 107263|app: 0|req: 237/476] 10.222.0.43 () {60 vars in 1377 bytes} [Thu Sep 8 16:27:35 2022] GET /placement/allocations/62702455-a548-4281-81a5-48a950789fd4 => generated 259 bytes in 16 msecs (HTTP/1.1 200) 8 headers in 296 bytes (1 switches on core 0)
Sep 08 16:27:45.710911 dv-cinder-856259-2-smb devstack@placement-api.service[107264]: DEBUG dbcounter [-] [107264] Writing DB stats placement:SELECT=54,placement:DELETE=4,placement:INSERT=4,placement:UPDATE=2 {{(pid=107264) stat_writer /usr/local/lib/python3.8/dist-packages/dbcounter.py:114}}
Sep 08 16:27:45.733387 dv-cinder-856259-2-smb devstack@placement-api.service[107263]: DEBUG dbcounter [-] [107263] Writing DB stats placement:SELECT=37,placement:DELETE=2 {{(pid=107263) stat_writer /usr/local/lib/python3.8/dist-packages/dbcounter.py:114}}
Sep 08 16:27:53.237952 dv-cinder-856259-2-smb devstack@placement-api.service[107264]: DEBUG placement.requestlog [req-e2a69301-d1fc-4eb4-9b51-36c85f79cc79 req-e1697a50-4998-464d-8397-21b01c2a2c67 None None] Starting request: 10.222.0.43 "GET /placement/resource_providers/f8aa47a5-5572-4c32-801c-612971ee8045/allocations" {{(pid=107264) __call__ /opt/stack/placement/placement/requestlog.py:55}}
Sep 08 16:27:53.259406 dv-cinder-856259-2-smb devstack@placement-api.service[107264]: INFO placement.requestlog [req-e2a69301-d1fc-4eb4-9b51-36c85f79cc79 req-e1697a50-4998-464d-8397-21b01c2a2c67 service placement] 10.222.0.43 "GET /placement/resource_providers/f8aa47a5-5572-4c32-801c-612971ee8045/allocations" status: 200 len: 154 microversion: 1.0
Sep 08 16:27:53.259762 dv-cinder-856259-2-smb devstack@placement-api.service[107264]: [pid: 107264|app: 0|req: 240/477] 10.222.0.43 () {58 vars in 1390 bytes} [Thu Sep 8 16:27:53 2022] GET /placement/resource_providers/f8aa47a5-5572-4c32-801c-612971ee8045/allocations => generated 154 bytes in 22 msecs (HTTP/1.1 200) 6 headers in 224 bytes (1 switches on core 0)
Sep 08 16:27:53.703957 dv-cinder-856259-2-smb devstack@placement-api.service[107263]: DEBUG placement.requestlog [req-e2a69301-d1fc-4eb4-9b51-36c85f79cc79 req-99048688-6d3f-4c3d-b5be-1c82cb868f12 None None] Starting request: 10.222.0.43 "GET /placement/resource_providers/f8aa47a5-5572-4c32-801c-612971ee8045/allocations" {{(pid=107263) __call__ /opt/stack/placement/placement/requestlog.py:55}}
Sep 08 16:27:53.723766 dv-cinder-856259-2-smb devstack@placement-api.service[107263]: INFO placement.requestlog [req-e2a69301-d1fc-4eb4-9b51-36c85f79cc79 req-99048688-6d3f-4c3d-b5be-1c82cb868f12 service placement] 10.222.0.43 "GET /placement/resource_providers/f8aa47a5-5572-4c32-801c-612971ee8045/allocations" status: 200 len: 154 microversion: 1.0
Sep 08 16:27:53.724198 dv-cinder-856259-2-smb devstack@placement-api.service[107263]: [pid: 107263|app: 0|req: 238/478] 10.222.0.43 () {58 vars in 1390 bytes} [Thu Sep 8 16:27:53 2022] GET /placement/resource_providers/f8aa47a5-5572-4c32-801c-612971ee8045/allocations => generated 154 bytes in 21 msecs (HTTP/1.1 200) 6 headers in 224 bytes (1 switches on core 0)
Sep 08 16:27:54.155720 dv-cinder-856259-2-smb devstack@placement-api.service[107264]: DEBUG placement.requestlog [req-e2a69301-d1fc-4eb4-9b51-36c85f79cc79 req-52c6427c-1ca6-4cc7-9ac3-02cfbd424e36 None None] Starting request: 10.222.0.43 "GET /placement/allocations/62702455-a548-4281-81a5-48a950789fd4" {{(pid=107264) __call__ /opt/stack/placement/placement/requestlog.py:55}}
Sep 08 16:27:54.180020 dv-cinder-856259-2-smb devstack@placement-api.service[107264]: INFO placement.requestlog [req-e2a69301-d1fc-4eb4-9b51-36c85f79cc79 req-52c6427c-1ca6-4cc7-9ac3-02cfbd424e36 service placement] 10.222.0.43 "GET /placement/allocations/62702455-a548-4281-81a5-48a950789fd4" status: 200 len: 259 microversion: 1.28
Sep 08 16:27:54.180404 dv-cinder-856259-2-smb devstack@placement-api.service[107264]: [pid: 107264|app: 0|req: 241/479] 10.222.0.43 () {60 vars in 1377 bytes} [Thu Sep 8 16:27:54 2022] GET /placement/allocations/62702455-a548-4281-81a5-48a950789fd4 => generated 259 bytes in 25 msecs (HTTP/1.1 200) 8 headers in 296 bytes (2 switches on core 0)
Sep 08 16:28:03.721530 dv-cinder-856259-2-smb devstack@placement-api.service[107263]: DEBUG dbcounter [-] [107263] Writing DB stats placement:SELECT=6 {{(pid=107263) stat_writer /usr/local/lib/python3.8/dist-packages/dbcounter.py:114}}
Sep 08 16:28:04.176390 dv-cinder-856259-2-smb devstack@placement-api.service[107264]: DEBUG dbcounter [-] [107264] Writing DB stats placement:SELECT=10 {{(pid=107264) stat_writer /usr/local/lib/python3.8/dist-packages/dbcounter.py:114}}
Sep 08 16:28:21.388526 dv-cinder-856259-2-smb devstack@placement-api.service[107263]: DEBUG placement.requestlog [req-145bd630-5749-4f14-8244-a9874aff0575 req-3bd2e573-f83a-4ca9-a8be-3b145f17b2e5 None None] Starting request: 10.222.0.43 "GET /placement/resource_providers/f8aa47a5-5572-4c32-801c-612971ee8045/allocations" {{(pid=107263) __call__ /opt/stack/placement/placement/requestlog.py:55}}
Sep 08 16:28:21.415199 dv-cinder-856259-2-smb devstack@placement-api.service[107263]: INFO placement.requestlog [req-145bd630-5749-4f14-8244-a9874aff0575 req-3bd2e573-f83a-4ca9-a8be-3b145f17b2e5 service placement] 10.222.0.43 "GET /placement/resource_providers/f8aa47a5-5572-4c32-801c-612971ee8045/allocations" status: 200 len: 154 microversion: 1.0
Sep 08 16:28:21.415836 dv-cinder-856259-2-smb devstack@placement-api.service[107263]: [pid: 107263|app: 0|req: 239/480] 10.222.0.43 () {58 vars in 1390 bytes} [Thu Sep 8 16:28:21 2022] GET /placement/resource_providers/f8aa47a5-5572-4c32-801c-612971ee8045/allocations => generated 154 bytes in 27 msecs (HTTP/1.1 200) 6 headers in 224 bytes (1 switches on core 0)
Sep 08 16:28:21.423233 dv-cinder-856259-2-smb devstack@placement-api.service[107264]: DEBUG placement.requestlog [req-145bd630-5749-4f14-8244-a9874aff0575 req-d0f83ea9-0bb4-4a10-b4f3-f05a083911ab None None] Starting request: 10.222.0.43 "GET /placement/allocations/62702455-a548-4281-81a5-48a950789fd4" {{(pid=107264) __call__ /opt/stack/placement/placement/requestlog.py:55}}
Sep 08 16:28:21.438740 dv-cinder-856259-2-smb devstack@placement-api.service[107264]: INFO placement.requestlog [req-145bd630-5749-4f14-8244-a9874aff0575 req-d0f83ea9-0bb4-4a10-b4f3-f05a083911ab service placement] 10.222.0.43 "GET /placement/allocations/62702455-a548-4281-81a5-48a950789fd4" status: 200 len: 259 microversion: 1.28
Sep 08 16:28:21.439091 dv-cinder-856259-2-smb devstack@placement-api.service[107264]: [pid: 107264|app: 0|req: 242/481] 10.222.0.43 () {60 vars in 1377 bytes} [Thu Sep 8 16:28:21 2022] GET /placement/allocations/62702455-a548-4281-81a5-48a950789fd4 => generated 259 bytes in 17 msecs (HTTP/1.1 200) 8 headers in 296 bytes (1 switches on core 0)
Sep 08 16:28:21.660280 dv-cinder-856259-2-smb devstack@placement-api.service[107263]: DEBUG placement.requestlog [req-145bd630-5749-4f14-8244-a9874aff0575 req-669580d0-ab98-4ebb-a86b-4b285f9f9c78 None None] Starting request: 10.222.0.43 "DELETE /placement/allocations/62702455-a548-4281-81a5-48a950789fd4" {{(pid=107263) __call__ /opt/stack/placement/placement/requestlog.py:55}}
Sep 08 16:28:21.880377 dv-cinder-856259-2-smb devstack@placement-api.service[107263]: DEBUG placement.handlers.allocation [req-145bd630-5749-4f14-8244-a9874aff0575 req-669580d0-ab98-4ebb-a86b-4b285f9f9c78 service placement] Successfully deleted allocations [, , ] {{(pid=107263) delete_allocations /opt/stack/placement/placement/handlers/allocation.py:627}}
