Sep 08 15:58:37.546652 dv-cinder-856259-2-smb devstack@keystone.service[81696]: ERROR keystone.server.flask.application [None req-346de7be-db85-4d9d-9051-8f5be363ffcf None admin] Could not find role: anotherrole.: keystone.exception.RoleNotFound: Could not find role: anotherrole.
Sep 08 15:58:37.546652 dv-cinder-856259-2-smb devstack@keystone.service[81696]: ERROR keystone.server.flask.application
Traceback (most recent call last):
Sep 08 15:58:37.546652 dv-cinder-856259-2-smb devstack@keystone.service[81696]: ERROR keystone.server.flask.application
File "/usr/local/lib/python3.8/dist-packages/flask/app.py", line 1820, in full_dispatch_request
Sep 08 15:58:37.546652 dv-cinder-856259-2-smb devstack@keystone.service[81696]: ERROR keystone.server.flask.application rv = self.dispatch_request()
Sep 08 15:58:37.546652 dv-cinder-856259-2-smb devstack@keystone.service[81696]: ERROR keystone.server.flask.application
File "/usr/local/lib/python3.8/dist-packages/flask/app.py", line 1796, in dispatch_request
Sep 08 15:58:37.546652 dv-cinder-856259-2-smb devstack@keystone.service[81696]: ERROR keystone.server.flask.application return self.ensure_sync(self.view_functions[rule.endpoint])(**view_args)
Sep 08 15:58:37.546652 dv-cinder-856259-2-smb devstack@keystone.service[81696]: ERROR keystone.server.flask.application
File "/usr/local/lib/python3.8/dist-packages/flask_restful/__init__.py", line 467, in wrapper
Sep 08 15:58:37.546652 dv-cinder-856259-2-smb devstack@keystone.service[81696]: ERROR keystone.server.flask.application resp = resource(*args, **kwargs)
Sep 08 15:58:37.546652 dv-cinder-856259-2-smb devstack@keystone.service[81696]: ERROR keystone.server.flask.application
File "/usr/local/lib/python3.8/dist-packages/flask/views.py", line 107, in view
Sep 08 15:58:37.546652 dv-cinder-856259-2-smb devstack@keystone.service[81696]: ERROR keystone.server.flask.application return current_app.ensure_sync(self.dispatch_request)(**kwargs)
Sep 08 15:58:37.546652 dv-cinder-856259-2-smb devstack@keystone.service[81696]: ERROR keystone.server.flask.application
File "/usr/local/lib/python3.8/dist-packages/flask_restful/__init__.py", line 582, in dispatch_request
Sep 08 15:58:37.546652 dv-cinder-856259-2-smb devstack@keystone.service[81696]: ERROR keystone.server.flask.application resp = meth(*args, **kwargs)
Sep 08 15:58:37.546652 dv-cinder-856259-2-smb devstack@keystone.service[81696]: ERROR keystone.server.flask.application
File "/opt/stack/keystone/keystone/api/roles.py", line 50, in get
Sep 08 15:58:37.546652 dv-cinder-856259-2-smb devstack@keystone.service[81696]: ERROR keystone.server.flask.application return self._get_role(role_id)
Sep 08 15:58:37.546652 dv-cinder-856259-2-smb devstack@keystone.service[81696]: ERROR keystone.server.flask.application
File "/opt/stack/keystone/keystone/api/roles.py", line 70, in _get_role
Sep 08 15:58:37.546652 dv-cinder-856259-2-smb devstack@keystone.service[81696]: ERROR keystone.server.flask.application ENFORCER.enforce_call(action='identity:get_role')
Sep 08 15:58:37.547787 dv-cinder-856259-2-smb devstack@keystone.service[81696]: ERROR keystone.server.flask.application
File "/opt/stack/keystone/keystone/common/rbac_enforcer/enforcer.py", line 402, in enforce_call
Sep 08 15:58:37.547787 dv-cinder-856259-2-smb devstack@keystone.service[81696]: ERROR keystone.server.flask.application policy_dict.update(cls._extract_member_target_data(
Sep 08 15:58:37.547787 dv-cinder-856259-2-smb devstack@keystone.service[81696]: ERROR keystone.server.flask.application
File "/opt/stack/keystone/keystone/common/rbac_enforcer/enforcer.py", line 234, in _extract_member_target_data
Sep 08 15:58:37.547787 dv-cinder-856259-2-smb devstack@keystone.service[81696]: ERROR keystone.server.flask.application member_name: func(flask.request.view_args[key])
Sep 08 15:58:37.547787 dv-cinder-856259-2-smb devstack@keystone.service[81696]: ERROR keystone.server.flask.application
File "/opt/stack/keystone/keystone/common/manager.py", line 115, in wrapped
Sep 08 15:58:37.547787 dv-cinder-856259-2-smb devstack@keystone.service[81696]: ERROR keystone.server.flask.application __ret_val = __f(*args, **kwargs)
Sep 08 15:58:37.547787 dv-cinder-856259-2-smb devstack@keystone.service[81696]: ERROR keystone.server.flask.application
File "/usr/local/lib/python3.8/dist-packages/decorator.py", line 232, in fun
Sep 08 15:58:37.547787 dv-cinder-856259-2-smb devstack@keystone.service[81696]: ERROR keystone.server.flask.application return caller(func, *(extras + args), **kw)
Sep 08 15:58:37.547787 dv-cinder-856259-2-smb devstack@keystone.service[81696]: ERROR keystone.server.flask.application
File "/usr/local/lib/python3.8/dist-packages/dogpile/cache/region.py", line 1577, in get_or_create_for_user_func
Sep 08 15:58:37.547787 dv-cinder-856259-2-smb devstack@keystone.service[81696]: ERROR keystone.server.flask.application return self.get_or_create(
Sep 08 15:58:37.547787 dv-cinder-856259-2-smb devstack@keystone.service[81696]: ERROR keystone.server.flask.application
File "/usr/local/lib/python3.8/dist-packages/dogpile/cache/region.py", line 1042, in get_or_create
Sep 08 15:58:37.547787 dv-cinder-856259-2-smb devstack@keystone.service[81696]: ERROR keystone.server.flask.application with Lock(
Sep 08 15:58:37.547787 dv-cinder-856259-2-smb devstack@keystone.service[81696]: ERROR keystone.server.flask.application
File "/usr/local/lib/python3.8/dist-packages/dogpile/lock.py", line 185, in __enter__
Sep 08 15:58:37.547787 dv-cinder-856259-2-smb devstack@keystone.service[81696]: ERROR keystone.server.flask.application return self._enter()
Sep 08 15:58:37.547787 dv-cinder-856259-2-smb devstack@keystone.service[81696]: ERROR keystone.server.flask.application
File "/usr/local/lib/python3.8/dist-packages/dogpile/lock.py", line 94, in _enter
Sep 08 15:58:37.547787 dv-cinder-856259-2-smb devstack@keystone.service[81696]: ERROR keystone.server.flask.application generated = self._enter_create(value, createdtime)
Sep 08 15:58:37.548730 dv-cinder-856259-2-smb devstack@keystone.service[81696]: ERROR keystone.server.flask.application
File "/usr/local/lib/python3.8/dist-packages/dogpile/lock.py", line 178, in _enter_create
Sep 08 15:58:37.548730 dv-cinder-856259-2-smb devstack@keystone.service[81696]: ERROR keystone.server.flask.application return self.creator()
Sep 08 15:58:37.548730 dv-cinder-856259-2-smb devstack@keystone.service[81696]: ERROR keystone.server.flask.application
File "/usr/local/lib/python3.8/dist-packages/dogpile/cache/region.py", line 995, in gen_value
Sep 08 15:58:37.548730 dv-cinder-856259-2-smb devstack@keystone.service[81696]: ERROR keystone.server.flask.application created_value = creator(
Sep 08 15:58:37.548730 dv-cinder-856259-2-smb devstack@keystone.service[81696]: ERROR keystone.server.flask.application
File "/opt/stack/keystone/keystone/assignment/core.py", line 1276, in get_role
Sep 08 15:58:37.548730 dv-cinder-856259-2-smb devstack@keystone.service[81696]: ERROR keystone.server.flask.application return self.driver.get_role(role_id)
Sep 08 15:58:37.548730 dv-cinder-856259-2-smb devstack@keystone.service[81696]: ERROR keystone.server.flask.application
File "/opt/stack/keystone/keystone/assignment/role_backends/sql.py", line 70, in get_role
Sep 08 15:58:37.548730 dv-cinder-856259-2-smb devstack@keystone.service[81696]: ERROR keystone.server.flask.application return self._get_role(session, role_id).to_dict()
Sep 08 15:58:37.548730 dv-cinder-856259-2-smb devstack@keystone.service[81696]: ERROR keystone.server.flask.application
File "/opt/stack/keystone/keystone/assignment/role_backends/sql.py", line 65, in _get_role
Sep 08 15:58:37.548730 dv-cinder-856259-2-smb devstack@keystone.service[81696]: ERROR keystone.server.flask.application raise exception.RoleNotFound(role_id=role_id)
Sep 08 15:58:37.548730 dv-cinder-856259-2-smb devstack@keystone.service[81696]: ERROR keystone.server.flask.application keystone.exception.RoleNotFound: Could not find role: anotherrole.
Sep 08 15:58:37.548730 dv-cinder-856259-2-smb devstack@keystone.service[81696]: ERROR keystone.server.flask.application
Sep 08 15:58:37.550751 dv-cinder-856259-2-smb devstack@keystone.service[81696]: [pid: 81696|app: 0|req: 60/119] 10.222.0.23 () {56 vars in 1114 bytes} [Thu Sep 8 15:58:37 2022] GET /identity/v3/roles/anotherrole => generated 89 bytes in 183 msecs (HTTP/1.1 404) 5 headers in 183 bytes (1 switches on core 0)
Sep 08 15:58:37.556418 dv-cinder-856259-2-smb devstack@keystone.service[81696]: DEBUG keystone.server.flask.request_processing.middleware.auth_context [None req-346de7be-db85-4d9d-9051-8f5be363ffcf None admin] Authenticating user token {{(pid=81696) process_request /usr/local/lib/python3.8/dist-packages/keystonemiddleware/auth_token/__init__.py:407}}
Sep 08 15:58:37.664509 dv-cinder-856259-2-smb devstack@keystone.service[81696]: DEBUG dbcounter [-] [81696] Writing DB stats keystone:SELECT=100 {{(pid=81696) stat_writer /usr/local/lib/python3.8/dist-packages/dbcounter.py:114}}
Sep 08 15:58:37.673193 dv-cinder-856259-2-smb devstack@keystone.service[81696]: DEBUG keystone.server.flask.request_processing.middleware.auth_context [None req-346de7be-db85-4d9d-9051-8f5be363ffcf None admin] Validating token access rules against request {{(pid=81696) validate_allowed_request /usr/local/lib/python3.8/dist-packages/keystonemiddleware/auth_token/__init__.py:545}}
Sep 08 15:58:37.684270 dv-cinder-856259-2-smb devstack@keystone.service[81695]: DEBUG keystone.server.flask.request_processing.middleware.auth_context [None req-26012933-eefb-4aa5-b984-2ef7464c4d4d None admin] Validating token access rules against request {{(pid=81695) validate_allowed_request /usr/local/lib/python3.8/dist-packages/keystonemiddleware/auth_token/__init__.py:545}}
Sep 08 15:58:37.713070 dv-cinder-856259-2-smb devstack@keystone.service[81696]: DEBUG keystone.server.flask.request_processing.middleware.auth_context [None req-b5a7c302-cf8e-4c35-a544-41e95a6d791f None admin] RBAC: auth_context: {'token': , 'domain_id': None, 'trust_id': None, 'trustor_id': None, 'trustee_id': None, 'domain_name': None, 'group_ids': [], 'user_id': '36773b7875fb4147ba998e41ff5a8fe9', 'user_domain_id': 'default', 'system_scope': 'all', 'project_id': None, 'project_domain_id': None, 'roles': ['admin', 'member', 'reader'], 'is_admin_project': True, 'service_user_id': None, 'service_user_domain_id': None, 'service_project_id': None, 'service_project_domain_id': None, 'service_roles': []} {{(pid=81696) fill_context /opt/stack/keystone/keystone/server/flask/request_processing/middleware/auth_context.py:478}}
Sep 08 15:58:37.714006 dv-cinder-856259-2-smb devstack@keystone.service[81696]: DEBUG keystone.server.flask.request_processing.req_logging [None req-b5a7c302-cf8e-4c35-a544-41e95a6d791f None admin] REQUEST_METHOD: `GET` {{(pid=81696) log_request_info /opt/stack/keystone/keystone/server/flask/request_processing/req_logging.py:27}}
Sep 08 15:58:37.714512 dv-cinder-856259-2-smb devstack@keystone.service[81696]: DEBUG keystone.server.flask.request_processing.req_logging [None req-b5a7c302-cf8e-4c35-a544-41e95a6d791f None admin] SCRIPT_NAME: `/identity` {{(pid=81696) log_request_info /opt/stack/keystone/keystone/server/flask/request_processing/req_logging.py:28}}
Sep 08 15:58:37.715000 dv-cinder-856259-2-smb devstack@keystone.service[81696]: DEBUG keystone.server.flask.request_processing.req_logging [None req-b5a7c302-cf8e-4c35-a544-41e95a6d791f None admin] PATH_INFO: `/v3/roles/reader` {{(pid=81696) log_request_info /opt/stack/keystone/keystone/server/flask/request_processing/req_logging.py:29}}
Sep 08 15:58:37.733800 dv-cinder-856259-2-smb devstack@keystone.service[81696]: DEBUG keystone.common.rbac_enforcer.enforcer [None req-b5a7c302-cf8e-4c35-a544-41e95a6d791f None admin] Extracting inferred target data resulted in "NOT FOUND (404)". {{(pid=81696) enforce_call /opt/stack/keystone/keystone/common/rbac_enforcer/enforcer.py:409}}
Sep 08 15:58:37.733978 dv-cinder-856259-2-smb devstack@keystone.service[81695]: DEBUG keystone.server.flask.request_processing.middleware.auth_context [None req-978b52bd-2685-4a3c-80dc-55afe2708405 None admin] RBAC: auth_context: {'token': , 'domain_id': None, 'trust_id': None, 'trustor_id': None, 'trustee_id': None, 'domain_name': None, 'group_ids': [], 'user_id': '36773b7875fb4147ba998e41ff5a8fe9', 'user_domain_id': 'default', 'system_scope': 'all', 'project_id': None, 'project_domain_id': None, 'roles': ['admin', 'member', 'reader'], 'is_admin_project': True, 'service_user_id': None, 'service_user_domain_id': None, 'service_project_id': None, 'service_project_domain_id': None, 'service_roles': []} {{(pid=81695) fill_context /opt/stack/keystone/keystone/server/flask/request_processing/middleware/auth_context.py:478}}
Sep 08 15:58:37.734476 dv-cinder-856259-2-smb devstack@keystone.service[81695]: DEBUG keystone.server.flask.request_processing.req_logging [None req-978b52bd-2685-4a3c-80dc-55afe2708405 None admin] REQUEST_METHOD: `GET` {{(pid=81695) log_request_info /opt/stack/keystone/keystone/server/flask/request_processing/req_logging.py:27}}
Sep 08 15:58:37.734786 dv-cinder-856259-2-smb devstack@keystone.service[81695]: DEBUG keystone.server.flask.request_processing.req_logging [None req-978b52bd-2685-4a3c-80dc-55afe2708405 None admin] SCRIPT_NAME: `/identity` {{(pid=81695) log_request_info /opt/stack/keystone/keystone/server/flask/request_processing/req_logging.py:28}}
Sep 08 15:58:37.735060 dv-cinder-856259-2-smb devstack@keystone.service[81695]: DEBUG keystone.server.flask.request_processing.req_logging [None req-978b52bd-2685-4a3c-80dc-55afe2708405 None admin] PATH_INFO: `/v3/roles` {{(pid=81695) log_request_info /opt/stack/keystone/keystone/server/flask/request_processing/req_logging.py:29}}
Sep 08 15:58:37.736293 dv-cinder-856259-2-smb devstack@keystone.service[81695]: DEBUG keystone.common.rbac_enforcer.enforcer [None req-978b52bd-2685-4a3c-80dc-55afe2708405 None admin] RBAC: Adding query filter params (name=member) {{(pid=81695) _extract_filter_values /opt/stack/keystone/keystone/common/rbac_enforcer/enforcer.py:167}}
Sep 08 15:58:37.736599 dv-cinder-856259-2-smb devstack@keystone.service[81695]: DEBUG keystone.common.rbac_enforcer.enforcer [None req-978b52bd-2685-4a3c-80dc-55afe2708405 None admin] RBAC: Authorizing `identity:list_roles()` {{(pid=81695) enforce_call /opt/stack/keystone/keystone/common/rbac_enforcer/enforcer.py:449}}
Sep 08 15:58:37.737992 dv-cinder-856259-2-smb devstack@keystone.service[81695]: DEBUG keystone.common.rbac_enforcer.enforcer [None req-978b52bd-2685-4a3c-80dc-55afe2708405 None admin] RBAC: Authorization granted {{(pid=81695) enforce_call /opt/stack/keystone/keystone/common/rbac_enforcer/enforcer.py:457}}
Sep 08 15:58:37.739507 dv-cinder-856259-2-smb devstack@keystone.service[81695]: DEBUG dbcounter [-] [81695] Writing DB stats keystone:SELECT=99,keystone:INSERT=1 {{(pid=81695) stat_writer /usr/local/lib/python3.8/dist-packages/dbcounter.py:114}}
Sep 08 15:58:37.740106 dv-cinder-856259-2-smb devstack@keystone.service[81696]: ERROR keystone.server.flask.application [None req-b5a7c302-cf8e-4c35-a544-41e95a6d791f None admin] Could not find role: reader.: keystone.exception.RoleNotFound: Could not find role: reader.
Sep 08 15:58:37.740106 dv-cinder-856259-2-smb devstack@keystone.service[81696]: ERROR keystone.server.flask.application
Traceback (most recent call last):
Sep 08 15:58:37.740106 dv-cinder-856259-2-smb devstack@keystone.service[81696]: ERROR keystone.server.flask.application
File "/usr/local/lib/python3.8/dist-packages/flask/app.py", line 1820, in full_dispatch_request
Sep 08 15:58:37.740106 dv-cinder-856259-2-smb devstack@keystone.service[81696]: ERROR keystone.server.flask.application rv = self.dispatch_request()
Sep 08 15:58:37.740106 dv-cinder-856259-2-smb devstack@keystone.service[81696]: ERROR keystone.server.flask.application
File "/usr/local/lib/python3.8/dist-packages/flask/app.py", line 1796, in dispatch_request
Sep 08 15:58:37.740106 dv-cinder-856259-2-smb devstack@keystone.service[81696]: ERROR keystone.server.flask.application return self.ensure_sync(self.view_functions[rule.endpoint])(**view_args)
Sep 08 15:58:37.740106 dv-cinder-856259-2-smb devstack@keystone.service[81696]: ERROR keystone.server.flask.application
File "/usr/local/lib/python3.8/dist-packages/flask_restful/__init__.py", line 467, in wrapper
Sep 08 15:58:37.740106 dv-cinder-856259-2-smb devstack@keystone.service[81696]: ERROR keystone.server.flask.application resp = resource(*args, **kwargs)
Sep 08 15:58:37.740106 dv-cinder-856259-2-smb devstack@keystone.service[81696]: ERROR keystone.server.flask.application
File "/usr/local/lib/python3.8/dist-packages/flask/views.py", line 107, in view
Sep 08 15:58:37.740106 dv-cinder-856259-2-smb devstack@keystone.service[81696]: ERROR keystone.server.flask.application return current_app.ensure_sync(self.dispatch_request)(**kwargs)
Sep 08 15:58:37.740106 dv-cinder-856259-2-smb devstack@keystone.service[81696]: ERROR keystone.server.flask.application
File "/usr/local/lib/python3.8/dist-packages/flask_restful/__init__.py", line 582, in dispatch_request
Sep 08 15:58:37.740106 dv-cinder-856259-2-smb devstack@keystone.service[81696]: ERROR keystone.server.flask.application resp = meth(*args, **kwargs)
Sep 08 15:58:37.740106 dv-cinder-856259-2-smb devstack@keystone.service[81696]: ERROR keystone.server.flask.application
File "/opt/stack/keystone/keystone/api/roles.py", line 50, in get
Sep 08 15:58:37.740106 dv-cinder-856259-2-smb devstack@keystone.service[81696]: ERROR keystone.server.flask.application return self._get_role(role_id)
Sep 08 15:58:37.740106 dv-cinder-856259-2-smb devstack@keystone.service[81696]: ERROR keystone.server.flask.application
File "/opt/stack/keystone/keystone/api/roles.py", line 70, in _get_role
Sep 08 15:58:37.740106 dv-cinder-856259-2-smb devstack@keystone.service[81696]: ERROR keystone.server.flask.application ENFORCER.enforce_call(action='identity:get_role')
Sep 08 15:58:37.740962 dv-cinder-856259-2-smb devstack@keystone.service[81696]: ERROR keystone.server.flask.application
File "/opt/stack/keystone/keystone/common/rbac_enforcer/enforcer.py", line 402, in enforce_call
Sep 08 15:58:37.740962 dv-cinder-856259-2-smb devstack@keystone.service[81696]: ERROR keystone.server.flask.application policy_dict.update(cls._extract_member_target_data(
Sep 08 15:58:37.740962 dv-cinder-856259-2-smb devstack@keystone.service[81696]: ERROR keystone.server.flask.application
File "/opt/stack/keystone/keystone/common/rbac_enforcer/enforcer.py", line 234, in _extract_member_target_data
Sep 08 15:58:37.740962 dv-cinder-856259-2-smb devstack@keystone.service[81696]: ERROR keystone.server.flask.application member_name: func(flask.request.view_args[key])
Sep 08 15:58:37.740962 dv-cinder-856259-2-smb devstack@keystone.service[81696]: ERROR keystone.server.flask.application
File "/opt/stack/keystone/keystone/common/manager.py", line 115, in wrapped
Sep 08 15:58:37.740962 dv-cinder-856259-2-smb devstack@keystone.service[81696]: ERROR keystone.server.flask.application __ret_val = __f(*args, **kwargs)
Sep 08 15:58:37.740962 dv-cinder-856259-2-smb devstack@keystone.service[81696]: ERROR keystone.server.flask.application
File "/usr/local/lib/python3.8/dist-packages/decorator.py", line 232, in fun
Sep 08 15:58:37.740962 dv-cinder-856259-2-smb devstack@keystone.service[81696]: ERROR keystone.server.flask.application return caller(func, *(extras + args), **kw)
Sep 08 15:58:37.740962 dv-cinder-856259-2-smb devstack@keystone.service[81696]: ERROR keystone.server.flask.application
File "/usr/local/lib/python3.8/dist-packages/dogpile/cache/region.py", line 1577, in get_or_create_for_user_func
Sep 08 15:58:37.740962 dv-cinder-856259-2-smb devstack@keystone.service[81696]: ERROR keystone.server.flask.application return self.get_or_create(
Sep 08 15:58:37.740962 dv-cinder-856259-2-smb devstack@keystone.service[81696]: ERROR keystone.server.flask.application
File "/usr/local/lib/python3.8/dist-packages/dogpile/cache/region.py", line 1042, in get_or_create
Sep 08 15:58:37.740962 dv-cinder-856259-2-smb devstack@keystone.service[81696]: ERROR keystone.server.flask.application with Lock(
Sep 08 15:58:37.740962 dv-cinder-856259-2-smb devstack@keystone.service[81696]: ERROR keystone.server.flask.application
File "/usr/local/lib/python3.8/dist-packages/dogpile/lock.py", line 185, in __enter__
Sep 08 15:58:37.740962 dv-cinder-856259-2-smb devstack@keystone.service[81696]: ERROR keystone.server.flask.application return self._enter()
Sep 08 15:58:37.740962 dv-cinder-856259-2-smb devstack@keystone.service[81696]: ERROR keystone.server.flask.application
File "/usr/local/lib/python3.8/dist-packages/dogpile/lock.py", line 94, in _enter
Sep 08 15:58:37.740962 dv-cinder-856259-2-smb devstack@keystone.service[81696]: ERROR keystone.server.flask.application generated = self._enter_create(value, createdtime)
Sep 08 15:58:37.741723 dv-cinder-856259-2-smb devstack@keystone.service[81696]: ERROR keystone.server.flask.application
File "/usr/local/lib/python3.8/dist-packages/dogpile/lock.py", line 178, in _enter_create
Sep 08 15:58:37.741723 dv-cinder-856259-2-smb devstack@keystone.service[81696]: ERROR keystone.server.flask.application return self.creator()
Sep 08 15:58:37.741723 dv-cinder-856259-2-smb devstack@keystone.service[81696]: ERROR keystone.server.flask.application
File "/usr/local/lib/python3.8/dist-packages/dogpile/cache/region.py", line 995, in gen_value
Sep 08 15:58:37.741723 dv-cinder-856259-2-smb devstack@keystone.service[81696]: ERROR keystone.server.flask.application created_value = creator(
Sep 08 15:58:37.741723 dv-cinder-856259-2-smb devstack@keystone.service[81696]: ERROR keystone.server.flask.application
File "/opt/stack/keystone/keystone/assignment/core.py", line 1276, in get_role
Sep 08 15:58:37.741723 dv-cinder-856259-2-smb devstack@keystone.service[81696]: ERROR keystone.server.flask.application return self.driver.get_role(role_id)
Sep 08 15:58:37.741723 dv-cinder-856259-2-smb devstack@keystone.service[81696]: ERROR keystone.server.flask.application
File "/opt/stack/keystone/keystone/assignment/role_backends/sql.py", line 70, in get_role
Sep 08 15:58:37.741723 dv-cinder-856259-2-smb devstack@keystone.service[81696]: ERROR keystone.server.flask.application return self._get_role(session, role_id).to_dict()
Sep 08 15:58:37.741723 dv-cinder-856259-2-smb devstack@keystone.service[81696]: ERROR keystone.server.flask.application
File "/opt/stack/keystone/keystone/assignment/role_backends/sql.py", line 65, in _get_role
Sep 08 15:58:37.741723 dv-cinder-856259-2-smb devstack@keystone.service[81696]: ERROR keystone.server.flask.application raise exception.RoleNotFound(role_id=role_id)
Sep 08 15:58:37.741723 dv-cinder-856259-2-smb devstack@keystone.service[81696]: ERROR keystone.server.flask.application keystone.exception.RoleNotFound: Could not find role: reader.
Sep 08 15:58:37.741723 dv-cinder-856259-2-smb devstack@keystone.service[81696]: ERROR keystone.server.flask.application
Sep 08 15:58:37.741723 dv-cinder-856259-2-smb devstack@keystone.service[81696]: [pid: 81696|app: 0|req: 61/120] 10.222.0.23 () {56 vars in 1099 bytes} [Thu Sep 8 15:58:37 2022] GET /identity/v3/roles/reader => generated 84 bytes in 190 msecs (HTTP/1.1 404) 5 headers in 183 bytes (1 switches on core 0)
Sep 08 15:58:37.742356 dv-cinder-856259-2-smb devstack@keystone.service[81696]: DEBUG keystone.server.flask.request_processing.middleware.auth_context [None req-b5a7c302-cf8e-4c35-a544-41e95a6d791f None admin] Authenticating user token {{(pid=81696) process_request /usr/local/lib/python3.8/dist-packages/keystonemiddleware/auth_token/__init__.py:407}}
Sep 08 15:58:37.748591 dv-cinder-856259-2-smb devstack@keystone.service[81695]: [pid: 81695|app: 0|req: 60/121] 10.222.0.23 () {56 vars in 1101 bytes} [Thu Sep 8 15:58:37 2022] GET /identity/v3/roles?name=member => generated 341 bytes in 223 msecs (HTTP/1.1 200) 5 headers in 177 bytes (1 switches on core 0)
Sep 08 15:58:37.749417 dv-cinder-856259-2-smb devstack@keystone.service[81695]: DEBUG keystone.server.flask.request_processing.middleware.auth_context [None req-978b52bd-2685-4a3c-80dc-55afe2708405 None admin] Authenticating user token {{(pid=81695) process_request /usr/local/lib/python3.8/dist-packages/keystonemiddleware/auth_token/__init__.py:407}}
Sep 08 15:58:37.864576 dv-cinder-856259-2-smb devstack@keystone.service[81696]: DEBUG keystone.server.flask.request_processing.middleware.auth_context [None req-b5a7c302-cf8e-4c35-a544-41e95a6d791f None admin] Validating token access rules against request {{(pid=81696) validate_allowed_request /usr/local/lib/python3.8/dist-packages/keystonemiddleware/auth_token/__init__.py:545}}
Sep 08 15:58:37.887739 dv-cinder-856259-2-smb devstack@keystone.service[81695]: DEBUG keystone.server.flask.request_processing.middleware.auth_context [None req-978b52bd-2685-4a3c-80dc-55afe2708405 None admin] Validating token access rules against request {{(pid=81695) validate_allowed_request /usr/local/lib/python3.8/dist-packages/keystonemiddleware/auth_token/__init__.py:545}}
Sep 08 15:58:37.903014 dv-cinder-856259-2-smb devstack@keystone.service[81696]: DEBUG keystone.server.flask.request_processing.middleware.auth_context [None req-70e5dc76-4196-47c7-bb3c-2522d73e376a None admin] RBAC: auth_context: {'token': , 'domain_id': None, 'trust_id': None, 'trustor_id': None, 'trustee_id': None, 'domain_name': None, 'group_ids': [], 'user_id': '36773b7875fb4147ba998e41ff5a8fe9', 'user_domain_id': 'default', 'system_scope': 'all', 'project_id': None, 'project_domain_id': None, 'roles': ['admin', 'member', 'reader'], 'is_admin_project': True, 'service_user_id': None, 'service_user_domain_id': None, 'service_project_id': None, 'service_project_domain_id': None, 'service_roles': []} {{(pid=81696) fill_context /opt/stack/keystone/keystone/server/flask/request_processing/middleware/auth_context.py:478}}
Sep 08 15:58:37.903908 dv-cinder-856259-2-smb devstack@keystone.service[81696]: DEBUG keystone.server.flask.request_processing.req_logging [None req-70e5dc76-4196-47c7-bb3c-2522d73e376a None admin] REQUEST_METHOD: `GET` {{(pid=81696) log_request_info /opt/stack/keystone/keystone/server/flask/request_processing/req_logging.py:27}}
Sep 08 15:58:37.904203 dv-cinder-856259-2-smb devstack@keystone.service[81696]: DEBUG keystone.server.flask.request_processing.req_logging [None req-70e5dc76-4196-47c7-bb3c-2522d73e376a None admin] SCRIPT_NAME: `/identity` {{(pid=81696) log_request_info /opt/stack/keystone/keystone/server/flask/request_processing/req_logging.py:28}}
Sep 08 15:58:37.904483 dv-cinder-856259-2-smb devstack@keystone.service[81696]: DEBUG keystone.server.flask.request_processing.req_logging [None req-70e5dc76-4196-47c7-bb3c-2522d73e376a None admin] PATH_INFO: `/v3/roles` {{(pid=81696) log_request_info /opt/stack/keystone/keystone/server/flask/request_processing/req_logging.py:29}}
Sep 08 15:58:37.905164 dv-cinder-856259-2-smb devstack@keystone.service[81696]: DEBUG keystone.common.rbac_enforcer.enforcer [None req-70e5dc76-4196-47c7-bb3c-2522d73e376a None admin] RBAC: Adding query filter params (name=admin) {{(pid=81696) _extract_filter_values /opt/stack/keystone/keystone/common/rbac_enforcer/enforcer.py:167}}
Sep 08 15:58:37.905763 dv-cinder-856259-2-smb devstack@keystone.service[81696]: DEBUG keystone.common.rbac_enforcer.enforcer [None req-70e5dc76-4196-47c7-bb3c-2522d73e376a None admin] RBAC: Authorizing `identity:list_roles()` {{(pid=81696) enforce_call /opt/stack/keystone/keystone/common/rbac_enforcer/enforcer.py:449}}
Sep 08 15:58:37.907834 dv-cinder-856259-2-smb devstack@keystone.service[81696]: DEBUG keystone.common.rbac_enforcer.enforcer [None req-70e5dc76-4196-47c7-bb3c-2522d73e376a None admin] RBAC: Authorization granted {{(pid=81696) enforce_call /opt/stack/keystone/keystone/common/rbac_enforcer/enforcer.py:457}}
Sep 08 15:58:37.919910 dv-cinder-856259-2-smb devstack@keystone.service[81696]: [pid: 81696|app: 0|req: 62/122] 10.222.0.23 () {56 vars in 1099 bytes} [Thu Sep 8 15:58:37 2022] GET /identity/v3/roles?name=admin => generated 339 bytes in 178 msecs (HTTP/1.1 200) 5 headers in 177 bytes (1 switches on core 0)
Sep 08 15:58:37.920643 dv-cinder-856259-2-smb devstack@keystone.service[81696]: DEBUG keystone.server.flask.request_processing.middleware.auth_context [None req-70e5dc76-4196-47c7-bb3c-2522d73e376a None admin] Authenticating user token {{(pid=81696) process_request /usr/local/lib/python3.8/dist-packages/keystonemiddleware/auth_token/__init__.py:407}}
Sep 08 15:58:37.933973 dv-cinder-856259-2-smb devstack@keystone.service[81695]: DEBUG keystone.server.flask.request_processing.middleware.auth_context [None req-0c7bd91e-dab7-4b16-b80d-2bf57061fc14 None admin] RBAC: auth_context: {'token': , 'domain_id': None, 'trust_id': None, 'trustor_id': None, 'trustee_id': None, 'domain_name': None, 'group_ids': [], 'user_id': '36773b7875fb4147ba998e41ff5a8fe9', 'user_domain_id': 'default', 'system_scope': 'all', 'project_id': None, 'project_domain_id': None, 'roles': ['admin', 'member', 'reader'], 'is_admin_project': True, 'service_user_id': None, 'service_user_domain_id': None, 'service_project_id': None, 'service_project_domain_id': None, 'service_roles': []} {{(pid=81695) fill_context /opt/stack/keystone/keystone/server/flask/request_processing/middleware/auth_context.py:478}}
Sep 08 15:58:37.934737 dv-cinder-856259-2-smb devstack@keystone.service[81695]: DEBUG keystone.server.flask.request_processing.req_logging [None req-0c7bd91e-dab7-4b16-b80d-2bf57061fc14 None admin] REQUEST_METHOD: `GET` {{(pid=81695) log_request_info /opt/stack/keystone/keystone/server/flask/request_processing/req_logging.py:27}}
Sep 08 15:58:37.935134 dv-cinder-856259-2-smb devstack@keystone.service[81695]: DEBUG keystone.server.flask.request_processing.req_logging [None req-0c7bd91e-dab7-4b16-b80d-2bf57061fc14 None admin] SCRIPT_NAME: `/identity` {{(pid=81695) log_request_info /opt/stack/keystone/keystone/server/flask/request_processing/req_logging.py:28}}
Sep 08 15:58:37.935504 dv-cinder-856259-2-smb devstack@keystone.service[81695]: DEBUG keystone.server.flask.request_processing.req_logging [None req-0c7bd91e-dab7-4b16-b80d-2bf57061fc14 None admin] PATH_INFO: `/v3/roles` {{(pid=81695) log_request_info /opt/stack/keystone/keystone/server/flask/request_processing/req_logging.py:29}}
Sep 08 15:58:37.936265 dv-cinder-856259-2-smb devstack@keystone.service[81695]: DEBUG keystone.common.rbac_enforcer.enforcer [None req-0c7bd91e-dab7-4b16-b80d-2bf57061fc14 None admin] RBAC: Adding query filter params (name=anotherrole) {{(pid=81695) _extract_filter_values /opt/stack/keystone/keystone/common/rbac_enforcer/enforcer.py:167}}
Sep 08 15:58:37.936665 dv-cinder-856259-2-smb devstack@keystone.service[81695]: DEBUG keystone.common.rbac_enforcer.enforcer [None req-0c7bd91e-dab7-4b16-b80d-2bf57061fc14 None admin] RBAC: Authorizing `identity:list_roles()` {{(pid=81695) enforce_call /opt/stack/keystone/keystone/common/rbac_enforcer/enforcer.py:449}}
Sep 08 15:58:37.938267 dv-cinder-856259-2-smb devstack@keystone.service[81695]: DEBUG keystone.common.rbac_enforcer.enforcer [None req-0c7bd91e-dab7-4b16-b80d-2bf57061fc14 None admin] RBAC: Authorization granted {{(pid=81695) enforce_call /opt/stack/keystone/keystone/common/rbac_enforcer/enforcer.py:457}}
Sep 08 15:58:37.943577 dv-cinder-856259-2-smb devstack@keystone.service[81696]: DEBUG dbcounter [-] [81696] Writing DB stats keystone:SELECT=100 {{(pid=81696) stat_writer /usr/local/lib/python3.8/dist-packages/dbcounter.py:114}}
Sep 08 15:58:37.948044 dv-cinder-856259-2-smb devstack@keystone.service[81695]: [pid: 81695|app: 0|req: 61/123] 10.222.0.23 () {56 vars in 1111 bytes} [Thu Sep 8 15:58:37 2022] GET /identity/v3/roles?name=anotherrole => generated 334 bytes in 199 msecs (HTTP/1.1 200) 5 headers in 177 bytes (1 switches on core 0)
Sep 08 15:58:37.949029 dv-cinder-856259-2-smb devstack@keystone.service[81695]: DEBUG keystone.server.flask.request_processing.middleware.auth_context [None req-0c7bd91e-dab7-4b16-b80d-2bf57061fc14 None admin] Authenticating user token {{(pid=81695) process_request /usr/local/lib/python3.8/dist-packages/keystonemiddleware/auth_token/__init__.py:407}}
Sep 08 15:58:38.014068 dv-cinder-856259-2-smb devstack@keystone.service[81695]: DEBUG dbcounter [-] [81695] Writing DB stats keystone:SELECT=100 {{(pid=81695) stat_writer /usr/local/lib/python3.8/dist-packages/dbcounter.py:114}}
Sep 08 15:58:38.053099 dv-cinder-856259-2-smb devstack@keystone.service[81696]: DEBUG keystone.server.flask.request_processing.middleware.auth_context [None req-70e5dc76-4196-47c7-bb3c-2522d73e376a None admin] Validating token access rules against request {{(pid=81696) validate_allowed_request /usr/local/lib/python3.8/dist-packages/keystonemiddleware/auth_token/__init__.py:545}}
Sep 08 15:58:38.061476 dv-cinder-856259-2-smb devstack@keystone.service[81695]: DEBUG keystone.server.flask.request_processing.middleware.auth_context [None req-0c7bd91e-dab7-4b16-b80d-2bf57061fc14 None admin] Validating token access rules against request {{(pid=81695) validate_allowed_request /usr/local/lib/python3.8/dist-packages/keystonemiddleware/auth_token/__init__.py:545}}
Sep 08 15:58:38.098330 dv-cinder-856259-2-smb devstack@keystone.service[81696]: DEBUG keystone.server.flask.request_processing.middleware.auth_context [None req-fdb54787-5a39-463b-b9bd-afbecccb587c None admin] RBAC: auth_context: {'token': , 'domain_id': None, 'trust_id': None, 'trustor_id': None, 'trustee_id': None, 'domain_name': None, 'group_ids': [], 'user_id': '36773b7875fb4147ba998e41ff5a8fe9', 'user_domain_id': 'default', 'system_scope': 'all', 'project_id': None, 'project_domain_id': None, 'roles': ['admin', 'member', 'reader'], 'is_admin_project': True, 'service_user_id': None, 'service_user_domain_id': None, 'service_project_id': None, 'service_project_domain_id': None, 'service_roles': []} {{(pid=81696) fill_context /opt/stack/keystone/keystone/server/flask/request_processing/middleware/auth_context.py:478}}
Sep 08 15:58:38.098975 dv-cinder-856259-2-smb devstack@keystone.service[81696]: DEBUG keystone.server.flask.request_processing.req_logging [None req-fdb54787-5a39-463b-b9bd-afbecccb587c None admin] REQUEST_METHOD: `GET` {{(pid=81696) log_request_info /opt/stack/keystone/keystone/server/flask/request_processing/req_logging.py:27}}
Sep 08 15:58:38.099113 dv-cinder-856259-2-smb devstack@keystone.service[81695]: DEBUG keystone.server.flask.request_processing.middleware.auth_context [None req-5d260818-ebfb-4e4b-8069-2c82ec57e0fd None admin] RBAC: auth_context: {'token': , 'domain_id': None, 'trust_id': None, 'trustor_id': None, 'trustee_id': None, 'domain_name': None, 'group_ids': [], 'user_id': '36773b7875fb4147ba998e41ff5a8fe9', 'user_domain_id': 'default', 'system_scope': 'all', 'project_id': None, 'project_domain_id': None, 'roles': ['admin', 'member', 'reader'], 'is_admin_project': True, 'service_user_id': None, 'service_user_domain_id': None, 'service_project_id': None, 'service_project_domain_id': None, 'service_roles': []} {{(pid=81695) fill_context /opt/stack/keystone/keystone/server/flask/request_processing/middleware/auth_context.py:478}}
Sep 08 15:58:38.099256 dv-cinder-856259-2-smb devstack@keystone.service[81696]: DEBUG keystone.server.flask.request_processing.req_logging [None req-fdb54787-5a39-463b-b9bd-afbecccb587c None admin] SCRIPT_NAME: `/identity` {{(pid=81696) log_request_info /opt/stack/keystone/keystone/server/flask/request_processing/req_logging.py:28}}
Sep 08 15:58:38.099537 dv-cinder-856259-2-smb devstack@keystone.service[81696]: DEBUG keystone.server.flask.request_processing.req_logging [None req-fdb54787-5a39-463b-b9bd-afbecccb587c None admin] PATH_INFO: `/v3/roles` {{(pid=81696) log_request_info /opt/stack/keystone/keystone/server/flask/request_processing/req_logging.py:29}}
Sep 08 15:58:38.099948 dv-cinder-856259-2-smb devstack@keystone.service[81695]: DEBUG keystone.server.flask.request_processing.req_logging [None req-5d260818-ebfb-4e4b-8069-2c82ec57e0fd None admin] REQUEST_METHOD: `GET` {{(pid=81695) log_request_info /opt/stack/keystone/keystone/server/flask/request_processing/req_logging.py:27}}
Sep 08 15:58:38.100207 dv-cinder-856259-2-smb devstack@keystone.service[81696]: DEBUG keystone.common.rbac_enforcer.enforcer [None req-fdb54787-5a39-463b-b9bd-afbecccb587c None admin] RBAC: Adding query filter params (name=reader) {{(pid=81696) _extract_filter_values /opt/stack/keystone/keystone/common/rbac_enforcer/enforcer.py:167}}
Sep 08 15:58:38.100403 dv-cinder-856259-2-smb devstack@keystone.service[81695]: DEBUG keystone.server.flask.request_processing.req_logging [None req-5d260818-ebfb-4e4b-8069-2c82ec57e0fd None admin] SCRIPT_NAME: `/identity` {{(pid=81695) log_request_info /opt/stack/keystone/keystone/server/flask/request_processing/req_logging.py:28}}
Sep 08 15:58:38.100500 dv-cinder-856259-2-smb devstack@keystone.service[81696]: DEBUG keystone.common.rbac_enforcer.enforcer [None req-fdb54787-5a39-463b-b9bd-afbecccb587c None admin] RBAC: Authorizing `identity:list_roles()` {{(pid=81696) enforce_call /opt/stack/keystone/keystone/common/rbac_enforcer/enforcer.py:449}}
Sep 08 15:58:38.100884 dv-cinder-856259-2-smb devstack@keystone.service[81695]: DEBUG keystone.server.flask.request_processing.req_logging [None req-5d260818-ebfb-4e4b-8069-2c82ec57e0fd None admin] PATH_INFO: `/v3/users/0a61cd86a351421ca5fde715dd4da46e` {{(pid=81695) log_request_info /opt/stack/keystone/keystone/server/flask/request_processing/req_logging.py:29}}
Sep 08 15:58:38.102032 dv-cinder-856259-2-smb devstack@keystone.service[81696]: DEBUG keystone.common.rbac_enforcer.enforcer [None req-fdb54787-5a39-463b-b9bd-afbecccb587c None admin] RBAC: Authorization granted {{(pid=81696) enforce_call /opt/stack/keystone/keystone/common/rbac_enforcer/enforcer.py:457}}
Sep 08 15:58:38.102179 dv-cinder-856259-2-smb devstack@keystone.service[81695]: DEBUG keystone.common.rbac_enforcer.enforcer [None req-5d260818-ebfb-4e4b-8069-2c82ec57e0fd None admin] RBAC: Authorizing `identity:get_user(user_id=0a61cd86a351421ca5fde715dd4da46e)` {{(pid=81695) enforce_call /opt/stack/keystone/keystone/common/rbac_enforcer/enforcer.py:449}}
Sep 08 15:58:38.103935 dv-cinder-856259-2-smb devstack@keystone.service[81695]: DEBUG keystone.common.rbac_enforcer.enforcer [None req-5d260818-ebfb-4e4b-8069-2c82ec57e0fd None admin] RBAC: Authorization granted {{(pid=81695) enforce_call /opt/stack/keystone/keystone/common/rbac_enforcer/enforcer.py:457}}
Sep 08 15:58:38.105713 dv-cinder-856259-2-smb devstack@keystone.service[81695]: [pid: 81695|app: 0|req: 62/124] 10.222.0.23 () {56 vars in 1177 bytes} [Thu Sep 8 15:58:37 2022] GET /identity/v3/users/0a61cd86a351421ca5fde715dd4da46e => generated 275 bytes in 157 msecs (HTTP/1.1 200) 5 headers in 177 bytes (1 switches on core 0)
Sep 08 15:58:38.106572 dv-cinder-856259-2-smb devstack@keystone.service[81695]: DEBUG keystone.server.flask.request_processing.middleware.auth_context [None req-5d260818-ebfb-4e4b-8069-2c82ec57e0fd None admin] Authenticating user token {{(pid=81695) process_request /usr/local/lib/python3.8/dist-packages/keystonemiddleware/auth_token/__init__.py:407}}
Sep 08 15:58:38.112572 dv-cinder-856259-2-smb devstack@keystone.service[81696]: [pid: 81696|app: 0|req: 63/125] 10.222.0.23 () {56 vars in 1101 bytes} [Thu Sep 8 15:58:37 2022] GET /identity/v3/roles?name=reader => generated 341 bytes in 192 msecs (HTTP/1.1 200) 5 headers in 177 bytes (1 switches on core 0)
Sep 08 15:58:38.113400 dv-cinder-856259-2-smb devstack@keystone.service[81696]: DEBUG keystone.server.flask.request_processing.middleware.auth_context [None req-fdb54787-5a39-463b-b9bd-afbecccb587c None admin] Authenticating user token {{(pid=81696) process_request /usr/local/lib/python3.8/dist-packages/keystonemiddleware/auth_token/__init__.py:407}}
Sep 08 15:58:38.217465 dv-cinder-856259-2-smb devstack@keystone.service[81696]: DEBUG dbcounter [-] [81696] Writing DB stats keystone:SELECT=100 {{(pid=81696) stat_writer /usr/local/lib/python3.8/dist-packages/dbcounter.py:114}}
Sep 08 15:58:38.223834 dv-cinder-856259-2-smb devstack@keystone.service[81695]: DEBUG keystone.server.flask.request_processing.middleware.auth_context [None req-5d260818-ebfb-4e4b-8069-2c82ec57e0fd None admin] Validating token access rules against request {{(pid=81695) validate_allowed_request /usr/local/lib/python3.8/dist-packages/keystonemiddleware/auth_token/__init__.py:545}}
Sep 08 15:58:38.245636 dv-cinder-856259-2-smb devstack@keystone.service[81696]: DEBUG keystone.server.flask.request_processing.middleware.auth_context [None req-fdb54787-5a39-463b-b9bd-afbecccb587c None admin] Validating token access rules against request {{(pid=81696) validate_allowed_request /usr/local/lib/python3.8/dist-packages/keystonemiddleware/auth_token/__init__.py:545}}
Sep 08 15:58:38.255991 dv-cinder-856259-2-smb devstack@keystone.service[81695]: DEBUG dbcounter [-] [81695] Writing DB stats keystone:SELECT=100 {{(pid=81695) stat_writer /usr/local/lib/python3.8/dist-packages/dbcounter.py:114}}
Sep 08 15:58:38.265414 dv-cinder-856259-2-smb devstack@keystone.service[81695]: DEBUG keystone.server.flask.request_processing.middleware.auth_context [None req-3902dfaa-93fe-4d26-9219-1d4d1510c600 None admin] RBAC: auth_context: {'token': , 'domain_id': None, 'trust_id': None, 'trustor_id': None, 'trustee_id': None, 'domain_name': None, 'group_ids': [], 'user_id': '36773b7875fb4147ba998e41ff5a8fe9', 'user_domain_id': 'default', 'system_scope': 'all', 'project_id': None, 'project_domain_id': None, 'roles': ['admin', 'member', 'reader'], 'is_admin_project': True, 'service_user_id': None, 'service_user_domain_id': None, 'service_project_id': None, 'service_project_domain_id': None, 'service_roles': []} {{(pid=81695) fill_context /opt/stack/keystone/keystone/server/flask/request_processing/middleware/auth_context.py:478}}
Sep 08 15:58:38.266161 dv-cinder-856259-2-smb devstack@keystone.service[81695]: DEBUG keystone.server.flask.request_processing.req_logging [None req-3902dfaa-93fe-4d26-9219-1d4d1510c600 None admin] REQUEST_METHOD: `GET` {{(pid=81695) log_request_info /opt/stack/keystone/keystone/server/flask/request_processing/req_logging.py:27}}
Sep 08 15:58:38.266529 dv-cinder-856259-2-smb devstack@keystone.service[81695]: DEBUG keystone.server.flask.request_processing.req_logging [None req-3902dfaa-93fe-4d26-9219-1d4d1510c600 None admin] SCRIPT_NAME: `/identity` {{(pid=81695) log_request_info /opt/stack/keystone/keystone/server/flask/request_processing/req_logging.py:28}}
Sep 08 15:58:38.266898 dv-cinder-856259-2-smb devstack@keystone.service[81695]: DEBUG keystone.server.flask.request_processing.req_logging [None req-3902dfaa-93fe-4d26-9219-1d4d1510c600 None admin] PATH_INFO: `/v3/users/36773b7875fb4147ba998e41ff5a8fe9` {{(pid=81695) log_request_info /opt/stack/keystone/keystone/server/flask/request_processing/req_logging.py:29}}
Sep 08 15:58:38.268409 dv-cinder-856259-2-smb devstack@keystone.service[81695]: DEBUG keystone.common.rbac_enforcer.enforcer [None req-3902dfaa-93fe-4d26-9219-1d4d1510c600 None admin] RBAC: Authorizing `identity:get_user(user_id=36773b7875fb4147ba998e41ff5a8fe9)` {{(pid=81695) enforce_call /opt/stack/keystone/keystone/common/rbac_enforcer/enforcer.py:449}}
Sep 08 15:58:38.270225 dv-cinder-856259-2-smb devstack@keystone.service[81695]: DEBUG keystone.common.rbac_enforcer.enforcer [None req-3902dfaa-93fe-4d26-9219-1d4d1510c600 None admin] RBAC: Authorization granted {{(pid=81695) enforce_call /opt/stack/keystone/keystone/common/rbac_enforcer/enforcer.py:457}}
Sep 08 15:58:38.272362 dv-cinder-856259-2-smb devstack@keystone.service[81695]: [pid: 81695|app: 0|req: 63/126] 10.222.0.23 () {56 vars in 1177 bytes} [Thu Sep 8 15:58:38 2022] GET /identity/v3/users/36773b7875fb4147ba998e41ff5a8fe9 => generated 247 bytes in 166 msecs (HTTP/1.1 200) 5 headers in 177 bytes (1 switches on core 0)
Sep 08 15:58:38.273070 dv-cinder-856259-2-smb devstack@keystone.service[81695]: DEBUG keystone.server.flask.request_processing.middleware.auth_context [None req-3902dfaa-93fe-4d26-9219-1d4d1510c600 None admin] Authenticating user token {{(pid=81695) process_request /usr/local/lib/python3.8/dist-packages/keystonemiddleware/auth_token/__init__.py:407}}
Sep 08 15:58:38.288558 dv-cinder-856259-2-smb devstack@keystone.service[81696]: DEBUG keystone.server.flask.request_processing.middleware.auth_context [None req-c3e79c69-d973-485d-9363-c977311843a3 None admin] RBAC: auth_context: {'token': , 'domain_id': None, 'trust_id': None, 'trustor_id': None, 'trustee_id': None, 'domain_name': None, 'group_ids': [], 'user_id': '36773b7875fb4147ba998e41ff5a8fe9', 'user_domain_id': 'default', 'system_scope': 'all', 'project_id': None, 'project_domain_id': None, 'roles': ['admin', 'member', 'reader'], 'is_admin_project': True, 'service_user_id': None, 'service_user_domain_id': None, 'service_project_id': None, 'service_project_domain_id': None, 'service_roles': []} {{(pid=81696) fill_context /opt/stack/keystone/keystone/server/flask/request_processing/middleware/auth_context.py:478}}
Sep 08 15:58:38.289609 dv-cinder-856259-2-smb devstack@keystone.service[81696]: DEBUG keystone.server.flask.request_processing.req_logging [None req-c3e79c69-d973-485d-9363-c977311843a3 None admin] REQUEST_METHOD: `GET` {{(pid=81696) log_request_info /opt/stack/keystone/keystone/server/flask/request_processing/req_logging.py:27}}
Sep 08 15:58:38.290371 dv-cinder-856259-2-smb devstack@keystone.service[81696]: DEBUG keystone.server.flask.request_processing.req_logging [None req-c3e79c69-d973-485d-9363-c977311843a3 None admin] SCRIPT_NAME: `/identity` {{(pid=81696) log_request_info /opt/stack/keystone/keystone/server/flask/request_processing/req_logging.py:28}}
Sep 08 15:58:38.290724 dv-cinder-856259-2-smb devstack@keystone.service[81696]: DEBUG keystone.server.flask.request_processing.req_logging [None req-c3e79c69-d973-485d-9363-c977311843a3 None admin] PATH_INFO: `/v3/users/0a61cd86a351421ca5fde715dd4da46e` {{(pid=81696) log_request_info /opt/stack/keystone/keystone/server/flask/request_processing/req_logging.py:29}}
Sep 08 15:58:38.292489 dv-cinder-856259-2-smb devstack@keystone.service[81696]: DEBUG keystone.common.rbac_enforcer.enforcer [None req-c3e79c69-d973-485d-9363-c977311843a3 None admin] RBAC: Authorizing `identity:get_user(user_id=0a61cd86a351421ca5fde715dd4da46e)` {{(pid=81696) enforce_call /opt/stack/keystone/keystone/common/rbac_enforcer/enforcer.py:449}}
Sep 08 15:58:38.294482 dv-cinder-856259-2-smb devstack@keystone.service[81696]: DEBUG keystone.common.rbac_enforcer.enforcer [None req-c3e79c69-d973-485d-9363-c977311843a3 None admin] RBAC: Authorization granted {{(pid=81696) enforce_call /opt/stack/keystone/keystone/common/rbac_enforcer/enforcer.py:457}}
Sep 08 15:58:38.296523 dv-cinder-856259-2-smb devstack@keystone.service[81696]: [pid: 81696|app: 0|req: 64/127] 10.222.0.23 () {56 vars in 1177 bytes} [Thu Sep 8 15:58:38 2022] GET /identity/v3/users/0a61cd86a351421ca5fde715dd4da46e => generated 275 bytes in 183 msecs (HTTP/1.1 200) 5 headers in 177 bytes (1 switches on core 0)
Sep 08 15:58:38.297375 dv-cinder-856259-2-smb devstack@keystone.service[81696]: DEBUG keystone.server.flask.request_processing.middleware.auth_context [None req-c3e79c69-d973-485d-9363-c977311843a3 None admin] Authenticating user token {{(pid=81696) process_request /usr/local/lib/python3.8/dist-packages/keystonemiddleware/auth_token/__init__.py:407}}
Sep 08 15:58:38.385376 dv-cinder-856259-2-smb devstack@keystone.service[81695]: DEBUG keystone.server.flask.request_processing.middleware.auth_context [None req-3902dfaa-93fe-4d26-9219-1d4d1510c600 None admin] Validating token access rules against request {{(pid=81695) validate_allowed_request /usr/local/lib/python3.8/dist-packages/keystonemiddleware/auth_token/__init__.py:545}}
Sep 08 15:58:38.428349 dv-cinder-856259-2-smb devstack@keystone.service[81695]: DEBUG keystone.server.flask.request_processing.middleware.auth_context [None req-1194deda-a47e-4431-9fea-84a623086479 None admin] RBAC: auth_context: {'token': , 'domain_id': None, 'trust_id': None, 'trustor_id': None, 'trustee_id': None, 'domain_name': None, 'group_ids': [], 'user_id': '36773b7875fb4147ba998e41ff5a8fe9', 'user_domain_id': 'default', 'system_scope': 'all', 'project_id': None, 'project_domain_id': None, 'roles': ['admin', 'member', 'reader'], 'is_admin_project': True, 'service_user_id': None, 'service_user_domain_id': None, 'service_project_id': None, 'service_project_domain_id': None, 'service_roles': []} {{(pid=81695) fill_context /opt/stack/keystone/keystone/server/flask/request_processing/middleware/auth_context.py:478}}
Sep 08 15:58:38.428349 dv-cinder-856259-2-smb devstack@keystone.service[81695]: DEBUG keystone.server.flask.request_processing.req_logging [None req-1194deda-a47e-4431-9fea-84a623086479 None admin] REQUEST_METHOD: `GET` {{(pid=81695) log_request_info /opt/stack/keystone/keystone/server/flask/request_processing/req_logging.py:27}}
Sep 08 15:58:38.428349 dv-cinder-856259-2-smb devstack@keystone.service[81695]: DEBUG keystone.server.flask.request_processing.req_logging [None req-1194deda-a47e-4431-9fea-84a623086479 None admin] SCRIPT_NAME: `/identity` {{(pid=81695) log_request_info /opt/stack/keystone/keystone/server/flask/request_processing/req_logging.py:28}}
Sep 08 15:58:38.429763 dv-cinder-856259-2-smb devstack@keystone.service[81695]: DEBUG keystone.server.flask.request_processing.req_logging [None req-1194deda-a47e-4431-9fea-84a623086479 None admin] PATH_INFO: `/v3/projects/37410e96cc924a2eb9fa909600123cb6` {{(pid=81695) log_request_info /opt/stack/keystone/keystone/server/flask/request_processing/req_logging.py:29}}
