Sep 08 15:58:44.346737 dv-cinder-856259-2-smb devstack@keystone.service[81695]: DEBUG keystone.server.flask.request_processing.middleware.auth_context [None req-9868a1a7-668b-43e5-b2c9-ff5572722f02 None admin] RBAC: auth_context: {'token': , 'domain_id': None, 'trust_id': None, 'trustor_id': None, 'trustee_id': None, 'domain_name': None, 'group_ids': [], 'user_id': '36773b7875fb4147ba998e41ff5a8fe9', 'user_domain_id': 'default', 'system_scope': 'all', 'project_id': None, 'project_domain_id': None, 'roles': ['admin', 'member', 'reader'], 'is_admin_project': True, 'service_user_id': None, 'service_user_domain_id': None, 'service_project_id': None, 'service_project_domain_id': None, 'service_roles': []} {{(pid=81695) fill_context /opt/stack/keystone/keystone/server/flask/request_processing/middleware/auth_context.py:478}}
Sep 08 15:58:44.347522 dv-cinder-856259-2-smb devstack@keystone.service[81695]: DEBUG keystone.server.flask.request_processing.req_logging [None req-9868a1a7-668b-43e5-b2c9-ff5572722f02 None admin] REQUEST_METHOD: `GET` {{(pid=81695) log_request_info /opt/stack/keystone/keystone/server/flask/request_processing/req_logging.py:27}}
Sep 08 15:58:44.347940 dv-cinder-856259-2-smb devstack@keystone.service[81695]: DEBUG keystone.server.flask.request_processing.req_logging [None req-9868a1a7-668b-43e5-b2c9-ff5572722f02 None admin] SCRIPT_NAME: `/identity` {{(pid=81695) log_request_info /opt/stack/keystone/keystone/server/flask/request_processing/req_logging.py:28}}
Sep 08 15:58:44.348356 dv-cinder-856259-2-smb devstack@keystone.service[81696]: [pid: 81696|app: 0|req: 82/165] 10.222.0.23 () {56 vars in 1186 bytes} [Thu Sep 8 15:58:44 2022] GET /identity/v3/projects/37410e96cc924a2eb9fa909600123cb6 => generated 312 bytes in 281 msecs (HTTP/1.1 200) 5 headers in 177 bytes (1 switches on core 0)
Sep 08 15:58:44.348804 dv-cinder-856259-2-smb devstack@keystone.service[81695]: DEBUG keystone.server.flask.request_processing.req_logging [None req-9868a1a7-668b-43e5-b2c9-ff5572722f02 None admin] PATH_INFO: `/v3/users/5ac872662dc6483f9570d4a13ee8daa1` {{(pid=81695) log_request_info /opt/stack/keystone/keystone/server/flask/request_processing/req_logging.py:29}}
Sep 08 15:58:44.349128 dv-cinder-856259-2-smb devstack@keystone.service[81696]: DEBUG keystone.server.flask.request_processing.middleware.auth_context [None req-d92cf2f0-39a9-437d-8c89-b01dea1deafb None admin] Authenticating user token {{(pid=81696) process_request /usr/local/lib/python3.8/dist-packages/keystonemiddleware/auth_token/__init__.py:407}}
Sep 08 15:58:44.350449 dv-cinder-856259-2-smb devstack@keystone.service[81695]: DEBUG keystone.common.rbac_enforcer.enforcer [None req-9868a1a7-668b-43e5-b2c9-ff5572722f02 None admin] RBAC: Authorizing `identity:get_user(user_id=5ac872662dc6483f9570d4a13ee8daa1)` {{(pid=81695) enforce_call /opt/stack/keystone/keystone/common/rbac_enforcer/enforcer.py:449}}
Sep 08 15:58:44.352047 dv-cinder-856259-2-smb devstack@keystone.service[81695]: DEBUG keystone.common.rbac_enforcer.enforcer [None req-9868a1a7-668b-43e5-b2c9-ff5572722f02 None admin] RBAC: Authorization granted {{(pid=81695) enforce_call /opt/stack/keystone/keystone/common/rbac_enforcer/enforcer.py:457}}
Sep 08 15:58:44.354088 dv-cinder-856259-2-smb devstack@keystone.service[81695]: [pid: 81695|app: 0|req: 84/166] 10.222.0.23 () {56 vars in 1177 bytes} [Thu Sep 8 15:58:44 2022] GET /identity/v3/users/5ac872662dc6483f9570d4a13ee8daa1 => generated 289 bytes in 157 msecs (HTTP/1.1 200) 5 headers in 177 bytes (1 switches on core 0)
Sep 08 15:58:44.359867 dv-cinder-856259-2-smb devstack@keystone.service[81695]: DEBUG keystone.server.flask.request_processing.middleware.auth_context [None req-9868a1a7-668b-43e5-b2c9-ff5572722f02 None admin] Authenticating user token {{(pid=81695) process_request /usr/local/lib/python3.8/dist-packages/keystonemiddleware/auth_token/__init__.py:407}}
Sep 08 15:58:44.387127 dv-cinder-856259-2-smb devstack@keystone.service[81696]: DEBUG dbcounter [-] [81696] Writing DB stats keystone:SELECT=100 {{(pid=81696) stat_writer /usr/local/lib/python3.8/dist-packages/dbcounter.py:114}}
Sep 08 15:58:44.555750 dv-cinder-856259-2-smb devstack@keystone.service[81696]: DEBUG keystone.server.flask.request_processing.middleware.auth_context [None req-d92cf2f0-39a9-437d-8c89-b01dea1deafb None admin] Validating token access rules against request {{(pid=81696) validate_allowed_request /usr/local/lib/python3.8/dist-packages/keystonemiddleware/auth_token/__init__.py:545}}
Sep 08 15:58:44.564796 dv-cinder-856259-2-smb devstack@keystone.service[81695]: DEBUG keystone.server.flask.request_processing.middleware.auth_context [None req-9868a1a7-668b-43e5-b2c9-ff5572722f02 None admin] Validating token access rules against request {{(pid=81695) validate_allowed_request /usr/local/lib/python3.8/dist-packages/keystonemiddleware/auth_token/__init__.py:545}}
Sep 08 15:58:44.602502 dv-cinder-856259-2-smb devstack@keystone.service[81695]: DEBUG dbcounter [-] [81695] Writing DB stats keystone:SELECT=100 {{(pid=81695) stat_writer /usr/local/lib/python3.8/dist-packages/dbcounter.py:114}}
Sep 08 15:58:44.609596 dv-cinder-856259-2-smb devstack@keystone.service[81695]: DEBUG keystone.server.flask.request_processing.middleware.auth_context [None req-46c5a050-dd66-4b4b-b426-952eaed3c2a6 None admin] RBAC: auth_context: {'token': , 'domain_id': None, 'trust_id': None, 'trustor_id': None, 'trustee_id': None, 'domain_name': None, 'group_ids': [], 'user_id': '36773b7875fb4147ba998e41ff5a8fe9', 'user_domain_id': 'default', 'system_scope': 'all', 'project_id': None, 'project_domain_id': None, 'roles': ['admin', 'member', 'reader'], 'is_admin_project': True, 'service_user_id': None, 'service_user_domain_id': None, 'service_project_id': None, 'service_project_domain_id': None, 'service_roles': []} {{(pid=81695) fill_context /opt/stack/keystone/keystone/server/flask/request_processing/middleware/auth_context.py:478}}
Sep 08 15:58:44.610234 dv-cinder-856259-2-smb devstack@keystone.service[81695]: DEBUG keystone.server.flask.request_processing.req_logging [None req-46c5a050-dd66-4b4b-b426-952eaed3c2a6 None admin] REQUEST_METHOD: `GET` {{(pid=81695) log_request_info /opt/stack/keystone/keystone/server/flask/request_processing/req_logging.py:27}}
Sep 08 15:58:44.610510 dv-cinder-856259-2-smb devstack@keystone.service[81695]: DEBUG keystone.server.flask.request_processing.req_logging [None req-46c5a050-dd66-4b4b-b426-952eaed3c2a6 None admin] SCRIPT_NAME: `/identity` {{(pid=81695) log_request_info /opt/stack/keystone/keystone/server/flask/request_processing/req_logging.py:28}}
Sep 08 15:58:44.610808 dv-cinder-856259-2-smb devstack@keystone.service[81695]: DEBUG keystone.server.flask.request_processing.req_logging [None req-46c5a050-dd66-4b4b-b426-952eaed3c2a6 None admin] PATH_INFO: `/v3/role_assignments` {{(pid=81695) log_request_info /opt/stack/keystone/keystone/server/flask/request_processing/req_logging.py:29}}
Sep 08 15:58:44.611543 dv-cinder-856259-2-smb devstack@keystone.service[81695]: DEBUG keystone.common.rbac_enforcer.enforcer [None req-46c5a050-dd66-4b4b-b426-952eaed3c2a6 None admin] RBAC: Adding query filter params (role.id=6ba784d4bd374e1793729d1ff430e45f, scope.project.id=37410e96cc924a2eb9fa909600123cb6, user.id=0a61cd86a351421ca5fde715dd4da46e) {{(pid=81695) _extract_filter_values /opt/stack/keystone/keystone/common/rbac_enforcer/enforcer.py:167}}
Sep 08 15:58:44.611849 dv-cinder-856259-2-smb devstack@keystone.service[81695]: DEBUG keystone.common.rbac_enforcer.enforcer [None req-46c5a050-dd66-4b4b-b426-952eaed3c2a6 None admin] RBAC: Authorizing `identity:list_role_assignments()` {{(pid=81695) enforce_call /opt/stack/keystone/keystone/common/rbac_enforcer/enforcer.py:449}}
Sep 08 15:58:44.613301 dv-cinder-856259-2-smb devstack@keystone.service[81695]: DEBUG keystone.common.rbac_enforcer.enforcer [None req-46c5a050-dd66-4b4b-b426-952eaed3c2a6 None admin] RBAC: Authorization granted {{(pid=81695) enforce_call /opt/stack/keystone/keystone/common/rbac_enforcer/enforcer.py:457}}
Sep 08 15:58:44.615434 dv-cinder-856259-2-smb devstack@keystone.service[81696]: DEBUG keystone.server.flask.request_processing.middleware.auth_context [None req-a03a7d00-39a1-4bf1-adbb-66d6f29c01de None admin] RBAC: auth_context: {'token': , 'domain_id': None, 'trust_id': None, 'trustor_id': None, 'trustee_id': None, 'domain_name': None, 'group_ids': [], 'user_id': '36773b7875fb4147ba998e41ff5a8fe9', 'user_domain_id': 'default', 'system_scope': 'all', 'project_id': None, 'project_domain_id': None, 'roles': ['admin', 'member', 'reader'], 'is_admin_project': True, 'service_user_id': None, 'service_user_domain_id': None, 'service_project_id': None, 'service_project_domain_id': None, 'service_roles': []} {{(pid=81696) fill_context /opt/stack/keystone/keystone/server/flask/request_processing/middleware/auth_context.py:478}}
Sep 08 15:58:44.616049 dv-cinder-856259-2-smb devstack@keystone.service[81696]: DEBUG keystone.server.flask.request_processing.req_logging [None req-a03a7d00-39a1-4bf1-adbb-66d6f29c01de None admin] REQUEST_METHOD: `GET` {{(pid=81696) log_request_info /opt/stack/keystone/keystone/server/flask/request_processing/req_logging.py:27}}
Sep 08 15:58:44.616328 dv-cinder-856259-2-smb devstack@keystone.service[81696]: DEBUG keystone.server.flask.request_processing.req_logging [None req-a03a7d00-39a1-4bf1-adbb-66d6f29c01de None admin] SCRIPT_NAME: `/identity` {{(pid=81696) log_request_info /opt/stack/keystone/keystone/server/flask/request_processing/req_logging.py:28}}
Sep 08 15:58:44.616602 dv-cinder-856259-2-smb devstack@keystone.service[81696]: DEBUG keystone.server.flask.request_processing.req_logging [None req-a03a7d00-39a1-4bf1-adbb-66d6f29c01de None admin] PATH_INFO: `/v3/roles` {{(pid=81696) log_request_info /opt/stack/keystone/keystone/server/flask/request_processing/req_logging.py:29}}
Sep 08 15:58:44.617271 dv-cinder-856259-2-smb devstack@keystone.service[81696]: DEBUG keystone.common.rbac_enforcer.enforcer [None req-a03a7d00-39a1-4bf1-adbb-66d6f29c01de None admin] RBAC: Adding query filter params (name=admin) {{(pid=81696) _extract_filter_values /opt/stack/keystone/keystone/common/rbac_enforcer/enforcer.py:167}}
Sep 08 15:58:44.617572 dv-cinder-856259-2-smb devstack@keystone.service[81696]: DEBUG keystone.common.rbac_enforcer.enforcer [None req-a03a7d00-39a1-4bf1-adbb-66d6f29c01de None admin] RBAC: Authorizing `identity:list_roles()` {{(pid=81696) enforce_call /opt/stack/keystone/keystone/common/rbac_enforcer/enforcer.py:449}}
Sep 08 15:58:44.619156 dv-cinder-856259-2-smb devstack@keystone.service[81696]: DEBUG keystone.common.rbac_enforcer.enforcer [None req-a03a7d00-39a1-4bf1-adbb-66d6f29c01de None admin] RBAC: Authorization granted {{(pid=81696) enforce_call /opt/stack/keystone/keystone/common/rbac_enforcer/enforcer.py:457}}
Sep 08 15:58:44.619600 dv-cinder-856259-2-smb devstack@keystone.service[81695]: [pid: 81695|app: 0|req: 85/167] 10.222.0.23 () {56 vars in 1374 bytes} [Thu Sep 8 15:58:44 2022] GET /identity/v3/role_assignments?user.id=0a61cd86a351421ca5fde715dd4da46e&scope.project.id=37410e96cc924a2eb9fa909600123cb6&role.id=6ba784d4bd374e1793729d1ff430e45f => generated 608 bytes in 263 msecs (HTTP/1.1 200) 5 headers in 177 bytes (2 switches on core 0)
Sep 08 15:58:44.620454 dv-cinder-856259-2-smb devstack@keystone.service[81695]: DEBUG keystone.server.flask.request_processing.middleware.auth_context [None req-46c5a050-dd66-4b4b-b426-952eaed3c2a6 None admin] Authenticating user token {{(pid=81695) process_request /usr/local/lib/python3.8/dist-packages/keystonemiddleware/auth_token/__init__.py:407}}
Sep 08 15:58:44.628292 dv-cinder-856259-2-smb devstack@keystone.service[81696]: [pid: 81696|app: 0|req: 83/168] 10.222.0.23 () {56 vars in 1099 bytes} [Thu Sep 8 15:58:44 2022] GET /identity/v3/roles?name=admin => generated 339 bytes in 280 msecs (HTTP/1.1 200) 5 headers in 177 bytes (1 switches on core 0)
Sep 08 15:58:44.634193 dv-cinder-856259-2-smb devstack@keystone.service[81696]: DEBUG keystone.server.flask.request_processing.middleware.auth_context [None req-a03a7d00-39a1-4bf1-adbb-66d6f29c01de None admin] Authenticating user token {{(pid=81696) process_request /usr/local/lib/python3.8/dist-packages/keystonemiddleware/auth_token/__init__.py:407}}
Sep 08 15:58:44.736441 dv-cinder-856259-2-smb devstack@keystone.service[81696]: DEBUG dbcounter [-] [81696] Writing DB stats keystone:SELECT=100 {{(pid=81696) stat_writer /usr/local/lib/python3.8/dist-packages/dbcounter.py:114}}
Sep 08 15:58:44.737052 dv-cinder-856259-2-smb devstack@keystone.service[81695]: DEBUG keystone.server.flask.request_processing.middleware.auth_context [None req-46c5a050-dd66-4b4b-b426-952eaed3c2a6 None admin] Validating token access rules against request {{(pid=81695) validate_allowed_request /usr/local/lib/python3.8/dist-packages/keystonemiddleware/auth_token/__init__.py:545}}
Sep 08 15:58:44.772598 dv-cinder-856259-2-smb devstack@keystone.service[81696]: DEBUG keystone.server.flask.request_processing.middleware.auth_context [None req-a03a7d00-39a1-4bf1-adbb-66d6f29c01de None admin] Validating token access rules against request {{(pid=81696) validate_allowed_request /usr/local/lib/python3.8/dist-packages/keystonemiddleware/auth_token/__init__.py:545}}
Sep 08 15:58:44.775672 dv-cinder-856259-2-smb devstack@keystone.service[81695]: DEBUG keystone.server.flask.request_processing.middleware.auth_context [None req-b2fa1963-6a8d-4811-baab-5c33a053c2b7 None admin] RBAC: auth_context: {'token': , 'domain_id': None, 'trust_id': None, 'trustor_id': None, 'trustee_id': None, 'domain_name': None, 'group_ids': [], 'user_id': '36773b7875fb4147ba998e41ff5a8fe9', 'user_domain_id': 'default', 'system_scope': 'all', 'project_id': None, 'project_domain_id': None, 'roles': ['admin', 'member', 'reader'], 'is_admin_project': True, 'service_user_id': None, 'service_user_domain_id': None, 'service_project_id': None, 'service_project_domain_id': None, 'service_roles': []} {{(pid=81695) fill_context /opt/stack/keystone/keystone/server/flask/request_processing/middleware/auth_context.py:478}}
Sep 08 15:58:44.776333 dv-cinder-856259-2-smb devstack@keystone.service[81695]: DEBUG keystone.server.flask.request_processing.req_logging [None req-b2fa1963-6a8d-4811-baab-5c33a053c2b7 None admin] REQUEST_METHOD: `GET` {{(pid=81695) log_request_info /opt/stack/keystone/keystone/server/flask/request_processing/req_logging.py:27}}
Sep 08 15:58:44.776615 dv-cinder-856259-2-smb devstack@keystone.service[81695]: DEBUG keystone.server.flask.request_processing.req_logging [None req-b2fa1963-6a8d-4811-baab-5c33a053c2b7 None admin] SCRIPT_NAME: `/identity` {{(pid=81695) log_request_info /opt/stack/keystone/keystone/server/flask/request_processing/req_logging.py:28}}
Sep 08 15:58:44.776890 dv-cinder-856259-2-smb devstack@keystone.service[81695]: DEBUG keystone.server.flask.request_processing.req_logging [None req-b2fa1963-6a8d-4811-baab-5c33a053c2b7 None admin] PATH_INFO: `/v3/projects/680231dab5b3448499d71c6cba44d7c6` {{(pid=81695) log_request_info /opt/stack/keystone/keystone/server/flask/request_processing/req_logging.py:29}}
Sep 08 15:58:44.778152 dv-cinder-856259-2-smb devstack@keystone.service[81695]: DEBUG keystone.common.rbac_enforcer.enforcer [None req-b2fa1963-6a8d-4811-baab-5c33a053c2b7 None admin] RBAC: Authorizing `identity:get_project(project_id=680231dab5b3448499d71c6cba44d7c6)` {{(pid=81695) enforce_call /opt/stack/keystone/keystone/common/rbac_enforcer/enforcer.py:449}}
Sep 08 15:58:44.780798 dv-cinder-856259-2-smb devstack@keystone.service[81695]: DEBUG keystone.common.rbac_enforcer.enforcer [None req-b2fa1963-6a8d-4811-baab-5c33a053c2b7 None admin] RBAC: Authorization granted {{(pid=81695) enforce_call /opt/stack/keystone/keystone/common/rbac_enforcer/enforcer.py:457}}
Sep 08 15:58:44.783226 dv-cinder-856259-2-smb devstack@keystone.service[81695]: [pid: 81695|app: 0|req: 86/169] 10.222.0.23 () {56 vars in 1186 bytes} [Thu Sep 8 15:58:44 2022] GET /identity/v3/projects/680231dab5b3448499d71c6cba44d7c6 => generated 298 bytes in 163 msecs (HTTP/1.1 200) 5 headers in 177 bytes (1 switches on core 0)
Sep 08 15:58:44.784101 dv-cinder-856259-2-smb devstack@keystone.service[81695]: DEBUG keystone.server.flask.request_processing.middleware.auth_context [None req-b2fa1963-6a8d-4811-baab-5c33a053c2b7 None admin] Authenticating user token {{(pid=81695) process_request /usr/local/lib/python3.8/dist-packages/keystonemiddleware/auth_token/__init__.py:407}}
Sep 08 15:58:44.840274 dv-cinder-856259-2-smb devstack@keystone.service[81696]: DEBUG keystone.server.flask.request_processing.middleware.auth_context [None req-86e6c9b2-9db4-43dc-a29e-d3bc3dcb3f05 None admin] RBAC: auth_context: {'token': , 'domain_id': None, 'trust_id': None, 'trustor_id': None, 'trustee_id': None, 'domain_name': None, 'group_ids': [], 'user_id': '36773b7875fb4147ba998e41ff5a8fe9', 'user_domain_id': 'default', 'system_scope': 'all', 'project_id': None, 'project_domain_id': None, 'roles': ['admin', 'member', 'reader'], 'is_admin_project': True, 'service_user_id': None, 'service_user_domain_id': None, 'service_project_id': None, 'service_project_domain_id': None, 'service_roles': []} {{(pid=81696) fill_context /opt/stack/keystone/keystone/server/flask/request_processing/middleware/auth_context.py:478}}
Sep 08 15:58:44.840846 dv-cinder-856259-2-smb devstack@keystone.service[81696]: DEBUG keystone.server.flask.request_processing.req_logging [None req-86e6c9b2-9db4-43dc-a29e-d3bc3dcb3f05 None admin] REQUEST_METHOD: `GET` {{(pid=81696) log_request_info /opt/stack/keystone/keystone/server/flask/request_processing/req_logging.py:27}}
Sep 08 15:58:44.841126 dv-cinder-856259-2-smb devstack@keystone.service[81696]: DEBUG keystone.server.flask.request_processing.req_logging [None req-86e6c9b2-9db4-43dc-a29e-d3bc3dcb3f05 None admin] SCRIPT_NAME: `/identity` {{(pid=81696) log_request_info /opt/stack/keystone/keystone/server/flask/request_processing/req_logging.py:28}}
Sep 08 15:58:44.841402 dv-cinder-856259-2-smb devstack@keystone.service[81696]: DEBUG keystone.server.flask.request_processing.req_logging [None req-86e6c9b2-9db4-43dc-a29e-d3bc3dcb3f05 None admin] PATH_INFO: `/v3/users/36773b7875fb4147ba998e41ff5a8fe9` {{(pid=81696) log_request_info /opt/stack/keystone/keystone/server/flask/request_processing/req_logging.py:29}}
Sep 08 15:58:44.842696 dv-cinder-856259-2-smb devstack@keystone.service[81696]: DEBUG keystone.common.rbac_enforcer.enforcer [None req-86e6c9b2-9db4-43dc-a29e-d3bc3dcb3f05 None admin] RBAC: Authorizing `identity:get_user(user_id=36773b7875fb4147ba998e41ff5a8fe9)` {{(pid=81696) enforce_call /opt/stack/keystone/keystone/common/rbac_enforcer/enforcer.py:449}}
Sep 08 15:58:44.844245 dv-cinder-856259-2-smb devstack@keystone.service[81696]: DEBUG keystone.common.rbac_enforcer.enforcer [None req-86e6c9b2-9db4-43dc-a29e-d3bc3dcb3f05 None admin] RBAC: Authorization granted {{(pid=81696) enforce_call /opt/stack/keystone/keystone/common/rbac_enforcer/enforcer.py:457}}
Sep 08 15:58:44.846178 dv-cinder-856259-2-smb devstack@keystone.service[81696]: [pid: 81696|app: 0|req: 84/170] 10.222.0.23 () {56 vars in 1177 bytes} [Thu Sep 8 15:58:44 2022] GET /identity/v3/users/36773b7875fb4147ba998e41ff5a8fe9 => generated 247 bytes in 212 msecs (HTTP/1.1 200) 5 headers in 177 bytes (1 switches on core 0)
Sep 08 15:58:44.852592 dv-cinder-856259-2-smb devstack@keystone.service[81696]: DEBUG keystone.server.flask.request_processing.middleware.auth_context [None req-86e6c9b2-9db4-43dc-a29e-d3bc3dcb3f05 None admin] Authenticating user token {{(pid=81696) process_request /usr/local/lib/python3.8/dist-packages/keystonemiddleware/auth_token/__init__.py:407}}
Sep 08 15:58:44.855063 dv-cinder-856259-2-smb devstack@keystone.service[81695]: DEBUG dbcounter [-] [81695] Writing DB stats keystone:SELECT=100 {{(pid=81695) stat_writer /usr/local/lib/python3.8/dist-packages/dbcounter.py:114}}
Sep 08 15:58:44.903302 dv-cinder-856259-2-smb devstack@keystone.service[81695]: DEBUG keystone.server.flask.request_processing.middleware.auth_context [None req-b2fa1963-6a8d-4811-baab-5c33a053c2b7 None admin] Validating token access rules against request {{(pid=81695) validate_allowed_request /usr/local/lib/python3.8/dist-packages/keystonemiddleware/auth_token/__init__.py:545}}
Sep 08 15:58:44.943695 dv-cinder-856259-2-smb devstack@keystone.service[81695]: DEBUG keystone.server.flask.request_processing.middleware.auth_context [None req-121e37da-e13e-41e5-8c36-6f57f9210ae4 None admin] RBAC: auth_context: {'token': , 'domain_id': None, 'trust_id': None, 'trustor_id': None, 'trustee_id': None, 'domain_name': None, 'group_ids': [], 'user_id': '36773b7875fb4147ba998e41ff5a8fe9', 'user_domain_id': 'default', 'system_scope': 'all', 'project_id': None, 'project_domain_id': None, 'roles': ['admin', 'member', 'reader'], 'is_admin_project': True, 'service_user_id': None, 'service_user_domain_id': None, 'service_project_id': None, 'service_project_domain_id': None, 'service_roles': []} {{(pid=81695) fill_context /opt/stack/keystone/keystone/server/flask/request_processing/middleware/auth_context.py:478}}
Sep 08 15:58:44.944459 dv-cinder-856259-2-smb devstack@keystone.service[81695]: DEBUG keystone.server.flask.request_processing.req_logging [None req-121e37da-e13e-41e5-8c36-6f57f9210ae4 None admin] REQUEST_METHOD: `GET` {{(pid=81695) log_request_info /opt/stack/keystone/keystone/server/flask/request_processing/req_logging.py:27}}
Sep 08 15:58:44.944741 dv-cinder-856259-2-smb devstack@keystone.service[81695]: DEBUG keystone.server.flask.request_processing.req_logging [None req-121e37da-e13e-41e5-8c36-6f57f9210ae4 None admin] SCRIPT_NAME: `/identity` {{(pid=81695) log_request_info /opt/stack/keystone/keystone/server/flask/request_processing/req_logging.py:28}}
Sep 08 15:58:44.945012 dv-cinder-856259-2-smb devstack@keystone.service[81695]: DEBUG keystone.server.flask.request_processing.req_logging [None req-121e37da-e13e-41e5-8c36-6f57f9210ae4 None admin] PATH_INFO: `/v3/roles/anotherrole` {{(pid=81695) log_request_info /opt/stack/keystone/keystone/server/flask/request_processing/req_logging.py:29}}
Sep 08 15:58:44.958203 dv-cinder-856259-2-smb devstack@keystone.service[81695]: DEBUG keystone.common.rbac_enforcer.enforcer [None req-121e37da-e13e-41e5-8c36-6f57f9210ae4 None admin] Extracting inferred target data resulted in "NOT FOUND (404)". {{(pid=81695) enforce_call /opt/stack/keystone/keystone/common/rbac_enforcer/enforcer.py:409}}
Sep 08 15:58:44.964378 dv-cinder-856259-2-smb devstack@keystone.service[81695]: ERROR keystone.server.flask.application [None req-121e37da-e13e-41e5-8c36-6f57f9210ae4 None admin] Could not find role: anotherrole.: keystone.exception.RoleNotFound: Could not find role: anotherrole.
Sep 08 15:58:44.964378 dv-cinder-856259-2-smb devstack@keystone.service[81695]: ERROR keystone.server.flask.application
Traceback (most recent call last):
Sep 08 15:58:44.964378 dv-cinder-856259-2-smb devstack@keystone.service[81695]: ERROR keystone.server.flask.application
File "/usr/local/lib/python3.8/dist-packages/flask/app.py", line 1820, in full_dispatch_request
Sep 08 15:58:44.964378 dv-cinder-856259-2-smb devstack@keystone.service[81695]: ERROR keystone.server.flask.application rv = self.dispatch_request()
Sep 08 15:58:44.964378 dv-cinder-856259-2-smb devstack@keystone.service[81695]: ERROR keystone.server.flask.application
File "/usr/local/lib/python3.8/dist-packages/flask/app.py", line 1796, in dispatch_request
Sep 08 15:58:44.964378 dv-cinder-856259-2-smb devstack@keystone.service[81695]: ERROR keystone.server.flask.application return self.ensure_sync(self.view_functions[rule.endpoint])(**view_args)
Sep 08 15:58:44.964378 dv-cinder-856259-2-smb devstack@keystone.service[81695]: ERROR keystone.server.flask.application
File "/usr/local/lib/python3.8/dist-packages/flask_restful/__init__.py", line 467, in wrapper
Sep 08 15:58:44.964378 dv-cinder-856259-2-smb devstack@keystone.service[81695]: ERROR keystone.server.flask.application resp = resource(*args, **kwargs)
Sep 08 15:58:44.964378 dv-cinder-856259-2-smb devstack@keystone.service[81695]: ERROR keystone.server.flask.application
File "/usr/local/lib/python3.8/dist-packages/flask/views.py", line 107, in view
Sep 08 15:58:44.964378 dv-cinder-856259-2-smb devstack@keystone.service[81695]: ERROR keystone.server.flask.application return current_app.ensure_sync(self.dispatch_request)(**kwargs)
Sep 08 15:58:44.964378 dv-cinder-856259-2-smb devstack@keystone.service[81695]: ERROR keystone.server.flask.application
File "/usr/local/lib/python3.8/dist-packages/flask_restful/__init__.py", line 582, in dispatch_request
Sep 08 15:58:44.964378 dv-cinder-856259-2-smb devstack@keystone.service[81695]: ERROR keystone.server.flask.application resp = meth(*args, **kwargs)
Sep 08 15:58:44.964378 dv-cinder-856259-2-smb devstack@keystone.service[81695]: ERROR keystone.server.flask.application
File "/opt/stack/keystone/keystone/api/roles.py", line 50, in get
Sep 08 15:58:44.964378 dv-cinder-856259-2-smb devstack@keystone.service[81695]: ERROR keystone.server.flask.application return self._get_role(role_id)
Sep 08 15:58:44.964378 dv-cinder-856259-2-smb devstack@keystone.service[81695]: ERROR keystone.server.flask.application
File "/opt/stack/keystone/keystone/api/roles.py", line 70, in _get_role
Sep 08 15:58:44.964378 dv-cinder-856259-2-smb devstack@keystone.service[81695]: ERROR keystone.server.flask.application ENFORCER.enforce_call(action='identity:get_role')
Sep 08 15:58:44.966485 dv-cinder-856259-2-smb devstack@keystone.service[81695]: ERROR keystone.server.flask.application
File "/opt/stack/keystone/keystone/common/rbac_enforcer/enforcer.py", line 402, in enforce_call
Sep 08 15:58:44.966485 dv-cinder-856259-2-smb devstack@keystone.service[81695]: ERROR keystone.server.flask.application policy_dict.update(cls._extract_member_target_data(
Sep 08 15:58:44.966485 dv-cinder-856259-2-smb devstack@keystone.service[81695]: ERROR keystone.server.flask.application
File "/opt/stack/keystone/keystone/common/rbac_enforcer/enforcer.py", line 234, in _extract_member_target_data
Sep 08 15:58:44.966485 dv-cinder-856259-2-smb devstack@keystone.service[81695]: ERROR keystone.server.flask.application member_name: func(flask.request.view_args[key])
Sep 08 15:58:44.966485 dv-cinder-856259-2-smb devstack@keystone.service[81695]: ERROR keystone.server.flask.application
File "/opt/stack/keystone/keystone/common/manager.py", line 115, in wrapped
Sep 08 15:58:44.966485 dv-cinder-856259-2-smb devstack@keystone.service[81695]: ERROR keystone.server.flask.application __ret_val = __f(*args, **kwargs)
Sep 08 15:58:44.966485 dv-cinder-856259-2-smb devstack@keystone.service[81695]: ERROR keystone.server.flask.application
File "/usr/local/lib/python3.8/dist-packages/decorator.py", line 232, in fun
Sep 08 15:58:44.966485 dv-cinder-856259-2-smb devstack@keystone.service[81695]: ERROR keystone.server.flask.application return caller(func, *(extras + args), **kw)
Sep 08 15:58:44.966485 dv-cinder-856259-2-smb devstack@keystone.service[81695]: ERROR keystone.server.flask.application
File "/usr/local/lib/python3.8/dist-packages/dogpile/cache/region.py", line 1577, in get_or_create_for_user_func
Sep 08 15:58:44.966485 dv-cinder-856259-2-smb devstack@keystone.service[81695]: ERROR keystone.server.flask.application return self.get_or_create(
Sep 08 15:58:44.966485 dv-cinder-856259-2-smb devstack@keystone.service[81695]: ERROR keystone.server.flask.application
File "/usr/local/lib/python3.8/dist-packages/dogpile/cache/region.py", line 1042, in get_or_create
Sep 08 15:58:44.966485 dv-cinder-856259-2-smb devstack@keystone.service[81695]: ERROR keystone.server.flask.application with Lock(
Sep 08 15:58:44.966485 dv-cinder-856259-2-smb devstack@keystone.service[81695]: ERROR keystone.server.flask.application
File "/usr/local/lib/python3.8/dist-packages/dogpile/lock.py", line 185, in __enter__
Sep 08 15:58:44.966485 dv-cinder-856259-2-smb devstack@keystone.service[81695]: ERROR keystone.server.flask.application return self._enter()
Sep 08 15:58:44.966485 dv-cinder-856259-2-smb devstack@keystone.service[81695]: ERROR keystone.server.flask.application
File "/usr/local/lib/python3.8/dist-packages/dogpile/lock.py", line 94, in _enter
Sep 08 15:58:44.966485 dv-cinder-856259-2-smb devstack@keystone.service[81695]: ERROR keystone.server.flask.application generated = self._enter_create(value, createdtime)
Sep 08 15:58:44.967957 dv-cinder-856259-2-smb devstack@keystone.service[81695]: ERROR keystone.server.flask.application
File "/usr/local/lib/python3.8/dist-packages/dogpile/lock.py", line 178, in _enter_create
Sep 08 15:58:44.967957 dv-cinder-856259-2-smb devstack@keystone.service[81695]: ERROR keystone.server.flask.application return self.creator()
Sep 08 15:58:44.967957 dv-cinder-856259-2-smb devstack@keystone.service[81695]: ERROR keystone.server.flask.application
File "/usr/local/lib/python3.8/dist-packages/dogpile/cache/region.py", line 995, in gen_value
Sep 08 15:58:44.967957 dv-cinder-856259-2-smb devstack@keystone.service[81695]: ERROR keystone.server.flask.application created_value = creator(
Sep 08 15:58:44.967957 dv-cinder-856259-2-smb devstack@keystone.service[81695]: ERROR keystone.server.flask.application
File "/opt/stack/keystone/keystone/assignment/core.py", line 1276, in get_role
Sep 08 15:58:44.967957 dv-cinder-856259-2-smb devstack@keystone.service[81695]: ERROR keystone.server.flask.application return self.driver.get_role(role_id)
Sep 08 15:58:44.967957 dv-cinder-856259-2-smb devstack@keystone.service[81695]: ERROR keystone.server.flask.application
File "/opt/stack/keystone/keystone/assignment/role_backends/sql.py", line 70, in get_role
Sep 08 15:58:44.967957 dv-cinder-856259-2-smb devstack@keystone.service[81695]: ERROR keystone.server.flask.application return self._get_role(session, role_id).to_dict()
Sep 08 15:58:44.967957 dv-cinder-856259-2-smb devstack@keystone.service[81695]: ERROR keystone.server.flask.application
File "/opt/stack/keystone/keystone/assignment/role_backends/sql.py", line 65, in _get_role
Sep 08 15:58:44.967957 dv-cinder-856259-2-smb devstack@keystone.service[81695]: ERROR keystone.server.flask.application raise exception.RoleNotFound(role_id=role_id)
Sep 08 15:58:44.967957 dv-cinder-856259-2-smb devstack@keystone.service[81695]: ERROR keystone.server.flask.application keystone.exception.RoleNotFound: Could not find role: anotherrole.
Sep 08 15:58:44.967957 dv-cinder-856259-2-smb devstack@keystone.service[81695]: ERROR keystone.server.flask.application
Sep 08 15:58:44.967957 dv-cinder-856259-2-smb devstack@keystone.service[81695]: [pid: 81695|app: 0|req: 87/171] 10.222.0.23 () {56 vars in 1114 bytes} [Thu Sep 8 15:58:44 2022] GET /identity/v3/roles/anotherrole => generated 89 bytes in 182 msecs (HTTP/1.1 404) 5 headers in 183 bytes (1 switches on core 0)
Sep 08 15:58:44.967957 dv-cinder-856259-2-smb devstack@keystone.service[81695]: DEBUG keystone.server.flask.request_processing.middleware.auth_context [None req-121e37da-e13e-41e5-8c36-6f57f9210ae4 None admin] Authenticating user token {{(pid=81695) process_request /usr/local/lib/python3.8/dist-packages/keystonemiddleware/auth_token/__init__.py:407}}
Sep 08 15:58:45.021323 dv-cinder-856259-2-smb devstack@keystone.service[81696]: DEBUG keystone.server.flask.request_processing.middleware.auth_context [None req-86e6c9b2-9db4-43dc-a29e-d3bc3dcb3f05 None admin] Validating token access rules against request {{(pid=81696) validate_allowed_request /usr/local/lib/python3.8/dist-packages/keystonemiddleware/auth_token/__init__.py:545}}
Sep 08 15:58:45.059732 dv-cinder-856259-2-smb devstack@keystone.service[81696]: DEBUG keystone.server.flask.request_processing.middleware.auth_context [None req-afc5bf79-b631-4699-9b8b-10572a864a48 None admin] RBAC: auth_context: {'token': , 'domain_id': None, 'trust_id': None, 'trustor_id': None, 'trustee_id': None, 'domain_name': None, 'group_ids': [], 'user_id': '36773b7875fb4147ba998e41ff5a8fe9', 'user_domain_id': 'default', 'system_scope': 'all', 'project_id': None, 'project_domain_id': None, 'roles': ['admin', 'member', 'reader'], 'is_admin_project': True, 'service_user_id': None, 'service_user_domain_id': None, 'service_project_id': None, 'service_project_domain_id': None, 'service_roles': []} {{(pid=81696) fill_context /opt/stack/keystone/keystone/server/flask/request_processing/middleware/auth_context.py:478}}
Sep 08 15:58:45.060403 dv-cinder-856259-2-smb devstack@keystone.service[81696]: DEBUG keystone.server.flask.request_processing.req_logging [None req-afc5bf79-b631-4699-9b8b-10572a864a48 None admin] REQUEST_METHOD: `PUT` {{(pid=81696) log_request_info /opt/stack/keystone/keystone/server/flask/request_processing/req_logging.py:27}}
Sep 08 15:58:45.060683 dv-cinder-856259-2-smb devstack@keystone.service[81696]: DEBUG keystone.server.flask.request_processing.req_logging [None req-afc5bf79-b631-4699-9b8b-10572a864a48 None admin] SCRIPT_NAME: `/identity` {{(pid=81696) log_request_info /opt/stack/keystone/keystone/server/flask/request_processing/req_logging.py:28}}
Sep 08 15:58:45.060956 dv-cinder-856259-2-smb devstack@keystone.service[81696]: DEBUG keystone.server.flask.request_processing.req_logging [None req-afc5bf79-b631-4699-9b8b-10572a864a48 None admin] PATH_INFO: `/v3/projects/680231dab5b3448499d71c6cba44d7c6/users/5ac872662dc6483f9570d4a13ee8daa1/roles/a970a114620e467295e3dd153a9f4321` {{(pid=81696) log_request_info /opt/stack/keystone/keystone/server/flask/request_processing/req_logging.py:29}}
Sep 08 15:58:45.063500 dv-cinder-856259-2-smb devstack@keystone.service[81696]: DEBUG keystone.common.rbac_enforcer.enforcer [None req-afc5bf79-b631-4699-9b8b-10572a864a48 None admin] RBAC: Authorizing `identity:create_grant(project_id=680231dab5b3448499d71c6cba44d7c6, user_id=5ac872662dc6483f9570d4a13ee8daa1, role_id=a970a114620e467295e3dd153a9f4321)` {{(pid=81696) enforce_call /opt/stack/keystone/keystone/common/rbac_enforcer/enforcer.py:449}}
Sep 08 15:58:45.065260 dv-cinder-856259-2-smb devstack@keystone.service[81696]: DEBUG keystone.common.rbac_enforcer.enforcer [None req-afc5bf79-b631-4699-9b8b-10572a864a48 None admin] RBAC: Authorization granted {{(pid=81696) enforce_call /opt/stack/keystone/keystone/common/rbac_enforcer/enforcer.py:457}}
Sep 08 15:58:45.091124 dv-cinder-856259-2-smb devstack@keystone.service[81695]: DEBUG keystone.server.flask.request_processing.middleware.auth_context [None req-121e37da-e13e-41e5-8c36-6f57f9210ae4 None admin] Validating token access rules against request {{(pid=81695) validate_allowed_request /usr/local/lib/python3.8/dist-packages/keystonemiddleware/auth_token/__init__.py:545}}
Sep 08 15:58:45.113959 dv-cinder-856259-2-smb devstack@keystone.service[81695]: DEBUG dbcounter [-] [81695] Writing DB stats keystone:SELECT=100 {{(pid=81695) stat_writer /usr/local/lib/python3.8/dist-packages/dbcounter.py:114}}
Sep 08 15:58:45.126342 dv-cinder-856259-2-smb devstack@keystone.service[81695]: DEBUG keystone.server.flask.request_processing.middleware.auth_context [None req-4e1d8be0-11f1-45fb-806a-0ce020a4fab8 None admin] RBAC: auth_context: {'token': , 'domain_id': None, 'trust_id': None, 'trustor_id': None, 'trustee_id': None, 'domain_name': None, 'group_ids': [], 'user_id': '36773b7875fb4147ba998e41ff5a8fe9', 'user_domain_id': 'default', 'system_scope': 'all', 'project_id': None, 'project_domain_id': None, 'roles': ['admin', 'member', 'reader'], 'is_admin_project': True, 'service_user_id': None, 'service_user_domain_id': None, 'service_project_id': None, 'service_project_domain_id': None, 'service_roles': []} {{(pid=81695) fill_context /opt/stack/keystone/keystone/server/flask/request_processing/middleware/auth_context.py:478}}
Sep 08 15:58:45.127039 dv-cinder-856259-2-smb devstack@keystone.service[81695]: DEBUG keystone.server.flask.request_processing.req_logging [None req-4e1d8be0-11f1-45fb-806a-0ce020a4fab8 None admin] REQUEST_METHOD: `GET` {{(pid=81695) log_request_info /opt/stack/keystone/keystone/server/flask/request_processing/req_logging.py:27}}
Sep 08 15:58:45.127316 dv-cinder-856259-2-smb devstack@keystone.service[81695]: DEBUG keystone.server.flask.request_processing.req_logging [None req-4e1d8be0-11f1-45fb-806a-0ce020a4fab8 None admin] SCRIPT_NAME: `/identity` {{(pid=81695) log_request_info /opt/stack/keystone/keystone/server/flask/request_processing/req_logging.py:28}}
Sep 08 15:58:45.127588 dv-cinder-856259-2-smb devstack@keystone.service[81695]: DEBUG keystone.server.flask.request_processing.req_logging [None req-4e1d8be0-11f1-45fb-806a-0ce020a4fab8 None admin] PATH_INFO: `/v3/auth/tokens` {{(pid=81695) log_request_info /opt/stack/keystone/keystone/server/flask/request_processing/req_logging.py:29}}
Sep 08 15:58:45.146290 dv-cinder-856259-2-smb devstack@keystone.service[81696]: [pid: 81696|app: 0|req: 85/172] 10.222.0.23 () {58 vars in 1439 bytes} [Thu Sep 8 15:58:44 2022] PUT /identity/v3/projects/680231dab5b3448499d71c6cba44d7c6/users/5ac872662dc6483f9570d4a13ee8daa1/roles/a970a114620e467295e3dd153a9f4321 => generated 0 bytes in 299 msecs (HTTP/1.1 204) 3 headers in 132 bytes (0 switches on core 0)
Sep 08 15:58:45.147210 dv-cinder-856259-2-smb devstack@keystone.service[81696]: DEBUG keystone.server.flask.request_processing.middleware.auth_context [None req-afc5bf79-b631-4699-9b8b-10572a864a48 None admin] Authenticating user token {{(pid=81696) process_request /usr/local/lib/python3.8/dist-packages/keystonemiddleware/auth_token/__init__.py:407}}
Sep 08 15:58:45.170827 dv-cinder-856259-2-smb devstack@keystone.service[81696]: DEBUG dbcounter [-] [81696] Writing DB stats keystone:SELECT=99,keystone:INSERT=1 {{(pid=81696) stat_writer /usr/local/lib/python3.8/dist-packages/dbcounter.py:114}}
Sep 08 15:58:45.218094 dv-cinder-856259-2-smb devstack@keystone.service[81695]: DEBUG keystone.common.rbac_enforcer.enforcer [None req-4e1d8be0-11f1-45fb-806a-0ce020a4fab8 None admin] RBAC: Authorizing `identity:validate_token()` {{(pid=81695) enforce_call /opt/stack/keystone/keystone/common/rbac_enforcer/enforcer.py:449}}
Sep 08 15:58:45.219828 dv-cinder-856259-2-smb devstack@keystone.service[81695]: DEBUG keystone.common.rbac_enforcer.enforcer [None req-4e1d8be0-11f1-45fb-806a-0ce020a4fab8 None admin] RBAC: Authorization granted {{(pid=81695) enforce_call /opt/stack/keystone/keystone/common/rbac_enforcer/enforcer.py:457}}
Sep 08 15:58:45.342377 dv-cinder-856259-2-smb devstack@keystone.service[81696]: DEBUG keystone.server.flask.request_processing.middleware.auth_context [None req-afc5bf79-b631-4699-9b8b-10572a864a48 None admin] Validating token access rules against request {{(pid=81696) validate_allowed_request /usr/local/lib/python3.8/dist-packages/keystonemiddleware/auth_token/__init__.py:545}}
Sep 08 15:58:45.345115 dv-cinder-856259-2-smb devstack@keystone.service[81695]: [pid: 81695|app: 0|req: 88/173] 10.222.0.23 () {58 vars in 1282 bytes} [Thu Sep 8 15:58:44 2022] GET /identity/v3/auth/tokens => generated 799 bytes in 379 msecs (HTTP/1.1 200) 6 headers in 358 bytes (1 switches on core 0)
Sep 08 15:58:45.351601 dv-cinder-856259-2-smb devstack@keystone.service[81695]: DEBUG keystone.server.flask.request_processing.middleware.auth_context [None req-4e1d8be0-11f1-45fb-806a-0ce020a4fab8 None admin] Authenticating user token {{(pid=81695) process_request /usr/local/lib/python3.8/dist-packages/keystonemiddleware/auth_token/__init__.py:407}}
Sep 08 15:58:45.426748 dv-cinder-856259-2-smb devstack@keystone.service[81696]: DEBUG keystone.server.flask.request_processing.middleware.auth_context [None req-ee0eb3cf-b942-4cbb-8308-5afd5bda07a4 None admin] RBAC: auth_context: {'token': , 'domain_id': None, 'trust_id': None, 'trustor_id': None, 'trustee_id': None, 'domain_name': None, 'group_ids': [], 'user_id': '36773b7875fb4147ba998e41ff5a8fe9', 'user_domain_id': 'default', 'system_scope': 'all', 'project_id': None, 'project_domain_id': None, 'roles': ['admin', 'member', 'reader'], 'is_admin_project': True, 'service_user_id': None, 'service_user_domain_id': None, 'service_project_id': None, 'service_project_domain_id': None, 'service_roles': []} {{(pid=81696) fill_context /opt/stack/keystone/keystone/server/flask/request_processing/middleware/auth_context.py:478}}
Sep 08 15:58:45.426948 dv-cinder-856259-2-smb devstack@keystone.service[81696]: DEBUG keystone.server.flask.request_processing.req_logging [None req-ee0eb3cf-b942-4cbb-8308-5afd5bda07a4 None admin] REQUEST_METHOD: `GET` {{(pid=81696) log_request_info /opt/stack/keystone/keystone/server/flask/request_processing/req_logging.py:27}}
Sep 08 15:58:45.430691 dv-cinder-856259-2-smb devstack@keystone.service[81696]: DEBUG keystone.server.flask.request_processing.req_logging [None req-ee0eb3cf-b942-4cbb-8308-5afd5bda07a4 None admin] SCRIPT_NAME: `/identity` {{(pid=81696) log_request_info /opt/stack/keystone/keystone/server/flask/request_processing/req_logging.py:28}}
Sep 08 15:58:45.430691 dv-cinder-856259-2-smb devstack@keystone.service[81696]: DEBUG keystone.server.flask.request_processing.req_logging [None req-ee0eb3cf-b942-4cbb-8308-5afd5bda07a4 None admin] PATH_INFO: `/v3/roles` {{(pid=81696) log_request_info /opt/stack/keystone/keystone/server/flask/request_processing/req_logging.py:29}}
Sep 08 15:58:45.430691 dv-cinder-856259-2-smb devstack@keystone.service[81696]: DEBUG keystone.common.rbac_enforcer.enforcer [None req-ee0eb3cf-b942-4cbb-8308-5afd5bda07a4 None admin] RBAC: Adding query filter params (name=anotherrole) {{(pid=81696) _extract_filter_values /opt/stack/keystone/keystone/common/rbac_enforcer/enforcer.py:167}}
Sep 08 15:58:45.430691 dv-cinder-856259-2-smb devstack@keystone.service[81696]: DEBUG keystone.common.rbac_enforcer.enforcer [None req-ee0eb3cf-b942-4cbb-8308-5afd5bda07a4 None admin] RBAC: Authorizing `identity:list_roles()` {{(pid=81696) enforce_call /opt/stack/keystone/keystone/common/rbac_enforcer/enforcer.py:449}}
Sep 08 15:58:45.430691 dv-cinder-856259-2-smb devstack@keystone.service[81696]: DEBUG keystone.common.rbac_enforcer.enforcer [None req-ee0eb3cf-b942-4cbb-8308-5afd5bda07a4 None admin] RBAC: Authorization granted {{(pid=81696) enforce_call /opt/stack/keystone/keystone/common/rbac_enforcer/enforcer.py:457}}
Sep 08 15:58:45.433677 dv-cinder-856259-2-smb devstack@keystone.service[81695]: DEBUG dbcounter [-] [81695] Writing DB stats keystone:SELECT=100 {{(pid=81695) stat_writer /usr/local/lib/python3.8/dist-packages/dbcounter.py:114}}
Sep 08 15:58:45.446165 dv-cinder-856259-2-smb devstack@keystone.service[81696]: [pid: 81696|app: 0|req: 86/174] 10.222.0.23 () {56 vars in 1111 bytes} [Thu Sep 8 15:58:45 2022] GET /identity/v3/roles?name=anotherrole => generated 334 bytes in 299 msecs (HTTP/1.1 200) 5 headers in 177 bytes (1 switches on core 0)
Sep 08 15:58:45.452152 dv-cinder-856259-2-smb devstack@keystone.service[81696]: DEBUG keystone.server.flask.request_processing.middleware.auth_context [None req-ee0eb3cf-b942-4cbb-8308-5afd5bda07a4 None admin] Authenticating user token {{(pid=81696) process_request /usr/local/lib/python3.8/dist-packages/keystonemiddleware/auth_token/__init__.py:407}}
Sep 08 15:58:45.574151 dv-cinder-856259-2-smb devstack@keystone.service[81695]: DEBUG keystone.server.flask.request_processing.middleware.auth_context [None req-4e1d8be0-11f1-45fb-806a-0ce020a4fab8 None admin] Validating token access rules against request {{(pid=81695) validate_allowed_request /usr/local/lib/python3.8/dist-packages/keystonemiddleware/auth_token/__init__.py:545}}
Sep 08 15:58:45.585634 dv-cinder-856259-2-smb devstack@keystone.service[81696]: DEBUG dbcounter [-] [81696] Writing DB stats keystone:SELECT=100 {{(pid=81696) stat_writer /usr/local/lib/python3.8/dist-packages/dbcounter.py:114}}
Sep 08 15:58:45.619279 dv-cinder-856259-2-smb devstack@keystone.service[81695]: DEBUG keystone.server.flask.request_processing.middleware.auth_context [None req-b0ceec23-f1f4-486e-943f-d495418bf289 None admin] RBAC: auth_context: {'token': , 'domain_id': None, 'trust_id': None, 'trustor_id': None, 'trustee_id': None, 'domain_name': None, 'group_ids': [], 'user_id': '36773b7875fb4147ba998e41ff5a8fe9', 'user_domain_id': 'default', 'system_scope': 'all', 'project_id': None, 'project_domain_id': None, 'roles': ['admin', 'member', 'reader'], 'is_admin_project': True, 'service_user_id': None, 'service_user_domain_id': None, 'service_project_id': None, 'service_project_domain_id': None, 'service_roles': []} {{(pid=81695) fill_context /opt/stack/keystone/keystone/server/flask/request_processing/middleware/auth_context.py:478}}
Sep 08 15:58:45.620056 dv-cinder-856259-2-smb devstack@keystone.service[81695]: DEBUG keystone.server.flask.request_processing.req_logging [None req-b0ceec23-f1f4-486e-943f-d495418bf289 None admin] REQUEST_METHOD: `GET` {{(pid=81695) log_request_info /opt/stack/keystone/keystone/server/flask/request_processing/req_logging.py:27}}
Sep 08 15:58:45.620397 dv-cinder-856259-2-smb devstack@keystone.service[81695]: DEBUG keystone.server.flask.request_processing.req_logging [None req-b0ceec23-f1f4-486e-943f-d495418bf289 None admin] SCRIPT_NAME: `/identity` {{(pid=81695) log_request_info /opt/stack/keystone/keystone/server/flask/request_processing/req_logging.py:28}}
Sep 08 15:58:45.620735 dv-cinder-856259-2-smb devstack@keystone.service[81695]: DEBUG keystone.server.flask.request_processing.req_logging [None req-b0ceec23-f1f4-486e-943f-d495418bf289 None admin] PATH_INFO: `/v3/projects/680231dab5b3448499d71c6cba44d7c6` {{(pid=81695) log_request_info /opt/stack/keystone/keystone/server/flask/request_processing/req_logging.py:29}}
Sep 08 15:58:45.622057 dv-cinder-856259-2-smb devstack@keystone.service[81695]: DEBUG keystone.common.rbac_enforcer.enforcer [None req-b0ceec23-f1f4-486e-943f-d495418bf289 None admin] RBAC: Authorizing `identity:get_project(project_id=680231dab5b3448499d71c6cba44d7c6)` {{(pid=81695) enforce_call /opt/stack/keystone/keystone/common/rbac_enforcer/enforcer.py:449}}
Sep 08 15:58:45.624173 dv-cinder-856259-2-smb devstack@keystone.service[81695]: DEBUG keystone.common.rbac_enforcer.enforcer [None req-b0ceec23-f1f4-486e-943f-d495418bf289 None admin] RBAC: Authorization granted {{(pid=81695) enforce_call /opt/stack/keystone/keystone/common/rbac_enforcer/enforcer.py:457}}
Sep 08 15:58:45.625185 dv-cinder-856259-2-smb devstack@keystone.service[81696]: DEBUG keystone.server.flask.request_processing.middleware.auth_context [None req-ee0eb3cf-b942-4cbb-8308-5afd5bda07a4 None admin] Validating token access rules against request {{(pid=81696) validate_allowed_request /usr/local/lib/python3.8/dist-packages/keystonemiddleware/auth_token/__init__.py:545}}
Sep 08 15:58:45.626296 dv-cinder-856259-2-smb devstack@keystone.service[81695]: [pid: 81695|app: 0|req: 89/175] 10.222.0.23 () {56 vars in 1186 bytes} [Thu Sep 8 15:58:45 2022] GET /identity/v3/projects/680231dab5b3448499d71c6cba44d7c6 => generated 298 bytes in 275 msecs (HTTP/1.1 200) 5 headers in 177 bytes (2 switches on core 0)
Sep 08 15:58:45.631663 dv-cinder-856259-2-smb devstack@keystone.service[81695]: DEBUG keystone.server.flask.request_processing.req_logging [None req-106ad7a2-4c6a-4ff7-8487-7ebf47fef67c None None] REQUEST_METHOD: `GET` {{(pid=81695) log_request_info /opt/stack/keystone/keystone/server/flask/request_processing/req_logging.py:27}}
Sep 08 15:58:45.632874 dv-cinder-856259-2-smb devstack@keystone.service[81695]: DEBUG keystone.server.flask.request_processing.req_logging [None req-106ad7a2-4c6a-4ff7-8487-7ebf47fef67c None None] SCRIPT_NAME: `/identity` {{(pid=81695) log_request_info /opt/stack/keystone/keystone/server/flask/request_processing/req_logging.py:28}}
Sep 08 15:58:45.633328 dv-cinder-856259-2-smb devstack@keystone.service[81695]: DEBUG keystone.server.flask.request_processing.req_logging [None req-106ad7a2-4c6a-4ff7-8487-7ebf47fef67c None None] PATH_INFO: `/` {{(pid=81695) log_request_info /opt/stack/keystone/keystone/server/flask/request_processing/req_logging.py:29}}
Sep 08 15:58:45.636336 dv-cinder-856259-2-smb devstack@keystone.service[81695]: [pid: 81695|app: 0|req: 90/176] 10.222.0.23 () {54 vars in 927 bytes} [Thu Sep 8 15:58:45 2022] GET /identity => generated 270 bytes in 9 msecs (HTTP/1.1 300) 6 headers in 234 bytes (1 switches on core 0)
Sep 08 15:58:45.637157 dv-cinder-856259-2-smb devstack@keystone.service[81695]: DEBUG keystone.server.flask.request_processing.middleware.auth_context [None req-106ad7a2-4c6a-4ff7-8487-7ebf47fef67c None None] Authenticating user token {{(pid=81695) process_request /usr/local/lib/python3.8/dist-packages/keystonemiddleware/auth_token/__init__.py:407}}
Sep 08 15:58:45.676413 dv-cinder-856259-2-smb devstack@keystone.service[81696]: DEBUG keystone.server.flask.request_processing.middleware.auth_context [None req-5e9bf0d0-aaa8-4388-b6a3-a7361778b8cd None admin] RBAC: auth_context: {'token': , 'domain_id': None, 'trust_id': None, 'trustor_id': None, 'trustee_id': None, 'domain_name': None, 'group_ids': [], 'user_id': '36773b7875fb4147ba998e41ff5a8fe9', 'user_domain_id': 'default', 'system_scope': 'all', 'project_id': None, 'project_domain_id': None, 'roles': ['admin', 'member', 'reader'], 'is_admin_project': True, 'service_user_id': None, 'service_user_domain_id': None, 'service_project_id': None, 'service_project_domain_id': None, 'service_roles': []} {{(pid=81696) fill_context /opt/stack/keystone/keystone/server/flask/request_processing/middleware/auth_context.py:478}}
Sep 08 15:58:45.677511 dv-cinder-856259-2-smb devstack@keystone.service[81696]: DEBUG keystone.server.flask.request_processing.req_logging [None req-5e9bf0d0-aaa8-4388-b6a3-a7361778b8cd None admin] REQUEST_METHOD: `GET` {{(pid=81696) log_request_info /opt/stack/keystone/keystone/server/flask/request_processing/req_logging.py:27}}
