Sep 07 13:06:30.903918 dv-cinder-856259-1-smb devstack@c-api.service[113522]: /usr/local/lib/python3.8/dist-packages/oslo_context/context.py:100: DeprecationWarning: Policy enforcement is depending on the value of is_admin. This key is deprecated. Please update your policy file to use the standard policy values.
Sep 07 13:06:30.903918 dv-cinder-856259-1-smb devstack@c-api.service[113522]: warnings.warn('Policy enforcement is depending on the value of '
Sep 07 13:06:30.920824 dv-cinder-856259-1-smb devstack@c-api.service[113523]: DEBUG cinder.quota [None req-2e1a8e1a-d5e7-4708-b3d1-c424fc835c26 tempest-VolumeSnapshotQuotasNegativeTestJSON-1262542511 tempest-VolumeSnapshotQuotasNegativeTestJSON-1262542511-project] Created reservations ['e953f47a-eddf-4c2f-99a1-1a54c29d05b5', '808f8daf-6286-488f-8aed-743b80095b77', '8d6acad7-c5b6-45a9-8a9f-7fed17ef6d93', '6fc5ade6-b800-4993-99d9-eab30c4a985e'] {{(pid=113523) reserve /opt/stack/cinder/cinder/quota.py:755}}
Sep 07 13:06:30.922833 dv-cinder-856259-1-smb devstack@c-api.service[113523]: DEBUG cinder.volume.api [None req-2e1a8e1a-d5e7-4708-b3d1-c424fc835c26 tempest-VolumeSnapshotQuotasNegativeTestJSON-1262542511 tempest-VolumeSnapshotQuotasNegativeTestJSON-1262542511-project] Task 'cinder.volume.flows.api.create_volume.QuotaReserveTask;volume:create' (3f342d5d-d58b-4082-9738-11470a77f92d) transitioned into state 'SUCCESS' from state 'RUNNING' with result '{'reservations': ['e953f47a-eddf-4c2f-99a1-1a54c29d05b5', '808f8daf-6286-488f-8aed-743b80095b77', '8d6acad7-c5b6-45a9-8a9f-7fed17ef6d93', '6fc5ade6-b800-4993-99d9-eab30c4a985e']}' {{(pid=113523) _task_receiver /usr/local/lib/python3.8/dist-packages/taskflow/listeners/logging.py:178}}
Sep 07 13:06:30.925032 dv-cinder-856259-1-smb devstack@c-api.service[113523]: DEBUG cinder.volume.api [None req-2e1a8e1a-d5e7-4708-b3d1-c424fc835c26 tempest-VolumeSnapshotQuotasNegativeTestJSON-1262542511 tempest-VolumeSnapshotQuotasNegativeTestJSON-1262542511-project] Task 'cinder.volume.flows.api.create_volume.EntryCreateTask;volume:create' (1c620edf-bc4f-4b2b-8d9d-2984a61134f5) transitioned into state 'RUNNING' from state 'PENDING' {{(pid=113523) _task_receiver /usr/local/lib/python3.8/dist-packages/taskflow/listeners/logging.py:190}}
Sep 07 13:06:30.943407 dv-cinder-856259-1-smb devstack@c-api.service[113522]: INFO cinder.volume.api [None req-6fff7517-fc17-4d46-a6e7-442c4caf4d8b tempest-VolumeQuotasNegativeTestJSON-1621584531 tempest-VolumeQuotasNegativeTestJSON-1621584531-project] Volume info retrieved successfully.
Sep 07 13:06:30.963368 dv-cinder-856259-1-smb devstack@c-api.service[113522]: INFO cinder.api.openstack.wsgi [None req-6fff7517-fc17-4d46-a6e7-442c4caf4d8b tempest-VolumeQuotasNegativeTestJSON-1621584531 tempest-VolumeQuotasNegativeTestJSON-1621584531-project] http://10.222.0.18/volume/v3/30a90124d24d401a8b96af46e6ba93d7/volumes/0843c96c-4fd6-4a96-a074-1bb863e9f760 returned with HTTP 200
Sep 07 13:06:30.971505 dv-cinder-856259-1-smb devstack@c-api.service[113523]: DEBUG cinder.volume.api [None req-2e1a8e1a-d5e7-4708-b3d1-c424fc835c26 tempest-VolumeSnapshotQuotasNegativeTestJSON-1262542511 tempest-VolumeSnapshotQuotasNegativeTestJSON-1262542511-project] Task 'cinder.volume.flows.api.create_volume.EntryCreateTask;volume:create' (1c620edf-bc4f-4b2b-8d9d-2984a61134f5) transitioned into state 'SUCCESS' from state 'RUNNING' with result '{'volume_id': '8e2e4b93-f1d8-450a-b91e-e3cdf8dd5a2f', 'volume_properties': VolumeProperties(attach_status='detached',availability_zone='nova',cgsnapshot_id=None,consistencygroup_id=None,display_description=None,display_name='tempest-VolumeSnapshotQuotasNegativeTestJSON-Volume-140255525',encryption_key_id=None,group_id=None,group_type_id=,metadata={},multiattach=False,project_id='81de865961be4c9cb00169b678511679',qos_specs=None,replication_status=,reservations=['e953f47a-eddf-4c2f-99a1-1a54c29d05b5','808f8daf-6286-488f-8aed-743b80095b77','8d6acad7-c5b6-45a9-8a9f-7fed17ef6d93','6fc5ade6-b800-4993-99d9-eab30c4a985e'],size=1,snapshot_id=None,source_replicaid=,source_volid=None,status='creating',user_id='8c0b55f46e4545298323a129e731765f',volume_type_id=6db905b0-2ed8-41b7-8cbe-8b91ba455ac0), 'volume': Volume(_name_id=None,admin_metadata=,attach_status='detached',availability_zone='nova',bootable=False,cluster=,cluster_name=None,consistencygroup=,consistencygroup_id=None,created_at=2022-09-07T13:06:30Z,deleted=False,deleted_at=None,display_description=None,display_name='tempest-VolumeSnapshotQuotasNegativeTestJSON-Volume-140255525',ec2_id=None,encryption_key_id=None,glance_metadata=,group=,group_id=None,host=None,id=8e2e4b93-f1d8-450a-b91e-e3cdf8dd5a2f,launched_at=None,metadata={},migration_status=None,multiattach=False,previous_status=None,project_id='81de865961be4c9cb00169b678511679',provider_auth=None,provider_geometry=None,provider_id=None,provider_location=None,replication_driver_data=None,replication_extended_status=None,replication_status=None,scheduled_at=None,service_uuid=None,shared_targets=True,size=1,snapshot_id=None,snapshots=,source_volid=None,status='creating',terminated_at=None,updated_at=None,use_quota=True,user_id='8c0b55f46e4545298323a129e731765f',volume_attachment=VolumeAttachmentList,volume_type=VolumeType(6db905b0-2ed8-41b7-8cbe-8b91ba455ac0),volume_type_id=6db905b0-2ed8-41b7-8cbe-8b91ba455ac0)}' {{(pid=113523) _task_receiver /usr/local/lib/python3.8/dist-packages/taskflow/listeners/logging.py:178}}
Sep 07 13:06:30.976444 dv-cinder-856259-1-smb devstack@c-api.service[113522]: [pid: 113522|app: 0|req: 91/174] 10.222.0.18 () {58 vars in 1325 bytes} [Wed Sep 7 13:06:30 2022] GET /volume/v3/30a90124d24d401a8b96af46e6ba93d7/volumes/0843c96c-4fd6-4a96-a074-1bb863e9f760 => generated 920 bytes in 140 msecs (HTTP/1.1 200) 7 headers in 285 bytes (1 switches on core 0)
Sep 07 13:06:30.978008 dv-cinder-856259-1-smb devstack@c-api.service[113522]: DEBUG cinder.api.middleware.request_id [None req-03ce935e-922f-4755-bd46-4de80472e2c2 None None] RequestId filter calling following filter/app {{(pid=113522) _context_setter /opt/stack/cinder/cinder/api/middleware/request_id.py:62}}
Sep 07 13:06:30.979190 dv-cinder-856259-1-smb devstack@c-api.service[113523]: DEBUG cinder.volume.api [None req-2e1a8e1a-d5e7-4708-b3d1-c424fc835c26 tempest-VolumeSnapshotQuotasNegativeTestJSON-1262542511 tempest-VolumeSnapshotQuotasNegativeTestJSON-1262542511-project] Task 'cinder.volume.flows.api.create_volume.QuotaCommitTask;volume:create' (aa6c6ed1-0fc4-44a1-8151-9561e51a0d6a) transitioned into state 'RUNNING' from state 'PENDING' {{(pid=113523) _task_receiver /usr/local/lib/python3.8/dist-packages/taskflow/listeners/logging.py:190}}
Sep 07 13:06:31.094982 dv-cinder-856259-1-smb devstack@c-api.service[113523]: DEBUG cinder.volume.api [None req-2e1a8e1a-d5e7-4708-b3d1-c424fc835c26 tempest-VolumeSnapshotQuotasNegativeTestJSON-1262542511 tempest-VolumeSnapshotQuotasNegativeTestJSON-1262542511-project] Task 'cinder.volume.flows.api.create_volume.QuotaCommitTask;volume:create' (aa6c6ed1-0fc4-44a1-8151-9561e51a0d6a) transitioned into state 'SUCCESS' from state 'RUNNING' with result '{'volume_properties': VolumeProperties(attach_status='detached',availability_zone='nova',cgsnapshot_id=None,consistencygroup_id=None,display_description=None,display_name='tempest-VolumeSnapshotQuotasNegativeTestJSON-Volume-140255525',encryption_key_id=None,group_id=None,group_type_id=,metadata={},multiattach=False,project_id='81de865961be4c9cb00169b678511679',qos_specs=None,replication_status=,reservations=['e953f47a-eddf-4c2f-99a1-1a54c29d05b5','808f8daf-6286-488f-8aed-743b80095b77','8d6acad7-c5b6-45a9-8a9f-7fed17ef6d93','6fc5ade6-b800-4993-99d9-eab30c4a985e'],size=1,snapshot_id=None,source_replicaid=,source_volid=None,status='creating',user_id='8c0b55f46e4545298323a129e731765f',volume_type_id=6db905b0-2ed8-41b7-8cbe-8b91ba455ac0)}' {{(pid=113523) _task_receiver /usr/local/lib/python3.8/dist-packages/taskflow/listeners/logging.py:178}}
Sep 07 13:06:31.094982 dv-cinder-856259-1-smb devstack@c-api.service[113523]: DEBUG cinder.volume.api [None req-2e1a8e1a-d5e7-4708-b3d1-c424fc835c26 tempest-VolumeSnapshotQuotasNegativeTestJSON-1262542511 tempest-VolumeSnapshotQuotasNegativeTestJSON-1262542511-project] Task 'cinder.volume.flows.api.create_volume.VolumeCastTask;volume:create' (985c6175-96e5-4efe-a601-94cefed3e308) transitioned into state 'RUNNING' from state 'PENDING' {{(pid=113523) _task_receiver /usr/local/lib/python3.8/dist-packages/taskflow/listeners/logging.py:190}}
Sep 07 13:06:31.177982 dv-cinder-856259-1-smb devstack@c-api.service[113523]: DEBUG cinder.volume.api [None req-2e1a8e1a-d5e7-4708-b3d1-c424fc835c26 tempest-VolumeSnapshotQuotasNegativeTestJSON-1262542511 tempest-VolumeSnapshotQuotasNegativeTestJSON-1262542511-project] Task 'cinder.volume.flows.api.create_volume.VolumeCastTask;volume:create' (985c6175-96e5-4efe-a601-94cefed3e308) transitioned into state 'SUCCESS' from state 'RUNNING' with result 'None' {{(pid=113523) _task_receiver /usr/local/lib/python3.8/dist-packages/taskflow/listeners/logging.py:178}}
Sep 07 13:06:31.188234 dv-cinder-856259-1-smb devstack@c-api.service[113523]: DEBUG cinder.volume.api [None req-2e1a8e1a-d5e7-4708-b3d1-c424fc835c26 tempest-VolumeSnapshotQuotasNegativeTestJSON-1262542511 tempest-VolumeSnapshotQuotasNegativeTestJSON-1262542511-project] Flow 'volume_create_api' (f762f059-366f-4fae-8ba3-088d8093eeac) transitioned into state 'SUCCESS' from state 'RUNNING' {{(pid=113523) _flow_receiver /usr/local/lib/python3.8/dist-packages/taskflow/listeners/logging.py:141}}
Sep 07 13:06:31.189099 dv-cinder-856259-1-smb devstack@c-api.service[113523]: INFO cinder.volume.api [None req-2e1a8e1a-d5e7-4708-b3d1-c424fc835c26 tempest-VolumeSnapshotQuotasNegativeTestJSON-1262542511 tempest-VolumeSnapshotQuotasNegativeTestJSON-1262542511-project] Create volume request issued successfully.
Sep 07 13:06:31.194236 dv-cinder-856259-1-smb devstack@c-api.service[113523]: INFO cinder.api.openstack.wsgi [None req-2e1a8e1a-d5e7-4708-b3d1-c424fc835c26 tempest-VolumeSnapshotQuotasNegativeTestJSON-1262542511 tempest-VolumeSnapshotQuotasNegativeTestJSON-1262542511-project] http://10.222.0.18/volume/v3/81de865961be4c9cb00169b678511679/volumes returned with HTTP 202
Sep 07 13:06:31.198162 dv-cinder-856259-1-smb devstack@c-api.service[113523]: [pid: 113523|app: 0|req: 84/175] 10.222.0.18 () {60 vars in 1235 bytes} [Wed Sep 7 13:06:30 2022] POST /volume/v3/81de865961be4c9cb00169b678511679/volumes => generated 835 bytes in 785 msecs (HTTP/1.1 202) 7 headers in 291 bytes (1 switches on core 0)
Sep 07 13:06:31.213354 dv-cinder-856259-1-smb devstack@c-api.service[113523]: DEBUG cinder.api.middleware.request_id [None req-93668050-8835-473c-9f9b-47fa8cef2223 None None] RequestId filter calling following filter/app {{(pid=113523) _context_setter /opt/stack/cinder/cinder/api/middleware/request_id.py:62}}
Sep 07 13:06:31.221673 dv-cinder-856259-1-smb devstack@c-api.service[113523]: INFO cinder.api.openstack.wsgi [None req-93668050-8835-473c-9f9b-47fa8cef2223 tempest-VolumeSnapshotQuotasNegativeTestJSON-1262542511 tempest-VolumeSnapshotQuotasNegativeTestJSON-1262542511-project] GET http://10.222.0.18/volume/v3/81de865961be4c9cb00169b678511679/volumes/8e2e4b93-f1d8-450a-b91e-e3cdf8dd5a2f
Sep 07 13:06:31.221673 dv-cinder-856259-1-smb devstack@c-api.service[113523]: DEBUG cinder.api.openstack.wsgi [None req-93668050-8835-473c-9f9b-47fa8cef2223 tempest-VolumeSnapshotQuotasNegativeTestJSON-1262542511 tempest-VolumeSnapshotQuotasNegativeTestJSON-1262542511-project] Empty body provided in request {{(pid=113523) get_body /opt/stack/cinder/cinder/api/openstack/wsgi.py:715}}
Sep 07 13:06:31.224759 dv-cinder-856259-1-smb devstack@c-api.service[113523]: DEBUG cinder.api.openstack.wsgi [None req-93668050-8835-473c-9f9b-47fa8cef2223 tempest-VolumeSnapshotQuotasNegativeTestJSON-1262542511 tempest-VolumeSnapshotQuotasNegativeTestJSON-1262542511-project] Calling method 'show' {{(pid=113523) _process_stack /opt/stack/cinder/cinder/api/openstack/wsgi.py:868}}
Sep 07 13:06:31.283728 dv-cinder-856259-1-smb devstack@c-api.service[113523]: /usr/local/lib/python3.8/dist-packages/oslo_context/context.py:100: DeprecationWarning: Policy enforcement is depending on the value of is_admin. This key is deprecated. Please update your policy file to use the standard policy values.
Sep 07 13:06:31.283728 dv-cinder-856259-1-smb devstack@c-api.service[113523]: warnings.warn('Policy enforcement is depending on the value of '
Sep 07 13:06:31.307356 dv-cinder-856259-1-smb devstack@c-api.service[113523]: INFO cinder.volume.api [None req-93668050-8835-473c-9f9b-47fa8cef2223 tempest-VolumeSnapshotQuotasNegativeTestJSON-1262542511 tempest-VolumeSnapshotQuotasNegativeTestJSON-1262542511-project] Volume info retrieved successfully.
Sep 07 13:06:31.308856 dv-cinder-856259-1-smb devstack@c-api.service[113522]: INFO cinder.api.openstack.wsgi [None req-03ce935e-922f-4755-bd46-4de80472e2c2 tempest-VolumeTypesTest-1271807974 tempest-VolumeTypesTest-1271807974-project] POST http://10.222.0.18/volume/v3/182cf2053a884e9db0839d10fbdd771b/volumes
Sep 07 13:06:31.309652 dv-cinder-856259-1-smb devstack@c-api.service[113522]: DEBUG cinder.api.openstack.wsgi [None req-03ce935e-922f-4755-bd46-4de80472e2c2 tempest-VolumeTypesTest-1271807974 tempest-VolumeTypesTest-1271807974-project] Action: 'create', calling method: create, body: {"volume": {"name": "tempest-VolumeTypesTest-volume-1233521855", "volume_type": "b54b9919-25a7-47f2-b3ff-c2df47ddf5ce", "size": 1}} {{(pid=113522) _process_stack /opt/stack/cinder/cinder/api/openstack/wsgi.py:866}}
Sep 07 13:06:31.312846 dv-cinder-856259-1-smb devstack@c-api.service[113522]: DEBUG cinder.api.v3.volumes [None req-03ce935e-922f-4755-bd46-4de80472e2c2 tempest-VolumeTypesTest-1271807974 tempest-VolumeTypesTest-1271807974-project] Create volume request body: {'volume': {'name': 'tempest-VolumeTypesTest-volume-1233521855', 'volume_type': 'b54b9919-25a7-47f2-b3ff-c2df47ddf5ce', 'size': 1}} {{(pid=113522) create /opt/stack/cinder/cinder/api/v3/volumes.py:298}}
Sep 07 13:06:31.334878 dv-cinder-856259-1-smb devstack@c-api.service[113523]: INFO cinder.api.openstack.wsgi [None req-93668050-8835-473c-9f9b-47fa8cef2223 tempest-VolumeSnapshotQuotasNegativeTestJSON-1262542511 tempest-VolumeSnapshotQuotasNegativeTestJSON-1262542511-project] http://10.222.0.18/volume/v3/81de865961be4c9cb00169b678511679/volumes/8e2e4b93-f1d8-450a-b91e-e3cdf8dd5a2f returned with HTTP 200
Sep 07 13:06:31.345252 dv-cinder-856259-1-smb devstack@c-api.service[113522]: INFO cinder.api.v3.volumes [None req-03ce935e-922f-4755-bd46-4de80472e2c2 tempest-VolumeTypesTest-1271807974 tempest-VolumeTypesTest-1271807974-project] Create volume of 1 GB
Sep 07 13:06:31.345997 dv-cinder-856259-1-smb devstack@c-api.service[113522]: /usr/local/lib/python3.8/dist-packages/oslo_context/context.py:100: DeprecationWarning: Policy enforcement is depending on the value of is_admin. This key is deprecated. Please update your policy file to use the standard policy values.
Sep 07 13:06:31.345997 dv-cinder-856259-1-smb devstack@c-api.service[113522]: warnings.warn('Policy enforcement is depending on the value of '
Sep 07 13:06:31.347083 dv-cinder-856259-1-smb devstack@c-api.service[113522]: INFO cinder.volume.api [None req-03ce935e-922f-4755-bd46-4de80472e2c2 tempest-VolumeTypesTest-1271807974 tempest-VolumeTypesTest-1271807974-project] Availability Zones retrieved successfully.
Sep 07 13:06:31.368578 dv-cinder-856259-1-smb devstack@c-api.service[113523]: [pid: 113523|app: 0|req: 85/176] 10.222.0.18 () {58 vars in 1325 bytes} [Wed Sep 7 13:06:31 2022] GET /volume/v3/81de865961be4c9cb00169b678511679/volumes/8e2e4b93-f1d8-450a-b91e-e3cdf8dd5a2f => generated 903 bytes in 157 msecs (HTTP/1.1 200) 7 headers in 285 bytes (1 switches on core 0)
Sep 07 13:06:31.408222 dv-cinder-856259-1-smb devstack@c-api.service[113522]: DEBUG cinder.volume.api [None req-03ce935e-922f-4755-bd46-4de80472e2c2 tempest-VolumeTypesTest-1271807974 tempest-VolumeTypesTest-1271807974-project] Flow 'volume_create_api' (fd0d4fd9-611e-4675-a89b-9f18ae117740) transitioned into state 'RUNNING' from state 'PENDING' {{(pid=113522) _flow_receiver /usr/local/lib/python3.8/dist-packages/taskflow/listeners/logging.py:141}}
Sep 07 13:06:31.415191 dv-cinder-856259-1-smb devstack@c-api.service[113523]: DEBUG cinder.api.middleware.request_id [None req-9ea5b463-cee3-4e9c-92ce-d8929beb68f7 None None] RequestId filter calling following filter/app {{(pid=113523) _context_setter /opt/stack/cinder/cinder/api/middleware/request_id.py:62}}
Sep 07 13:06:31.419108 dv-cinder-856259-1-smb devstack@c-api.service[113523]: INFO cinder.api.openstack.wsgi [None req-9ea5b463-cee3-4e9c-92ce-d8929beb68f7 tempest-GroupSnapshotsTest-1514845285 tempest-GroupSnapshotsTest-1514845285-project] GET http://10.222.0.18/volume/v3/81d1c3c3525e4f108bd54185c3767a80/volumes/7061e3a4-1776-446f-959d-25b76aa708cb
Sep 07 13:06:31.419673 dv-cinder-856259-1-smb devstack@c-api.service[113523]: DEBUG cinder.api.openstack.wsgi [None req-9ea5b463-cee3-4e9c-92ce-d8929beb68f7 tempest-GroupSnapshotsTest-1514845285 tempest-GroupSnapshotsTest-1514845285-project] Empty body provided in request {{(pid=113523) get_body /opt/stack/cinder/cinder/api/openstack/wsgi.py:715}}
Sep 07 13:06:31.420313 dv-cinder-856259-1-smb devstack@c-api.service[113523]: DEBUG cinder.api.openstack.wsgi [None req-9ea5b463-cee3-4e9c-92ce-d8929beb68f7 tempest-GroupSnapshotsTest-1514845285 tempest-GroupSnapshotsTest-1514845285-project] Calling method 'show' {{(pid=113523) _process_stack /opt/stack/cinder/cinder/api/openstack/wsgi.py:868}}
Sep 07 13:06:31.428450 dv-cinder-856259-1-smb devstack@c-api.service[113522]: DEBUG cinder.volume.api [None req-03ce935e-922f-4755-bd46-4de80472e2c2 tempest-VolumeTypesTest-1271807974 tempest-VolumeTypesTest-1271807974-project] Task 'cinder.volume.flows.api.create_volume.ExtractVolumeRequestTask;volume:create' (8d6fd17e-82c3-426b-adb6-76c7d30239b5) transitioned into state 'RUNNING' from state 'PENDING' {{(pid=113522) _task_receiver /usr/local/lib/python3.8/dist-packages/taskflow/listeners/logging.py:190}}
Sep 07 13:06:31.431485 dv-cinder-856259-1-smb devstack@c-api.service[113522]: DEBUG cinder.volume.flows.api.create_volume [None req-03ce935e-922f-4755-bd46-4de80472e2c2 tempest-VolumeTypesTest-1271807974 tempest-VolumeTypesTest-1271807974-project] Validating volume size '1' using validate_int {{(pid=113522) _extract_size /opt/stack/cinder/cinder/volume/flows/api/create_volume.py:228}}
Sep 07 13:06:31.471925 dv-cinder-856259-1-smb devstack@c-api.service[113523]: /usr/local/lib/python3.8/dist-packages/oslo_context/context.py:100: DeprecationWarning: Policy enforcement is depending on the value of is_admin. This key is deprecated. Please update your policy file to use the standard policy values.
Sep 07 13:06:31.471925 dv-cinder-856259-1-smb devstack@c-api.service[113523]: warnings.warn('Policy enforcement is depending on the value of '
Sep 07 13:06:31.499154 dv-cinder-856259-1-smb devstack@c-api.service[113523]: INFO cinder.volume.api [None req-9ea5b463-cee3-4e9c-92ce-d8929beb68f7 tempest-GroupSnapshotsTest-1514845285 tempest-GroupSnapshotsTest-1514845285-project] Volume info retrieved successfully.
Sep 07 13:06:31.506749 dv-cinder-856259-1-smb devstack@c-api.service[113523]: WARNING stevedore.named [None req-9ea5b463-cee3-4e9c-92ce-d8929beb68f7 tempest-GroupSnapshotsTest-1514845285 tempest-GroupSnapshotsTest-1514845285-project] Could not load cinder.keymgr.conf_key_mgr.ConfKeyManager
Sep 07 13:06:31.507214 dv-cinder-856259-1-smb devstack@c-api.service[113523]: WARNING castellan.key_manager [None req-9ea5b463-cee3-4e9c-92ce-d8929beb68f7 tempest-GroupSnapshotsTest-1514845285 tempest-GroupSnapshotsTest-1514845285-project] Deprecation Warning : cinder.keymgr.conf_key_mgr.ConfKeyManager is not a stevedore based driver, trying to load it as a class: stevedore.exception.NoMatches: No 'castellan.drivers' driver found, looking for 'cinder.keymgr.conf_key_mgr.ConfKeyManager'
Sep 07 13:06:31.530123 dv-cinder-856259-1-smb devstack@c-api.service[113523]: DEBUG oslo_db.sqlalchemy.engines [None req-9ea5b463-cee3-4e9c-92ce-d8929beb68f7 tempest-GroupSnapshotsTest-1514845285 tempest-GroupSnapshotsTest-1514845285-project] MySQL server mode set to STRICT_TRANS_TABLES,STRICT_ALL_TABLES,NO_ZERO_IN_DATE,NO_ZERO_DATE,ERROR_FOR_DIVISION_BY_ZERO,TRADITIONAL,NO_ENGINE_SUBSTITUTION {{(pid=113523) _check_effective_sql_mode /usr/local/lib/python3.8/dist-packages/oslo_db/sqlalchemy/engines.py:314}}
Sep 07 13:06:31.534906 dv-cinder-856259-1-smb devstack@c-api.service[113522]: DEBUG cinder.volume.api [None req-03ce935e-922f-4755-bd46-4de80472e2c2 tempest-VolumeTypesTest-1271807974 tempest-VolumeTypesTest-1271807974-project] Task 'cinder.volume.flows.api.create_volume.ExtractVolumeRequestTask;volume:create' (8d6fd17e-82c3-426b-adb6-76c7d30239b5) transitioned into state 'SUCCESS' from state 'RUNNING' with result '{'size': 1, 'snapshot_id': None, 'source_volid': None, 'volume_type': VolumeType(created_at=2022-09-07T13:06:31Z,deleted=False,deleted_at=None,description=None,extra_specs={storage_protocol='smbfs',vendor_name='Open Source'},id=b54b9919-25a7-47f2-b3ff-c2df47ddf5ce,is_public=True,name='tempest-VolumeTypesTest-volume-type-1009699609',projects=[],qos_specs=,qos_specs_id=None,updated_at=None), 'volume_type_id': 'b54b9919-25a7-47f2-b3ff-c2df47ddf5ce', 'encryption_key_id': None, 'qos_specs': None, 'consistencygroup_id': None, 'cgsnapshot_id': None, 'group_id': None, 'replication_status': 'disabled', 'refresh_az': False, 'backup_id': None, 'multiattach': False, 'availability_zones': ['nova']}' {{(pid=113522) _task_receiver /usr/local/lib/python3.8/dist-packages/taskflow/listeners/logging.py:178}}
Sep 07 13:06:31.544955 dv-cinder-856259-1-smb devstack@c-api.service[113522]: DEBUG cinder.volume.api [None req-03ce935e-922f-4755-bd46-4de80472e2c2 tempest-VolumeTypesTest-1271807974 tempest-VolumeTypesTest-1271807974-project] Task 'cinder.volume.flows.api.create_volume.QuotaReserveTask;volume:create' (6f54a825-f5ec-41e1-a0b0-415b63dcbaa2) transitioned into state 'RUNNING' from state 'PENDING' {{(pid=113522) _task_receiver /usr/local/lib/python3.8/dist-packages/taskflow/listeners/logging.py:190}}
Sep 07 13:06:31.545651 dv-cinder-856259-1-smb devstack@c-api.service[113523]: /usr/local/lib/python3.8/dist-packages/oslo_context/context.py:100: DeprecationWarning: Policy enforcement is depending on the value of is_admin. This key is deprecated. Please update your policy file to use the standard policy values.
Sep 07 13:06:31.545651 dv-cinder-856259-1-smb devstack@c-api.service[113523]: warnings.warn('Policy enforcement is depending on the value of '
Sep 07 13:06:31.583354 dv-cinder-856259-1-smb devstack@c-api.service[113523]: INFO cinder.api.openstack.wsgi [None req-9ea5b463-cee3-4e9c-92ce-d8929beb68f7 tempest-GroupSnapshotsTest-1514845285 tempest-GroupSnapshotsTest-1514845285-project] http://10.222.0.18/volume/v3/81d1c3c3525e4f108bd54185c3767a80/volumes/7061e3a4-1776-446f-959d-25b76aa708cb returned with HTTP 200
Sep 07 13:06:31.584160 dv-cinder-856259-1-smb devstack@c-api.service[113523]: [pid: 113523|app: 0|req: 86/177] 10.222.0.18 () {60 vars in 1366 bytes} [Wed Sep 7 13:06:31 2022] GET /volume/v3/81d1c3c3525e4f108bd54185c3767a80/volumes/7061e3a4-1776-446f-959d-25b76aa708cb => generated 1001 bytes in 171 msecs (HTTP/1.1 200) 7 headers in 287 bytes (2 switches on core 0)
Sep 07 13:06:31.610252 dv-cinder-856259-1-smb devstack@c-api.service[113523]: DEBUG cinder.api.middleware.request_id [None req-306c896a-547f-44e5-964c-06eb4c8d3866 None None] RequestId filter calling following filter/app {{(pid=113523) _context_setter /opt/stack/cinder/cinder/api/middleware/request_id.py:62}}
Sep 07 13:06:31.628969 dv-cinder-856259-1-smb devstack@c-api.service[113523]: INFO cinder.api.openstack.wsgi [None req-306c896a-547f-44e5-964c-06eb4c8d3866 tempest-GroupSnapshotsTest-1514845285 tempest-GroupSnapshotsTest-1514845285-project] PUT http://10.222.0.18/volume/v3/81d1c3c3525e4f108bd54185c3767a80/groups/33370735-a3cb-4ecd-9df6-f371b5ec91ba
Sep 07 13:06:31.631376 dv-cinder-856259-1-smb devstack@c-api.service[113523]: DEBUG cinder.api.openstack.wsgi [None req-306c896a-547f-44e5-964c-06eb4c8d3866 tempest-GroupSnapshotsTest-1514845285 tempest-GroupSnapshotsTest-1514845285-project] Action: 'update', calling method: version_select, body: {"group": {"remove_volumes": "37e7f576-60e3-4fee-86d0-19fba3541922"}} {{(pid=113523) _process_stack /opt/stack/cinder/cinder/api/openstack/wsgi.py:866}}
Sep 07 13:06:31.678124 dv-cinder-856259-1-smb devstack@c-api.service[113523]: DEBUG cinder.api.v3.groups [None req-306c896a-547f-44e5-964c-06eb4c8d3866 tempest-GroupSnapshotsTest-1514845285 tempest-GroupSnapshotsTest-1514845285-project] Update called for group 33370735-a3cb-4ecd-9df6-f371b5ec91ba. {{(pid=113523) update /opt/stack/cinder/cinder/api/v3/groups.py:302}}
Sep 07 13:06:31.680356 dv-cinder-856259-1-smb devstack@c-api.service[113523]: INFO cinder.api.v3.groups [None req-306c896a-547f-44e5-964c-06eb4c8d3866 tempest-GroupSnapshotsTest-1514845285 tempest-GroupSnapshotsTest-1514845285-project] Updating group 33370735-a3cb-4ecd-9df6-f371b5ec91ba with name None description: None add_volumes: None remove_volumes: 37e7f576-60e3-4fee-86d0-19fba3541922.
Sep 07 13:06:31.695958 dv-cinder-856259-1-smb devstack@c-api.service[113522]: WARNING cinder.quota [None req-03ce935e-922f-4755-bd46-4de80472e2c2 tempest-VolumeTypesTest-1271807974 tempest-VolumeTypesTest-1271807974-project] Deprecated: Default quota for resource: volumes_tempest-VolumeTypesTest-volume-type-1009699609 is set by the default quota flag: quota_volumes_tempest-VolumeTypesTest-volume-type-1009699609, it is now deprecated. Please use the default quota class for default quota.
Sep 07 13:06:31.701896 dv-cinder-856259-1-smb devstack@c-api.service[113522]: WARNING cinder.quota [None req-03ce935e-922f-4755-bd46-4de80472e2c2 tempest-VolumeTypesTest-1271807974 tempest-VolumeTypesTest-1271807974-project] Deprecated: Default quota for resource: gigabytes_tempest-VolumeTypesTest-volume-type-1009699609 is set by the default quota flag: quota_gigabytes_tempest-VolumeTypesTest-volume-type-1009699609, it is now deprecated. Please use the default quota class for default quota.
Sep 07 13:06:31.707521 dv-cinder-856259-1-smb devstack@c-api.service[113523]: /usr/local/lib/python3.8/dist-packages/oslo_context/context.py:100: DeprecationWarning: Policy enforcement is depending on the value of is_admin. This key is deprecated. Please update your policy file to use the standard policy values.
Sep 07 13:06:31.707521 dv-cinder-856259-1-smb devstack@c-api.service[113523]: warnings.warn('Policy enforcement is depending on the value of '
Sep 07 13:06:31.841587 dv-cinder-856259-1-smb devstack@c-api.service[113522]: DEBUG cinder.quota [None req-03ce935e-922f-4755-bd46-4de80472e2c2 tempest-VolumeTypesTest-1271807974 tempest-VolumeTypesTest-1271807974-project] Created reservations ['dfa0798b-d49b-4dc1-b1d3-f7d724e9df6e', 'dcf8ba0f-dd0d-4da6-bbec-658276339d8c', 'c0126f84-1340-4128-af6d-79af044b8022', '55d43485-7656-4f67-90f9-1437d943d976'] {{(pid=113522) reserve /opt/stack/cinder/cinder/quota.py:755}}
Sep 07 13:06:31.846026 dv-cinder-856259-1-smb devstack@c-api.service[113522]: DEBUG cinder.volume.api [None req-03ce935e-922f-4755-bd46-4de80472e2c2 tempest-VolumeTypesTest-1271807974 tempest-VolumeTypesTest-1271807974-project] Task 'cinder.volume.flows.api.create_volume.QuotaReserveTask;volume:create' (6f54a825-f5ec-41e1-a0b0-415b63dcbaa2) transitioned into state 'SUCCESS' from state 'RUNNING' with result '{'reservations': ['dfa0798b-d49b-4dc1-b1d3-f7d724e9df6e', 'dcf8ba0f-dd0d-4da6-bbec-658276339d8c', 'c0126f84-1340-4128-af6d-79af044b8022', '55d43485-7656-4f67-90f9-1437d943d976']}' {{(pid=113522) _task_receiver /usr/local/lib/python3.8/dist-packages/taskflow/listeners/logging.py:178}}
Sep 07 13:06:31.851009 dv-cinder-856259-1-smb devstack@c-api.service[113522]: DEBUG cinder.volume.api [None req-03ce935e-922f-4755-bd46-4de80472e2c2 tempest-VolumeTypesTest-1271807974 tempest-VolumeTypesTest-1271807974-project] Task 'cinder.volume.flows.api.create_volume.EntryCreateTask;volume:create' (3ff6cbb7-27a3-4c58-a220-6019fcddbb99) transitioned into state 'RUNNING' from state 'PENDING' {{(pid=113522) _task_receiver /usr/local/lib/python3.8/dist-packages/taskflow/listeners/logging.py:190}}
Sep 07 13:06:31.858128 dv-cinder-856259-1-smb devstack@c-api.service[113523]: INFO cinder.api.openstack.wsgi [None req-306c896a-547f-44e5-964c-06eb4c8d3866 tempest-GroupSnapshotsTest-1514845285 tempest-GroupSnapshotsTest-1514845285-project] http://10.222.0.18/volume/v3/81d1c3c3525e4f108bd54185c3767a80/groups/33370735-a3cb-4ecd-9df6-f371b5ec91ba returned with HTTP 202
Sep 07 13:06:31.859495 dv-cinder-856259-1-smb devstack@c-api.service[113523]: [pid: 113523|app: 0|req: 87/178] 10.222.0.18 () {62 vars in 1383 bytes} [Wed Sep 7 13:06:31 2022] PUT /volume/v3/81d1c3c3525e4f108bd54185c3767a80/groups/33370735-a3cb-4ecd-9df6-f371b5ec91ba => generated 0 bytes in 251 msecs (HTTP/1.1 202) 6 headers in 234 bytes (1 switches on core 0)
Sep 07 13:06:31.864952 dv-cinder-856259-1-smb devstack@c-api.service[113523]: DEBUG cinder.api.middleware.request_id [None req-659fa7c5-ab06-423f-85d7-f072497b7706 None None] RequestId filter calling following filter/app {{(pid=113523) _context_setter /opt/stack/cinder/cinder/api/middleware/request_id.py:62}}
Sep 07 13:06:31.869345 dv-cinder-856259-1-smb devstack@c-api.service[113523]: INFO cinder.api.openstack.wsgi [None req-659fa7c5-ab06-423f-85d7-f072497b7706 tempest-GroupSnapshotsTest-1514845285 tempest-GroupSnapshotsTest-1514845285-project] GET http://10.222.0.18/volume/v3/81d1c3c3525e4f108bd54185c3767a80/groups/33370735-a3cb-4ecd-9df6-f371b5ec91ba
Sep 07 13:06:31.870431 dv-cinder-856259-1-smb devstack@c-api.service[113523]: DEBUG cinder.api.openstack.wsgi [None req-659fa7c5-ab06-423f-85d7-f072497b7706 tempest-GroupSnapshotsTest-1514845285 tempest-GroupSnapshotsTest-1514845285-project] Empty body provided in request {{(pid=113523) get_body /opt/stack/cinder/cinder/api/openstack/wsgi.py:715}}
Sep 07 13:06:31.872714 dv-cinder-856259-1-smb devstack@c-api.service[113523]: DEBUG cinder.api.openstack.wsgi [None req-659fa7c5-ab06-423f-85d7-f072497b7706 tempest-GroupSnapshotsTest-1514845285 tempest-GroupSnapshotsTest-1514845285-project] Calling method 'version_select' {{(pid=113523) _process_stack /opt/stack/cinder/cinder/api/openstack/wsgi.py:868}}
Sep 07 13:06:31.873163 dv-cinder-856259-1-smb devstack@c-api.service[113523]: DEBUG cinder.api.v3.groups [None req-659fa7c5-ab06-423f-85d7-f072497b7706 tempest-GroupSnapshotsTest-1514845285 tempest-GroupSnapshotsTest-1514845285-project] show called for member 33370735-a3cb-4ecd-9df6-f371b5ec91ba {{(pid=113523) show /opt/stack/cinder/cinder/api/v3/groups.py:58}}
Sep 07 13:06:31.897411 dv-cinder-856259-1-smb devstack@c-api.service[113523]: /usr/local/lib/python3.8/dist-packages/oslo_context/context.py:100: DeprecationWarning: Policy enforcement is depending on the value of is_admin. This key is deprecated. Please update your policy file to use the standard policy values.
Sep 07 13:06:31.897411 dv-cinder-856259-1-smb devstack@c-api.service[113523]: warnings.warn('Policy enforcement is depending on the value of '
Sep 07 13:06:31.924138 dv-cinder-856259-1-smb devstack@c-api.service[113522]: DEBUG cinder.volume.api [None req-03ce935e-922f-4755-bd46-4de80472e2c2 tempest-VolumeTypesTest-1271807974 tempest-VolumeTypesTest-1271807974-project] Task 'cinder.volume.flows.api.create_volume.EntryCreateTask;volume:create' (3ff6cbb7-27a3-4c58-a220-6019fcddbb99) transitioned into state 'SUCCESS' from state 'RUNNING' with result '{'volume_id': '203977a7-3340-4056-8ce5-92c022a3e984', 'volume_properties': VolumeProperties(attach_status='detached',availability_zone='nova',cgsnapshot_id=None,consistencygroup_id=None,display_description=None,display_name='tempest-VolumeTypesTest-volume-1233521855',encryption_key_id=None,group_id=None,group_type_id=,metadata={},multiattach=False,project_id='182cf2053a884e9db0839d10fbdd771b',qos_specs=None,replication_status=,reservations=['dfa0798b-d49b-4dc1-b1d3-f7d724e9df6e','dcf8ba0f-dd0d-4da6-bbec-658276339d8c','c0126f84-1340-4128-af6d-79af044b8022','55d43485-7656-4f67-90f9-1437d943d976'],size=1,snapshot_id=None,source_replicaid=,source_volid=None,status='creating',user_id='22e9acd0c2af46749ff88bde96e65dc3',volume_type_id=b54b9919-25a7-47f2-b3ff-c2df47ddf5ce), 'volume': Volume(_name_id=None,admin_metadata=,attach_status='detached',availability_zone='nova',bootable=False,cluster=,cluster_name=None,consistencygroup=,consistencygroup_id=None,created_at=2022-09-07T13:06:31Z,deleted=False,deleted_at=None,display_description=None,display_name='tempest-VolumeTypesTest-volume-1233521855',ec2_id=None,encryption_key_id=None,glance_metadata=,group=,group_id=None,host=None,id=203977a7-3340-4056-8ce5-92c022a3e984,launched_at=None,metadata={},migration_status=None,multiattach=False,previous_status=None,project_id='182cf2053a884e9db0839d10fbdd771b',provider_auth=None,provider_geometry=None,provider_id=None,provider_location=None,replication_driver_data=None,replication_extended_status=None,replication_status=None,scheduled_at=None,service_uuid=None,shared_targets=True,size=1,snapshot_id=None,snapshots=,source_volid=None,status='creating',terminated_at=None,updated_at=None,use_quota=True,user_id='22e9acd0c2af46749ff88bde96e65dc3',volume_attachment=VolumeAttachmentList,volume_type=VolumeType(b54b9919-25a7-47f2-b3ff-c2df47ddf5ce),volume_type_id=b54b9919-25a7-47f2-b3ff-c2df47ddf5ce)}' {{(pid=113522) _task_receiver /usr/local/lib/python3.8/dist-packages/taskflow/listeners/logging.py:178}}
Sep 07 13:06:31.927400 dv-cinder-856259-1-smb devstack@c-api.service[113523]: INFO cinder.api.openstack.wsgi [None req-659fa7c5-ab06-423f-85d7-f072497b7706 tempest-GroupSnapshotsTest-1514845285 tempest-GroupSnapshotsTest-1514845285-project] http://10.222.0.18/volume/v3/81d1c3c3525e4f108bd54185c3767a80/groups/33370735-a3cb-4ecd-9df6-f371b5ec91ba returned with HTTP 200
Sep 07 13:06:31.929550 dv-cinder-856259-1-smb devstack@c-api.service[113523]: [pid: 113523|app: 0|req: 88/179] 10.222.0.18 () {60 vars in 1363 bytes} [Wed Sep 7 13:06:31 2022] GET /volume/v3/81d1c3c3525e4f108bd54185c3767a80/groups/33370735-a3cb-4ecd-9df6-f371b5ec91ba => generated 392 bytes in 66 msecs (HTTP/1.1 200) 7 headers in 286 bytes (2 switches on core 0)
Sep 07 13:06:31.932695 dv-cinder-856259-1-smb devstack@c-api.service[113522]: DEBUG cinder.volume.api [None req-03ce935e-922f-4755-bd46-4de80472e2c2 tempest-VolumeTypesTest-1271807974 tempest-VolumeTypesTest-1271807974-project] Task 'cinder.volume.flows.api.create_volume.QuotaCommitTask;volume:create' (8c97b913-11d2-481b-876e-7225569c8339) transitioned into state 'RUNNING' from state 'PENDING' {{(pid=113522) _task_receiver /usr/local/lib/python3.8/dist-packages/taskflow/listeners/logging.py:190}}
Sep 07 13:06:31.980562 dv-cinder-856259-1-smb devstack@c-api.service[113522]: DEBUG cinder.volume.api [None req-03ce935e-922f-4755-bd46-4de80472e2c2 tempest-VolumeTypesTest-1271807974 tempest-VolumeTypesTest-1271807974-project] Task 'cinder.volume.flows.api.create_volume.QuotaCommitTask;volume:create' (8c97b913-11d2-481b-876e-7225569c8339) transitioned into state 'SUCCESS' from state 'RUNNING' with result '{'volume_properties': VolumeProperties(attach_status='detached',availability_zone='nova',cgsnapshot_id=None,consistencygroup_id=None,display_description=None,display_name='tempest-VolumeTypesTest-volume-1233521855',encryption_key_id=None,group_id=None,group_type_id=,metadata={},multiattach=False,project_id='182cf2053a884e9db0839d10fbdd771b',qos_specs=None,replication_status=,reservations=['dfa0798b-d49b-4dc1-b1d3-f7d724e9df6e','dcf8ba0f-dd0d-4da6-bbec-658276339d8c','c0126f84-1340-4128-af6d-79af044b8022','55d43485-7656-4f67-90f9-1437d943d976'],size=1,snapshot_id=None,source_replicaid=,source_volid=None,status='creating',user_id='22e9acd0c2af46749ff88bde96e65dc3',volume_type_id=b54b9919-25a7-47f2-b3ff-c2df47ddf5ce)}' {{(pid=113522) _task_receiver /usr/local/lib/python3.8/dist-packages/taskflow/listeners/logging.py:178}}
Sep 07 13:06:31.982954 dv-cinder-856259-1-smb devstack@c-api.service[113522]: DEBUG cinder.volume.api [None req-03ce935e-922f-4755-bd46-4de80472e2c2 tempest-VolumeTypesTest-1271807974 tempest-VolumeTypesTest-1271807974-project] Task 'cinder.volume.flows.api.create_volume.VolumeCastTask;volume:create' (238a4f1a-c2fb-4da8-84d0-3cf7f4492941) transitioned into state 'RUNNING' from state 'PENDING' {{(pid=113522) _task_receiver /usr/local/lib/python3.8/dist-packages/taskflow/listeners/logging.py:190}}
Sep 07 13:06:31.987700 dv-cinder-856259-1-smb devstack@c-api.service[113523]: DEBUG cinder.api.middleware.request_id [None req-5c18ed2a-4461-4a48-a0a5-b18cc2008155 None None] RequestId filter calling following filter/app {{(pid=113523) _context_setter /opt/stack/cinder/cinder/api/middleware/request_id.py:62}}
Sep 07 13:06:31.992220 dv-cinder-856259-1-smb devstack@c-api.service[113523]: INFO cinder.api.openstack.wsgi [None req-5c18ed2a-4461-4a48-a0a5-b18cc2008155 tempest-VolumeQuotasNegativeTestJSON-1621584531 tempest-VolumeQuotasNegativeTestJSON-1621584531-project] GET http://10.222.0.18/volume/v3/30a90124d24d401a8b96af46e6ba93d7/volumes/0843c96c-4fd6-4a96-a074-1bb863e9f760
Sep 07 13:06:31.992961 dv-cinder-856259-1-smb devstack@c-api.service[113523]: DEBUG cinder.api.openstack.wsgi [None req-5c18ed2a-4461-4a48-a0a5-b18cc2008155 tempest-VolumeQuotasNegativeTestJSON-1621584531 tempest-VolumeQuotasNegativeTestJSON-1621584531-project] Empty body provided in request {{(pid=113523) get_body /opt/stack/cinder/cinder/api/openstack/wsgi.py:715}}
Sep 07 13:06:31.993724 dv-cinder-856259-1-smb devstack@c-api.service[113523]: DEBUG cinder.api.openstack.wsgi [None req-5c18ed2a-4461-4a48-a0a5-b18cc2008155 tempest-VolumeQuotasNegativeTestJSON-1621584531 tempest-VolumeQuotasNegativeTestJSON-1621584531-project] Calling method 'show' {{(pid=113523) _process_stack /opt/stack/cinder/cinder/api/openstack/wsgi.py:868}}
Sep 07 13:06:32.032505 dv-cinder-856259-1-smb devstack@c-api.service[113522]: DEBUG cinder.volume.api [None req-03ce935e-922f-4755-bd46-4de80472e2c2 tempest-VolumeTypesTest-1271807974 tempest-VolumeTypesTest-1271807974-project] Task 'cinder.volume.flows.api.create_volume.VolumeCastTask;volume:create' (238a4f1a-c2fb-4da8-84d0-3cf7f4492941) transitioned into state 'SUCCESS' from state 'RUNNING' with result 'None' {{(pid=113522) _task_receiver /usr/local/lib/python3.8/dist-packages/taskflow/listeners/logging.py:178}}
Sep 07 13:06:32.033757 dv-cinder-856259-1-smb devstack@c-api.service[113523]: INFO cinder.api.openstack.wsgi [None req-5c18ed2a-4461-4a48-a0a5-b18cc2008155 tempest-VolumeQuotasNegativeTestJSON-1621584531 tempest-VolumeQuotasNegativeTestJSON-1621584531-project] http://10.222.0.18/volume/v3/30a90124d24d401a8b96af46e6ba93d7/volumes/0843c96c-4fd6-4a96-a074-1bb863e9f760 returned with HTTP 404
Sep 07 13:06:32.038123 dv-cinder-856259-1-smb devstack@c-api.service[113523]: [pid: 113523|app: 0|req: 89/180] 10.222.0.18 () {58 vars in 1325 bytes} [Wed Sep 7 13:06:31 2022] GET /volume/v3/30a90124d24d401a8b96af46e6ba93d7/volumes/0843c96c-4fd6-4a96-a074-1bb863e9f760 => generated 109 bytes in 51 msecs (HTTP/1.1 404) 7 headers in 292 bytes (2 switches on core 0)
Sep 07 13:06:32.038288 dv-cinder-856259-1-smb devstack@c-api.service[113522]: DEBUG cinder.volume.api [None req-03ce935e-922f-4755-bd46-4de80472e2c2 tempest-VolumeTypesTest-1271807974 tempest-VolumeTypesTest-1271807974-project] Flow 'volume_create_api' (fd0d4fd9-611e-4675-a89b-9f18ae117740) transitioned into state 'SUCCESS' from state 'RUNNING' {{(pid=113522) _flow_receiver /usr/local/lib/python3.8/dist-packages/taskflow/listeners/logging.py:141}}
Sep 07 13:06:32.040096 dv-cinder-856259-1-smb devstack@c-api.service[113523]: DEBUG cinder.api.middleware.request_id [None req-0a868b93-14ea-4732-9f01-99c7d149f4a8 None None] RequestId filter calling following filter/app {{(pid=113523) _context_setter /opt/stack/cinder/cinder/api/middleware/request_id.py:62}}
Sep 07 13:06:32.041611 dv-cinder-856259-1-smb devstack@c-api.service[113522]: INFO cinder.volume.api [None req-03ce935e-922f-4755-bd46-4de80472e2c2 tempest-VolumeTypesTest-1271807974 tempest-VolumeTypesTest-1271807974-project] Create volume request issued successfully.
Sep 07 13:06:32.048150 dv-cinder-856259-1-smb devstack@c-api.service[113522]: INFO cinder.api.openstack.wsgi [None req-03ce935e-922f-4755-bd46-4de80472e2c2 tempest-VolumeTypesTest-1271807974 tempest-VolumeTypesTest-1271807974-project] http://10.222.0.18/volume/v3/182cf2053a884e9db0839d10fbdd771b/volumes returned with HTTP 202
Sep 07 13:06:32.051025 dv-cinder-856259-1-smb devstack@c-api.service[113522]: [pid: 113522|app: 0|req: 92/181] 10.222.0.18 () {60 vars in 1236 bytes} [Wed Sep 7 13:06:30 2022] POST /volume/v3/182cf2053a884e9db0839d10fbdd771b/volumes => generated 850 bytes in 1074 msecs (HTTP/1.1 202) 7 headers in 291 bytes (1 switches on core 0)
Sep 07 13:06:32.052575 dv-cinder-856259-1-smb devstack@c-api.service[113523]: INFO cinder.api.openstack.wsgi [None req-0a868b93-14ea-4732-9f01-99c7d149f4a8 tempest-VolumeQuotasNegativeTestJSON-1795289972 tempest-VolumeQuotasNegativeTestJSON-1795289972-project-admin] PUT http://10.222.0.18/volume/v3/3262f281af64449e9f3d54b94f831019/os-quota-sets/30a90124d24d401a8b96af46e6ba93d7
Sep 07 13:06:32.053443 dv-cinder-856259-1-smb devstack@c-api.service[113523]: DEBUG cinder.api.openstack.wsgi [None req-0a868b93-14ea-4732-9f01-99c7d149f4a8 tempest-VolumeQuotasNegativeTestJSON-1795289972 tempest-VolumeQuotasNegativeTestJSON-1795289972-project-admin] Action: 'update', calling method: update, body: {"quota_set": {"volumes": 10, "per_volume_gigabytes": -1, "snapshots": 10, "gigabytes": 1000, "backups": 10, "backup_gigabytes": 1000}} {{(pid=113523) _process_stack /opt/stack/cinder/cinder/api/openstack/wsgi.py:866}}
Sep 07 13:06:32.066270 dv-cinder-856259-1-smb devstack@c-api.service[113523]: DEBUG dbcounter [-] [113523] Writing DB stats cinder:SELECT=77,cinder:INSERT=10,cinder:UPDATE=13 {{(pid=113523) stat_writer /usr/local/lib/python3.8/dist-packages/dbcounter.py:114}}
Sep 07 13:06:32.068348 dv-cinder-856259-1-smb devstack@c-api.service[113522]: DEBUG cinder.api.middleware.request_id [None req-9cf1b111-41a6-48f5-8c8e-9f31b79337a5 None None] RequestId filter calling following filter/app {{(pid=113522) _context_setter /opt/stack/cinder/cinder/api/middleware/request_id.py:62}}
Sep 07 13:06:32.073636 dv-cinder-856259-1-smb devstack@c-api.service[113522]: INFO cinder.api.openstack.wsgi [None req-9cf1b111-41a6-48f5-8c8e-9f31b79337a5 tempest-VolumeTypesTest-1271807974 tempest-VolumeTypesTest-1271807974-project] GET http://10.222.0.18/volume/v3/182cf2053a884e9db0839d10fbdd771b/volumes/203977a7-3340-4056-8ce5-92c022a3e984
Sep 07 13:06:32.074564 dv-cinder-856259-1-smb devstack@c-api.service[113522]: DEBUG cinder.api.openstack.wsgi [None req-9cf1b111-41a6-48f5-8c8e-9f31b79337a5 tempest-VolumeTypesTest-1271807974 tempest-VolumeTypesTest-1271807974-project] Empty body provided in request {{(pid=113522) get_body /opt/stack/cinder/cinder/api/openstack/wsgi.py:715}}
Sep 07 13:06:32.077701 dv-cinder-856259-1-smb devstack@c-api.service[113522]: DEBUG cinder.api.openstack.wsgi [None req-9cf1b111-41a6-48f5-8c8e-9f31b79337a5 tempest-VolumeTypesTest-1271807974 tempest-VolumeTypesTest-1271807974-project] Calling method 'show' {{(pid=113522) _process_stack /opt/stack/cinder/cinder/api/openstack/wsgi.py:868}}
Sep 07 13:06:32.129630 dv-cinder-856259-1-smb devstack@c-api.service[113522]: /usr/local/lib/python3.8/dist-packages/oslo_context/context.py:100: DeprecationWarning: Policy enforcement is depending on the value of is_admin. This key is deprecated. Please update your policy file to use the standard policy values.
Sep 07 13:06:32.129630 dv-cinder-856259-1-smb devstack@c-api.service[113522]: warnings.warn('Policy enforcement is depending on the value of '
Sep 07 13:06:32.148086 dv-cinder-856259-1-smb devstack@c-api.service[113522]: INFO cinder.volume.api [None req-9cf1b111-41a6-48f5-8c8e-9f31b79337a5 tempest-VolumeTypesTest-1271807974 tempest-VolumeTypesTest-1271807974-project] Volume info retrieved successfully.
Sep 07 13:06:32.180013 dv-cinder-856259-1-smb devstack@c-api.service[113522]: INFO cinder.api.openstack.wsgi [None req-9cf1b111-41a6-48f5-8c8e-9f31b79337a5 tempest-VolumeTypesTest-1271807974 tempest-VolumeTypesTest-1271807974-project] http://10.222.0.18/volume/v3/182cf2053a884e9db0839d10fbdd771b/volumes/203977a7-3340-4056-8ce5-92c022a3e984 returned with HTTP 200
Sep 07 13:06:32.191520 dv-cinder-856259-1-smb devstack@c-api.service[113522]: [pid: 113522|app: 0|req: 93/182] 10.222.0.18 () {58 vars in 1325 bytes} [Wed Sep 7 13:06:32 2022] GET /volume/v3/182cf2053a884e9db0839d10fbdd771b/volumes/203977a7-3340-4056-8ce5-92c022a3e984 => generated 918 bytes in 116 msecs (HTTP/1.1 200) 7 headers in 285 bytes (1 switches on core 0)
Sep 07 13:06:32.199516 dv-cinder-856259-1-smb devstack@c-api.service[113523]: /usr/local/lib/python3.8/dist-packages/oslo_context/context.py:100: DeprecationWarning: Policy enforcement is depending on the value of is_admin. This key is deprecated. Please update your policy file to use the standard policy values.
Sep 07 13:06:32.199516 dv-cinder-856259-1-smb devstack@c-api.service[113523]: warnings.warn('Policy enforcement is depending on the value of '
Sep 07 13:06:32.403732 dv-cinder-856259-1-smb devstack@c-api.service[113522]: DEBUG cinder.api.middleware.request_id [None req-1c8ae2e5-8bfa-4380-93d6-53e38afb9c90 None None] RequestId filter calling following filter/app {{(pid=113522) _context_setter /opt/stack/cinder/cinder/api/middleware/request_id.py:62}}
Sep 07 13:06:32.403732 dv-cinder-856259-1-smb devstack@c-api.service[113522]: INFO cinder.api.openstack.wsgi [None req-1c8ae2e5-8bfa-4380-93d6-53e38afb9c90 tempest-VolumeSnapshotQuotasNegativeTestJSON-1262542511 tempest-VolumeSnapshotQuotasNegativeTestJSON-1262542511-project] GET http://10.222.0.18/volume/v3/81de865961be4c9cb00169b678511679/volumes/8e2e4b93-f1d8-450a-b91e-e3cdf8dd5a2f
Sep 07 13:06:32.403732 dv-cinder-856259-1-smb devstack@c-api.service[113522]: DEBUG cinder.api.openstack.wsgi [None req-1c8ae2e5-8bfa-4380-93d6-53e38afb9c90 tempest-VolumeSnapshotQuotasNegativeTestJSON-1262542511 tempest-VolumeSnapshotQuotasNegativeTestJSON-1262542511-project] Empty body provided in request {{(pid=113522) get_body /opt/stack/cinder/cinder/api/openstack/wsgi.py:715}}
Sep 07 13:06:32.409005 dv-cinder-856259-1-smb devstack@c-api.service[113522]: DEBUG cinder.api.openstack.wsgi [None req-1c8ae2e5-8bfa-4380-93d6-53e38afb9c90 tempest-VolumeSnapshotQuotasNegativeTestJSON-1262542511 tempest-VolumeSnapshotQuotasNegativeTestJSON-1262542511-project] Calling method 'show' {{(pid=113522) _process_stack /opt/stack/cinder/cinder/api/openstack/wsgi.py:868}}
Sep 07 13:06:32.431808 dv-cinder-856259-1-smb devstack@c-api.service[113522]: DEBUG dbcounter [-] [113522] Writing DB stats cinder:SELECT=73,cinder:UPDATE=13,cinder:INSERT=14 {{(pid=113522) stat_writer /usr/local/lib/python3.8/dist-packages/dbcounter.py:114}}
Sep 07 13:06:32.456711 dv-cinder-856259-1-smb devstack@c-api.service[113522]: /usr/local/lib/python3.8/dist-packages/oslo_context/context.py:100: DeprecationWarning: Policy enforcement is depending on the value of is_admin. This key is deprecated. Please update your policy file to use the standard policy values.
Sep 07 13:06:32.456711 dv-cinder-856259-1-smb devstack@c-api.service[113522]: warnings.warn('Policy enforcement is depending on the value of '
Sep 07 13:06:32.486399 dv-cinder-856259-1-smb devstack@c-api.service[113522]: INFO cinder.volume.api [None req-1c8ae2e5-8bfa-4380-93d6-53e38afb9c90 tempest-VolumeSnapshotQuotasNegativeTestJSON-1262542511 tempest-VolumeSnapshotQuotasNegativeTestJSON-1262542511-project] Volume info retrieved successfully.
Sep 07 13:06:32.514174 dv-cinder-856259-1-smb devstack@c-api.service[113523]: WARNING cinder.quota [None req-0a868b93-14ea-4732-9f01-99c7d149f4a8 tempest-VolumeQuotasNegativeTestJSON-1795289972 tempest-VolumeQuotasNegativeTestJSON-1795289972-project-admin] Deprecated: Default quota for resource: volumes_tempest-VolumeTypesTest-volume-type-1009699609 is set by the default quota flag: quota_volumes_tempest-VolumeTypesTest-volume-type-1009699609, it is now deprecated. Please use the default quota class for default quota.
Sep 07 13:06:32.515779 dv-cinder-856259-1-smb devstack@c-api.service[113523]: WARNING cinder.quota [None req-0a868b93-14ea-4732-9f01-99c7d149f4a8 tempest-VolumeQuotasNegativeTestJSON-1795289972 tempest-VolumeQuotasNegativeTestJSON-1795289972-project-admin] Deprecated: Default quota for resource: gigabytes_tempest-VolumeTypesTest-volume-type-1009699609 is set by the default quota flag: quota_gigabytes_tempest-VolumeTypesTest-volume-type-1009699609, it is now deprecated. Please use the default quota class for default quota.
Sep 07 13:06:32.517008 dv-cinder-856259-1-smb devstack@c-api.service[113522]: INFO cinder.api.openstack.wsgi [None req-1c8ae2e5-8bfa-4380-93d6-53e38afb9c90 tempest-VolumeSnapshotQuotasNegativeTestJSON-1262542511 tempest-VolumeSnapshotQuotasNegativeTestJSON-1262542511-project] http://10.222.0.18/volume/v3/81de865961be4c9cb00169b678511679/volumes/8e2e4b93-f1d8-450a-b91e-e3cdf8dd5a2f returned with HTTP 200
