Sep 07 13:32:25.360013 dv-cinder-856259-1-iscsi neutron-server[130597]: 'PortForwarding': {'1.3'},
Sep 07 13:32:25.360013 dv-cinder-856259-1-iscsi neutron-server[130597]: 'QosPolicy': {'1.10'},
Sep 07 13:32:25.360013 dv-cinder-856259-1-iscsi neutron-server[130597]: 'SecurityGroup': {'1.5'},
Sep 07 13:32:25.360013 dv-cinder-856259-1-iscsi neutron-server[130597]: 'SecurityGroupRule': {'1.2'},
Sep 07 13:32:25.360013 dv-cinder-856259-1-iscsi neutron-server[130597]: 'SubPort': {'1.0'},
Sep 07 13:32:25.360013 dv-cinder-856259-1-iscsi neutron-server[130597]: 'Subnet': {'1.1'},
Sep 07 13:32:25.360013 dv-cinder-856259-1-iscsi neutron-server[130597]: 'Trunk': {'1.1'}}
Sep 07 13:32:25.360013 dv-cinder-856259-1-iscsi neutron-server[130597]: consumer versions:
Sep 07 13:32:25.360013 dv-cinder-856259-1-iscsi neutron-server[130597]: { DHCP agent@dv-cinder-856259-1-iscsi: {},
Sep 07 13:32:25.360013 dv-cinder-856259-1-iscsi neutron-server[130597]: HyperV agent@hv-cinder-85625: {},
Sep 07 13:32:25.360013 dv-cinder-856259-1-iscsi neutron-server[130597]: L3 agent@dv-cinder-856259-1-iscsi: {},
Sep 07 13:32:25.360013 dv-cinder-856259-1-iscsi neutron-server[130597]: Metadata agent@dv-cinder-856259-1-iscsi: {},
Sep 07 13:32:25.360013 dv-cinder-856259-1-iscsi neutron-server[130597]: Metering agent@dv-cinder-856259-1-iscsi: {},
Sep 07 13:32:25.360013 dv-cinder-856259-1-iscsi neutron-server[130597]: Open vSwitch agent@dv-cinder-856259-1-iscsi: { 'AddressGroup': '1.2',
Sep 07 13:32:25.360013 dv-cinder-856259-1-iscsi neutron-server[130597]: 'Agent': '1.1',
Sep 07 13:32:25.360013 dv-cinder-856259-1-iscsi neutron-server[130597]: 'ConntrackHelper': '1.0',
Sep 07 13:32:25.360013 dv-cinder-856259-1-iscsi neutron-server[130597]: 'LocalIPAssociation': '1.0',
Sep 07 13:32:25.360013 dv-cinder-856259-1-iscsi neutron-server[130597]: 'Log': '1.0',
Sep 07 13:32:25.360013 dv-cinder-856259-1-iscsi neutron-server[130597]: 'NDPProxy': '1.0',
Sep 07 13:32:25.360013 dv-cinder-856259-1-iscsi neutron-server[130597]: 'Network': '1.1',
Sep 07 13:32:25.360013 dv-cinder-856259-1-iscsi neutron-server[130597]: 'Port': '1.7',
Sep 07 13:32:25.360013 dv-cinder-856259-1-iscsi neutron-server[130597]: 'PortForwarding': '1.3',
Sep 07 13:32:25.360013 dv-cinder-856259-1-iscsi neutron-server[130597]: 'QosPolicy': '1.10',
Sep 07 13:32:25.360013 dv-cinder-856259-1-iscsi neutron-server[130597]: 'SecurityGroup': '1.5',
Sep 07 13:32:25.360013 dv-cinder-856259-1-iscsi neutron-server[130597]: 'SecurityGroupRule': '1.2',
Sep 07 13:32:25.360013 dv-cinder-856259-1-iscsi neutron-server[130597]: 'SubPort': '1.0',
Sep 07 13:32:25.360013 dv-cinder-856259-1-iscsi neutron-server[130597]: 'Subnet': '1.1',
Sep 07 13:32:25.360013 dv-cinder-856259-1-iscsi neutron-server[130597]: 'Trunk': '1.1'}}
Sep 07 13:32:25.360013 dv-cinder-856259-1-iscsi neutron-server[130597]: {{(pid=130597) report /opt/stack/neutron/neutron/api/rpc/callbacks/version_manager.py:175}}
Sep 07 13:32:25.397620 dv-cinder-856259-1-iscsi neutron-server[130597]: DEBUG neutron.plugins.ml2.drivers.mech_agent [None req-3f01257e-4414-490a-93fd-2b2666dd9b1c admin admin] Checking segment: {'id': 'b3dcd96d-c84b-4491-ba18-56755cf4b3c2', 'network_type': 'vlan', 'physical_network': 'physnet1', 'segmentation_id': 446, 'network_id': '3e5113d0-24ef-406d-8c1a-7899200f3372'} for mappings: {'physnet1': 'br-data'} with network types: ['local', 'flat', 'vlan'] {{(pid=130597) check_segment_for_agent /opt/stack/neutron/neutron/plugins/ml2/drivers/mech_agent.py:399}}
Sep 07 13:32:25.397620 dv-cinder-856259-1-iscsi neutron-server[130597]: DEBUG neutron.scheduler.dhcp_agent_scheduler [None req-3f01257e-4414-490a-93fd-2b2666dd9b1c admin admin] Network hostable DHCP agents. Network: 3e5113d0-24ef-406d-8c1a-7899200f3372, hostable agents: ['5d09d13e-e83a-4c75-917c-7791e9688871'], hosted agents: [] {{(pid=130597) _get_network_hostable_dhcp_agents /opt/stack/neutron/neutron/scheduler/dhcp_agent_scheduler.py:329}}
Sep 07 13:32:25.397620 dv-cinder-856259-1-iscsi neutron-server[130597]: DEBUG neutron_lib.callbacks.manager [None req-c975d90a-72fe-4278-ac55-3419910d04d0 admin admin] Publish callbacks ['neutron.plugins.ml2.ovo_rpc._ObjectChangeHandler.handle_event-990929'] for security_group (cf0efd41-3380-4fb1-9dac-8c70702d1c9b), after_create {{(pid=130597) _notify_loop /usr/local/lib/python3.8/dist-packages/neutron_lib/callbacks/manager.py:176}}
Sep 07 13:32:25.397620 dv-cinder-856259-1-iscsi neutron-server[130597]: DEBUG neutron.api.v2.base [None req-c1d6454a-22d9-44dd-aab6-0b102a15feb4 admin admin] Request body: {'network': {'name': 'tempest-AttachVolumeShelveTestJSON-2098018651-network', 'tenant_id': '6a627a9e151e4e8d8522afbc844c550c'}} {{(pid=130597) prepare_request_body /opt/stack/neutron/neutron/api/v2/base.py:730}}
Sep 07 13:32:25.397620 dv-cinder-856259-1-iscsi neutron-server[130597]: DEBUG neutron.plugins.ml2.drivers.helpers [None req-c975d90a-72fe-4278-ac55-3419910d04d0 admin admin] vlan segment allocate from pool success with {'physical_network': 'physnet1', 'vlan_id': 428} {{(pid=130597) allocate_partially_specified_segment /opt/stack/neutron/neutron/plugins/ml2/drivers/helpers.py:153}}
Sep 07 13:32:25.398465 dv-cinder-856259-1-iscsi neutron-server[130598]: DEBUG neutron.api.v2.base [None req-00d621cf-7626-4cc8-8acd-85dea82286dc admin admin] Request body: {'network': {'name': 'tempest-AttachVolumeNegativeTest-1369558229-network', 'tenant_id': '495aadbbe15c4f18a5018f45e8bab423'}} {{(pid=130598) prepare_request_body /opt/stack/neutron/neutron/api/v2/base.py:730}}
Sep 07 13:32:25.399568 dv-cinder-856259-1-iscsi neutron-server[130597]: DEBUG neutron.api.rpc.handlers.resources_rpc [None req-c975d90a-72fe-4278-ac55-3419910d04d0 admin admin] Pushing event updated for resources: {'SecurityGroup': ['ID=cf0efd41-3380-4fb1-9dac-8c70702d1c9b,revision_number=1']} {{(pid=130597) push /opt/stack/neutron/neutron/api/rpc/handlers/resources_rpc.py:237}}
Sep 07 13:32:25.399568 dv-cinder-856259-1-iscsi neutron-server[130597]: DEBUG neutron_lib.callbacks.manager [None req-c975d90a-72fe-4278-ac55-3419910d04d0 admin admin] Publish callbacks ['neutron.plugins.ml2.plugin.Ml2Plugin._handle_segment_change-2091435'] for segment (a258c25a-e4bc-4acd-ae9f-8e06ab28c695), precommit_create {{(pid=130597) _notify_loop /usr/local/lib/python3.8/dist-packages/neutron_lib/callbacks/manager.py:176}}
Sep 07 13:32:25.399568 dv-cinder-856259-1-iscsi neutron-server[130597]: INFO neutron.db.segments_db [None req-c975d90a-72fe-4278-ac55-3419910d04d0 admin admin] Added segment a258c25a-e4bc-4acd-ae9f-8e06ab28c695 of type vlan for network 01685aea-1e1f-456d-b167-39fd0b0e56f5
Sep 07 13:32:25.399568 dv-cinder-856259-1-iscsi neutron-server[130597]: DEBUG neutron.scheduler.dhcp_agent_scheduler [None req-3f01257e-4414-490a-93fd-2b2666dd9b1c admin admin] Network 3e5113d0-24ef-406d-8c1a-7899200f3372 is scheduled to be hosted by DHCP agent 5d09d13e-e83a-4c75-917c-7791e9688871 with binding_index 1 {{(pid=130597) bind /opt/stack/neutron/neutron/scheduler/dhcp_agent_scheduler.py:227}}
Sep 07 13:32:25.399568 dv-cinder-856259-1-iscsi neutron-server[130597]: DEBUG neutron_lib.callbacks.manager [None req-c975d90a-72fe-4278-ac55-3419910d04d0 admin admin] Publish callbacks ['neutron.services.auto_allocate.db._ensure_external_network_default_value_callback-8755207137675'] for network (01685aea-1e1f-456d-b167-39fd0b0e56f5), precommit_create {{(pid=130597) _notify_loop /usr/local/lib/python3.8/dist-packages/neutron_lib/callbacks/manager.py:176}}
Sep 07 13:32:25.500484 dv-cinder-856259-1-iscsi neutron-server[130597]: DEBUG neutron.api.v2.base [None req-3b50f9f4-af1e-41b9-990e-42e1d6905caf admin admin] Request body: {'network': {'name': 'tempest-EncryptedVolumesExtendAttachedTest-369577503-network', 'tenant_id': '3a808904f29044cc8bb01573c860702d'}} {{(pid=130597) prepare_request_body /opt/stack/neutron/neutron/api/v2/base.py:730}}
Sep 07 13:32:25.508029 dv-cinder-856259-1-iscsi neutron-server[130597]: DEBUG dbcounter [-] [130597] Writing DB stats neutron:SELECT=75,neutron:INSERT=21,neutron:UPDATE=4 {{(pid=130597) stat_writer /usr/local/lib/python3.8/dist-packages/dbcounter.py:114}}
Sep 07 13:32:25.579370 dv-cinder-856259-1-iscsi neutron-server[130597]: DEBUG neutron.pecan_wsgi.hooks.quota_enforcement [None req-c1d6454a-22d9-44dd-aab6-0b102a15feb4 admin admin] Made reservation on behalf of 6a627a9e151e4e8d8522afbc844c550c for: {'network': 1} {{(pid=130597) before /opt/stack/neutron/neutron/pecan_wsgi/hooks/quota_enforcement.py:53}}
Sep 07 13:32:25.580353 dv-cinder-856259-1-iscsi neutron-server[130598]: DEBUG neutron_lib.callbacks.manager [None req-87fb3204-e6e3-455c-ad86-009e75956367 admin admin] Publish callbacks ['neutron.plugins.ml2.ovo_rpc._ObjectChangeHandler.handle_event-989606', 'neutron.api.rpc.agentnotifiers.dhcp_rpc_agent_api.DhcpAgentNotifyAPI._native_event_send_dhcp_notification-544044'] for subnet (e1f00198-8c1a-4029-8c95-5da7aa38c823), after_create {{(pid=130598) _notify_loop /usr/local/lib/python3.8/dist-packages/neutron_lib/callbacks/manager.py:176}}
Sep 07 13:32:25.584091 dv-cinder-856259-1-iscsi neutron-server[130597]: DEBUG neutron_lib.callbacks.manager [None req-c1d6454a-22d9-44dd-aab6-0b102a15feb4 admin admin] Publish callbacks ['neutron.plugins.ml2.plugin.SecurityGroupDbMixin._ensure_default_security_group_handler-1964459'] for network (None), before_create {{(pid=130597) _notify_loop /usr/local/lib/python3.8/dist-packages/neutron_lib/callbacks/manager.py:176}}
Sep 07 13:32:25.589226 dv-cinder-856259-1-iscsi neutron-server[130598]: DEBUG neutron.pecan_wsgi.hooks.quota_enforcement [None req-00d621cf-7626-4cc8-8acd-85dea82286dc admin admin] Made reservation on behalf of 495aadbbe15c4f18a5018f45e8bab423 for: {'network': 1} {{(pid=130598) before /opt/stack/neutron/neutron/pecan_wsgi/hooks/quota_enforcement.py:53}}
Sep 07 13:32:25.595422 dv-cinder-856259-1-iscsi neutron-server[130597]: DEBUG neutron.scheduler.base_scheduler [None req-3f01257e-4414-490a-93fd-2b2666dd9b1c admin admin] Resources bound (agent type, host, resource id): (DHCP agent, dv-cinder-856259-1-iscsi, 3e5113d0-24ef-406d-8c1a-7899200f3372) {{(pid=130597) schedule /opt/stack/neutron/neutron/scheduler/base_scheduler.py:57}}
Sep 07 13:32:25.595988 dv-cinder-856259-1-iscsi neutron-server[130598]: DEBUG neutron_lib.callbacks.manager [None req-00d621cf-7626-4cc8-8acd-85dea82286dc admin admin] Publish callbacks ['neutron.plugins.ml2.plugin.SecurityGroupDbMixin._ensure_default_security_group_handler-1964459'] for network (None), before_create {{(pid=130598) _notify_loop /usr/local/lib/python3.8/dist-packages/neutron_lib/callbacks/manager.py:176}}
Sep 07 13:32:25.602356 dv-cinder-856259-1-iscsi neutron-server[130597]: DEBUG neutron.pecan_wsgi.hooks.policy_enforcement [None req-3f01257e-4414-490a-93fd-2b2666dd9b1c admin admin] Attributes excluded by policy engine: ['standard_attr_id', 'shared', 'network'] {{(pid=130597) _exclude_attributes_by_policy /opt/stack/neutron/neutron/pecan_wsgi/hooks/policy_enforcement.py:259}}
Sep 07 13:32:25.603542 dv-cinder-856259-1-iscsi neutron-server[130597]: DEBUG neutron_lib.callbacks.manager [None req-3f01257e-4414-490a-93fd-2b2666dd9b1c admin admin] Publish callbacks ['neutron.api.rpc.agentnotifiers.dhcp_rpc_agent_api.DhcpAgentNotifyAPI._send_dhcp_notification-544062'] for subnet (None), before_response {{(pid=130597) _notify_loop /usr/local/lib/python3.8/dist-packages/neutron_lib/callbacks/manager.py:176}}
Sep 07 13:32:25.608668 dv-cinder-856259-1-iscsi neutron-server[130599]: DEBUG neutron.api.rpc.handlers.dhcp_rpc [None req-ba1515d9-a4d3-4054-bdd3-dd60235d2f8d None None] Network 3e5113d0-24ef-406d-8c1a-7899200f3372 requested from dv-cinder-856259-1-iscsi {{(pid=130599) get_network_info /opt/stack/neutron/neutron/api/rpc/handlers/dhcp_rpc.py:193}}
Sep 07 13:32:25.632913 dv-cinder-856259-1-iscsi neutron-server[130597]: DEBUG neutron_lib.callbacks.manager [None req-c975d90a-72fe-4278-ac55-3419910d04d0 admin admin] Publish callbacks ['neutron.plugins.ml2.ovo_rpc._ObjectChangeHandler.handle_event-989440', 'neutron.api.rpc.agentnotifiers.dhcp_rpc_agent_api.DhcpAgentNotifyAPI._native_event_send_dhcp_notification-544044'] for network (01685aea-1e1f-456d-b167-39fd0b0e56f5), after_create {{(pid=130597) _notify_loop /usr/local/lib/python3.8/dist-packages/neutron_lib/callbacks/manager.py:176}}
Sep 07 13:32:25.645118 dv-cinder-856259-1-iscsi neutron-server[130597]: DEBUG neutron.pecan_wsgi.hooks.policy_enforcement [None req-c975d90a-72fe-4278-ac55-3419910d04d0 admin admin] Attributes excluded by policy engine: ['standard_attr_id', 'vlan_transparent'] {{(pid=130597) _exclude_attributes_by_policy /opt/stack/neutron/neutron/pecan_wsgi/hooks/policy_enforcement.py:259}}
Sep 07 13:32:25.646016 dv-cinder-856259-1-iscsi neutron-server[130597]: DEBUG neutron_lib.callbacks.manager [None req-c975d90a-72fe-4278-ac55-3419910d04d0 admin admin] Publish callbacks ['neutron.api.rpc.agentnotifiers.dhcp_rpc_agent_api.DhcpAgentNotifyAPI._send_dhcp_notification-544062'] for network (None), before_response {{(pid=130597) _notify_loop /usr/local/lib/python3.8/dist-packages/neutron_lib/callbacks/manager.py:176}}
Sep 07 13:32:25.655839 dv-cinder-856259-1-iscsi neutron-server[130598]: DEBUG neutron_lib.callbacks.manager [None req-00d621cf-7626-4cc8-8acd-85dea82286dc admin admin] Publish callbacks [] for security_group (None), before_create {{(pid=130598) _notify_loop /usr/local/lib/python3.8/dist-packages/neutron_lib/callbacks/manager.py:176}}
Sep 07 13:32:25.678535 dv-cinder-856259-1-iscsi neutron-server[130597]: DEBUG neutron_lib.callbacks.manager [None req-c1d6454a-22d9-44dd-aab6-0b102a15feb4 admin admin] Publish callbacks [] for security_group (None), before_create {{(pid=130597) _notify_loop /usr/local/lib/python3.8/dist-packages/neutron_lib/callbacks/manager.py:176}}
Sep 07 13:32:25.750814 dv-cinder-856259-1-iscsi neutron-server[130598]: DEBUG neutron.api.rpc.handlers.resources_rpc [None req-87fb3204-e6e3-455c-ad86-009e75956367 admin admin] Pushing event updated for resources: {'Subnet': ['ID=e1f00198-8c1a-4029-8c95-5da7aa38c823,revision_number=0']} {{(pid=130598) push /opt/stack/neutron/neutron/api/rpc/handlers/resources_rpc.py:237}}
Sep 07 13:32:25.817910 dv-cinder-856259-1-iscsi neutron-server[130597]: DEBUG dbcounter [-] [130597] Writing DB stats neutron:SELECT=87,neutron:INSERT=10,neutron:UPDATE=2,neutron:DELETE=1 {{(pid=130597) stat_writer /usr/local/lib/python3.8/dist-packages/dbcounter.py:114}}
Sep 07 13:32:25.819424 dv-cinder-856259-1-iscsi neutron-server[130597]: DEBUG neutron.api.rpc.handlers.resources_rpc [None req-c975d90a-72fe-4278-ac55-3419910d04d0 admin admin] Pushing event updated for resources: {'Network': ['ID=01685aea-1e1f-456d-b167-39fd0b0e56f5,revision_number=1']} {{(pid=130597) push /opt/stack/neutron/neutron/api/rpc/handlers/resources_rpc.py:237}}
Sep 07 13:32:25.836529 dv-cinder-856259-1-iscsi neutron-server[130599]: DEBUG neutron.plugins.ml2.rpc [None req-122b45ee-fcf0-45a4-adc0-8a174b7a9f85 None None] Network 01685aea-1e1f-456d-b167-39fd0b0e56f5 details requested by agent ovs-agent-dv-cinder-856259-1-iscsi with host dv-cinder-856259-1-iscsi {{(pid=130599) get_network_details /opt/stack/neutron/neutron/plugins/ml2/rpc.py:248}}
Sep 07 13:32:25.838369 dv-cinder-856259-1-iscsi neutron-server[130597]: DEBUG neutron.pecan_wsgi.hooks.quota_enforcement [None req-3b50f9f4-af1e-41b9-990e-42e1d6905caf admin admin] Made reservation on behalf of 3a808904f29044cc8bb01573c860702d for: {'network': 1} {{(pid=130597) before /opt/stack/neutron/neutron/pecan_wsgi/hooks/quota_enforcement.py:53}}
Sep 07 13:32:25.844305 dv-cinder-856259-1-iscsi neutron-server[130597]: DEBUG neutron_lib.callbacks.manager [None req-3b50f9f4-af1e-41b9-990e-42e1d6905caf admin admin] Publish callbacks ['neutron.plugins.ml2.plugin.SecurityGroupDbMixin._ensure_default_security_group_handler-1964459'] for network (None), before_create {{(pid=130597) _notify_loop /usr/local/lib/python3.8/dist-packages/neutron_lib/callbacks/manager.py:176}}
Sep 07 13:32:25.861077 dv-cinder-856259-1-iscsi neutron-server[130599]: DEBUG neutron.api.rpc.handlers.dhcp_rpc [None req-d2c4a3a6-3fa9-476c-921f-e42f743adedc None None] Create dhcp port {'port': {'name': '', 'admin_state_up': True, 'device_id': 'dhcp052c3c69-d475-5450-ae2b-7ebd3500118b-3e5113d0-24ef-406d-8c1a-7899200f3372', 'network_id': '3e5113d0-24ef-406d-8c1a-7899200f3372', 'project_id': '1070aeddb0d544f4b3b4c1e41979944d', 'fixed_ips': [{'subnet_id': '7e7b54db-ae87-4b8d-89b4-1ab66317189f'}]}} from dv-cinder-856259-1-iscsi. {{(pid=130599) create_dhcp_port /opt/stack/neutron/neutron/api/rpc/handlers/dhcp_rpc.py:282}}
Sep 07 13:32:25.862176 dv-cinder-856259-1-iscsi neutron-server[130599]: DEBUG neutron_lib.callbacks.manager [None req-d2c4a3a6-3fa9-476c-921f-e42f743adedc None None] Publish callbacks ['neutron.plugins.ml2.plugin.SecurityGroupDbMixin._ensure_default_security_group_handler-1964459'] for port (None), before_create {{(pid=130599) _notify_loop /usr/local/lib/python3.8/dist-packages/neutron_lib/callbacks/manager.py:176}}
Sep 07 13:32:25.863478 dv-cinder-856259-1-iscsi neutron-server[130597]: DEBUG neutron_lib.callbacks.manager [None req-3b50f9f4-af1e-41b9-990e-42e1d6905caf admin admin] Publish callbacks [] for security_group (None), before_create {{(pid=130597) _notify_loop /usr/local/lib/python3.8/dist-packages/neutron_lib/callbacks/manager.py:176}}
Sep 07 13:32:25.884134 dv-cinder-856259-1-iscsi neutron-server[130598]: DEBUG neutron_lib.callbacks.manager [None req-00d621cf-7626-4cc8-8acd-85dea82286dc admin admin] Publish callbacks [] for security_group (53e3cd58-bd5f-4214-906b-27452d425356), precommit_create {{(pid=130598) _notify_loop /usr/local/lib/python3.8/dist-packages/neutron_lib/callbacks/manager.py:176}}
Sep 07 13:32:25.886522 dv-cinder-856259-1-iscsi neutron-server[130598]: DEBUG neutron.plugins.ml2.drivers.mech_agent [None req-87fb3204-e6e3-455c-ad86-009e75956367 admin admin] Checking segment: {'id': '6131a8df-5a4a-450d-832a-3cc171e12ce1', 'network_type': 'vlan', 'physical_network': 'physnet1', 'segmentation_id': 407, 'network_id': '10b9a5d0-4fa4-4810-92ba-bac4e37bdfcf'} for mappings: {'physnet1': 'br-data'} with network types: ['local', 'flat', 'vlan'] {{(pid=130598) check_segment_for_agent /opt/stack/neutron/neutron/plugins/ml2/drivers/mech_agent.py:399}}
Sep 07 13:32:25.887334 dv-cinder-856259-1-iscsi neutron-server[130598]: DEBUG neutron.scheduler.dhcp_agent_scheduler [None req-87fb3204-e6e3-455c-ad86-009e75956367 admin admin] Network hostable DHCP agents. Network: 10b9a5d0-4fa4-4810-92ba-bac4e37bdfcf, hostable agents: ['5d09d13e-e83a-4c75-917c-7791e9688871'], hosted agents: [] {{(pid=130598) _get_network_hostable_dhcp_agents /opt/stack/neutron/neutron/scheduler/dhcp_agent_scheduler.py:329}}
Sep 07 13:32:25.961342 dv-cinder-856259-1-iscsi neutron-server[130597]: DEBUG neutron_lib.callbacks.manager [None req-c1d6454a-22d9-44dd-aab6-0b102a15feb4 admin admin] Publish callbacks [] for security_group (a9f55712-b849-4dc1-8865-f700ee9fe698), precommit_create {{(pid=130597) _notify_loop /usr/local/lib/python3.8/dist-packages/neutron_lib/callbacks/manager.py:176}}
Sep 07 13:32:26.026131 dv-cinder-856259-1-iscsi neutron-server[130598]: DEBUG neutron_lib.callbacks.manager [None req-00d621cf-7626-4cc8-8acd-85dea82286dc admin admin] Publish callbacks ['neutron.plugins.ml2.ovo_rpc._ObjectChangeHandler.handle_event-990929'] for security_group (53e3cd58-bd5f-4214-906b-27452d425356), after_create {{(pid=130598) _notify_loop /usr/local/lib/python3.8/dist-packages/neutron_lib/callbacks/manager.py:176}}
Sep 07 13:32:26.038878 dv-cinder-856259-1-iscsi neutron-server[130597]: INFO neutron.wsgi [None req-c975d90a-72fe-4278-ac55-3419910d04d0 admin admin] 10.222.0.62 "POST /networking/v2.0/networks HTTP/1.1" status: 201 len: 884 time: 2.1637163
Sep 07 13:32:26.047953 dv-cinder-856259-1-iscsi neutron-server[130597]: INFO neutron.wsgi [None req-3f01257e-4414-490a-93fd-2b2666dd9b1c admin admin] 10.222.0.62 "POST /networking/v2.0/subnets HTTP/1.1" status: 201 len: 855 time: 1.9769235
Sep 07 13:32:26.050842 dv-cinder-856259-1-iscsi neutron-server[130597]: DEBUG neutron.wsgi [-] (130597) accepted ('10.222.0.62', 53678) {{(pid=130597) server /usr/local/lib/python3.8/dist-packages/eventlet/wsgi.py:1004}}
Sep 07 13:32:26.051462 dv-cinder-856259-1-iscsi neutron-server[130597]: DEBUG neutron.wsgi [-] (130597) accepted ('10.222.0.62', 53680) {{(pid=130597) server /usr/local/lib/python3.8/dist-packages/eventlet/wsgi.py:1004}}
Sep 07 13:32:26.064956 dv-cinder-856259-1-iscsi neutron-server[130597]: DEBUG neutron.api.v2.base [None req-7a9e76b6-54b9-4a30-89c5-72648cc3355c admin admin] Request body: {'subnet': {'network_id': '01685aea-1e1f-456d-b167-39fd0b0e56f5', 'cidr': '172.20.0.0/28', 'name': 'tempest-DeleteServersTestJSON-120940462-subnet', 'tenant_id': '5db02cd9acdc4dc9b42a6b1ee5cc2f23', 'enable_dhcp': True, 'ip_version': 4}} {{(pid=130597) prepare_request_body /opt/stack/neutron/neutron/api/v2/base.py:730}}
Sep 07 13:32:26.077564 dv-cinder-856259-1-iscsi neutron-server[130597]: DEBUG neutron.api.v2.base [None req-a6191f5e-d0c8-4e29-9be9-68d447d98bfc admin admin] Request body: {'router': {'name': 'tempest-ServerRescueNegativeTestJSON-2051517499-router', 'tenant_id': '1070aeddb0d544f4b3b4c1e41979944d', 'external_gateway_info': {'network_id': '877e8c28-578a-41d2-bab1-e5e8ff8bce7a'}}} {{(pid=130597) prepare_request_body /opt/stack/neutron/neutron/api/v2/base.py:730}}
Sep 07 13:32:26.091906 dv-cinder-856259-1-iscsi neutron-server[130598]: DEBUG neutron.scheduler.dhcp_agent_scheduler [None req-87fb3204-e6e3-455c-ad86-009e75956367 admin admin] Network 10b9a5d0-4fa4-4810-92ba-bac4e37bdfcf is scheduled to be hosted by DHCP agent 5d09d13e-e83a-4c75-917c-7791e9688871 with binding_index 1 {{(pid=130598) bind /opt/stack/neutron/neutron/scheduler/dhcp_agent_scheduler.py:227}}
Sep 07 13:32:26.125891 dv-cinder-856259-1-iscsi neutron-server[130598]: DEBUG neutron.plugins.ml2.drivers.helpers [None req-00d621cf-7626-4cc8-8acd-85dea82286dc admin admin] vlan segment allocate from pool success with {'physical_network': 'physnet1', 'vlan_id': 402} {{(pid=130598) allocate_partially_specified_segment /opt/stack/neutron/neutron/plugins/ml2/drivers/helpers.py:153}}
Sep 07 13:32:26.143811 dv-cinder-856259-1-iscsi neutron-server[130599]: DEBUG neutron.db.db_base_plugin_common [None req-d2c4a3a6-3fa9-476c-921f-e42f743adedc None None] Allocated IP 172.20.0.2 (3e5113d0-24ef-406d-8c1a-7899200f3372/7e7b54db-ae87-4b8d-89b4-1ab66317189f/29127d7c-af0d-4953-bc71-94c4517e48a8) {{(pid=130599) _store_ip_allocation /opt/stack/neutron/neutron/db/db_base_plugin_common.py:131}}
Sep 07 13:32:26.148142 dv-cinder-856259-1-iscsi neutron-server[130598]: DEBUG neutron_lib.callbacks.manager [None req-00d621cf-7626-4cc8-8acd-85dea82286dc admin admin] Publish callbacks ['neutron.plugins.ml2.plugin.Ml2Plugin._handle_segment_change-2091435'] for segment (b45a8e63-f74b-4370-a4fb-e4425ac9dde2), precommit_create {{(pid=130598) _notify_loop /usr/local/lib/python3.8/dist-packages/neutron_lib/callbacks/manager.py:176}}
Sep 07 13:32:26.148558 dv-cinder-856259-1-iscsi neutron-server[130598]: INFO neutron.db.segments_db [None req-00d621cf-7626-4cc8-8acd-85dea82286dc admin admin] Added segment b45a8e63-f74b-4370-a4fb-e4425ac9dde2 of type vlan for network 6b6834c0-0dea-41cd-83a3-dc66b7dd2f54
Sep 07 13:32:26.159389 dv-cinder-856259-1-iscsi neutron-server[130597]: DEBUG neutron_lib.callbacks.manager [None req-c1d6454a-22d9-44dd-aab6-0b102a15feb4 admin admin] Publish callbacks ['neutron.plugins.ml2.ovo_rpc._ObjectChangeHandler.handle_event-990929'] for security_group (a9f55712-b849-4dc1-8865-f700ee9fe698), after_create {{(pid=130597) _notify_loop /usr/local/lib/python3.8/dist-packages/neutron_lib/callbacks/manager.py:176}}
Sep 07 13:32:26.221486 dv-cinder-856259-1-iscsi neutron-server[130598]: DEBUG neutron_lib.callbacks.manager [None req-00d621cf-7626-4cc8-8acd-85dea82286dc admin admin] Publish callbacks ['neutron.services.auto_allocate.db._ensure_external_network_default_value_callback-8755207137675'] for network (6b6834c0-0dea-41cd-83a3-dc66b7dd2f54), precommit_create {{(pid=130598) _notify_loop /usr/local/lib/python3.8/dist-packages/neutron_lib/callbacks/manager.py:176}}
Sep 07 13:32:26.224288 dv-cinder-856259-1-iscsi neutron-server[130597]: DEBUG neutron.api.rpc.handlers.resources_rpc [None req-c1d6454a-22d9-44dd-aab6-0b102a15feb4 admin admin] Pushing event updated for resources: {'SecurityGroup': ['ID=a9f55712-b849-4dc1-8865-f700ee9fe698,revision_number=1']} {{(pid=130597) push /opt/stack/neutron/neutron/api/rpc/handlers/resources_rpc.py:237}}
Sep 07 13:32:26.241646 dv-cinder-856259-1-iscsi neutron-server[130597]: DEBUG neutron_lib.callbacks.manager [None req-3b50f9f4-af1e-41b9-990e-42e1d6905caf admin admin] Publish callbacks [] for security_group (7b5ff873-0234-403a-a1e0-30b77c42b3d7), precommit_create {{(pid=130597) _notify_loop /usr/local/lib/python3.8/dist-packages/neutron_lib/callbacks/manager.py:176}}
Sep 07 13:32:26.289727 dv-cinder-856259-1-iscsi neutron-server[130599]: DEBUG neutron_lib.callbacks.manager [None req-6b72f158-b99e-40eb-be76-cd0463520593 None None] Publish callbacks ['neutron.services.segments.db._update_segment_host_mapping_for_agent-8755207666571', 'neutron.plugins.ml2.plugin.Ml2Plugin._retry_binding_revived_agents-2037117'] for agent (7ac447e4-7ed1-4d5b-b200-c23cd75af852), after_update {{(pid=130599) _notify_loop /usr/local/lib/python3.8/dist-packages/neutron_lib/callbacks/manager.py:176}}
Sep 07 13:32:26.305212 dv-cinder-856259-1-iscsi neutron-server[130597]: DEBUG neutron.pecan_wsgi.hooks.quota_enforcement [None req-7a9e76b6-54b9-4a30-89c5-72648cc3355c admin admin] Made reservation on behalf of 5db02cd9acdc4dc9b42a6b1ee5cc2f23 for: {'subnet': 1} {{(pid=130597) before /opt/stack/neutron/neutron/pecan_wsgi/hooks/quota_enforcement.py:53}}
Sep 07 13:32:26.305863 dv-cinder-856259-1-iscsi neutron-server[130598]: DEBUG neutron.api.rpc.handlers.resources_rpc [None req-00d621cf-7626-4cc8-8acd-85dea82286dc admin admin] Pushing event updated for resources: {'SecurityGroup': ['ID=53e3cd58-bd5f-4214-906b-27452d425356,revision_number=1']} {{(pid=130598) push /opt/stack/neutron/neutron/api/rpc/handlers/resources_rpc.py:237}}
Sep 07 13:32:26.310469 dv-cinder-856259-1-iscsi neutron-server[130597]: DEBUG neutron_lib.callbacks.manager [None req-7a9e76b6-54b9-4a30-89c5-72648cc3355c admin admin] Publish callbacks [] for subnet (None), before_create {{(pid=130597) _notify_loop /usr/local/lib/python3.8/dist-packages/neutron_lib/callbacks/manager.py:176}}
Sep 07 13:32:26.315868 dv-cinder-856259-1-iscsi neutron-server[130597]: DEBUG neutron_lib.callbacks.manager [None req-a6191f5e-d0c8-4e29-9be9-68d447d98bfc admin admin] Publish callbacks ['neutron.services.l3_router.l3_router_plugin.L3_HA_NAT_db_mixin._before_router_create_handler-958609', 'neutron.services.l3_router.service_providers.driver_controller.DriverController._check_router_request-58946'] for router (25e0c168-6b3e-4a79-a22a-0f2979d6647a), before_create {{(pid=130597) _notify_loop /usr/local/lib/python3.8/dist-packages/neutron_lib/callbacks/manager.py:176}}
Sep 07 13:32:26.318836 dv-cinder-856259-1-iscsi neutron-server[130597]: DEBUG neutron_lib.callbacks.manager [None req-a6191f5e-d0c8-4e29-9be9-68d447d98bfc admin admin] Publish callbacks ['neutron.services.l3_router.l3_router_plugin.L3_HA_NAT_db_mixin._precommit_router_create-966635', 'neutron.services.l3_router.l3_router_plugin.DVRResourceOperationHandler._set_distributed_flag-962447', 'neutron.services.l3_router.l3_router_plugin.RouterAvailabilityZoneMixin._process_az_request-889211', 'neutron.services.l3_router.service_providers.driver_controller.DriverController._set_router_provider-58971'] for router (25e0c168-6b3e-4a79-a22a-0f2979d6647a), precommit_create {{(pid=130597) _notify_loop /usr/local/lib/python3.8/dist-packages/neutron_lib/callbacks/manager.py:176}}
Sep 07 13:32:26.323755 dv-cinder-856259-1-iscsi neutron-server[130598]: DEBUG dbcounter [-] [130598] Writing DB stats neutron:SELECT=80,neutron:INSERT=18,neutron:UPDATE=2 {{(pid=130598) stat_writer /usr/local/lib/python3.8/dist-packages/dbcounter.py:114}}
Sep 07 13:32:26.416266 dv-cinder-856259-1-iscsi neutron-server[130597]: DEBUG neutron_lib.callbacks.manager [None req-3b50f9f4-af1e-41b9-990e-42e1d6905caf admin admin] Publish callbacks ['neutron.plugins.ml2.ovo_rpc._ObjectChangeHandler.handle_event-990929'] for security_group (7b5ff873-0234-403a-a1e0-30b77c42b3d7), after_create {{(pid=130597) _notify_loop /usr/local/lib/python3.8/dist-packages/neutron_lib/callbacks/manager.py:176}}
Sep 07 13:32:26.475174 dv-cinder-856259-1-iscsi neutron-server[130598]: DEBUG neutron.scheduler.base_scheduler [None req-87fb3204-e6e3-455c-ad86-009e75956367 admin admin] Resources bound (agent type, host, resource id): (DHCP agent, dv-cinder-856259-1-iscsi, 10b9a5d0-4fa4-4810-92ba-bac4e37bdfcf) {{(pid=130598) schedule /opt/stack/neutron/neutron/scheduler/base_scheduler.py:57}}
Sep 07 13:32:26.480094 dv-cinder-856259-1-iscsi neutron-server[130598]: DEBUG neutron.pecan_wsgi.hooks.policy_enforcement [None req-87fb3204-e6e3-455c-ad86-009e75956367 admin admin] Attributes excluded by policy engine: ['standard_attr_id', 'shared', 'network'] {{(pid=130598) _exclude_attributes_by_policy /opt/stack/neutron/neutron/pecan_wsgi/hooks/policy_enforcement.py:259}}
Sep 07 13:32:26.480692 dv-cinder-856259-1-iscsi neutron-server[130598]: DEBUG neutron_lib.callbacks.manager [None req-87fb3204-e6e3-455c-ad86-009e75956367 admin admin] Publish callbacks ['neutron.api.rpc.agentnotifiers.dhcp_rpc_agent_api.DhcpAgentNotifyAPI._send_dhcp_notification-544062'] for subnet (None), before_response {{(pid=130598) _notify_loop /usr/local/lib/python3.8/dist-packages/neutron_lib/callbacks/manager.py:176}}
Sep 07 13:32:26.487941 dv-cinder-856259-1-iscsi neutron-server[130597]: DEBUG neutron.plugins.ml2.drivers.helpers [None req-3b50f9f4-af1e-41b9-990e-42e1d6905caf admin admin] vlan segment allocate from pool success with {'physical_network': 'physnet1', 'vlan_id': 426} {{(pid=130597) allocate_partially_specified_segment /opt/stack/neutron/neutron/plugins/ml2/drivers/helpers.py:153}}
Sep 07 13:32:26.514408 dv-cinder-856259-1-iscsi neutron-server[130599]: DEBUG neutron.api.rpc.handlers.dhcp_rpc [None req-df715016-48c1-4291-a227-b66f859b4772 None None] Network 10b9a5d0-4fa4-4810-92ba-bac4e37bdfcf requested from dv-cinder-856259-1-iscsi {{(pid=130599) get_network_info /opt/stack/neutron/neutron/api/rpc/handlers/dhcp_rpc.py:193}}
Sep 07 13:32:26.550254 dv-cinder-856259-1-iscsi neutron-server[130598]: DEBUG neutron_lib.callbacks.manager [None req-00d621cf-7626-4cc8-8acd-85dea82286dc admin admin] Publish callbacks ['neutron.plugins.ml2.ovo_rpc._ObjectChangeHandler.handle_event-989440', 'neutron.api.rpc.agentnotifiers.dhcp_rpc_agent_api.DhcpAgentNotifyAPI._native_event_send_dhcp_notification-544044'] for network (6b6834c0-0dea-41cd-83a3-dc66b7dd2f54), after_create {{(pid=130598) _notify_loop /usr/local/lib/python3.8/dist-packages/neutron_lib/callbacks/manager.py:176}}
Sep 07 13:32:26.551243 dv-cinder-856259-1-iscsi neutron-server[130598]: DEBUG neutron.pecan_wsgi.hooks.policy_enforcement [None req-00d621cf-7626-4cc8-8acd-85dea82286dc admin admin] Attributes excluded by policy engine: ['standard_attr_id', 'vlan_transparent'] {{(pid=130598) _exclude_attributes_by_policy /opt/stack/neutron/neutron/pecan_wsgi/hooks/policy_enforcement.py:259}}
Sep 07 13:32:26.552600 dv-cinder-856259-1-iscsi neutron-server[130598]: DEBUG neutron_lib.callbacks.manager [None req-00d621cf-7626-4cc8-8acd-85dea82286dc admin admin] Publish callbacks ['neutron.api.rpc.agentnotifiers.dhcp_rpc_agent_api.DhcpAgentNotifyAPI._send_dhcp_notification-544062'] for network (None), before_response {{(pid=130598) _notify_loop /usr/local/lib/python3.8/dist-packages/neutron_lib/callbacks/manager.py:176}}
Sep 07 13:32:26.561692 dv-cinder-856259-1-iscsi neutron-server[130599]: DEBUG neutron_lib.callbacks.manager [None req-d2c4a3a6-3fa9-476c-921f-e42f743adedc None None] Publish callbacks [] for port (29127d7c-af0d-4953-bc71-94c4517e48a8), precommit_create {{(pid=130599) _notify_loop /usr/local/lib/python3.8/dist-packages/neutron_lib/callbacks/manager.py:176}}
Sep 07 13:32:26.566449 dv-cinder-856259-1-iscsi neutron-server[130599]: DEBUG neutron_lib.callbacks.manager [None req-41d881c4-e2cd-43a7-9b3e-29cc82f671b8 None None] Publish callbacks ['neutron.services.segments.db._update_segment_host_mapping_for_agent-8755207666571', 'neutron.plugins.ml2.plugin.Ml2Plugin._retry_binding_revived_agents-2037117'] for agent (bec8c830-e114-47d5-aea4-07408791a047), after_update {{(pid=130599) _notify_loop /usr/local/lib/python3.8/dist-packages/neutron_lib/callbacks/manager.py:176}}
Sep 07 13:32:26.572364 dv-cinder-856259-1-iscsi neutron-server[130597]: DEBUG neutron_lib.callbacks.manager [None req-a6191f5e-d0c8-4e29-9be9-68d447d98bfc admin admin] Publish callbacks [] for router_controller (25e0c168-6b3e-4a79-a22a-0f2979d6647a), precommit_add_association {{(pid=130597) _notify_loop /usr/local/lib/python3.8/dist-packages/neutron_lib/callbacks/manager.py:176}}
Sep 07 13:32:26.574087 dv-cinder-856259-1-iscsi neutron-server[130597]: DEBUG neutron_lib.callbacks.manager [None req-3b50f9f4-af1e-41b9-990e-42e1d6905caf admin admin] Publish callbacks ['neutron.plugins.ml2.plugin.Ml2Plugin._handle_segment_change-2091435'] for segment (6e0a9324-580d-42cd-b72d-4168d8952278), precommit_create {{(pid=130597) _notify_loop /usr/local/lib/python3.8/dist-packages/neutron_lib/callbacks/manager.py:176}}
Sep 07 13:32:26.574596 dv-cinder-856259-1-iscsi neutron-server[130597]: INFO neutron.db.segments_db [None req-3b50f9f4-af1e-41b9-990e-42e1d6905caf admin admin] Added segment 6e0a9324-580d-42cd-b72d-4168d8952278 of type vlan for network f8585982-7ca2-40de-ac9b-59377ab95b79
Sep 07 13:32:26.592930 dv-cinder-856259-1-iscsi neutron-server[130597]: DEBUG neutron.api.rpc.handlers.resources_rpc [None req-3b50f9f4-af1e-41b9-990e-42e1d6905caf admin admin] Pushing event updated for resources: {'SecurityGroup': ['ID=7b5ff873-0234-403a-a1e0-30b77c42b3d7,revision_number=1']} {{(pid=130597) push /opt/stack/neutron/neutron/api/rpc/handlers/resources_rpc.py:237}}
Sep 07 13:32:26.658705 dv-cinder-856259-1-iscsi neutron-server[130597]: DEBUG neutron_lib.db.api [None req-c1d6454a-22d9-44dd-aab6-0b102a15feb4 admin admin] Retry wrapper got retriable exception: Unable to create the network. No available network found in maximum allowed attempts. {{(pid=130597) wrapped /usr/local/lib/python3.8/dist-packages/neutron_lib/db/api.py:188}}
Sep 07 13:32:26.659149 dv-cinder-856259-1-iscsi neutron-server[130597]: DEBUG oslo_db.api [None req-c1d6454a-22d9-44dd-aab6-0b102a15feb4 admin admin] Performing DB retry for function neutron.plugins.ml2.plugin.Ml2Plugin.create_network {{(pid=130597) wrapper /usr/local/lib/python3.8/dist-packages/oslo_db/api.py:155}}
Sep 07 13:32:26.701418 dv-cinder-856259-1-iscsi neutron-server[130598]: INFO neutron.wsgi [None req-87fb3204-e6e3-455c-ad86-009e75956367 admin admin] 10.222.0.62 "POST /networking/v2.0/subnets HTTP/1.1" status: 201 len: 846 time: 1.9512661
Sep 07 13:32:26.711155 dv-cinder-856259-1-iscsi neutron-server[130598]: DEBUG neutron.wsgi [-] (130598) accepted ('10.222.0.62', 53714) {{(pid=130598) server /usr/local/lib/python3.8/dist-packages/eventlet/wsgi.py:1004}}
Sep 07 13:32:26.743126 dv-cinder-856259-1-iscsi neutron-server[130599]: DEBUG neutron_lib.callbacks.manager [None req-d2c4a3a6-3fa9-476c-921f-e42f743adedc None None] Publish callbacks ['neutron.plugins.ml2.plugin.SecurityGroupServerNotifierRpcMixin._notify_sg_on_port_change-1964522', 'neutron.plugins.ml2.ovo_rpc._ObjectChangeHandler.handle_event-252476', 'neutron.api.rpc.agentnotifiers.dhcp_rpc_agent_api.DhcpAgentNotifyAPI._native_event_send_dhcp_notification-544044', 'neutron.db.l3_dvrscheduler_db._notify_l3_agent_new_port-8755207200925'] for port (29127d7c-af0d-4953-bc71-94c4517e48a8), after_create {{(pid=130599) _notify_loop /usr/local/lib/python3.8/dist-packages/neutron_lib/callbacks/manager.py:176}}
Sep 07 13:32:26.743955 dv-cinder-856259-1-iscsi neutron-server[130598]: DEBUG neutron.api.v2.base [None req-db593e7d-3932-4235-b03d-377040d07b50 admin admin] Request body: {'router': {'name': 'tempest-AttachVolumeTestJSON-692736104-router', 'tenant_id': 'e0e892aa9df049c387360b67c5e2e065', 'external_gateway_info': {'network_id': '877e8c28-578a-41d2-bab1-e5e8ff8bce7a'}}} {{(pid=130598) prepare_request_body /opt/stack/neutron/neutron/api/v2/base.py:730}}
Sep 07 13:32:26.761075 dv-cinder-856259-1-iscsi neutron-server[130597]: DEBUG neutron_lib.callbacks.manager [None req-3b50f9f4-af1e-41b9-990e-42e1d6905caf admin admin] Publish callbacks ['neutron.services.auto_allocate.db._ensure_external_network_default_value_callback-8755207137675'] for network (f8585982-7ca2-40de-ac9b-59377ab95b79), precommit_create {{(pid=130597) _notify_loop /usr/local/lib/python3.8/dist-packages/neutron_lib/callbacks/manager.py:176}}
Sep 07 13:32:26.770404 dv-cinder-856259-1-iscsi neutron-server[130598]: DEBUG neutron.api.rpc.handlers.resources_rpc [None req-00d621cf-7626-4cc8-8acd-85dea82286dc admin admin] Pushing event updated for resources: {'Network': ['ID=6b6834c0-0dea-41cd-83a3-dc66b7dd2f54,revision_number=1']} {{(pid=130598) push /opt/stack/neutron/neutron/api/rpc/handlers/resources_rpc.py:237}}
Sep 07 13:32:26.821152 dv-cinder-856259-1-iscsi neutron-server[130599]: DEBUG neutron.plugins.ml2.rpc [None req-122b45ee-fcf0-45a4-adc0-8a174b7a9f85 None None] Network 6b6834c0-0dea-41cd-83a3-dc66b7dd2f54 details requested by agent ovs-agent-dv-cinder-856259-1-iscsi with host dv-cinder-856259-1-iscsi {{(pid=130599) get_network_details /opt/stack/neutron/neutron/plugins/ml2/rpc.py:248}}
Sep 07 13:32:26.855479 dv-cinder-856259-1-iscsi neutron-server[130598]: INFO neutron.wsgi [None req-00d621cf-7626-4cc8-8acd-85dea82286dc admin admin] 10.222.0.62 "POST /networking/v2.0/networks HTTP/1.1" status: 201 len: 888 time: 2.2016068
Sep 07 13:32:26.867721 dv-cinder-856259-1-iscsi neutron-server[130598]: DEBUG neutron.wsgi [-] (130598) accepted ('10.222.0.62', 53724) {{(pid=130598) server /usr/local/lib/python3.8/dist-packages/eventlet/wsgi.py:1004}}
Sep 07 13:32:26.867721 dv-cinder-856259-1-iscsi neutron-server[130598]: DEBUG neutron.api.v2.base [None req-6c89ebbd-0646-475f-8343-059f7ea7c6f5 admin admin] Request body: {'subnet': {'network_id': '6b6834c0-0dea-41cd-83a3-dc66b7dd2f54', 'cidr': '172.20.0.0/28', 'name': 'tempest-AttachVolumeNegativeTest-1369558229-subnet', 'tenant_id': '495aadbbe15c4f18a5018f45e8bab423', 'enable_dhcp': True, 'ip_version': 4}} {{(pid=130598) prepare_request_body /opt/stack/neutron/neutron/api/v2/base.py:730}}
Sep 07 13:32:26.931385 dv-cinder-856259-1-iscsi neutron-server[130599]: DEBUG neutron.api.rpc.handlers.resources_rpc [None req-d2c4a3a6-3fa9-476c-921f-e42f743adedc None None] Pushing event updated for resources: {'Port': ['ID=29127d7c-af0d-4953-bc71-94c4517e48a8,revision_number=1']} {{(pid=130599) push /opt/stack/neutron/neutron/api/rpc/handlers/resources_rpc.py:237}}
Sep 07 13:32:26.958365 dv-cinder-856259-1-iscsi neutron-server[130598]: DEBUG neutron_lib.callbacks.manager [None req-db593e7d-3932-4235-b03d-377040d07b50 admin admin] Publish callbacks ['neutron.services.l3_router.l3_router_plugin.L3_HA_NAT_db_mixin._before_router_create_handler-958609', 'neutron.services.l3_router.service_providers.driver_controller.DriverController._check_router_request-58946'] for router (02a41f08-7f44-44db-b2f9-2eafa4d97569), before_create {{(pid=130598) _notify_loop /usr/local/lib/python3.8/dist-packages/neutron_lib/callbacks/manager.py:176}}
Sep 07 13:32:26.965380 dv-cinder-856259-1-iscsi neutron-server[130598]: DEBUG neutron_lib.callbacks.manager [None req-db593e7d-3932-4235-b03d-377040d07b50 admin admin] Publish callbacks ['neutron.services.l3_router.l3_router_plugin.L3_HA_NAT_db_mixin._precommit_router_create-966635', 'neutron.services.l3_router.l3_router_plugin.DVRResourceOperationHandler._set_distributed_flag-962447', 'neutron.services.l3_router.l3_router_plugin.RouterAvailabilityZoneMixin._process_az_request-889211', 'neutron.services.l3_router.service_providers.driver_controller.DriverController._set_router_provider-58971'] for router (02a41f08-7f44-44db-b2f9-2eafa4d97569), precommit_create {{(pid=130598) _notify_loop /usr/local/lib/python3.8/dist-packages/neutron_lib/callbacks/manager.py:176}}
Sep 07 13:32:27.005303 dv-cinder-856259-1-iscsi neutron-server[130599]: DEBUG neutron.api.rpc.handlers.dhcp_rpc [None req-22d5e510-739b-46d6-902c-d4c26de8ba8b None None] Create dhcp port {'port': {'name': '', 'admin_state_up': True, 'device_id': 'dhcp052c3c69-d475-5450-ae2b-7ebd3500118b-10b9a5d0-4fa4-4810-92ba-bac4e37bdfcf', 'network_id': '10b9a5d0-4fa4-4810-92ba-bac4e37bdfcf', 'project_id': 'e0e892aa9df049c387360b67c5e2e065', 'fixed_ips': [{'subnet_id': 'e1f00198-8c1a-4029-8c95-5da7aa38c823'}]}} from dv-cinder-856259-1-iscsi. {{(pid=130599) create_dhcp_port /opt/stack/neutron/neutron/api/rpc/handlers/dhcp_rpc.py:282}}
Sep 07 13:32:27.007372 dv-cinder-856259-1-iscsi neutron-server[130599]: DEBUG neutron_lib.callbacks.manager [None req-22d5e510-739b-46d6-902c-d4c26de8ba8b None None] Publish callbacks ['neutron.plugins.ml2.plugin.SecurityGroupDbMixin._ensure_default_security_group_handler-1964459'] for port (None), before_create {{(pid=130599) _notify_loop /usr/local/lib/python3.8/dist-packages/neutron_lib/callbacks/manager.py:176}}
Sep 07 13:32:27.013405 dv-cinder-856259-1-iscsi neutron-server[130599]: DEBUG neutron.api.rpc.callbacks.version_manager [None req-d2c4a3a6-3fa9-476c-921f-e42f743adedc None None] Version for resource type AddressGroup changed None to 1.2 on consumer Open vSwitch agent@dv-cinder-856259-1-iscsi {{(pid=130599) _set_version /opt/stack/neutron/neutron/api/rpc/callbacks/version_manager.py:113}}
Sep 07 13:32:27.014238 dv-cinder-856259-1-iscsi neutron-server[130599]: DEBUG neutron.api.rpc.callbacks.version_manager [None req-d2c4a3a6-3fa9-476c-921f-e42f743adedc None None] Version for resource type Agent changed None to 1.1 on consumer Open vSwitch agent@dv-cinder-856259-1-iscsi {{(pid=130599) _set_version /opt/stack/neutron/neutron/api/rpc/callbacks/version_manager.py:113}}
Sep 07 13:32:27.016935 dv-cinder-856259-1-iscsi neutron-server[130599]: DEBUG neutron.api.rpc.callbacks.version_manager [None req-d2c4a3a6-3fa9-476c-921f-e42f743adedc None None] Version for resource type ConntrackHelper changed None to 1.0 on consumer Open vSwitch agent@dv-cinder-856259-1-iscsi {{(pid=130599) _set_version /opt/stack/neutron/neutron/api/rpc/callbacks/version_manager.py:113}}
Sep 07 13:32:27.016935 dv-cinder-856259-1-iscsi neutron-server[130599]: DEBUG neutron.api.rpc.callbacks.version_manager [None req-d2c4a3a6-3fa9-476c-921f-e42f743adedc None None] Version for resource type LocalIPAssociation changed None to 1.0 on consumer Open vSwitch agent@dv-cinder-856259-1-iscsi {{(pid=130599) _set_version /opt/stack/neutron/neutron/api/rpc/callbacks/version_manager.py:113}}
Sep 07 13:32:27.017207 dv-cinder-856259-1-iscsi neutron-server[130598]: DEBUG neutron.pecan_wsgi.hooks.quota_enforcement [None req-6c89ebbd-0646-475f-8343-059f7ea7c6f5 admin admin] Made reservation on behalf of 495aadbbe15c4f18a5018f45e8bab423 for: {'subnet': 1} {{(pid=130598) before /opt/stack/neutron/neutron/pecan_wsgi/hooks/quota_enforcement.py:53}}
Sep 07 13:32:27.017336 dv-cinder-856259-1-iscsi neutron-server[130599]: DEBUG neutron.api.rpc.callbacks.version_manager [None req-d2c4a3a6-3fa9-476c-921f-e42f743adedc None None] Version for resource type Log changed None to 1.0 on consumer Open vSwitch agent@dv-cinder-856259-1-iscsi {{(pid=130599) _set_version /opt/stack/neutron/neutron/api/rpc/callbacks/version_manager.py:113}}
Sep 07 13:32:27.017336 dv-cinder-856259-1-iscsi neutron-server[130599]: DEBUG neutron.api.rpc.callbacks.version_manager [None req-d2c4a3a6-3fa9-476c-921f-e42f743adedc None None] Version for resource type NDPProxy changed None to 1.0 on consumer Open vSwitch agent@dv-cinder-856259-1-iscsi {{(pid=130599) _set_version /opt/stack/neutron/neutron/api/rpc/callbacks/version_manager.py:113}}
Sep 07 13:32:27.017336 dv-cinder-856259-1-iscsi neutron-server[130599]: DEBUG neutron.api.rpc.callbacks.version_manager [None req-d2c4a3a6-3fa9-476c-921f-e42f743adedc None None] Version for resource type Network changed None to 1.1 on consumer Open vSwitch agent@dv-cinder-856259-1-iscsi {{(pid=130599) _set_version /opt/stack/neutron/neutron/api/rpc/callbacks/version_manager.py:113}}
Sep 07 13:32:27.017336 dv-cinder-856259-1-iscsi neutron-server[130599]: DEBUG neutron.api.rpc.callbacks.version_manager [None req-d2c4a3a6-3fa9-476c-921f-e42f743adedc None None] Version for resource type Port changed None to 1.7 on consumer Open vSwitch agent@dv-cinder-856259-1-iscsi {{(pid=130599) _set_version /opt/stack/neutron/neutron/api/rpc/callbacks/version_manager.py:113}}
Sep 07 13:32:27.017336 dv-cinder-856259-1-iscsi neutron-server[130599]: DEBUG neutron.api.rpc.callbacks.version_manager [None req-d2c4a3a6-3fa9-476c-921f-e42f743adedc None None] Version for resource type PortForwarding changed None to 1.3 on consumer Open vSwitch agent@dv-cinder-856259-1-iscsi {{(pid=130599) _set_version /opt/stack/neutron/neutron/api/rpc/callbacks/version_manager.py:113}}
Sep 07 13:32:27.017336 dv-cinder-856259-1-iscsi neutron-server[130599]: DEBUG neutron.api.rpc.callbacks.version_manager [None req-d2c4a3a6-3fa9-476c-921f-e42f743adedc None None] Version for resource type QosPolicy changed None to 1.10 on consumer Open vSwitch agent@dv-cinder-856259-1-iscsi {{(pid=130599) _set_version /opt/stack/neutron/neutron/api/rpc/callbacks/version_manager.py:113}}
Sep 07 13:32:27.017995 dv-cinder-856259-1-iscsi neutron-server[130599]: DEBUG neutron.api.rpc.callbacks.version_manager [None req-d2c4a3a6-3fa9-476c-921f-e42f743adedc None None] Version for resource type SecurityGroup changed None to 1.5 on consumer Open vSwitch agent@dv-cinder-856259-1-iscsi {{(pid=130599) _set_version /opt/stack/neutron/neutron/api/rpc/callbacks/version_manager.py:113}}
Sep 07 13:32:27.018128 dv-cinder-856259-1-iscsi neutron-server[130598]: DEBUG neutron_lib.callbacks.manager [None req-6c89ebbd-0646-475f-8343-059f7ea7c6f5 admin admin] Publish callbacks [] for subnet (None), before_create {{(pid=130598) _notify_loop /usr/local/lib/python3.8/dist-packages/neutron_lib/callbacks/manager.py:176}}
Sep 07 13:32:27.018252 dv-cinder-856259-1-iscsi neutron-server[130599]: DEBUG neutron.api.rpc.callbacks.version_manager [None req-d2c4a3a6-3fa9-476c-921f-e42f743adedc None None] Version for resource type SecurityGroupRule changed None to 1.2 on consumer Open vSwitch agent@dv-cinder-856259-1-iscsi {{(pid=130599) _set_version /opt/stack/neutron/neutron/api/rpc/callbacks/version_manager.py:113}}
Sep 07 13:32:27.018375 dv-cinder-856259-1-iscsi neutron-server[130599]: DEBUG neutron.api.rpc.callbacks.version_manager [None req-d2c4a3a6-3fa9-476c-921f-e42f743adedc None None] Version for resource type SubPort changed None to 1.0 on consumer Open vSwitch agent@dv-cinder-856259-1-iscsi {{(pid=130599) _set_version /opt/stack/neutron/neutron/api/rpc/callbacks/version_manager.py:113}}
Sep 07 13:32:27.019017 dv-cinder-856259-1-iscsi neutron-server[130599]: DEBUG neutron.api.rpc.callbacks.version_manager [None req-d2c4a3a6-3fa9-476c-921f-e42f743adedc None None] Version for resource type Subnet changed None to 1.1 on consumer Open vSwitch agent@dv-cinder-856259-1-iscsi {{(pid=130599) _set_version /opt/stack/neutron/neutron/api/rpc/callbacks/version_manager.py:113}}
Sep 07 13:32:27.019192 dv-cinder-856259-1-iscsi neutron-server[130599]: DEBUG neutron.api.rpc.callbacks.version_manager [None req-d2c4a3a6-3fa9-476c-921f-e42f743adedc None None] Version for resource type Trunk changed None to 1.1 on consumer Open vSwitch agent@dv-cinder-856259-1-iscsi {{(pid=130599) _set_version /opt/stack/neutron/neutron/api/rpc/callbacks/version_manager.py:113}}
Sep 07 13:32:27.020491 dv-cinder-856259-1-iscsi neutron-server[130599]: DEBUG neutron.api.rpc.callbacks.version_manager [None req-d2c4a3a6-3fa9-476c-921f-e42f743adedc None None] Tracked resource versions report:
Sep 07 13:32:27.020491 dv-cinder-856259-1-iscsi neutron-server[130599]: pushed versions:
Sep 07 13:32:27.020491 dv-cinder-856259-1-iscsi neutron-server[130599]: { 'AddressGroup': {'1.2'},
Sep 07 13:32:27.020491 dv-cinder-856259-1-iscsi neutron-server[130599]: 'Agent': {'1.1'},
Sep 07 13:32:27.020491 dv-cinder-856259-1-iscsi neutron-server[130599]: 'ConntrackHelper': {'1.0'},
Sep 07 13:32:27.020491 dv-cinder-856259-1-iscsi neutron-server[130599]: 'LocalIPAssociation': {'1.0'},
Sep 07 13:32:27.020491 dv-cinder-856259-1-iscsi neutron-server[130599]: 'Log': {'1.0'},
Sep 07 13:32:27.020491 dv-cinder-856259-1-iscsi neutron-server[130599]: 'NDPProxy': {'1.0'},
Sep 07 13:32:27.020491 dv-cinder-856259-1-iscsi neutron-server[130599]: 'Network': {'1.1'},
Sep 07 13:32:27.020491 dv-cinder-856259-1-iscsi neutron-server[130599]: 'Port': {'1.7'},
Sep 07 13:32:27.020491 dv-cinder-856259-1-iscsi neutron-server[130599]: 'PortForwarding': {'1.3'},
Sep 07 13:32:27.020491 dv-cinder-856259-1-iscsi neutron-server[130599]: 'QosPolicy': {'1.10'},
Sep 07 13:32:27.020491 dv-cinder-856259-1-iscsi neutron-server[130599]: 'SecurityGroup': {'1.5'},
Sep 07 13:32:27.020491 dv-cinder-856259-1-iscsi neutron-server[130599]: 'SecurityGroupRule': {'1.2'},
Sep 07 13:32:27.020491 dv-cinder-856259-1-iscsi neutron-server[130599]: 'SubPort': {'1.0'},
Sep 07 13:32:27.020491 dv-cinder-856259-1-iscsi neutron-server[130599]: 'Subnet': {'1.1'},
Sep 07 13:32:27.020491 dv-cinder-856259-1-iscsi neutron-server[130599]: 'Trunk': {'1.1'}}
Sep 07 13:32:27.020491 dv-cinder-856259-1-iscsi neutron-server[130599]: consumer versions:
Sep 07 13:32:27.020491 dv-cinder-856259-1-iscsi neutron-server[130599]: { DHCP agent@dv-cinder-856259-1-iscsi: {},
