Sep 05 17:02:24.066629 dv-cinder-855964-1-iscsi neutron-server[106313]: INFO neutron.wsgi [req-90613426-e1fb-4d57-bd69-40dcf2396d63 req-415790c9-16c9-44f8-a292-58bd927c3a52 tempest-DeleteServersTestJSON-1075952444 tempest-DeleteServersTestJSON-1075952444-project] 10.222.0.23 "GET /networking/v2.0/ports?device_id=a7f618fb-422b-4e8b-b55d-634720b8646c HTTP/1.1" status: 200 len: 944 time: 0.0463717
Sep 05 17:02:24.123071 dv-cinder-855964-1-iscsi neutron-server[106313]: INFO neutron.wsgi [req-90613426-e1fb-4d57-bd69-40dcf2396d63 req-680a46b2-825e-40b9-88b7-6cb904e1c94b tempest-DeleteServersTestJSON-1075952444 tempest-DeleteServersTestJSON-1075952444-project] 10.222.0.23 "GET /networking/v2.0/security-groups?id=413a4fd4-c4c8-4f24-9c4f-c405ae190f7b&fields=id&fields=name HTTP/1.1" status: 200 len: 286 time: 0.0481007
Sep 05 17:02:24.160810 dv-cinder-855964-1-iscsi neutron-server[106315]: DEBUG neutron.plugins.ml2.rpc [None req-faa71394-dde5-4563-b997-8c5a5210bc62 None None] Device 4a115af6-123d-4baf-bd17-df6792943a2d details requested by agent hyperv_hv-cinder-85596 with host hv-cinder-85596 {{(pid=106315) get_device_details /opt/stack/neutron/neutron/plugins/ml2/rpc.py:102}}
Sep 05 17:02:24.191153 dv-cinder-855964-1-iscsi neutron-server[106313]: DEBUG neutron.pecan_wsgi.hooks.policy_enforcement [req-dd71d67e-7af2-441c-8111-8d1a867e2e61 req-9f2036db-2922-48c9-9edc-85343bc0641f tempest-ServerRescueNegativeTestJSON-1395654055 tempest-ServerRescueNegativeTestJSON-1395654055-project] Attributes excluded by policy engine: ['standard_attr_id', 'binding:profile', 'binding:host_id', 'binding:vif_type', 'binding:vif_details'] {{(pid=106313) _exclude_attributes_by_policy /opt/stack/neutron/neutron/pecan_wsgi/hooks/policy_enforcement.py:259}}
Sep 05 17:02:24.192662 dv-cinder-855964-1-iscsi neutron-server[106313]: INFO neutron.wsgi [req-dd71d67e-7af2-441c-8111-8d1a867e2e61 req-9f2036db-2922-48c9-9edc-85343bc0641f tempest-ServerRescueNegativeTestJSON-1395654055 tempest-ServerRescueNegativeTestJSON-1395654055-project] 10.222.0.23 "GET /networking/v2.0/ports?device_id=bfe215ba-4dff-48b0-a561-60ab7593b6d7 HTTP/1.1" status: 200 len: 945 time: 0.0481830
Sep 05 17:02:24.242949 dv-cinder-855964-1-iscsi neutron-server[106313]: INFO neutron.wsgi [req-dd71d67e-7af2-441c-8111-8d1a867e2e61 req-fa220b18-c74b-48b6-96db-05e762704ebd tempest-ServerRescueNegativeTestJSON-1395654055 tempest-ServerRescueNegativeTestJSON-1395654055-project] 10.222.0.23 "GET /networking/v2.0/security-groups?id=e8371e05-3e97-4bbb-aec9-a061b0810e80&fields=id&fields=name HTTP/1.1" status: 200 len: 286 time: 0.0445073
Sep 05 17:02:24.268177 dv-cinder-855964-1-iscsi neutron-server[106315]: DEBUG neutron.plugins.ml2.db [None req-faa71394-dde5-4563-b997-8c5a5210bc62 None None] For port 4a115af6-123d-4baf-bd17-df6792943a2d, host hv-cinder-85596, got binding levels [PortBindingLevel(driver='hyperv',host='hv-cinder-85596',level=0,port_id=4a115af6-123d-4baf-bd17-df6792943a2d,segment=NetworkSegment(9e0ac37a-022e-4a72-aa12-1a2e61d8a504),segment_id=9e0ac37a-022e-4a72-aa12-1a2e61d8a504)] {{(pid=106315) get_binding_level_objs /opt/stack/neutron/neutron/plugins/ml2/db.py:74}}
Sep 05 17:02:24.281038 dv-cinder-855964-1-iscsi neutron-server[106315]: DEBUG neutron.plugins.ml2.rpc [None req-faa71394-dde5-4563-b997-8c5a5210bc62 None None] Returning: {'device': '4a115af6-123d-4baf-bd17-df6792943a2d', 'network_id': 'd006ed92-0ea2-4b32-aeec-4c7eba6dad1e', 'port_id': '4a115af6-123d-4baf-bd17-df6792943a2d', 'mac_address': 'fa:16:3e:44:b8:76', 'admin_state_up': True, 'network_type': 'vlan', 'segmentation_id': 131, 'physical_network': 'physnet1', 'mtu': 1500, 'fixed_ips': [{'subnet_id': 'a62333e2-1a00-4ae0-b9ff-4b0bcc63a6c0', 'ip_address': '172.20.0.10'}], 'device_owner': 'compute:nova', 'allowed_address_pairs': [], 'port_security_enabled': True, 'qos_policy_id': None, 'qos_network_policy_id': None, 'profile': {}, 'propagate_uplink_status': False} {{(pid=106315) _get_device_details /opt/stack/neutron/neutron/plugins/ml2/rpc.py:184}}
Sep 05 17:02:24.320436 dv-cinder-855964-1-iscsi neutron-server[106315]: DEBUG neutron.plugins.ml2.plugin [None req-faa71394-dde5-4563-b997-8c5a5210bc62 None None] Current status of the port 4a115af6-123d-4baf-bd17-df6792943a2d is: DOWN; New status is: BUILD {{(pid=106315) _update_individual_port_db_status /opt/stack/neutron/neutron/plugins/ml2/plugin.py:2302}}
Sep 05 17:02:24.320802 dv-cinder-855964-1-iscsi neutron-server[106315]: DEBUG neutron_lib.callbacks.manager [None req-faa71394-dde5-4563-b997-8c5a5210bc62 None None] Publish callbacks ['neutron.plugins.ml2.plugin.SecurityGroupDbMixin._ensure_default_security_group_handler-1424858'] for port (4a115af6-123d-4baf-bd17-df6792943a2d), before_update {{(pid=106315) _notify_loop /usr/local/lib/python3.8/dist-packages/neutron_lib/callbacks/manager.py:176}}
Sep 05 17:02:24.335210 dv-cinder-855964-1-iscsi neutron-server[106315]: DEBUG neutron.notifiers.nova [None req-faa71394-dde5-4563-b997-8c5a5210bc62 None None] Ignoring state change previous_port_status: DOWN current_port_status: BUILD port_id 4a115af6-123d-4baf-bd17-df6792943a2d {{(pid=106315) record_port_status_changed /opt/stack/neutron/neutron/notifiers/nova.py:235}}
Sep 05 17:02:24.356030 dv-cinder-855964-1-iscsi neutron-server[106315]: DEBUG neutron.plugins.ml2.db [None req-faa71394-dde5-4563-b997-8c5a5210bc62 None None] For port 4a115af6-123d-4baf-bd17-df6792943a2d, host hv-cinder-85596, got binding levels [PortBindingLevel(driver='hyperv',host='hv-cinder-85596',level=0,port_id=4a115af6-123d-4baf-bd17-df6792943a2d,segment=NetworkSegment(9e0ac37a-022e-4a72-aa12-1a2e61d8a504),segment_id=9e0ac37a-022e-4a72-aa12-1a2e61d8a504)] {{(pid=106315) get_binding_level_objs /opt/stack/neutron/neutron/plugins/ml2/db.py:74}}
Sep 05 17:02:24.361110 dv-cinder-855964-1-iscsi neutron-server[106315]: DEBUG neutron_lib.callbacks.manager [None req-faa71394-dde5-4563-b997-8c5a5210bc62 None None] Publish callbacks ['neutron.plugins.ml2.plugin.SecurityGroupServerNotifierRpcMixin._notify_sg_on_port_change-1424793', 'neutron.plugins.ml2.ovo_rpc._ObjectChangeHandler.handle_event-125260', 'neutron.api.rpc.agentnotifiers.dhcp_rpc_agent_api.DhcpAgentNotifyAPI._native_event_send_dhcp_notification-3929326', 'neutron.db.l3_db.L3RpcNotifierMixin._notify_gateway_port_ip_changed-8780022856578', 'neutron.db.l3_dvrscheduler_db._notify_l3_agent_port_update-8780022397606', 'neutron.db.l3_hascheduler_db._notify_l3_agent_ha_port_update-8780022397624'] for port (4a115af6-123d-4baf-bd17-df6792943a2d), after_update {{(pid=106315) _notify_loop /usr/local/lib/python3.8/dist-packages/neutron_lib/callbacks/manager.py:176}}
Sep 05 17:02:24.412536 dv-cinder-855964-1-iscsi neutron-server[106315]: DEBUG neutron.api.rpc.handlers.resources_rpc [None req-faa71394-dde5-4563-b997-8c5a5210bc62 None None] Pushing event updated for resources: {'Port': ['ID=4a115af6-123d-4baf-bd17-df6792943a2d,revision_number=4']} {{(pid=106315) push /opt/stack/neutron/neutron/api/rpc/handlers/resources_rpc.py:237}}
Sep 05 17:02:24.419374 dv-cinder-855964-1-iscsi neutron-server[106316]: DEBUG dbcounter [-] [106316] Writing DB stats neutron:SELECT=16 {{(pid=106316) stat_writer /usr/local/lib/python3.8/dist-packages/dbcounter.py:114}}
Sep 05 17:02:24.425726 dv-cinder-855964-1-iscsi neutron-server[106316]: DEBUG dbcounter [-] [106316] Writing DB stats neutron:SELECT=18 {{(pid=106316) stat_writer /usr/local/lib/python3.8/dist-packages/dbcounter.py:114}}
Sep 05 17:02:24.627670 dv-cinder-855964-1-iscsi neutron-server[106313]: DEBUG neutron.pecan_wsgi.hooks.policy_enforcement [req-41beeef6-2f50-4989-9f10-d50bf1ee38e8 req-8ce4af92-4eb2-4d5b-8ecd-9c3668233307 tempest-AttachVolumeShelveTestJSON-1720023600 tempest-AttachVolumeShelveTestJSON-1720023600-project] Attributes excluded by policy engine: ['standard_attr_id', 'binding:profile', 'binding:host_id', 'binding:vif_type', 'binding:vif_details'] {{(pid=106313) _exclude_attributes_by_policy /opt/stack/neutron/neutron/pecan_wsgi/hooks/policy_enforcement.py:259}}
Sep 05 17:02:24.629202 dv-cinder-855964-1-iscsi neutron-server[106313]: INFO neutron.wsgi [req-41beeef6-2f50-4989-9f10-d50bf1ee38e8 req-8ce4af92-4eb2-4d5b-8ecd-9c3668233307 tempest-AttachVolumeShelveTestJSON-1720023600 tempest-AttachVolumeShelveTestJSON-1720023600-project] 10.222.0.23 "GET /networking/v2.0/ports?device_id=97cc15c7-947d-4daf-80e8-8edc37c01e68 HTTP/1.1" status: 200 len: 945 time: 0.0512335
Sep 05 17:02:24.679864 dv-cinder-855964-1-iscsi neutron-server[106313]: INFO neutron.wsgi [req-41beeef6-2f50-4989-9f10-d50bf1ee38e8 req-cba3460a-41ea-45b6-bd73-486c94249b0c tempest-AttachVolumeShelveTestJSON-1720023600 tempest-AttachVolumeShelveTestJSON-1720023600-project] 10.222.0.23 "GET /networking/v2.0/security-groups?id=e61b3679-7e11-4a17-bcdb-1680bdeef48e&fields=id&fields=name HTTP/1.1" status: 200 len: 312 time: 0.0449448
Sep 05 17:02:25.251237 dv-cinder-855964-1-iscsi neutron-server[106313]: DEBUG neutron.pecan_wsgi.hooks.policy_enforcement [req-7c7285fa-6539-470c-9e02-17a0d9b69d18 req-09f2d5cb-b6e3-4c68-8862-ac914d8f1b73 tempest-DeleteServersTestJSON-1075952444 tempest-DeleteServersTestJSON-1075952444-project] Attributes excluded by policy engine: ['standard_attr_id', 'binding:profile', 'binding:host_id', 'binding:vif_type', 'binding:vif_details'] {{(pid=106313) _exclude_attributes_by_policy /opt/stack/neutron/neutron/pecan_wsgi/hooks/policy_enforcement.py:259}}
Sep 05 17:02:25.252829 dv-cinder-855964-1-iscsi neutron-server[106313]: INFO neutron.wsgi [req-7c7285fa-6539-470c-9e02-17a0d9b69d18 req-09f2d5cb-b6e3-4c68-8862-ac914d8f1b73 tempest-DeleteServersTestJSON-1075952444 tempest-DeleteServersTestJSON-1075952444-project] 10.222.0.23 "GET /networking/v2.0/ports?device_id=a7f618fb-422b-4e8b-b55d-634720b8646c HTTP/1.1" status: 200 len: 944 time: 0.0553560
Sep 05 17:02:25.276559 dv-cinder-855964-1-iscsi neutron-server[106315]: DEBUG neutron.plugins.ml2.db [None req-faa71394-dde5-4563-b997-8c5a5210bc62 None None] get_ports_and_sgs() called for port_ids ['4a115af6-123d-4baf-bd17-df6792943a2d'] {{(pid=106315) get_ports_and_sgs /opt/stack/neutron/neutron/plugins/ml2/db.py:163}}
Sep 05 17:02:25.319198 dv-cinder-855964-1-iscsi neutron-server[106313]: INFO neutron.wsgi [req-7c7285fa-6539-470c-9e02-17a0d9b69d18 req-d5f12fa8-097a-4318-b2eb-b9e686af68ed tempest-DeleteServersTestJSON-1075952444 tempest-DeleteServersTestJSON-1075952444-project] 10.222.0.23 "GET /networking/v2.0/security-groups?id=413a4fd4-c4c8-4f24-9c4f-c405ae190f7b&fields=id&fields=name HTTP/1.1" status: 200 len: 286 time: 0.0607026
Sep 05 17:02:25.455963 dv-cinder-855964-1-iscsi neutron-server[106313]: DEBUG neutron.pecan_wsgi.hooks.policy_enforcement [req-b48d23e9-1aae-4ba5-846e-8243ba9c3260 req-95cc7e0c-5d17-40d3-87a0-dc4b02b52d32 tempest-ServerRescueNegativeTestJSON-1395654055 tempest-ServerRescueNegativeTestJSON-1395654055-project] Attributes excluded by policy engine: ['standard_attr_id', 'binding:profile', 'binding:host_id', 'binding:vif_type', 'binding:vif_details'] {{(pid=106313) _exclude_attributes_by_policy /opt/stack/neutron/neutron/pecan_wsgi/hooks/policy_enforcement.py:259}}
Sep 05 17:02:25.457935 dv-cinder-855964-1-iscsi neutron-server[106313]: INFO neutron.wsgi [req-b48d23e9-1aae-4ba5-846e-8243ba9c3260 req-95cc7e0c-5d17-40d3-87a0-dc4b02b52d32 tempest-ServerRescueNegativeTestJSON-1395654055 tempest-ServerRescueNegativeTestJSON-1395654055-project] 10.222.0.23 "GET /networking/v2.0/ports?device_id=bfe215ba-4dff-48b0-a561-60ab7593b6d7 HTTP/1.1" status: 200 len: 945 time: 0.0993195
Sep 05 17:02:25.515383 dv-cinder-855964-1-iscsi neutron-server[106313]: INFO neutron.wsgi [req-b48d23e9-1aae-4ba5-846e-8243ba9c3260 req-7b0e1a8c-2ba2-47c8-8ab4-bdb02e8ff91a tempest-ServerRescueNegativeTestJSON-1395654055 tempest-ServerRescueNegativeTestJSON-1395654055-project] 10.222.0.23 "GET /networking/v2.0/security-groups?id=e8371e05-3e97-4bbb-aec9-a061b0810e80&fields=id&fields=name HTTP/1.1" status: 200 len: 286 time: 0.0509808
Sep 05 17:02:25.796288 dv-cinder-855964-1-iscsi neutron-server[106313]: DEBUG dbcounter [-] [106313] Writing DB stats neutron:SELECT=100 {{(pid=106313) stat_writer /usr/local/lib/python3.8/dist-packages/dbcounter.py:114}}
Sep 05 17:02:25.809963 dv-cinder-855964-1-iscsi neutron-server[106313]: DEBUG neutron.pecan_wsgi.hooks.policy_enforcement [req-951acf16-903f-482f-ad22-5a9bbb6b88ed req-c2bdd0a6-b8bd-41d7-b4e2-54d9beb799dd tempest-AttachVolumeShelveTestJSON-1720023600 tempest-AttachVolumeShelveTestJSON-1720023600-project] Attributes excluded by policy engine: ['standard_attr_id', 'binding:profile', 'binding:host_id', 'binding:vif_type', 'binding:vif_details'] {{(pid=106313) _exclude_attributes_by_policy /opt/stack/neutron/neutron/pecan_wsgi/hooks/policy_enforcement.py:259}}
Sep 05 17:02:25.811466 dv-cinder-855964-1-iscsi neutron-server[106313]: INFO neutron.wsgi [req-951acf16-903f-482f-ad22-5a9bbb6b88ed req-c2bdd0a6-b8bd-41d7-b4e2-54d9beb799dd tempest-AttachVolumeShelveTestJSON-1720023600 tempest-AttachVolumeShelveTestJSON-1720023600-project] 10.222.0.23 "GET /networking/v2.0/ports?device_id=97cc15c7-947d-4daf-80e8-8edc37c01e68 HTTP/1.1" status: 200 len: 945 time: 0.0493512
Sep 05 17:02:25.834883 dv-cinder-855964-1-iscsi neutron-server[106313]: DEBUG dbcounter [-] [106313] Writing DB stats neutron:SELECT=100 {{(pid=106313) stat_writer /usr/local/lib/python3.8/dist-packages/dbcounter.py:114}}
Sep 05 17:02:25.866493 dv-cinder-855964-1-iscsi neutron-server[106313]: INFO neutron.wsgi [req-951acf16-903f-482f-ad22-5a9bbb6b88ed req-87c414b4-d8f9-4c9c-a297-397a727c53cd tempest-AttachVolumeShelveTestJSON-1720023600 tempest-AttachVolumeShelveTestJSON-1720023600-project] 10.222.0.23 "GET /networking/v2.0/security-groups?id=e61b3679-7e11-4a17-bcdb-1680bdeef48e&fields=id&fields=name HTTP/1.1" status: 200 len: 312 time: 0.0488904
Sep 05 17:02:26.454005 dv-cinder-855964-1-iscsi neutron-server[106313]: DEBUG neutron.pecan_wsgi.hooks.policy_enforcement [req-60db2c45-28ff-454b-8d37-b9ed71246dc3 req-3b2aa094-e764-4b64-a356-35c5f20f53df tempest-DeleteServersTestJSON-1075952444 tempest-DeleteServersTestJSON-1075952444-project] Attributes excluded by policy engine: ['standard_attr_id', 'binding:profile', 'binding:host_id', 'binding:vif_type', 'binding:vif_details'] {{(pid=106313) _exclude_attributes_by_policy /opt/stack/neutron/neutron/pecan_wsgi/hooks/policy_enforcement.py:259}}
Sep 05 17:02:26.455431 dv-cinder-855964-1-iscsi neutron-server[106313]: INFO neutron.wsgi [req-60db2c45-28ff-454b-8d37-b9ed71246dc3 req-3b2aa094-e764-4b64-a356-35c5f20f53df tempest-DeleteServersTestJSON-1075952444 tempest-DeleteServersTestJSON-1075952444-project] 10.222.0.23 "GET /networking/v2.0/ports?device_id=a7f618fb-422b-4e8b-b55d-634720b8646c HTTP/1.1" status: 200 len: 944 time: 0.0473378
Sep 05 17:02:26.511198 dv-cinder-855964-1-iscsi neutron-server[106313]: INFO neutron.wsgi [req-60db2c45-28ff-454b-8d37-b9ed71246dc3 req-abdca1ce-166c-43eb-a4e8-5c6bd21d43ed tempest-DeleteServersTestJSON-1075952444 tempest-DeleteServersTestJSON-1075952444-project] 10.222.0.23 "GET /networking/v2.0/security-groups?id=413a4fd4-c4c8-4f24-9c4f-c405ae190f7b&fields=id&fields=name HTTP/1.1" status: 200 len: 286 time: 0.0496726
Sep 05 17:02:26.642895 dv-cinder-855964-1-iscsi neutron-server[106313]: DEBUG neutron.pecan_wsgi.hooks.policy_enforcement [req-d8c22e9e-99ea-4627-847d-0b307c706de1 req-0992dc1f-6d22-442a-87d3-709f3fc90ba0 tempest-ServerRescueNegativeTestJSON-1395654055 tempest-ServerRescueNegativeTestJSON-1395654055-project] Attributes excluded by policy engine: ['standard_attr_id', 'binding:profile', 'binding:host_id', 'binding:vif_type', 'binding:vif_details'] {{(pid=106313) _exclude_attributes_by_policy /opt/stack/neutron/neutron/pecan_wsgi/hooks/policy_enforcement.py:259}}
Sep 05 17:02:26.644313 dv-cinder-855964-1-iscsi neutron-server[106313]: INFO neutron.wsgi [req-d8c22e9e-99ea-4627-847d-0b307c706de1 req-0992dc1f-6d22-442a-87d3-709f3fc90ba0 tempest-ServerRescueNegativeTestJSON-1395654055 tempest-ServerRescueNegativeTestJSON-1395654055-project] 10.222.0.23 "GET /networking/v2.0/ports?device_id=bfe215ba-4dff-48b0-a561-60ab7593b6d7 HTTP/1.1" status: 200 len: 945 time: 0.0479088
Sep 05 17:02:26.693985 dv-cinder-855964-1-iscsi neutron-server[106313]: INFO neutron.wsgi [req-d8c22e9e-99ea-4627-847d-0b307c706de1 req-080a7fcb-79e9-45bf-91c3-072dfe8e37d7 tempest-ServerRescueNegativeTestJSON-1395654055 tempest-ServerRescueNegativeTestJSON-1395654055-project] 10.222.0.23 "GET /networking/v2.0/security-groups?id=e8371e05-3e97-4bbb-aec9-a061b0810e80&fields=id&fields=name HTTP/1.1" status: 200 len: 286 time: 0.0440586
Sep 05 17:02:26.872389 dv-cinder-855964-1-iscsi neutron-server[106313]: DEBUG neutron.wsgi [-] (106313) accepted ('10.222.0.23', 45408) {{(pid=106313) server /usr/local/lib/python3.8/dist-packages/eventlet/wsgi.py:1004}}
Sep 05 17:02:27.018322 dv-cinder-855964-1-iscsi neutron-server[106313]: DEBUG neutron.pecan_wsgi.hooks.policy_enforcement [req-f5b922a9-bff3-47a5-b7c8-b0639955a98c req-a47df290-54b1-438b-9d11-66335ae58318 tempest-AttachVolumeShelveTestJSON-1720023600 tempest-AttachVolumeShelveTestJSON-1720023600-project] Attributes excluded by policy engine: ['standard_attr_id', 'binding:profile', 'binding:host_id', 'binding:vif_type', 'binding:vif_details'] {{(pid=106313) _exclude_attributes_by_policy /opt/stack/neutron/neutron/pecan_wsgi/hooks/policy_enforcement.py:259}}
Sep 05 17:02:27.020137 dv-cinder-855964-1-iscsi neutron-server[106313]: INFO neutron.wsgi [req-f5b922a9-bff3-47a5-b7c8-b0639955a98c req-a47df290-54b1-438b-9d11-66335ae58318 tempest-AttachVolumeShelveTestJSON-1720023600 tempest-AttachVolumeShelveTestJSON-1720023600-project] 10.222.0.23 "GET /networking/v2.0/ports?device_id=97cc15c7-947d-4daf-80e8-8edc37c01e68 HTTP/1.1" status: 200 len: 945 time: 0.0711260
Sep 05 17:02:27.021382 dv-cinder-855964-1-iscsi neutron-server[106313]: DEBUG neutron_lib.callbacks.manager [None req-8d372b7a-b4cb-40e0-81b1-59d0ff37a050 admin admin] Publish callbacks [] for security_group (None), before_create {{(pid=106313) _notify_loop /usr/local/lib/python3.8/dist-packages/neutron_lib/callbacks/manager.py:176}}
Sep 05 17:02:27.095831 dv-cinder-855964-1-iscsi neutron-server[106315]: DEBUG neutron_lib.callbacks.manager [None req-d5a32240-2e88-4afc-af1d-042b5dab47d8 None None] Publish callbacks ['neutron.services.segments.db._update_segment_host_mapping_for_agent-8780022832770', 'neutron.plugins.ml2.plugin.Ml2Plugin._retry_binding_revived_agents-1283596'] for agent (2e824cf8-6c94-482b-bfe7-a5be049b4cfb), after_update {{(pid=106315) _notify_loop /usr/local/lib/python3.8/dist-packages/neutron_lib/callbacks/manager.py:176}}
Sep 05 17:02:27.108465 dv-cinder-855964-1-iscsi neutron-server[106313]: INFO neutron.wsgi [req-f5b922a9-bff3-47a5-b7c8-b0639955a98c req-9acba2ae-de21-4272-b175-f9077acf6040 tempest-AttachVolumeShelveTestJSON-1720023600 tempest-AttachVolumeShelveTestJSON-1720023600-project] 10.222.0.23 "GET /networking/v2.0/security-groups?id=e61b3679-7e11-4a17-bcdb-1680bdeef48e&fields=id&fields=name HTTP/1.1" status: 200 len: 312 time: 0.0786405
Sep 05 17:02:27.155163 dv-cinder-855964-1-iscsi neutron-server[106313]: DEBUG neutron_lib.callbacks.manager [None req-8d372b7a-b4cb-40e0-81b1-59d0ff37a050 admin admin] Publish callbacks [] for security_group (7e79473e-4a25-4ad7-9f54-928e941a5f1e), precommit_create {{(pid=106313) _notify_loop /usr/local/lib/python3.8/dist-packages/neutron_lib/callbacks/manager.py:176}}
Sep 05 17:02:27.161569 dv-cinder-855964-1-iscsi neutron-server[106313]: DEBUG neutron_lib.callbacks.manager [None req-8d372b7a-b4cb-40e0-81b1-59d0ff37a050 admin admin] Publish callbacks ['neutron.plugins.ml2.ovo_rpc._ObjectChangeHandler.handle_event-4101486'] for security_group (7e79473e-4a25-4ad7-9f54-928e941a5f1e), after_create {{(pid=106313) _notify_loop /usr/local/lib/python3.8/dist-packages/neutron_lib/callbacks/manager.py:176}}
Sep 05 17:02:27.203804 dv-cinder-855964-1-iscsi neutron-server[106313]: INFO neutron.wsgi [None req-8d372b7a-b4cb-40e0-81b1-59d0ff37a050 admin admin] 10.222.0.23 "GET /networking/v2.0/security-groups?tenant_id=4f9f282bfe6941c3addbb9873b45a222&name=default HTTP/1.1" status: 200 len: 2996 time: 0.3302674
Sep 05 17:02:27.204910 dv-cinder-855964-1-iscsi neutron-server[106314]: DEBUG neutron.wsgi [-] (106314) accepted ('10.222.0.23', 45430) {{(pid=106314) server /usr/local/lib/python3.8/dist-packages/eventlet/wsgi.py:1004}}
Sep 05 17:02:27.205415 dv-cinder-855964-1-iscsi neutron-server[106313]: DEBUG neutron.api.rpc.handlers.resources_rpc [None req-8d372b7a-b4cb-40e0-81b1-59d0ff37a050 admin admin] Pushing event updated for resources: {'SecurityGroup': ['ID=7e79473e-4a25-4ad7-9f54-928e941a5f1e,revision_number=1']} {{(pid=106313) push /opt/stack/neutron/neutron/api/rpc/handlers/resources_rpc.py:237}}
Sep 05 17:02:27.213333 dv-cinder-855964-1-iscsi neutron-server[106313]: DEBUG neutron.api.rpc.callbacks.version_manager [None req-8d372b7a-b4cb-40e0-81b1-59d0ff37a050 admin admin] Version for resource type AddressGroup changed None to 1.2 on consumer Open vSwitch agent@dv-cinder-855964-1-iscsi {{(pid=106313) _set_version /opt/stack/neutron/neutron/api/rpc/callbacks/version_manager.py:113}}
Sep 05 17:02:27.213685 dv-cinder-855964-1-iscsi neutron-server[106313]: DEBUG neutron.api.rpc.callbacks.version_manager [None req-8d372b7a-b4cb-40e0-81b1-59d0ff37a050 admin admin] Version for resource type Agent changed None to 1.1 on consumer Open vSwitch agent@dv-cinder-855964-1-iscsi {{(pid=106313) _set_version /opt/stack/neutron/neutron/api/rpc/callbacks/version_manager.py:113}}
Sep 05 17:02:27.214114 dv-cinder-855964-1-iscsi neutron-server[106313]: DEBUG neutron.api.rpc.callbacks.version_manager [None req-8d372b7a-b4cb-40e0-81b1-59d0ff37a050 admin admin] Version for resource type ConntrackHelper changed None to 1.0 on consumer Open vSwitch agent@dv-cinder-855964-1-iscsi {{(pid=106313) _set_version /opt/stack/neutron/neutron/api/rpc/callbacks/version_manager.py:113}}
Sep 05 17:02:27.214461 dv-cinder-855964-1-iscsi neutron-server[106313]: DEBUG neutron.api.rpc.callbacks.version_manager [None req-8d372b7a-b4cb-40e0-81b1-59d0ff37a050 admin admin] Version for resource type LocalIPAssociation changed None to 1.0 on consumer Open vSwitch agent@dv-cinder-855964-1-iscsi {{(pid=106313) _set_version /opt/stack/neutron/neutron/api/rpc/callbacks/version_manager.py:113}}
Sep 05 17:02:27.214904 dv-cinder-855964-1-iscsi neutron-server[106313]: DEBUG neutron.api.rpc.callbacks.version_manager [None req-8d372b7a-b4cb-40e0-81b1-59d0ff37a050 admin admin] Version for resource type Log changed None to 1.0 on consumer Open vSwitch agent@dv-cinder-855964-1-iscsi {{(pid=106313) _set_version /opt/stack/neutron/neutron/api/rpc/callbacks/version_manager.py:113}}
Sep 05 17:02:27.215273 dv-cinder-855964-1-iscsi neutron-server[106313]: DEBUG neutron.api.rpc.callbacks.version_manager [None req-8d372b7a-b4cb-40e0-81b1-59d0ff37a050 admin admin] Version for resource type NDPProxy changed None to 1.0 on consumer Open vSwitch agent@dv-cinder-855964-1-iscsi {{(pid=106313) _set_version /opt/stack/neutron/neutron/api/rpc/callbacks/version_manager.py:113}}
Sep 05 17:02:27.215607 dv-cinder-855964-1-iscsi neutron-server[106313]: DEBUG neutron.api.rpc.callbacks.version_manager [None req-8d372b7a-b4cb-40e0-81b1-59d0ff37a050 admin admin] Version for resource type Network changed None to 1.1 on consumer Open vSwitch agent@dv-cinder-855964-1-iscsi {{(pid=106313) _set_version /opt/stack/neutron/neutron/api/rpc/callbacks/version_manager.py:113}}
Sep 05 17:02:27.215935 dv-cinder-855964-1-iscsi neutron-server[106313]: DEBUG neutron.api.rpc.callbacks.version_manager [None req-8d372b7a-b4cb-40e0-81b1-59d0ff37a050 admin admin] Version for resource type Port changed None to 1.7 on consumer Open vSwitch agent@dv-cinder-855964-1-iscsi {{(pid=106313) _set_version /opt/stack/neutron/neutron/api/rpc/callbacks/version_manager.py:113}}
Sep 05 17:02:27.216290 dv-cinder-855964-1-iscsi neutron-server[106313]: DEBUG neutron.api.rpc.callbacks.version_manager [None req-8d372b7a-b4cb-40e0-81b1-59d0ff37a050 admin admin] Version for resource type PortForwarding changed None to 1.3 on consumer Open vSwitch agent@dv-cinder-855964-1-iscsi {{(pid=106313) _set_version /opt/stack/neutron/neutron/api/rpc/callbacks/version_manager.py:113}}
Sep 05 17:02:27.216626 dv-cinder-855964-1-iscsi neutron-server[106313]: DEBUG neutron.api.rpc.callbacks.version_manager [None req-8d372b7a-b4cb-40e0-81b1-59d0ff37a050 admin admin] Version for resource type QosPolicy changed None to 1.10 on consumer Open vSwitch agent@dv-cinder-855964-1-iscsi {{(pid=106313) _set_version /opt/stack/neutron/neutron/api/rpc/callbacks/version_manager.py:113}}
Sep 05 17:02:27.216958 dv-cinder-855964-1-iscsi neutron-server[106313]: DEBUG neutron.api.rpc.callbacks.version_manager [None req-8d372b7a-b4cb-40e0-81b1-59d0ff37a050 admin admin] Version for resource type SecurityGroup changed None to 1.5 on consumer Open vSwitch agent@dv-cinder-855964-1-iscsi {{(pid=106313) _set_version /opt/stack/neutron/neutron/api/rpc/callbacks/version_manager.py:113}}
Sep 05 17:02:27.217288 dv-cinder-855964-1-iscsi neutron-server[106313]: DEBUG neutron.api.rpc.callbacks.version_manager [None req-8d372b7a-b4cb-40e0-81b1-59d0ff37a050 admin admin] Version for resource type SecurityGroupRule changed None to 1.2 on consumer Open vSwitch agent@dv-cinder-855964-1-iscsi {{(pid=106313) _set_version /opt/stack/neutron/neutron/api/rpc/callbacks/version_manager.py:113}}
Sep 05 17:02:27.217611 dv-cinder-855964-1-iscsi neutron-server[106313]: DEBUG neutron.api.rpc.callbacks.version_manager [None req-8d372b7a-b4cb-40e0-81b1-59d0ff37a050 admin admin] Version for resource type SubPort changed None to 1.0 on consumer Open vSwitch agent@dv-cinder-855964-1-iscsi {{(pid=106313) _set_version /opt/stack/neutron/neutron/api/rpc/callbacks/version_manager.py:113}}
Sep 05 17:02:27.217933 dv-cinder-855964-1-iscsi neutron-server[106313]: DEBUG neutron.api.rpc.callbacks.version_manager [None req-8d372b7a-b4cb-40e0-81b1-59d0ff37a050 admin admin] Version for resource type Subnet changed None to 1.1 on consumer Open vSwitch agent@dv-cinder-855964-1-iscsi {{(pid=106313) _set_version /opt/stack/neutron/neutron/api/rpc/callbacks/version_manager.py:113}}
Sep 05 17:02:27.218259 dv-cinder-855964-1-iscsi neutron-server[106313]: DEBUG neutron.api.rpc.callbacks.version_manager [None req-8d372b7a-b4cb-40e0-81b1-59d0ff37a050 admin admin] Version for resource type Trunk changed None to 1.1 on consumer Open vSwitch agent@dv-cinder-855964-1-iscsi {{(pid=106313) _set_version /opt/stack/neutron/neutron/api/rpc/callbacks/version_manager.py:113}}
Sep 05 17:02:27.258050 dv-cinder-855964-1-iscsi neutron-server[106314]: DEBUG neutron_lib.callbacks.manager [None req-3d04db30-32dd-43f3-bf08-c562b90cb3b8 admin admin] Publish callbacks [] for security_group (7e79473e-4a25-4ad7-9f54-928e941a5f1e), before_delete {{(pid=106314) _notify_loop /usr/local/lib/python3.8/dist-packages/neutron_lib/callbacks/manager.py:176}}
Sep 05 17:02:27.277927 dv-cinder-855964-1-iscsi neutron-server[106314]: DEBUG neutron_lib.callbacks.manager [None req-3d04db30-32dd-43f3-bf08-c562b90cb3b8 admin admin] Publish callbacks [] for security_group (7e79473e-4a25-4ad7-9f54-928e941a5f1e), precommit_delete {{(pid=106314) _notify_loop /usr/local/lib/python3.8/dist-packages/neutron_lib/callbacks/manager.py:176}}
Sep 05 17:02:27.327546 dv-cinder-855964-1-iscsi neutron-server[106314]: DEBUG neutron_lib.callbacks.manager [None req-3d04db30-32dd-43f3-bf08-c562b90cb3b8 admin admin] Publish callbacks ['neutron.plugins.ml2.ovo_rpc._ObjectChangeHandler.handle_event-4101486'] for security_group (7e79473e-4a25-4ad7-9f54-928e941a5f1e), after_delete {{(pid=106314) _notify_loop /usr/local/lib/python3.8/dist-packages/neutron_lib/callbacks/manager.py:176}}
Sep 05 17:02:27.330575 dv-cinder-855964-1-iscsi neutron-server[106314]: DEBUG neutron_lib.callbacks.manager [None req-3d04db30-32dd-43f3-bf08-c562b90cb3b8 admin admin] Publish callbacks [] for security_group (None), before_response {{(pid=106314) _notify_loop /usr/local/lib/python3.8/dist-packages/neutron_lib/callbacks/manager.py:176}}
Sep 05 17:02:27.331740 dv-cinder-855964-1-iscsi neutron-server[106314]: INFO neutron.wsgi [None req-3d04db30-32dd-43f3-bf08-c562b90cb3b8 admin admin] 10.222.0.23 "DELETE /networking/v2.0/security-groups/7e79473e-4a25-4ad7-9f54-928e941a5f1e HTTP/1.1" status: 204 len: 168 time: 0.1254983
Sep 05 17:02:27.339957 dv-cinder-855964-1-iscsi neutron-server[106314]: DEBUG neutron.api.rpc.handlers.resources_rpc [None req-3d04db30-32dd-43f3-bf08-c562b90cb3b8 admin admin] Pushing event deleted for resources: {'SecurityGroup': ['ID=7e79473e-4a25-4ad7-9f54-928e941a5f1e,revision_number=None']} {{(pid=106314) push /opt/stack/neutron/neutron/api/rpc/handlers/resources_rpc.py:237}}
Sep 05 17:02:27.347449 dv-cinder-855964-1-iscsi neutron-server[106314]: DEBUG neutron.api.rpc.callbacks.version_manager [None req-3d04db30-32dd-43f3-bf08-c562b90cb3b8 admin admin] Version for resource type AddressGroup changed None to 1.2 on consumer Open vSwitch agent@dv-cinder-855964-1-iscsi {{(pid=106314) _set_version /opt/stack/neutron/neutron/api/rpc/callbacks/version_manager.py:113}}
Sep 05 17:02:27.347794 dv-cinder-855964-1-iscsi neutron-server[106314]: DEBUG neutron.api.rpc.callbacks.version_manager [None req-3d04db30-32dd-43f3-bf08-c562b90cb3b8 admin admin] Version for resource type Agent changed None to 1.1 on consumer Open vSwitch agent@dv-cinder-855964-1-iscsi {{(pid=106314) _set_version /opt/stack/neutron/neutron/api/rpc/callbacks/version_manager.py:113}}
Sep 05 17:02:27.348133 dv-cinder-855964-1-iscsi neutron-server[106314]: DEBUG neutron.api.rpc.callbacks.version_manager [None req-3d04db30-32dd-43f3-bf08-c562b90cb3b8 admin admin] Version for resource type ConntrackHelper changed None to 1.0 on consumer Open vSwitch agent@dv-cinder-855964-1-iscsi {{(pid=106314) _set_version /opt/stack/neutron/neutron/api/rpc/callbacks/version_manager.py:113}}
Sep 05 17:02:27.348518 dv-cinder-855964-1-iscsi neutron-server[106314]: DEBUG neutron.api.rpc.callbacks.version_manager [None req-3d04db30-32dd-43f3-bf08-c562b90cb3b8 admin admin] Version for resource type LocalIPAssociation changed None to 1.0 on consumer Open vSwitch agent@dv-cinder-855964-1-iscsi {{(pid=106314) _set_version /opt/stack/neutron/neutron/api/rpc/callbacks/version_manager.py:113}}
Sep 05 17:02:27.348834 dv-cinder-855964-1-iscsi neutron-server[106314]: DEBUG neutron.api.rpc.callbacks.version_manager [None req-3d04db30-32dd-43f3-bf08-c562b90cb3b8 admin admin] Version for resource type Log changed None to 1.0 on consumer Open vSwitch agent@dv-cinder-855964-1-iscsi {{(pid=106314) _set_version /opt/stack/neutron/neutron/api/rpc/callbacks/version_manager.py:113}}
Sep 05 17:02:27.349130 dv-cinder-855964-1-iscsi neutron-server[106314]: DEBUG neutron.api.rpc.callbacks.version_manager [None req-3d04db30-32dd-43f3-bf08-c562b90cb3b8 admin admin] Version for resource type NDPProxy changed None to 1.0 on consumer Open vSwitch agent@dv-cinder-855964-1-iscsi {{(pid=106314) _set_version /opt/stack/neutron/neutron/api/rpc/callbacks/version_manager.py:113}}
Sep 05 17:02:27.349476 dv-cinder-855964-1-iscsi neutron-server[106314]: DEBUG neutron.api.rpc.callbacks.version_manager [None req-3d04db30-32dd-43f3-bf08-c562b90cb3b8 admin admin] Version for resource type Network changed None to 1.1 on consumer Open vSwitch agent@dv-cinder-855964-1-iscsi {{(pid=106314) _set_version /opt/stack/neutron/neutron/api/rpc/callbacks/version_manager.py:113}}
Sep 05 17:02:27.349795 dv-cinder-855964-1-iscsi neutron-server[106314]: DEBUG neutron.api.rpc.callbacks.version_manager [None req-3d04db30-32dd-43f3-bf08-c562b90cb3b8 admin admin] Version for resource type Port changed None to 1.7 on consumer Open vSwitch agent@dv-cinder-855964-1-iscsi {{(pid=106314) _set_version /opt/stack/neutron/neutron/api/rpc/callbacks/version_manager.py:113}}
Sep 05 17:02:27.350095 dv-cinder-855964-1-iscsi neutron-server[106314]: DEBUG neutron.api.rpc.callbacks.version_manager [None req-3d04db30-32dd-43f3-bf08-c562b90cb3b8 admin admin] Version for resource type PortForwarding changed None to 1.3 on consumer Open vSwitch agent@dv-cinder-855964-1-iscsi {{(pid=106314) _set_version /opt/stack/neutron/neutron/api/rpc/callbacks/version_manager.py:113}}
Sep 05 17:02:27.350403 dv-cinder-855964-1-iscsi neutron-server[106314]: DEBUG neutron.api.rpc.callbacks.version_manager [None req-3d04db30-32dd-43f3-bf08-c562b90cb3b8 admin admin] Version for resource type QosPolicy changed None to 1.10 on consumer Open vSwitch agent@dv-cinder-855964-1-iscsi {{(pid=106314) _set_version /opt/stack/neutron/neutron/api/rpc/callbacks/version_manager.py:113}}
Sep 05 17:02:27.350736 dv-cinder-855964-1-iscsi neutron-server[106314]: DEBUG neutron.api.rpc.callbacks.version_manager [None req-3d04db30-32dd-43f3-bf08-c562b90cb3b8 admin admin] Version for resource type SecurityGroup changed None to 1.5 on consumer Open vSwitch agent@dv-cinder-855964-1-iscsi {{(pid=106314) _set_version /opt/stack/neutron/neutron/api/rpc/callbacks/version_manager.py:113}}
Sep 05 17:02:27.351029 dv-cinder-855964-1-iscsi neutron-server[106314]: DEBUG neutron.api.rpc.callbacks.version_manager [None req-3d04db30-32dd-43f3-bf08-c562b90cb3b8 admin admin] Version for resource type SecurityGroupRule changed None to 1.2 on consumer Open vSwitch agent@dv-cinder-855964-1-iscsi {{(pid=106314) _set_version /opt/stack/neutron/neutron/api/rpc/callbacks/version_manager.py:113}}
Sep 05 17:02:27.351464 dv-cinder-855964-1-iscsi neutron-server[106314]: DEBUG neutron.api.rpc.callbacks.version_manager [None req-3d04db30-32dd-43f3-bf08-c562b90cb3b8 admin admin] Version for resource type SubPort changed None to 1.0 on consumer Open vSwitch agent@dv-cinder-855964-1-iscsi {{(pid=106314) _set_version /opt/stack/neutron/neutron/api/rpc/callbacks/version_manager.py:113}}
Sep 05 17:02:27.351788 dv-cinder-855964-1-iscsi neutron-server[106314]: DEBUG neutron.api.rpc.callbacks.version_manager [None req-3d04db30-32dd-43f3-bf08-c562b90cb3b8 admin admin] Version for resource type Subnet changed None to 1.1 on consumer Open vSwitch agent@dv-cinder-855964-1-iscsi {{(pid=106314) _set_version /opt/stack/neutron/neutron/api/rpc/callbacks/version_manager.py:113}}
Sep 05 17:02:27.352503 dv-cinder-855964-1-iscsi neutron-server[106314]: DEBUG neutron.api.rpc.callbacks.version_manager [None req-3d04db30-32dd-43f3-bf08-c562b90cb3b8 admin admin] Version for resource type Trunk changed None to 1.1 on consumer Open vSwitch agent@dv-cinder-855964-1-iscsi {{(pid=106314) _set_version /opt/stack/neutron/neutron/api/rpc/callbacks/version_manager.py:113}}
Sep 05 17:02:27.622980 dv-cinder-855964-1-iscsi neutron-server[106314]: DEBUG neutron.wsgi [-] (106314) accepted ('10.222.0.23', 45442) {{(pid=106314) server /usr/local/lib/python3.8/dist-packages/eventlet/wsgi.py:1004}}
Sep 05 17:02:27.636479 dv-cinder-855964-1-iscsi neutron-server[106314]: DEBUG neutron_lib.callbacks.manager [None req-bdfc9d60-6a93-4eb2-ad27-27c852204254 admin admin] Publish callbacks [] for security_group (None), before_create {{(pid=106314) _notify_loop /usr/local/lib/python3.8/dist-packages/neutron_lib/callbacks/manager.py:176}}
Sep 05 17:02:27.640378 dv-cinder-855964-1-iscsi neutron-server[106313]: DEBUG neutron.pecan_wsgi.hooks.policy_enforcement [req-c8a2d802-7595-4383-8f63-f9f0c6e3fa9e req-f38f0d54-74e3-4a04-b85a-22a6c3e5fcdb tempest-DeleteServersTestJSON-1075952444 tempest-DeleteServersTestJSON-1075952444-project] Attributes excluded by policy engine: ['standard_attr_id', 'binding:profile', 'binding:host_id', 'binding:vif_type', 'binding:vif_details'] {{(pid=106313) _exclude_attributes_by_policy /opt/stack/neutron/neutron/pecan_wsgi/hooks/policy_enforcement.py:259}}
Sep 05 17:02:27.642682 dv-cinder-855964-1-iscsi neutron-server[106313]: INFO neutron.wsgi [req-c8a2d802-7595-4383-8f63-f9f0c6e3fa9e req-f38f0d54-74e3-4a04-b85a-22a6c3e5fcdb tempest-DeleteServersTestJSON-1075952444 tempest-DeleteServersTestJSON-1075952444-project] 10.222.0.23 "GET /networking/v2.0/ports?device_id=a7f618fb-422b-4e8b-b55d-634720b8646c HTTP/1.1" status: 200 len: 944 time: 0.0539026
Sep 05 17:02:27.694468 dv-cinder-855964-1-iscsi neutron-server[106313]: INFO neutron.wsgi [req-c8a2d802-7595-4383-8f63-f9f0c6e3fa9e req-c70c0144-5d52-4030-b54f-f5e735a3653e tempest-DeleteServersTestJSON-1075952444 tempest-DeleteServersTestJSON-1075952444-project] 10.222.0.23 "GET /networking/v2.0/security-groups?id=413a4fd4-c4c8-4f24-9c4f-c405ae190f7b&fields=id&fields=name HTTP/1.1" status: 200 len: 286 time: 0.0459418
Sep 05 17:02:27.723952 dv-cinder-855964-1-iscsi neutron-server[106314]: DEBUG neutron_lib.callbacks.manager [None req-bdfc9d60-6a93-4eb2-ad27-27c852204254 admin admin] Publish callbacks [] for security_group (9fd384c5-b0f7-41f7-b1b7-f6803388b39e), precommit_create {{(pid=106314) _notify_loop /usr/local/lib/python3.8/dist-packages/neutron_lib/callbacks/manager.py:176}}
Sep 05 17:02:27.729469 dv-cinder-855964-1-iscsi neutron-server[106314]: DEBUG neutron_lib.callbacks.manager [None req-bdfc9d60-6a93-4eb2-ad27-27c852204254 admin admin] Publish callbacks ['neutron.plugins.ml2.ovo_rpc._ObjectChangeHandler.handle_event-4101486'] for security_group (9fd384c5-b0f7-41f7-b1b7-f6803388b39e), after_create {{(pid=106314) _notify_loop /usr/local/lib/python3.8/dist-packages/neutron_lib/callbacks/manager.py:176}}
Sep 05 17:02:27.771990 dv-cinder-855964-1-iscsi neutron-server[106314]: INFO neutron.wsgi [None req-bdfc9d60-6a93-4eb2-ad27-27c852204254 admin admin] 10.222.0.23 "GET /networking/v2.0/security-groups?tenant_id=681876fba5154f07bd64f7efb909c184&name=default HTTP/1.1" status: 200 len: 2996 time: 0.1478825
Sep 05 17:02:27.772874 dv-cinder-855964-1-iscsi neutron-server[106314]: DEBUG neutron.api.rpc.handlers.resources_rpc [None req-bdfc9d60-6a93-4eb2-ad27-27c852204254 admin admin] Pushing event updated for resources: {'SecurityGroup': ['ID=9fd384c5-b0f7-41f7-b1b7-f6803388b39e,revision_number=1']} {{(pid=106314) push /opt/stack/neutron/neutron/api/rpc/handlers/resources_rpc.py:237}}
Sep 05 17:02:27.775132 dv-cinder-855964-1-iscsi neutron-server[106314]: DEBUG neutron.wsgi [-] (106314) accepted ('10.222.0.23', 45448) {{(pid=106314) server /usr/local/lib/python3.8/dist-packages/eventlet/wsgi.py:1004}}
Sep 05 17:02:27.814872 dv-cinder-855964-1-iscsi neutron-server[106313]: DEBUG neutron.pecan_wsgi.hooks.policy_enforcement [req-b9d1106b-20e5-40aa-a97b-0a7eec09fae5 req-7b5cfe42-71d2-430f-b50a-393eedaf24ae tempest-ServerRescueNegativeTestJSON-1395654055 tempest-ServerRescueNegativeTestJSON-1395654055-project] Attributes excluded by policy engine: ['standard_attr_id', 'binding:profile', 'binding:host_id', 'binding:vif_type', 'binding:vif_details'] {{(pid=106313) _exclude_attributes_by_policy /opt/stack/neutron/neutron/pecan_wsgi/hooks/policy_enforcement.py:259}}
Sep 05 17:02:27.816921 dv-cinder-855964-1-iscsi neutron-server[106313]: INFO neutron.wsgi [req-b9d1106b-20e5-40aa-a97b-0a7eec09fae5 req-7b5cfe42-71d2-430f-b50a-393eedaf24ae tempest-ServerRescueNegativeTestJSON-1395654055 tempest-ServerRescueNegativeTestJSON-1395654055-project] 10.222.0.23 "GET /networking/v2.0/ports?device_id=bfe215ba-4dff-48b0-a561-60ab7593b6d7 HTTP/1.1" status: 200 len: 945 time: 0.0475459
Sep 05 17:02:27.830783 dv-cinder-855964-1-iscsi neutron-server[106314]: DEBUG neutron_lib.callbacks.manager [None req-c6166c79-036e-451a-ae5a-dc76d9d5eb3f admin admin] Publish callbacks [] for security_group (9fd384c5-b0f7-41f7-b1b7-f6803388b39e), before_delete {{(pid=106314) _notify_loop /usr/local/lib/python3.8/dist-packages/neutron_lib/callbacks/manager.py:176}}
Sep 05 17:02:27.851152 dv-cinder-855964-1-iscsi neutron-server[106314]: DEBUG neutron_lib.callbacks.manager [None req-c6166c79-036e-451a-ae5a-dc76d9d5eb3f admin admin] Publish callbacks [] for security_group (9fd384c5-b0f7-41f7-b1b7-f6803388b39e), precommit_delete {{(pid=106314) _notify_loop /usr/local/lib/python3.8/dist-packages/neutron_lib/callbacks/manager.py:176}}
Sep 05 17:02:27.864836 dv-cinder-855964-1-iscsi neutron-server[106313]: INFO neutron.wsgi [req-b9d1106b-20e5-40aa-a97b-0a7eec09fae5 req-c348d091-d915-4b25-9899-8de8551bb8ae tempest-ServerRescueNegativeTestJSON-1395654055 tempest-ServerRescueNegativeTestJSON-1395654055-project] 10.222.0.23 "GET /networking/v2.0/security-groups?id=e8371e05-3e97-4bbb-aec9-a061b0810e80&fields=id&fields=name HTTP/1.1" status: 200 len: 286 time: 0.0422149
Sep 05 17:02:27.901593 dv-cinder-855964-1-iscsi neutron-server[106314]: DEBUG neutron_lib.callbacks.manager [None req-c6166c79-036e-451a-ae5a-dc76d9d5eb3f admin admin] Publish callbacks ['neutron.plugins.ml2.ovo_rpc._ObjectChangeHandler.handle_event-4101486'] for security_group (9fd384c5-b0f7-41f7-b1b7-f6803388b39e), after_delete {{(pid=106314) _notify_loop /usr/local/lib/python3.8/dist-packages/neutron_lib/callbacks/manager.py:176}}
Sep 05 17:02:27.904177 dv-cinder-855964-1-iscsi neutron-server[106314]: DEBUG neutron_lib.callbacks.manager [None req-c6166c79-036e-451a-ae5a-dc76d9d5eb3f admin admin] Publish callbacks [] for security_group (None), before_response {{(pid=106314) _notify_loop /usr/local/lib/python3.8/dist-packages/neutron_lib/callbacks/manager.py:176}}
Sep 05 17:02:27.905324 dv-cinder-855964-1-iscsi neutron-server[106314]: INFO neutron.wsgi [None req-c6166c79-036e-451a-ae5a-dc76d9d5eb3f admin admin] 10.222.0.23 "DELETE /networking/v2.0/security-groups/9fd384c5-b0f7-41f7-b1b7-f6803388b39e HTTP/1.1" status: 204 len: 168 time: 0.1291211
Sep 05 17:02:27.913845 dv-cinder-855964-1-iscsi neutron-server[106314]: DEBUG neutron.api.rpc.handlers.resources_rpc [None req-c6166c79-036e-451a-ae5a-dc76d9d5eb3f admin admin] Pushing event deleted for resources: {'SecurityGroup': ['ID=9fd384c5-b0f7-41f7-b1b7-f6803388b39e,revision_number=None']} {{(pid=106314) push /opt/stack/neutron/neutron/api/rpc/handlers/resources_rpc.py:237}}
Sep 05 17:02:28.242264 dv-cinder-855964-1-iscsi neutron-server[106313]: DEBUG neutron.pecan_wsgi.hooks.policy_enforcement [req-5f091164-cfbc-478c-a3b4-03451544be19 req-e85bc951-dd5f-40cd-abbe-8681ffadbadd tempest-AttachVolumeShelveTestJSON-1720023600 tempest-AttachVolumeShelveTestJSON-1720023600-project] Attributes excluded by policy engine: ['standard_attr_id', 'binding:profile', 'binding:host_id', 'binding:vif_type', 'binding:vif_details'] {{(pid=106313) _exclude_attributes_by_policy /opt/stack/neutron/neutron/pecan_wsgi/hooks/policy_enforcement.py:259}}
Sep 05 17:02:28.243757 dv-cinder-855964-1-iscsi neutron-server[106313]: INFO neutron.wsgi [req-5f091164-cfbc-478c-a3b4-03451544be19 req-e85bc951-dd5f-40cd-abbe-8681ffadbadd tempest-AttachVolumeShelveTestJSON-1720023600 tempest-AttachVolumeShelveTestJSON-1720023600-project] 10.222.0.23 "GET /networking/v2.0/ports?device_id=97cc15c7-947d-4daf-80e8-8edc37c01e68 HTTP/1.1" status: 200 len: 945 time: 0.0532389
Sep 05 17:02:28.259600 dv-cinder-855964-1-iscsi neutron-server[106314]: DEBUG neutron.wsgi [-] (106314) accepted ('10.222.0.23', 45458) {{(pid=106314) server /usr/local/lib/python3.8/dist-packages/eventlet/wsgi.py:1004}}
Sep 05 17:02:28.273886 dv-cinder-855964-1-iscsi neutron-server[106314]: DEBUG neutron_lib.callbacks.manager [None req-f2bef63a-963a-49c0-921a-8785953b4bac admin admin] Publish callbacks [] for security_group (None), before_create {{(pid=106314) _notify_loop /usr/local/lib/python3.8/dist-packages/neutron_lib/callbacks/manager.py:176}}
Sep 05 17:02:28.301693 dv-cinder-855964-1-iscsi neutron-server[106313]: INFO neutron.wsgi [req-5f091164-cfbc-478c-a3b4-03451544be19 req-35377584-67ea-48dc-b4d7-2e10ce5a6f56 tempest-AttachVolumeShelveTestJSON-1720023600 tempest-AttachVolumeShelveTestJSON-1720023600-project] 10.222.0.23 "GET /networking/v2.0/security-groups?id=e61b3679-7e11-4a17-bcdb-1680bdeef48e&fields=id&fields=name HTTP/1.1" status: 200 len: 312 time: 0.0515573
Sep 05 17:02:28.355802 dv-cinder-855964-1-iscsi neutron-server[106314]: DEBUG neutron_lib.callbacks.manager [None req-f2bef63a-963a-49c0-921a-8785953b4bac admin admin] Publish callbacks [] for security_group (454aa85d-8e0e-41f1-8f19-87dc77e3729d), precommit_create {{(pid=106314) _notify_loop /usr/local/lib/python3.8/dist-packages/neutron_lib/callbacks/manager.py:176}}
Sep 05 17:02:28.361645 dv-cinder-855964-1-iscsi neutron-server[106314]: DEBUG neutron_lib.callbacks.manager [None req-f2bef63a-963a-49c0-921a-8785953b4bac admin admin] Publish callbacks ['neutron.plugins.ml2.ovo_rpc._ObjectChangeHandler.handle_event-4101486'] for security_group (454aa85d-8e0e-41f1-8f19-87dc77e3729d), after_create {{(pid=106314) _notify_loop /usr/local/lib/python3.8/dist-packages/neutron_lib/callbacks/manager.py:176}}
Sep 05 17:02:28.406800 dv-cinder-855964-1-iscsi neutron-server[106314]: INFO neutron.wsgi [None req-f2bef63a-963a-49c0-921a-8785953b4bac admin admin] 10.222.0.23 "GET /networking/v2.0/security-groups?tenant_id=9691026dedfd4e30979126c4de3ae022&name=default HTTP/1.1" status: 200 len: 2996 time: 0.1457064
Sep 05 17:02:28.409118 dv-cinder-855964-1-iscsi neutron-server[106314]: DEBUG neutron.api.rpc.handlers.resources_rpc [None req-f2bef63a-963a-49c0-921a-8785953b4bac admin admin] Pushing event updated for resources: {'SecurityGroup': ['ID=454aa85d-8e0e-41f1-8f19-87dc77e3729d,revision_number=1']} {{(pid=106314) push /opt/stack/neutron/neutron/api/rpc/handlers/resources_rpc.py:237}}
Sep 05 17:02:28.410084 dv-cinder-855964-1-iscsi neutron-server[106313]: DEBUG neutron.wsgi [-] (106313) accepted ('10.222.0.23', 45464) {{(pid=106313) server /usr/local/lib/python3.8/dist-packages/eventlet/wsgi.py:1004}}
Sep 05 17:02:28.459001 dv-cinder-855964-1-iscsi neutron-server[106313]: DEBUG neutron_lib.callbacks.manager [None req-57ea1b43-d19f-47fd-8d55-2d1de1aeb2b9 admin admin] Publish callbacks [] for security_group (454aa85d-8e0e-41f1-8f19-87dc77e3729d), before_delete {{(pid=106313) _notify_loop /usr/local/lib/python3.8/dist-packages/neutron_lib/callbacks/manager.py:176}}
Sep 05 17:02:28.480129 dv-cinder-855964-1-iscsi neutron-server[106313]: DEBUG neutron_lib.callbacks.manager [None req-57ea1b43-d19f-47fd-8d55-2d1de1aeb2b9 admin admin] Publish callbacks [] for security_group (454aa85d-8e0e-41f1-8f19-87dc77e3729d), precommit_delete {{(pid=106313) _notify_loop /usr/local/lib/python3.8/dist-packages/neutron_lib/callbacks/manager.py:176}}
Sep 05 17:02:28.488843 dv-cinder-855964-1-iscsi neutron-server[106313]: DEBUG dbcounter [-] [106313] Writing DB stats neutron:SELECT=94,neutron:INSERT=5,neutron:UPDATE=1 {{(pid=106313) stat_writer /usr/local/lib/python3.8/dist-packages/dbcounter.py:114}}
Sep 05 17:02:28.507842 dv-cinder-855964-1-iscsi neutron-server[106313]: DEBUG dbcounter [-] [106313] Writing DB stats neutron:SELECT=94,neutron:INSERT=6 {{(pid=106313) stat_writer /usr/local/lib/python3.8/dist-packages/dbcounter.py:114}}
Sep 05 17:02:28.531108 dv-cinder-855964-1-iscsi neutron-server[106313]: DEBUG neutron_lib.callbacks.manager [None req-57ea1b43-d19f-47fd-8d55-2d1de1aeb2b9 admin admin] Publish callbacks ['neutron.plugins.ml2.ovo_rpc._ObjectChangeHandler.handle_event-4101486'] for security_group (454aa85d-8e0e-41f1-8f19-87dc77e3729d), after_delete {{(pid=106313) _notify_loop /usr/local/lib/python3.8/dist-packages/neutron_lib/callbacks/manager.py:176}}
Sep 05 17:02:28.534158 dv-cinder-855964-1-iscsi neutron-server[106313]: DEBUG neutron_lib.callbacks.manager [None req-57ea1b43-d19f-47fd-8d55-2d1de1aeb2b9 admin admin] Publish callbacks [] for security_group (None), before_response {{(pid=106313) _notify_loop /usr/local/lib/python3.8/dist-packages/neutron_lib/callbacks/manager.py:176}}
Sep 05 17:02:28.535321 dv-cinder-855964-1-iscsi neutron-server[106313]: INFO neutron.wsgi [None req-57ea1b43-d19f-47fd-8d55-2d1de1aeb2b9 admin admin] 10.222.0.23 "DELETE /networking/v2.0/security-groups/454aa85d-8e0e-41f1-8f19-87dc77e3729d HTTP/1.1" status: 204 len: 168 time: 0.1242318
Sep 05 17:02:28.543969 dv-cinder-855964-1-iscsi neutron-server[106313]: DEBUG neutron.api.rpc.handlers.resources_rpc [None req-57ea1b43-d19f-47fd-8d55-2d1de1aeb2b9 admin admin] Pushing event deleted for resources: {'SecurityGroup': ['ID=454aa85d-8e0e-41f1-8f19-87dc77e3729d,revision_number=None']} {{(pid=106313) push /opt/stack/neutron/neutron/api/rpc/handlers/resources_rpc.py:237}}
Sep 05 17:02:28.826688 dv-cinder-855964-1-iscsi neutron-server[106313]: DEBUG neutron.pecan_wsgi.hooks.policy_enforcement [req-be82caa5-195d-40ba-9df1-c18138233d86 req-731a57b7-ad17-4cd9-9340-f5dca0f7431d tempest-DeleteServersTestJSON-1075952444 tempest-DeleteServersTestJSON-1075952444-project] Attributes excluded by policy engine: ['standard_attr_id', 'binding:profile', 'binding:host_id', 'binding:vif_type', 'binding:vif_details'] {{(pid=106313) _exclude_attributes_by_policy /opt/stack/neutron/neutron/pecan_wsgi/hooks/policy_enforcement.py:259}}
Sep 05 17:02:28.829907 dv-cinder-855964-1-iscsi neutron-server[106313]: INFO neutron.wsgi [req-be82caa5-195d-40ba-9df1-c18138233d86 req-731a57b7-ad17-4cd9-9340-f5dca0f7431d tempest-DeleteServersTestJSON-1075952444 tempest-DeleteServersTestJSON-1075952444-project] 10.222.0.23 "GET /networking/v2.0/ports?device_id=a7f618fb-422b-4e8b-b55d-634720b8646c HTTP/1.1" status: 200 len: 944 time: 0.0521605
Sep 05 17:02:28.887869 dv-cinder-855964-1-iscsi neutron-server[106313]: INFO neutron.wsgi [req-be82caa5-195d-40ba-9df1-c18138233d86 req-35637cdc-9f56-4d29-a8d1-4f42834e00d2 tempest-DeleteServersTestJSON-1075952444 tempest-DeleteServersTestJSON-1075952444-project] 10.222.0.23 "GET /networking/v2.0/security-groups?id=413a4fd4-c4c8-4f24-9c4f-c405ae190f7b&fields=id&fields=name HTTP/1.1" status: 200 len: 286 time: 0.0510418
